000
CDUS46 KHNX 290032
CLIHJO


CLIMATE REPORT
NATIONAL WEATHER SERVICE SAN JOAQUIN VALLEY, CA
532 PM PDT THU JUL 28 2016


...................................

...THE HANFORD CA CLIMATE SUMMARY FOR JULY 28 2016...
VALID AS OF 0400 PM LOCAL TIME.

CLIMATE NORMAL PERIOD 1981 TO 2010
CLIMATE RECORD PERIOD 1998 TO 2016


WEATHER ITEM   OBSERVED TIME   RECORD YEAR NORMAL DEPARTURE LAST
                VALUE   (LST)  VALUE       VALUE  FROM      YEAR
                                                  NORMAL
..................................................................
TEMPERATURE (F)
 TODAY
  MAXIMUM        107R   357 PM 103    2009  96     11      100
                                      2005
  MINIMUM         69    544 AM  59    2012  63      6       62
                                      2010
                                      2008
  AVERAGE         88                        80      8       81

PRECIPITATION (IN)
  TODAY            0.00          0.00   MM   0.00   0.00     0.00
  MONTH TO DATE    0.00                      0.02  -0.02     0.37
  SINCE OCT 1      8.26                      9.91  -1.65     5.41
  SINCE JAN 1      5.66                      6.78  -1.12     2.29

SNOWFALL (IN)
  TODAY            0.0
  MONTH TO DATE    0.0
  SINCE JUN 1      0.0
  SINCE JUL 1      0.0
  SNOW DEPTH       0

DEGREE DAYS
 HEATING
  TODAY            0                                         0
  MONTH TO DATE    0                                         0
  SINCE JUN 1      0                                         0
  SINCE JUL 1      0                                         0

 COOLING
  TODAY           23                                        16
  MONTH TO DATE  446                                       470
  SINCE JUN 1    874                                       939
  SINCE JAN 1   1103                                      1245
..................................................................


WIND (MPH)
  HIGHEST WIND SPEED    12   HIGHEST WIND DIRECTION    NW (320)
  HIGHEST GUST SPEED    14   HIGHEST GUST DIRECTION    NW (320)
  AVERAGE WIND SPEED     4.5




RELATIVE HUMIDITY (PERCENT)
 HIGHEST    61
 LOWEST      8
 AVERAGE    35

..........................................................


THE HANFORD CA CLIMATE NORMALS FOR TOMORROW
                         NORMAL    RECORD    YEAR
 MAXIMUM TEMPERATURE (F)   96       106      2015
 MINIMUM TEMPERATURE (F)   63        57      2012


SUNRISE AND SUNSET
JULY 28 2016..........SUNRISE   603 AM PDT   SUNSET   807 PM PDT
JULY 29 2016..........SUNRISE   603 AM PDT   SUNSET   806 PM PDT


-  INDICATES NEGATIVE NUMBERS.
R  INDICATES RECORD WAS SET OR TIED.
MM INDICATES DATA IS MISSING.
T  INDICATES TRACE AMOUNT.




$$
