000
CDUS46 KHNX 250023
CLIHJO


CLIMATE REPORT
NATIONAL WEATHER SERVICE SAN JOAQUIN VALLEY, CA
522 PM PDT SAT SEP 24 2016


...................................

...THE HANFORD CA CLIMATE SUMMARY FOR SEPTEMBER 24 2016...
VALID AS OF 0400 PM LOCAL TIME.

CLIMATE NORMAL PERIOD 1981 TO 2010
CLIMATE RECORD PERIOD 1998 TO 2016


WEATHER ITEM   OBSERVED TIME   RECORD YEAR NORMAL DEPARTURE LAST
                VALUE   (LST)  VALUE       VALUE  FROM      YEAR
                                                  NORMAL
..................................................................
TEMPERATURE (F)
 TODAY
  MAXIMUM         85    359 PM  98    2011  88     -3       96
  MINIMUM         48    607 AM  47    2006  54     -6       56
  AVERAGE         67                        71     -4       76

PRECIPITATION (IN)
  TODAY            0.00          0.00   MM   0.00   0.00     0.00
  MONTH TO DATE    0.00                      0.12  -0.12      T
  SINCE OCT 1      8.26                     10.05  -1.79     5.41
  SINCE JAN 1      5.66                      6.92  -1.26     2.29

SNOWFALL (IN)
  TODAY            0.0
  MONTH TO DATE    0.0
  SINCE SEP 1      0.0
  SINCE JUL 1      0.0
  SNOW DEPTH       0

DEGREE DAYS
 HEATING
  TODAY            0                                         0
  MONTH TO DATE    4                                         0
  SINCE SEP 1      4                                         0
  SINCE JUL 1      4                                         0

 COOLING
  TODAY            2                                        11
  MONTH TO DATE  195                                       276
  SINCE SEP 1    195                                       276
  SINCE JAN 1   1854                                      2097
..................................................................


WIND (MPH)
  HIGHEST WIND SPEED    12   HIGHEST WIND DIRECTION    NW (330)
  HIGHEST GUST SPEED    15   HIGHEST GUST DIRECTION    NW (330)
  AVERAGE WIND SPEED     2.7




RELATIVE HUMIDITY (PERCENT)
 HIGHEST    86
 LOWEST     22
 AVERAGE    54

..........................................................


THE HANFORD CA CLIMATE NORMALS FOR TOMORROW
                         NORMAL    RECORD    YEAR
 MAXIMUM TEMPERATURE (F)   88        99      2015
 MINIMUM TEMPERATURE (F)   54        44      2005


SUNRISE AND SUNSET
SEPTEMBER 24 2016.....SUNRISE   648 AM PDT   SUNSET   652 PM PDT
SEPTEMBER 25 2016.....SUNRISE   649 AM PDT   SUNSET   650 PM PDT


-  INDICATES NEGATIVE NUMBERS.
R  INDICATES RECORD WAS SET OR TIED.
MM INDICATES DATA IS MISSING.
T  INDICATES TRACE AMOUNT.




$$
