000
CDUS46 KHNX 230823
CLIHJO


CLIMATE REPORT
NATIONAL WEATHER SERVICE SAN JOAQUIN VALLEY, CA
123 AM PDT WED AUG 23 2017


...................................

...THE HANFORD CA CLIMATE SUMMARY FOR AUGUST 22 2017...

CLIMATE NORMAL PERIOD 1981 TO 2010
CLIMATE RECORD PERIOD 1998 TO 2017


WEATHER ITEM   OBSERVED TIME   RECORD YEAR NORMAL DEPARTURE
                VALUE   (LST)  VALUE       VALUE  FROM
                                                  NORMAL
...............................................................
TEMPERATURE (F)
 YESTERDAY
  MAXIMUM         97        MM 102    2007  95      2
  MINIMUM         65        MM  53    2010  60      5
  AVERAGE         81                        78      3

PRECIPITATION (IN)
  YESTERDAY        0.00          T    2009   0.00   0.00
  MONTH TO DATE    T                         0.01  -0.01
  SINCE OCT 1     11.05                      9.92   1.13
  SINCE JAN 1      8.18                      6.79   1.39

SNOWFALL (IN)
  YESTERDAY        0.0
  MONTH TO DATE    0.0
  SINCE JUN 1      0.0
  SINCE JUL 1      0.0
  SNOW DEPTH       0

DEGREE DAYS
 HEATING
  YESTERDAY        0
  MONTH TO DATE    0
  SINCE JUN 1      5
  SINCE JUL 1      0

 COOLING
  YESTERDAY       16
  MONTH TO DATE  391
  SINCE JUN 1   1418
  SINCE JAN 1   1626
...............................................................


WIND (MPH)
  HIGHEST WIND SPEED    10   HIGHEST WIND DIRECTION    NW (300)
  HIGHEST GUST SPEED    MM   HIGHEST GUST DIRECTION    MM
  AVERAGE WIND SPEED     6.0




RELATIVE HUMIDITY (PERCENT)
 HIGHEST    84
 LOWEST     25
 AVERAGE    55

..........................................................


THE HANFORD CA CLIMATE NORMALS FOR TODAY
                         NORMAL    RECORD    YEAR
 MAXIMUM TEMPERATURE (F)   95       101      2006
 MINIMUM TEMPERATURE (F)   60        52      2010


SUNRISE AND SUNSET
AUGUST 23 2017........SUNRISE   623 AM PDT   SUNSET   738 PM PDT
AUGUST 24 2017........SUNRISE   624 AM PDT   SUNSET   737 PM PDT


-  INDICATES NEGATIVE NUMBERS.
R  INDICATES RECORD WAS SET OR TIED.
MM INDICATES DATA IS MISSING.
T  INDICATES TRACE AMOUNT.




$$
