000
CDUS46 KHNX 180023
CLIHJO


CLIMATE REPORT
NATIONAL WEATHER SERVICE SAN JOAQUIN VALLEY, CA
522 PM PDT TUE OCT 17 2017


...................................

...THE HANFORD CA CLIMATE SUMMARY FOR OCTOBER 17 2017...
VALID AS OF 0400 PM LOCAL TIME.

CLIMATE NORMAL PERIOD 1981 TO 2010
CLIMATE RECORD PERIOD 1998 TO 2017


WEATHER ITEM   OBSERVED TIME   RECORD YEAR NORMAL DEPARTURE LAST
                VALUE   (LST)  VALUE       VALUE  FROM      YEAR
                                                  NORMAL
..................................................................
TEMPERATURE (F)
 TODAY
  MAXIMUM         85    244 PM  92    2008  79      6       76
  MINIMUM         46    604 AM  42    1998  48     -2       57
  AVERAGE         66                        63      3       67

PRECIPITATION (IN)
  TODAY            0.00          0.13 2004   0.01  -0.01     0.00
  MONTH TO DATE    0.00                      0.16  -0.16      T
  SINCE OCT 1      0.00                      0.16  -0.16      T
  SINCE JAN 1      8.34                      7.13   1.21     5.66

SNOWFALL (IN)
  TODAY            0.0
  MONTH TO DATE    0.0
  SINCE SEP 1      0.0
  SINCE JUL 1      0.0
  SNOW DEPTH       0

DEGREE DAYS
 HEATING
  TODAY            0                                         0
  MONTH TO DATE   42                                        12
  SINCE SEP 1     49                                        16
  SINCE JUL 1     49                                        16

 COOLING
  TODAY            1                                         2
  MONTH TO DATE    9                                        35
  SINCE SEP 1    333                                       299
  SINCE JAN 1   2150                                      1958
..................................................................


WIND (MPH)
  HIGHEST WIND SPEED    13   HIGHEST WIND DIRECTION    NW (320)
  HIGHEST GUST SPEED    15   HIGHEST GUST DIRECTION     N (340)
  AVERAGE WIND SPEED     2.5




RELATIVE HUMIDITY (PERCENT)
 HIGHEST    93
 LOWEST     22
 AVERAGE    58

..........................................................


THE HANFORD CA CLIMATE NORMALS FOR TOMORROW
                         NORMAL    RECORD    YEAR
 MAXIMUM TEMPERATURE (F)   78        96      2012
 MINIMUM TEMPERATURE (F)   47        40      1998


SUNRISE AND SUNSET
OCTOBER 17 2017.......SUNRISE   708 AM PDT   SUNSET   619 PM PDT
OCTOBER 18 2017.......SUNRISE   709 AM PDT   SUNSET   618 PM PDT


-  INDICATES NEGATIVE NUMBERS.
R  INDICATES RECORD WAS SET OR TIED.
MM INDICATES DATA IS MISSING.
T  INDICATES TRACE AMOUNT.




$$
