000
CDUS46 KHNX 240824
CLIHJO


CLIMATE REPORT
NATIONAL WEATHER SERVICE SAN JOAQUIN VALLEY, CA
122 AM PDT WED AUG 24 2016


...................................

...THE HANFORD CA CLIMATE SUMMARY FOR AUGUST 23 2016...

CLIMATE NORMAL PERIOD 1981 TO 2010
CLIMATE RECORD PERIOD 1998 TO 2016


WEATHER ITEM   OBSERVED TIME   RECORD YEAR NORMAL DEPARTURE
                VALUE   (LST)  VALUE       VALUE  FROM
                                                  NORMAL
...............................................................
TEMPERATURE (F)
 YESTERDAY
  MAXIMUM         98    327 PM 101    2006  95      3
  MINIMUM         63    600 AM  52    2010  60      3
  AVERAGE         81                        78      3

PRECIPITATION (IN)
  YESTERDAY        0.00          0.00   MM   0.00   0.00
  MONTH TO DATE    0.00                      0.01  -0.01
  SINCE OCT 1      8.26                      9.92  -1.66
  SINCE JAN 1      5.66                      6.79  -1.13

SNOWFALL (IN)
  YESTERDAY        0.0
  MONTH TO DATE    0.0
  SINCE JUN 1      0.0
  SINCE JUL 1      0.0
  SNOW DEPTH       0

DEGREE DAYS
 HEATING
  YESTERDAY        0
  MONTH TO DATE    0
  SINCE JUN 1      0
  SINCE JUL 1      0

 COOLING
  YESTERDAY       16
  MONTH TO DATE  376
  SINCE JUN 1   1319
  SINCE JAN 1   1548
...............................................................


WIND (MPH)
  HIGHEST WIND SPEED    13   HIGHEST WIND DIRECTION    NW (320)
  HIGHEST GUST SPEED    17   HIGHEST GUST DIRECTION     N (20)
  AVERAGE WIND SPEED     5.9




RELATIVE HUMIDITY (PERCENT)
 HIGHEST    72
 LOWEST     16
 AVERAGE    44

..........................................................


THE HANFORD CA CLIMATE NORMALS FOR TODAY
                         NORMAL    RECORD    YEAR
 MAXIMUM TEMPERATURE (F)   95       102      2010
                                             2008
 MINIMUM TEMPERATURE (F)   60        56      2006


SUNRISE AND SUNSET
AUGUST 24 2016........SUNRISE   624 AM PDT   SUNSET   737 PM PDT
AUGUST 25 2016........SUNRISE   625 AM PDT   SUNSET   735 PM PDT


-  INDICATES NEGATIVE NUMBERS.
R  INDICATES RECORD WAS SET OR TIED.
MM INDICATES DATA IS MISSING.
T  INDICATES TRACE AMOUNT.




$$
