000
CDUS46 KHNX 260835
CLIHJO


CLIMATE REPORT
NATIONAL WEATHER SERVICE SAN JOAQUIN VALLEY, CA
1235 AM PST THU FEB 26 2015


...................................

...THE HANFORD CA CLIMATE SUMMARY FOR FEBRUARY 25 2015...

CLIMATE NORMAL PERIOD 1981 TO 2010
CLIMATE RECORD PERIOD 1998 TO 2015


WEATHER ITEM   OBSERVED TIME   RECORD YEAR NORMAL DEPARTURE
                VALUE   (LST)  VALUE       VALUE  FROM
                                                  NORMAL
...............................................................
TEMPERATURE (F)
 YESTERDAY
  MAXIMUM         67    353 PM  79    2014  64      3
  MINIMUM         36    654 AM  30    2013  41     -5
  AVERAGE         52                        53     -1

PRECIPITATION (IN)
  YESTERDAY        0.00          0.46 2004   0.08  -0.08
  MONTH TO DATE    0.75                      1.55  -0.80
  SINCE OCT 1      3.91                      6.72  -2.81
  SINCE JAN 1      0.79                      3.59  -2.80

SNOWFALL (IN)
  YESTERDAY        0.0
  MONTH TO DATE    0.0
  SINCE DEC 1      0.0
  SINCE JUL 1      0.0
  SNOW DEPTH       0

DEGREE DAYS
 HEATING
  YESTERDAY       13
  MONTH TO DATE  226
  SINCE DEC 1   1195
  SINCE JUL 1   1506

 COOLING
  YESTERDAY        0
  MONTH TO DATE    0
  SINCE DEC 1      0
  SINCE JAN 1      0
...............................................................


WIND (MPH)
  HIGHEST WIND SPEED     9   HIGHEST WIND DIRECTION     W (260)
  HIGHEST GUST SPEED    13   HIGHEST GUST DIRECTION     W (260)
  AVERAGE WIND SPEED     1.2




RELATIVE HUMIDITY (PERCENT)
 HIGHEST   100
 LOWEST     32
 AVERAGE    66

..........................................................


THE HANFORD CA CLIMATE NORMALS FOR TODAY
                         NORMAL    RECORD    YEAR
 MAXIMUM TEMPERATURE (F)   65        74      2002
 MINIMUM TEMPERATURE (F)   41        31      2013


SUNRISE AND SUNSET
FEBRUARY 26 2015......SUNRISE   633 AM PST   SUNSET   550 PM PST
FEBRUARY 27 2015......SUNRISE   632 AM PST   SUNSET   551 PM PST


-  INDICATES NEGATIVE NUMBERS.
R  INDICATES RECORD WAS SET OR TIED.
MM INDICATES DATA IS MISSING.
T  INDICATES TRACE AMOUNT.




$$
