000
CDUS46 KHNX 200826
CLIHJO


CLIMATE REPORT
NATIONAL WEATHER SERVICE SAN JOAQUIN VALLEY, CA
125 AM PDT SUN APR 20 2014


...................................

...THE HANFORD CA CLIMATE SUMMARY FOR APRIL 19 2014...

CLIMATE NORMAL PERIOD 1981 TO 2010
CLIMATE RECORD PERIOD 1998 TO 2014


WEATHER ITEM   OBSERVED TIME   RECORD YEAR NORMAL DEPARTURE
                VALUE   (LST)  VALUE       VALUE  FROM
                                                  NORMAL
...............................................................
TEMPERATURE (F)
 YESTERDAY
  MAXIMUM         85    300 PM  93    2009  76      9
  MINIMUM         53    451 AM  34    2004  47      6
  AVERAGE         69                        61      8

PRECIPITATION (IN)
  YESTERDAY        0.00          0.02 2001   0.03  -0.03
  MONTH TO DATE    T                         0.49  -0.49
  SINCE JUL 1      2.62                      9.23  -6.61
  SINCE JAN 1      2.23                      5.89  -3.66

SNOWFALL (IN)
  YESTERDAY        0.0
  MONTH TO DATE    0.0
  SINCE MAR 1      0.0
  SINCE JUL 1      0.0
  SNOW DEPTH       0

DEGREE DAYS
 HEATING
  YESTERDAY        0
  MONTH TO DATE   61
  SINCE MAR 1    236
  SINCE JUL 1   2013

 COOLING
  YESTERDAY        4
  MONTH TO DATE   60
  SINCE MAR 1     60
  SINCE JAN 1     60
...............................................................


WIND (MPH)
  HIGHEST WIND SPEED    17   HIGHEST WIND DIRECTION    NW (330)
  HIGHEST GUST SPEED    21   HIGHEST GUST DIRECTION    NW (330)
  AVERAGE WIND SPEED     8.8




RELATIVE HUMIDITY (PERCENT)
 HIGHEST    77
 LOWEST     18
 AVERAGE    48

..........................................................


THE HANFORD CA CLIMATE NORMALS FOR TODAY
                         NORMAL    RECORD    YEAR
 MAXIMUM TEMPERATURE (F)   76        97      2009
 MINIMUM TEMPERATURE (F)   47        38      2007


SUNRISE AND SUNSET
APRIL 20 2014.........SUNRISE   618 AM PDT   SUNSET   737 PM PDT
APRIL 21 2014.........SUNRISE   617 AM PDT   SUNSET   738 PM PDT


-  INDICATES NEGATIVE NUMBERS.
R  INDICATES RECORD WAS SET OR TIED.
MM INDICATES DATA IS MISSING.
T  INDICATES TRACE AMOUNT.




$$
