000
CDUS43 KGLD 250104 RRB
CLIHLC

CLIMATE REPORT
NATIONAL WEATHER SERVICE GOODLAND
659 PM MDT MON APR 24 2017

...................................

...THE HILL CITY KS CLIMATE SUMMARY FOR APRIL 24 2017...
VALID TODAY AS OF 0600 PM LOCAL TIME.

CLIMATE NORMAL PERIOD 1981 TO 2010
CLIMATE RECORD PERIOD 1896 TO 2017

WEATHER ITEM   OBSERVED TIME   RECORD YEAR NORMAL DEPARTURE LAST
                VALUE   (LST)  VALUE       VALUE  FROM      YEAR
                                                  NORMAL
..................................................................
TEMPERATURE (F)
 TODAY
  MAXIMUM         81    459 PM  96    2012  68     13       81
                                      1989
  MINIMUM         52    535 AM  22    2013  41     11       52
  AVERAGE         67                        55     12       67

PRECIPITATION (IN)
  TODAY            0.00                      0.09  -0.09     0.00
  MONTH TO DATE    1.11                      1.61  -0.50     5.56
  SINCE MAR 1      3.21                      3.24  -0.03     5.76
  SINCE JAN 1      4.28                      4.21   0.07     6.65

..................................................................

THE HILL CITY KS CLIMATE NORMALS FOR TOMORROW
                         NORMAL    RECORD    YEAR
 MAXIMUM TEMPERATURE (F)   69        92      1954
 MINIMUM TEMPERATURE (F)   41        20      1907

-  INDICATES NEGATIVE NUMBERS.
R  INDICATES RECORD WAS SET OR TIED.
MM INDICATES DATA IS MISSING.
T  INDICATES TRACE AMOUNT.

$$
