000
CDUS43 KGLD 290041
CLIHLC

CLIMATE REPORT
NATIONAL WEATHER SERVICE GOODLAND
637 PM MDT THU APR 28 2016

...................................

...THE HILL CITY KS CLIMATE SUMMARY FOR APRIL 28 2016...
VALID TODAY AS OF 0600 PM LOCAL TIME.

CLIMATE NORMAL PERIOD 1981 TO 2010
CLIMATE RECORD PERIOD 1896 TO 2016


WEATHER ITEM   OBSERVED TIME   RECORD YEAR NORMAL DEPARTURE LAST
                VALUE   (LST)  VALUE       VALUE  FROM      YEAR
                                                  NORMAL
..................................................................
TEMPERATURE (F)
 TODAY
  MAXIMUM         59    430 PM 100    1910  70    -11       70
  MINIMUM         37    453 AM  24    1965  43     -6       38
  AVERAGE         48                        56     -8       54

PRECIPITATION (IN)
  TODAY            T                         0.08  -0.08     0.00
  MONTH TO DATE    5.82                      1.95   3.87     3.55
  SINCE MAR 1      6.02                      3.58   2.44     3.61
  SINCE JAN 1      6.91                      4.55   2.36     4.03

..................................................................


THE HILL CITY KS CLIMATE NORMALS FOR TOMORROW
                         NORMAL    RECORD    YEAR
 MAXIMUM TEMPERATURE (F)   70        92      1967
 MINIMUM TEMPERATURE (F)   43        27      1956



-  INDICATES NEGATIVE NUMBERS.
R  INDICATES RECORD WAS SET OR TIED.
MM INDICATES DATA IS MISSING.
T  INDICATES TRACE AMOUNT.

$$
