000
CDUS41 KPBZ 202122
CLIHLG


CLIMATE REPORT
NATIONAL WEATHER SERVICE PITTSBURGH PA
519 PM EDT FRI OCT 20 2017


...................................

...THE WHEELING CLIMATE SUMMARY FOR OCTOBER 20 2017...
VALID TODAY AS OF 0500 PM LOCAL TIME.

CLIMATE NORMAL PERIOD 1981 TO 2010
CLIMATE RECORD PERIOD 1878 TO 2017


WEATHER ITEM   OBSERVED TIME   RECORD YEAR NORMAL DEPARTURE LAST
                VALUE   (LST)  VALUE       VALUE  FROM      YEAR
                                                  NORMAL
..................................................................
TEMPERATURE (F)
 TODAY
  MAXIMUM         73    352 PM  81    1939  61     12       80
                                      1920
  MINIMUM         47    732 AM  20    1934  43      4       61
  AVERAGE         60                        52      8       71

PRECIPITATION (IN)
  TODAY            0.00          0.74 2016   0.09  -0.09     0.74
  MONTH TO DATE    1.81                      1.68   0.13     1.20
  SINCE JAN 1     37.47                     31.45   6.02    30.60

DEGREE DAYS
 HEATING
  TODAY            5                        13     -8        0
  MONTH TO DATE   57                       207   -150       95
  SINCE SEP 1    136                       297   -161      105
  SINCE JUL 1    143                       308   -165      107

 COOLING
  TODAY            0                         0      0        6
  MONTH TO DATE   37                        10     27       33
  SINCE SEP 1    129                        80     49      207
  SINCE JAN 1    757                       688     69     1203
..................................................................


WIND (MPH)
  HIGHEST WIND SPEED     9   HIGHEST WIND DIRECTION    NE (60)
  HIGHEST GUST SPEED    11   HIGHEST GUST DIRECTION    NE (50)
  AVERAGE WIND SPEED     3.3


SKY COVER
  POSSIBLE SUNSHINE  MM
  AVERAGE SKY COVER 0.0


WEATHER CONDITIONS
 THE FOLLOWING WEATHER WAS RECORDED TODAY.
  FOG


RELATIVE HUMIDITY (PERCENT)
 HIGHEST    93           700 AM
 LOWEST     25           200 PM
 AVERAGE    59

..........................................................


THE WHEELING CLIMATE NORMALS FOR TOMORROW
                         NORMAL    RECORD    YEAR
 MAXIMUM TEMPERATURE (F)   61        81      1947
                                             1920
 MINIMUM TEMPERATURE (F)   42        19      1952


SUNRISE AND SUNSET
OCTOBER 20 2017.......SUNRISE   739 AM EDT   SUNSET   635 PM EDT
OCTOBER 21 2017.......SUNRISE   740 AM EDT   SUNSET   634 PM EDT


-  INDICATES NEGATIVE NUMBERS.
R  INDICATES RECORD WAS SET OR TIED.
MM INDICATES DATA IS MISSING.
T  INDICATES TRACE AMOUNT.




$$
