000
CDUS41 KPBZ 180702
CLIHLG


CLIMATE REPORT
NATIONAL WEATHER SERVICE PITTSBURGH PA
302 AM EDT FRI AUG 18 2017


...................................

...THE WHEELING CLIMATE SUMMARY FOR AUGUST 17 2017...

CLIMATE NORMAL PERIOD 1981 TO 2010
CLIMATE RECORD PERIOD 1878 TO 2017


WEATHER ITEM   OBSERVED TIME   RECORD YEAR NORMAL DEPARTURE LAST
                VALUE   (LST)  VALUE       VALUE  FROM      YEAR
                                                  NORMAL
..................................................................
TEMPERATURE (F)
 YESTERDAY
  MAXIMUM         87    127 PM  95    1937  81      6       76
  MINIMUM         67    606 AM  45    1902  61      6       70
  AVERAGE         77                        71      6       73

PRECIPITATION (IN)
  YESTERDAY        0.35          1.19 1934   0.13   0.22     0.44
  MONTH TO DATE    2.21                      1.73   0.48     4.37
  SINCE JAN 1     32.59                     25.75   6.84    24.80

DEGREE DAYS
 HEATING
  YESTERDAY        0                         0      0        0
  MONTH TO DATE    1                         0      1        0
  SINCE JUN 1     33                        41     -8       14
  SINCE JUL 1      1                         3     -2        2

 COOLING
  YESTERDAY       12                                         8
  MONTH TO DATE   87                                       225
  SINCE JUN 1    496                                       782
  SINCE JAN 1    565                                       845
..................................................................


WIND (MPH)
  HIGHEST WIND SPEED    21   HIGHEST WIND DIRECTION    SW (220)
  HIGHEST GUST SPEED    30   HIGHEST GUST DIRECTION    SW (210)
  AVERAGE WIND SPEED     7.7


SKY COVER
  POSSIBLE SUNSHINE  MM
  AVERAGE SKY COVER 0.1


WEATHER CONDITIONS
 THE FOLLOWING WEATHER WAS RECORDED YESTERDAY.
  THUNDERSTORM
  HEAVY RAIN
  RAIN
  LIGHT RAIN
  FOG
  HAZE


RELATIVE HUMIDITY (PERCENT)
 HIGHEST    90          1000 PM
 LOWEST     57           100 PM
 AVERAGE    74

..........................................................


THE WHEELING CLIMATE NORMALS FOR TODAY
                         NORMAL    RECORD    YEAR
 MAXIMUM TEMPERATURE (F)   81        95      1940
 MINIMUM TEMPERATURE (F)   61        44      1941


SUNRISE AND SUNSET
AUGUST 18 2017........SUNRISE   637 AM EDT   SUNSET   815 PM EDT
AUGUST 19 2017........SUNRISE   638 AM EDT   SUNSET   814 PM EDT


-  INDICATES NEGATIVE NUMBERS.
R  INDICATES RECORD WAS SET OR TIED.
MM INDICATES DATA IS MISSING.
T  INDICATES TRACE AMOUNT.




$$
