000
CDUS45 KTFX 110859
CLIHLN


CLIMATE REPORT
NATIONAL WEATHER SERVICE GREAT FALLS MT
159 AM MST THU FEB 11 2016


...................................

...THE HELENA MT CLIMATE SUMMARY FOR FEBRUARY 10 2016...

CLIMATE NORMAL PERIOD 1981 TO 2010
CLIMATE RECORD PERIOD 1866 TO 2016


WEATHER ITEM   OBSERVED TIME   RECORD YEAR NORMAL DEPARTURE LAST
                VALUE   (LST)  VALUE       VALUE  FROM      YEAR
                                                  NORMAL
..................................................................
TEMPERATURE (F)
 YESTERDAY
  MAXIMUM         50    345 PM  66    1951  37     13       50
  MINIMUM         26    854 AM -28    1981  16     10       36
  AVERAGE         38                        27     11       43

PRECIPITATION (IN)
  YESTERDAY        0.00          0.38 1899   0.01  -0.01     0.01
  MONTH TO DATE    T                         0.10  -0.10     0.24
  SINCE OCT 1      2.01                      2.03  -0.02     3.16
  SINCE JAN 1      0.31                      0.46  -0.15     0.88

SNOWFALL (IN)
  YESTERDAY        0.0           7.0  1899   0.2   -0.2      0.0
  MONTH TO DATE    T                         1.9   -1.9      0.1
  SINCE DEC 1     11.3                      15.4   -4.1     11.9
  SINCE JUL 1     14.8                      24.2   -9.4     22.7
  SNOW DEPTH       0

DEGREE DAYS
 HEATING
  YESTERDAY       27                        38    -11       22
  MONTH TO DATE  327                       391    -64      256
  SINCE DEC 1   2859                      3027   -168     2702
  SINCE JUL 1   4488                      4909   -421     4414

 COOLING
  YESTERDAY        0                         0      0        0
  MONTH TO DATE    0                         0      0        0
  SINCE DEC 1      0                         0      0        0
  SINCE JAN 1      0                         0      0        0
..................................................................


WIND (MPH)
  HIGHEST WIND SPEED     9   HIGHEST WIND DIRECTION     W (270)
  HIGHEST GUST SPEED    11   HIGHEST GUST DIRECTION    NE (50)
  AVERAGE WIND SPEED     2.8


SKY COVER
  AVERAGE SKY COVER 0.0


WEATHER CONDITIONS
 THE FOLLOWING WEATHER WAS RECORDED YESTERDAY.
  NO SIGNIFICANT WEATHER WAS OBSERVED.


RELATIVE HUMIDITY (PERCENT)
 HIGHEST    92           600 AM
 LOWEST     50           400 PM
 AVERAGE    71

..........................................................


THE HELENA MT CLIMATE NORMALS FOR TODAY
                         NORMAL    RECORD    YEAR
 MAXIMUM TEMPERATURE (F)   38        65      1961
 MINIMUM TEMPERATURE (F)   16       -29      1905


SUNRISE AND SUNSET
FEBRUARY 11 2016......SUNRISE   739 AM MST   SUNSET   546 PM MST
FEBRUARY 12 2016......SUNRISE   737 AM MST   SUNSET   548 PM MST


-  INDICATES NEGATIVE NUMBERS.
R  INDICATES RECORD WAS SET OR TIED.
MM INDICATES DATA IS MISSING.
T  INDICATES TRACE AMOUNT.




$$
