000
CDUS45 KTFX 240912
CLIHLN


CLIMATE REPORT
NATIONAL WEATHER SERVICE GREAT FALLS MT
311 AM MDT SUN JUL 24 2016


...................................

...THE HELENA MT CLIMATE SUMMARY FOR JULY 23 2016...

CLIMATE NORMAL PERIOD 1981 TO 2010
CLIMATE RECORD PERIOD 1866 TO 2016


WEATHER ITEM   OBSERVED TIME   RECORD YEAR NORMAL DEPARTURE LAST
                VALUE   (LST)  VALUE       VALUE  FROM      YEAR
                                                  NORMAL
..................................................................
TEMPERATURE (F)
 YESTERDAY
  MAXIMUM         84    305 PM 104    2003  88     -4       79
  MINIMUM         59   1159 PM  41    1918  55      4       56
  AVERAGE         72                        72      0       68

PRECIPITATION (IN)
  YESTERDAY        0.00          0.40 1918   0.04  -0.04     0.17
  MONTH TO DATE    0.63                      0.92  -0.29     0.49
  SINCE OCT 1      6.83                      8.65  -1.82     7.33
  SINCE JAN 1      5.13                      7.08  -1.95     5.05

SNOWFALL (IN)
  YESTERDAY        0.0           T    1992   0.0    0.0      0.0
                                      1995
  MONTH TO DATE    0.0                       0.0    0.0      0.0
  SINCE JUN 1      T                         T      0.0      0.0
  SINCE JUL 1      0.0                       0.0    0.0      0.0
  SNOW DEPTH       0

DEGREE DAYS
 HEATING
  YESTERDAY        0                         0      0        0
  MONTH TO DATE   18                        26     -8        7
  SINCE JUN 1     72                       162    -90       39
  SINCE JUL 1     18                        26     -8        7

 COOLING
  YESTERDAY        7                         7      0        3
  MONTH TO DATE  126                       129     -3      145
  SINCE JUN 1    232                       178     54      322
  SINCE JAN 1    232                       186     46      322
..................................................................


WIND (MPH)
  HIGHEST WIND SPEED    23   HIGHEST WIND DIRECTION     W (260)
  HIGHEST GUST SPEED    29   HIGHEST GUST DIRECTION     W (250)
  AVERAGE WIND SPEED    10.2


SKY COVER
  AVERAGE SKY COVER 0.1


WEATHER CONDITIONS
 THE FOLLOWING WEATHER WAS RECORDED YESTERDAY.
  NO SIGNIFICANT WEATHER WAS OBSERVED.


RELATIVE HUMIDITY (PERCENT)
 HIGHEST    43           400 AM
 LOWEST     20           400 PM
 AVERAGE    32

..........................................................


THE HELENA MT CLIMATE NORMALS FOR TODAY
                         NORMAL    RECORD    YEAR
 MAXIMUM TEMPERATURE (F)   88       100      1929
 MINIMUM TEMPERATURE (F)   55        40      1918


SUNRISE AND SUNSET
JULY 24 2016..........SUNRISE   600 AM MDT   SUNSET   908 PM MDT
JULY 25 2016..........SUNRISE   601 AM MDT   SUNSET   907 PM MDT


-  INDICATES NEGATIVE NUMBERS.
R  INDICATES RECORD WAS SET OR TIED.
MM INDICATES DATA IS MISSING.
T  INDICATES TRACE AMOUNT.




$$
