000
CDHW40 PHFO 241245
CLIHNL


CLIMATE REPORT
NATIONAL WEATHER SERVICE HONOLULU HI
245 AM HST FRI MAR 24 2017


...................................

...THE HONOLULU HI CLIMATE SUMMARY FOR MARCH 23 2017...

CLIMATE NORMAL PERIOD 1981 TO 2010
CLIMATE RECORD PERIOD 1946 TO 2017


WEATHER ITEM   OBSERVED TIME   RECORD YEAR NORMAL DEPARTURE LAST
                VALUE   (LST)  VALUE       VALUE  FROM      YEAR
                                                  NORMAL
..................................................................
TEMPERATURE (F)
 YESTERDAY
  MAXIMUM         85    401 PM  87    2015  82      3       82
                                      1987
  MINIMUM         70    444 AM  60    1957  68      2       69
  AVERAGE         78                        75      3       76

PRECIPITATION (IN)
  YESTERDAY        0.00          2.23 1997   0.06  -0.06     0.00
  MONTH TO DATE    2.75                      1.56   1.19     0.02
  SINCE MAR 1      2.75                      1.56   1.19     0.02
  SINCE JAN 1     10.08                      5.86   4.22     0.45

SNOWFALL (IN)
  YESTERDAY        0.0
  MONTH TO DATE    0.0
  SINCE MAR 1      0.0
  SINCE JUL 1      0.0
  SNOW DEPTH       0

DEGREE DAYS
 HEATING
  YESTERDAY        0                         0      0        0
  MONTH TO DATE    0                         0      0        0
  SINCE MAR 1      0                         0      0        0
  SINCE JUL 1      0                         0      0        0

 COOLING
  YESTERDAY       13                        10      3       11
  MONTH TO DATE  247                       213     34      227
  SINCE MAR 1    247                       213     34      227
  SINCE JAN 1    774                       695     79      809
..................................................................


WIND (MPH)
  HIGHEST WIND SPEED    17   HIGHEST WIND DIRECTION    SE (140)
  HIGHEST GUST SPEED    22   HIGHEST GUST DIRECTION     E (80)
  AVERAGE WIND SPEED     6.9


SKY COVER
  POSSIBLE SUNSHINE  MM
  AVERAGE SKY COVER 0.3


WEATHER CONDITIONS
 THE FOLLOWING WEATHER WAS RECORDED YESTERDAY.
  HAZE


RELATIVE HUMIDITY (PERCENT)
 HIGHEST    79           100 AM
 LOWEST     48          1100 AM
 AVERAGE    64

..........................................................


THE HONOLULU HI CLIMATE NORMALS FOR TODAY
                         NORMAL    RECORD    YEAR
 MAXIMUM TEMPERATURE (F)   82        86      2008
                                             1989
                                             1986
 MINIMUM TEMPERATURE (F)   68        57      1954


SUNRISE AND SUNSET
MARCH 24 2017.........SUNRISE   632 AM HST   SUNSET   644 PM HST
MARCH 25 2017.........SUNRISE   631 AM HST   SUNSET   645 PM HST


-  INDICATES NEGATIVE NUMBERS.
R  INDICATES RECORD WAS SET OR TIED.
MM INDICATES DATA IS MISSING.
T  INDICATES TRACE AMOUNT.




$$
