000
CDHW40 PHFO 180241
CLIHNL


CLIMATE REPORT
NATIONAL WEATHER SERVICE HONOLULU HI
440 PM HST WED JAN 17 2018


...................................

...THE HONOLULU HI CLIMATE SUMMARY FOR JANUARY 17 2018...
VALID TODAY AS OF 0400 PM LOCAL TIME.

CLIMATE NORMAL PERIOD 1981 TO 2010
CLIMATE RECORD PERIOD 1946 TO 2018


WEATHER ITEM   OBSERVED TIME   RECORD YEAR NORMAL DEPARTURE LAST
                VALUE   (LST)  VALUE       VALUE  FROM      YEAR
                                                  NORMAL
..................................................................
TEMPERATURE (F)
 TODAY
  MAXIMUM         82    237 PM  85    1996  80      2       83
  MINIMUM         73    333 AM  57    2003  66      7       70
  AVERAGE         78                        73      5       77

PRECIPITATION (IN)
  TODAY            0.00          1.74 1959   0.06  -0.06     0.00
  MONTH TO DATE    T                         1.43  -1.43      T
  SINCE DEC 1      3.40                      4.67  -1.27     0.87
  SINCE JAN 1      T                         1.43  -1.43      T

SNOWFALL (IN)
  TODAY            0.0
  MONTH TO DATE    0.0
  SINCE DEC 1      0.0
  SINCE JUL 1      0.0
  SNOW DEPTH      MM

DEGREE DAYS
 HEATING
  TODAY            0                         0      0        0
  MONTH TO DATE    0                         0      0        0
  SINCE DEC 1      0                         0      0        0
  SINCE JUL 1      0                         0      0        0

 COOLING
  TODAY           13                         8      5       12
  MONTH TO DATE  194                       138     56      139
  SINCE DEC 1    500                       440     60      444
  SINCE JAN 1    194                       138     56      139
..................................................................


WIND (MPH)
  HIGHEST WIND SPEED    26   HIGHEST WIND DIRECTION     E (70)
  HIGHEST GUST SPEED    34   HIGHEST GUST DIRECTION    NE (60)
  AVERAGE WIND SPEED    MM


SKY COVER
  POSSIBLE SUNSHINE  MM
  AVERAGE SKY COVER  MM


WEATHER CONDITIONS
 THE FOLLOWING WEATHER WAS RECORDED TODAY.
  NO SIGNIFICANT WEATHER WAS OBSERVED.


RELATIVE HUMIDITY (PERCENT)
 HIGHEST    MM
 LOWEST     MM
 AVERAGE    MM

..........................................................


THE HONOLULU HI CLIMATE NORMALS FOR TOMORROW
                         NORMAL    RECORD    YEAR
 MAXIMUM TEMPERATURE (F)   80        85      2015
 MINIMUM TEMPERATURE (F)   66        57      1963


SUNRISE AND SUNSET
JANUARY 17 2018.......SUNRISE   712 AM HST   SUNSET   612 PM HST
JANUARY 18 2018.......SUNRISE   712 AM HST   SUNSET   613 PM HST


-  INDICATES NEGATIVE NUMBERS.
R  INDICATES RECORD WAS SET OR TIED.
MM INDICATES DATA IS MISSING.
T  INDICATES TRACE AMOUNT.




$$
