000
CDHW40 PHFO 010249
CLIHNL


CLIMATE REPORT
NATIONAL WEATHER SERVICE HONOLULU HI
449 PM HST SUN APR 30 2017


...................................

...THE HONOLULU HI CLIMATE SUMMARY FOR APRIL 30 2017...
VALID TODAY AS OF 0400 PM LOCAL TIME.

CLIMATE NORMAL PERIOD 1981 TO 2010
CLIMATE RECORD PERIOD 1946 TO 2017


WEATHER ITEM   OBSERVED TIME   RECORD YEAR NORMAL DEPARTURE LAST
                VALUE   (LST)  VALUE       VALUE  FROM      YEAR
                                                  NORMAL
..................................................................
TEMPERATURE (F)
 TODAY
  MAXIMUM         72    343 PM  89    1990  83    -11       86
  MINIMUM         61R   840 AM  63    1995  70     -9       73
  AVERAGE         67                        77    -10       80

PRECIPITATION (IN)
  TODAY            1.14R         0.19 1966   0.02   1.12     0.01
  MONTH TO DATE    3.05                      0.63   2.42     0.22
  SINCE MAR 1      5.80                      2.65   3.15     0.44
  SINCE JAN 1     13.13                      6.95   6.18     0.87

SNOWFALL (IN)
  TODAY            0.0
  MONTH TO DATE    0.0
  SINCE MAR 1      0.0
  SINCE JUL 1      0.0
  SNOW DEPTH      MM

DEGREE DAYS
 HEATING
  TODAY            0                         0      0        0
  MONTH TO DATE    0                         0      0        0
  SINCE MAR 1      0                         0      0        0
  SINCE JUL 1      0                         0      0        0

 COOLING
  TODAY            2                        12    -10       15
  MONTH TO DATE  393                       332     61      396
  SINCE MAR 1    750                       625    125      698
  SINCE JAN 1   1277                      1107    170     1280
..................................................................


WIND (MPH)
  HIGHEST WIND SPEED    13   HIGHEST WIND DIRECTION     E (80)
  HIGHEST GUST SPEED    17   HIGHEST GUST DIRECTION     S (180)
  AVERAGE WIND SPEED    MM


SKY COVER
  POSSIBLE SUNSHINE  MM
  AVERAGE SKY COVER  MM


WEATHER CONDITIONS
 THE FOLLOWING WEATHER WAS RECORDED TODAY.
  FOG


RELATIVE HUMIDITY (PERCENT)
 HIGHEST    MM
 LOWEST     MM
 AVERAGE    MM

..........................................................


THE HONOLULU HI CLIMATE NORMALS FOR TOMORROW
                         NORMAL    RECORD    YEAR
 MAXIMUM TEMPERATURE (F)   83        87      1994
                                             1990
 MINIMUM TEMPERATURE (F)   70        62      2006
                                             1995
                                             1989


SUNRISE AND SUNSET
APRIL 30 2017.........SUNRISE   601 AM HST   SUNSET   657 PM HST
MAY  1 2017...........SUNRISE   601 AM HST   SUNSET   657 PM HST


-  INDICATES NEGATIVE NUMBERS.
R  INDICATES RECORD WAS SET OR TIED.
MM INDICATES DATA IS MISSING.
T  INDICATES TRACE AMOUNT.




$$
