000
CDHW40 PHFO 040246
CLIHNL


CLIMATE REPORT
NATIONAL WEATHER SERVICE HONOLULU HI
436 PM HST FRI JUL 3 2015


...................................

...THE HONOLULU HI CLIMATE SUMMARY FOR JULY 3 2015...
VALID TODAY AS OF 0400 PM LOCAL TIME.

CLIMATE NORMAL PERIOD 1981 TO 2010
CLIMATE RECORD PERIOD 1946 TO 2015


WEATHER ITEM   OBSERVED TIME   RECORD YEAR NORMAL DEPARTURE LAST
                VALUE   (LST)  VALUE       VALUE  FROM      YEAR
                                                  NORMAL
..................................................................
TEMPERATURE (F)
 TODAY
  MAXIMUM         92R   235 PM  90    2005  88      4       89
                                      1995
                                      1994
  MINIMUM         78    617 AM  68    1958  74      4       75
  AVERAGE         85                        81      4       82

PRECIPITATION (IN)
  TODAY            0.00          0.07 1982   0.01  -0.01     0.04
  MONTH TO DATE    0.00                      0.03  -0.03     0.04
  SINCE JUN 1      0.23                      0.29  -0.06     0.62
  SINCE JAN 1      3.22                      7.86  -4.64    10.59

SNOWFALL (IN)
  TODAY            0.0
  MONTH TO DATE    0.0
  SINCE JUN 1      0.0
  SINCE JUL 1      0.0
  SNOW DEPTH       0

DEGREE DAYS
 HEATING
  TODAY            0                         0      0        0
  MONTH TO DATE    0                         0      0        0
  SINCE JUN 1      0                         0      0        0
  SINCE JUL 1      0                         0      0        0

 COOLING
  TODAY           20                        16      4       17
  MONTH TO DATE   52                        48      4       52
  SINCE JUN 1    532                       504     28      515
  SINCE JAN 1   2007                      2006      1     2124
..................................................................


WIND (MPH)
  HIGHEST WIND SPEED    17   HIGHEST WIND DIRECTION     E (90)
  HIGHEST GUST SPEED    23   HIGHEST GUST DIRECTION     E (70)
  AVERAGE WIND SPEED     6.8


SKY COVER
  POSSIBLE SUNSHINE  MM
  AVERAGE SKY COVER 0.6


WEATHER CONDITIONS
 THE FOLLOWING WEATHER WAS RECORDED TODAY.
  NO SIGNIFICANT WEATHER WAS OBSERVED.


RELATIVE HUMIDITY (PERCENT)
 HIGHEST    79           500 AM
 LOWEST     47           100 PM
 AVERAGE    63

..........................................................


THE HONOLULU HI CLIMATE NORMALS FOR TOMORROW
                         NORMAL    RECORD    YEAR
 MAXIMUM TEMPERATURE (F)   88        91      1991
 MINIMUM TEMPERATURE (F)   74        70      2012
                                             1968
                                             1958


SUNRISE AND SUNSET
JULY  3 2015..........SUNRISE   554 AM HST   SUNSET   718 PM HST
JULY  4 2015..........SUNRISE   554 AM HST   SUNSET   718 PM HST


-  INDICATES NEGATIVE NUMBERS.
R  INDICATES RECORD WAS SET OR TIED.
MM INDICATES DATA IS MISSING.
T  INDICATES TRACE AMOUNT.




$$
