000
CDHW40 PHFO 231245
CLIHNL


CLIMATE REPORT
NATIONAL WEATHER SERVICE HONOLULU HI
245 AM HST WED AUG 23 2017


...................................

...THE HONOLULU HI CLIMATE SUMMARY FOR AUGUST 22 2017...

CLIMATE NORMAL PERIOD 1981 TO 2010
CLIMATE RECORD PERIOD 1946 TO 2017


WEATHER ITEM   OBSERVED TIME   RECORD YEAR NORMAL DEPARTURE LAST
                VALUE   (LST)  VALUE       VALUE  FROM      YEAR
                                                  NORMAL
..................................................................
TEMPERATURE (F)
 YESTERDAY
  MAXIMUM         85    115 PM  93    1995  89     -4       86
  MINIMUM         74    551 AM  68    2009  75     -1       75
  AVERAGE         80                        82     -2       81

PRECIPITATION (IN)
  YESTERDAY        0.00          0.13 2016   0.01  -0.01     0.13
  MONTH TO DATE    0.05                      0.39  -0.34     0.25
  SINCE JUN 1      0.60                      1.16  -0.56     3.15
  SINCE JAN 1     14.09                      8.73   5.36     7.19

SNOWFALL (IN)
  YESTERDAY        0.0
  MONTH TO DATE    0.0
  SINCE JUN 1      0.0
  SINCE JUL 1      0.0
  SNOW DEPTH      MM

DEGREE DAYS
 HEATING
  YESTERDAY        0                         0      0        0
  MONTH TO DATE    0                         0      0        0
  SINCE JUN 1      0                         0      0        0
  SINCE JUL 1      0                         0      0        0

 COOLING
  YESTERDAY       15                        17     -2       16
  MONTH TO DATE  373                       374     -1      316
  SINCE JUN 1   1341                      1332      9     1251
  SINCE JAN 1   3042                      2834    208     2965
..................................................................


WIND (MPH)
  HIGHEST WIND SPEED    23   HIGHEST WIND DIRECTION    NE (60)
  HIGHEST GUST SPEED    29   HIGHEST GUST DIRECTION     E (70)
  AVERAGE WIND SPEED    13.5


SKY COVER
  POSSIBLE SUNSHINE  MM
  AVERAGE SKY COVER  MM


WEATHER CONDITIONS
 THE FOLLOWING WEATHER WAS RECORDED YESTERDAY.
  NO SIGNIFICANT WEATHER WAS OBSERVED.


RELATIVE HUMIDITY (PERCENT)
 HIGHEST    MM
 LOWEST     MM
 AVERAGE    MM

..........................................................


THE HONOLULU HI CLIMATE NORMALS FOR TODAY
                         NORMAL    RECORD    YEAR
 MAXIMUM TEMPERATURE (F)   89        92      1996
                                             1995
                                             1991
 MINIMUM TEMPERATURE (F)   75        70      1972


SUNRISE AND SUNSET
AUGUST 23 2017........SUNRISE   613 AM HST   SUNSET   655 PM HST
AUGUST 24 2017........SUNRISE   613 AM HST   SUNSET   654 PM HST


-  INDICATES NEGATIVE NUMBERS.
R  INDICATES RECORD WAS SET OR TIED.
MM INDICATES DATA IS MISSING.
T  INDICATES TRACE AMOUNT.




$$
