000
CDHW40 PHFO 301245
CLIHNL


CLIMATE REPORT
NATIONAL WEATHER SERVICE HONOLULU HI
245 AM HST SAT MAY 30 2015


...................................

...THE HONOLULU HI CLIMATE SUMMARY FOR MAY 29 2015...

CLIMATE NORMAL PERIOD 1981 TO 2010
CLIMATE RECORD PERIOD 1946 TO 2015


WEATHER ITEM   OBSERVED TIME   RECORD YEAR NORMAL DEPARTURE LAST
                VALUE   (LST)  VALUE       VALUE  FROM      YEAR
                                                  NORMAL
..................................................................
TEMPERATURE (F)
 YESTERDAY
  MAXIMUM         86   1154 AM  92    1987  86      0       86
  MINIMUM         69    556 AM  65    1975  72     -3       74
                                      1964
  AVERAGE         78                        79     -1       80

PRECIPITATION (IN)
  YESTERDAY        0.01          0.59 2009   0.01   0.00      T
  MONTH TO DATE    0.20                      0.59  -0.39     3.35
  SINCE MAR 1      1.19                      3.24  -2.05     6.29
  SINCE JAN 1      2.99                      7.54  -4.55     9.97

SNOWFALL (IN)
  YESTERDAY        0.0
  MONTH TO DATE    0.0
  SINCE MAR 1      0.0
  SINCE JUL 1      0.0
  SNOW DEPTH       0

DEGREE DAYS
 HEATING
  YESTERDAY        0                         0      0        0
  MONTH TO DATE    0                         0      0        0
  SINCE MAR 1      0                         0      0        0
  SINCE JUL 1      0                         0      0        0

 COOLING
  YESTERDAY       13                        14     -1       15
  MONTH TO DATE  322                       368    -46      383
  SINCE MAR 1    938                       993    -55     1058
  SINCE JAN 1   1448                      1475    -27     1577
..................................................................


WIND (MPH)
  HIGHEST WIND SPEED    14   HIGHEST WIND DIRECTION    NE (40)
  HIGHEST GUST SPEED    20   HIGHEST GUST DIRECTION     N (350)
  AVERAGE WIND SPEED     6.0


SKY COVER
  POSSIBLE SUNSHINE  MM
  AVERAGE SKY COVER 0.4


WEATHER CONDITIONS
 THE FOLLOWING WEATHER WAS RECORDED YESTERDAY.
  LIGHT RAIN


RELATIVE HUMIDITY (PERCENT)
 HIGHEST    84           300 AM
 LOWEST     45          1200 PM
 AVERAGE    65

..........................................................


THE HONOLULU HI CLIMATE NORMALS FOR TODAY
                         NORMAL    RECORD    YEAR
 MAXIMUM TEMPERATURE (F)   86        92      1992
 MINIMUM TEMPERATURE (F)   72        65      1975
                                             1964


SUNRISE AND SUNSET
MAY 30 2015...........SUNRISE   549 AM HST   SUNSET   709 PM HST
MAY 31 2015...........SUNRISE   549 AM HST   SUNSET   710 PM HST


-  INDICATES NEGATIVE NUMBERS.
R  INDICATES RECORD WAS SET OR TIED.
MM INDICATES DATA IS MISSING.
T  INDICATES TRACE AMOUNT.




$$
