546
CDUS43 KFSD 280644
CLIHON


CLIMATE REPORT
NATIONAL WEATHER SERVICE SIOUX FALLS SD
144 AM CDT FRI APR 28 2017


...................................

...THE HURON SD CLIMATE SUMMARY FOR APRIL 27 2017...

CLIMATE NORMAL PERIOD 1981 TO 2010
CLIMATE RECORD PERIOD 1881 TO 2017


WEATHER ITEM   OBSERVED TIME   RECORD YEAR NORMAL DEPARTURE LAST
                VALUE   (LST)  VALUE       VALUE  FROM      YEAR
                                                  NORMAL
..................................................................
TEMPERATURE (F)
 YESTERDAY
  MAXIMUM         50    508 PM  89    1952  64    -14       45
  MINIMUM         30    635 AM  18    1909  39     -9       39
  AVERAGE         40                        52    -12       42

PRECIPITATION (IN)
  YESTERDAY        0.00          2.09 2016   0.08  -0.08     2.09
  MONTH TO DATE    1.18                      2.04  -0.86     4.07
  SINCE MAR 1      1.95                      3.50  -1.55     5.14
  SINCE JAN 1      2.75                      4.60  -1.85     6.01

SNOWFALL (IN)
  YESTERDAY        0.0           3.8  1907   0.1   -0.1      0.0
  MONTH TO DATE    T                         3.9   -3.9       T
  SINCE MAR 1     13.9                      12.8    1.1      2.3
  SINCE JUL 1     35.9                      43.8   -7.9     33.0
  SNOW DEPTH       0

DEGREE DAYS
 HEATING
  YESTERDAY       25                        14     11       23
  MONTH TO DATE  473                       520    -47      467
  SINCE MAR 1   1420                      1507    -87     1214
  SINCE JUL 1   6569                      7339   -770     6290

 COOLING
  YESTERDAY        0                         0      0        0
  MONTH TO DATE    0                         0      0        1
  SINCE MAR 1      0                         0      0        1
  SINCE JAN 1      0                         0      0        1
..................................................................


WIND (MPH)
  HIGHEST WIND SPEED    22   HIGHEST WIND DIRECTION     N (360)
  HIGHEST GUST SPEED    25   HIGHEST GUST DIRECTION     N (360)
  AVERAGE WIND SPEED    10.7


SKY COVER
  POSSIBLE SUNSHINE  MM
  AVERAGE SKY COVER 0.6


WEATHER CONDITIONS
 THE FOLLOWING WEATHER WAS RECORDED YESTERDAY.
  NO SIGNIFICANT WEATHER WAS OBSERVED.


RELATIVE HUMIDITY (PERCENT)
 HIGHEST    85           700 AM
 LOWEST     46           400 PM
 AVERAGE    66

..........................................................


THE HURON SD CLIMATE NORMALS FOR TODAY
                         NORMAL    RECORD    YEAR
 MAXIMUM TEMPERATURE (F)   65        94      1910
 MINIMUM TEMPERATURE (F)   39        20      2005
                                             1958


SUNRISE AND SUNSET
APRIL 28 2017.........SUNRISE   628 AM CDT   SUNSET   834 PM CDT
APRIL 29 2017.........SUNRISE   626 AM CDT   SUNSET   835 PM CDT


-  INDICATES NEGATIVE NUMBERS.
R  INDICATES RECORD WAS SET OR TIED.
MM INDICATES DATA IS MISSING.
T  INDICATES TRACE AMOUNT.




$$
