000
CDUS43 KFSD 010657
CLIHON


CLIMATE REPORT
NATIONAL WEATHER SERVICE SIOUX FALLS SD
156 AM CDT WED JUN 1 2016


...................................

...THE HURON SD CLIMATE SUMMARY FOR MAY 31 2016...

CLIMATE NORMAL PERIOD 1981 TO 2010
CLIMATE RECORD PERIOD 1881 TO 2016


WEATHER ITEM   OBSERVED TIME   RECORD YEAR NORMAL DEPARTURE LAST
                VALUE   (LST)  VALUE       VALUE  FROM      YEAR
                                                  NORMAL
..................................................................
TEMPERATURE (F)
 YESTERDAY
  MAXIMUM         74    259 PM 101    1934  74      0       63
  MINIMUM         54   1156 PM  31    1964  51      3       43
  AVERAGE         64                        63      1       53

PRECIPITATION (IN)
  YESTERDAY        0.00          2.94 1945   0.12  -0.12      T
  MONTH TO DATE    2.73                      3.11  -0.38     4.57
  SINCE MAR 1      7.94                      6.88   1.06     5.33
  SINCE JAN 1      8.81                      7.98   0.83     5.94

SNOWFALL (IN)
  YESTERDAY        0.0           0.0    MM   0.0    0.0      0.0
  MONTH TO DATE    0.0                       T      0.0      0.0
  SINCE MAR 1      2.3                      12.9  -10.6      1.2
  SINCE JUL 1     33.0                      43.9  -10.9     22.8
  SNOW DEPTH       0

DEGREE DAYS
 HEATING
  YESTERDAY        1                         4     -3       12
  MONTH TO DATE  200                       243    -43      256
  SINCE MAR 1   1476                      1789   -313     1557
  SINCE JUL 1   6552                      7621  -1069     7494

 COOLING
  YESTERDAY        0                         2     -2        0
  MONTH TO DATE   30                        29      1       18
  SINCE MAR 1     31                        33     -2       20
  SINCE JAN 1     31                        33     -2       20
..................................................................


WIND (MPH)
  HIGHEST WIND SPEED    30   HIGHEST WIND DIRECTION     W (290)
  HIGHEST GUST SPEED    41   HIGHEST GUST DIRECTION     W (280)
  AVERAGE WIND SPEED    17.4


SKY COVER
  POSSIBLE SUNSHINE  MM
  AVERAGE SKY COVER 0.2


WEATHER CONDITIONS
 THE FOLLOWING WEATHER WAS RECORDED YESTERDAY.
  NO SIGNIFICANT WEATHER WAS OBSERVED.


RELATIVE HUMIDITY (PERCENT)
 HIGHEST    93           200 AM
 LOWEST     35           300 PM
 AVERAGE    64

..........................................................


THE HURON SD CLIMATE NORMALS FOR TODAY
                         NORMAL    RECORD    YEAR
 MAXIMUM TEMPERATURE (F)   75       100      1940
 MINIMUM TEMPERATURE (F)   52        36      1989
                                             1975
                                             1946


SUNRISE AND SUNSET
JUNE  1 2016..........SUNRISE   551 AM CDT   SUNSET   911 PM CDT
JUNE  2 2016..........SUNRISE   551 AM CDT   SUNSET   911 PM CDT


-  INDICATES NEGATIVE NUMBERS.
R  INDICATES RECORD WAS SET OR TIED.
MM INDICATES DATA IS MISSING.
T  INDICATES TRACE AMOUNT.




$$
