000
CDUS43 KFSD 260631
CLIHON


CLIMATE REPORT
NATIONAL WEATHER SERVICE SIOUX FALLS SD
1230 AM CST MON JAN 26 2015


...................................

...THE HURON SD CLIMATE SUMMARY FOR JANUARY 25 2015...

CLIMATE NORMAL PERIOD 1981 TO 2010
CLIMATE RECORD PERIOD 1881 TO 2015


WEATHER ITEM   OBSERVED TIME   RECORD YEAR NORMAL DEPARTURE LAST
                VALUE   (LST)  VALUE       VALUE  FROM      YEAR
                                                  NORMAL
..................................................................
TEMPERATURE (F)
 YESTERDAY
  MAXIMUM         34    712 PM  56    2005  27      7       44
                                      2002
                                      1913
  MINIMUM         30   1100 AM -29    1894   7     23       14
  AVERAGE         32                        17     15       29

PRECIPITATION (IN)
  YESTERDAY        T             0.46 1996   0.01  -0.01     0.01
  MONTH TO DATE    0.35                      0.40  -0.05     0.12
  SINCE DEC 1      1.05                      0.92   0.13     1.13
  SINCE JAN 1      0.35                      0.40  -0.05     0.12

SNOWFALL (IN)
  YESTERDAY        T             7.0  1996   0.2   -0.2       T
  MONTH TO DATE    4.3                       5.8   -1.5      0.5
  SINCE DEC 1      9.7                      13.8   -4.1     13.4
  SINCE JUL 1     17.6                      22.1   -4.5     15.9
  SNOW DEPTH       T

DEGREE DAYS
 HEATING
  YESTERDAY       33                        48    -15       36
  MONTH TO DATE 1202                      1215    -13     1229
  SINCE DEC 1   2500                      2633   -133     2915
  SINCE JUL 1   4357                      4335     22     4552

 COOLING
  YESTERDAY        0                         0      0        0
  MONTH TO DATE    0                         0      0        0
  SINCE DEC 1      0                         0      0        0
  SINCE JAN 1      0                         0      0        0
..................................................................


WIND (MPH)
  HIGHEST WIND SPEED    23   HIGHEST WIND DIRECTION     N (340)
  HIGHEST GUST SPEED    29   HIGHEST GUST DIRECTION     N (340)
  AVERAGE WIND SPEED     8.8


SKY COVER
  POSSIBLE SUNSHINE  MM
  AVERAGE SKY COVER 0.9


WEATHER CONDITIONS
 THE FOLLOWING WEATHER WAS RECORDED YESTERDAY.
  LIGHT SNOW
  FOG


RELATIVE HUMIDITY (PERCENT)
 HIGHEST    92          1200 AM
 LOWEST     82           200 PM
 AVERAGE    87

..........................................................


THE HURON SD CLIMATE NORMALS FOR TODAY
                         NORMAL    RECORD    YEAR
 MAXIMUM TEMPERATURE (F)   27        58      2006
                                             1931
 MINIMUM TEMPERATURE (F)    7       -26      1897


SUNRISE AND SUNSET
JANUARY 26 2015.......SUNRISE   758 AM CST   SUNSET   534 PM CST
JANUARY 27 2015.......SUNRISE   757 AM CST   SUNSET   535 PM CST


-  INDICATES NEGATIVE NUMBERS.
R  INDICATES RECORD WAS SET OR TIED.
MM INDICATES DATA IS MISSING.
T  INDICATES TRACE AMOUNT.




$$
