194
CDUS43 KFSD 240633
CLIHON


CLIMATE REPORT
NATIONAL WEATHER SERVICE SIOUX FALLS SD
1231 AM CST FRI NOV 24 2017


...................................

...THE HURON SD CLIMATE SUMMARY FOR NOVEMBER 23 2017...

CLIMATE NORMAL PERIOD 1981 TO 2010
CLIMATE RECORD PERIOD 1881 TO 2017


WEATHER ITEM   OBSERVED TIME   RECORD YEAR NORMAL DEPARTURE LAST
                VALUE   (LST)  VALUE       VALUE  FROM      YEAR
                                                  NORMAL
..................................................................
TEMPERATURE (F)
 YESTERDAY
  MAXIMUM         59R   328 PM  59    1902  38     21       36
  MINIMUM         21    417 AM -19    1985  18      3       32
  AVERAGE         40                        28     12       34

PRECIPITATION (IN)
  YESTERDAY        0.00          0.91 2001   0.03  -0.03     0.00
  MONTH TO DATE    0.08                      0.72  -0.64     0.40
  SINCE SEP 1      7.83                      4.97   2.86     2.74
  SINCE JAN 1     20.14                     22.23  -2.09    17.29

SNOWFALL (IN)
  YESTERDAY        0.0           2.5  2003   0.3   -0.3      0.0
  MONTH TO DATE    1.3                       5.2   -3.9      3.9
  SINCE SEP 1      1.3                       6.3   -5.0      3.9
  SINCE JUL 1      1.3                       6.3   -5.0      3.9
  SNOW DEPTH       0

DEGREE DAYS
 HEATING
  YESTERDAY       25                        37    -12       31
  MONTH TO DATE  756                       699     57      482
  SINCE SEP 1   1391                      1400     -9      974
  SINCE JUL 1   1400                      1429    -29      991

 COOLING
  YESTERDAY        0                         0      0        0
  MONTH TO DATE    0                         0      0        0
  SINCE SEP 1    110                        73     37       81
  SINCE JAN 1    730                       742    -12      887
..................................................................


WIND (MPH)
  HIGHEST WIND SPEED    16   HIGHEST WIND DIRECTION     S (190)
  HIGHEST GUST SPEED    19   HIGHEST GUST DIRECTION     S (170)
  AVERAGE WIND SPEED     8.1


SKY COVER
  POSSIBLE SUNSHINE  MM
  AVERAGE SKY COVER 0.0


WEATHER CONDITIONS
 THE FOLLOWING WEATHER WAS RECORDED YESTERDAY.
  NO SIGNIFICANT WEATHER WAS OBSERVED.


RELATIVE HUMIDITY (PERCENT)
 HIGHEST   100           400 AM
 LOWEST     50           100 PM
 AVERAGE    75

..........................................................


THE HURON SD CLIMATE NORMALS FOR TODAY
                         NORMAL    RECORD    YEAR
 MAXIMUM TEMPERATURE (F)   38        70      1923
 MINIMUM TEMPERATURE (F)   18       -15      1985


SUNRISE AND SUNSET
NOVEMBER 24 2017......SUNRISE   741 AM CST   SUNSET   458 PM CST
NOVEMBER 25 2017......SUNRISE   742 AM CST   SUNSET   458 PM CST


-  INDICATES NEGATIVE NUMBERS.
R  INDICATES RECORD WAS SET OR TIED.
MM INDICATES DATA IS MISSING.
T  INDICATES TRACE AMOUNT.




$$
