000
CDUS44 KHGX 251414
CLIHOU

CLIMATE REPORT
NATIONAL WEATHER SERVICE HOUSTON/GALVESTON TX
814 AM CST TUE NOV 25 2014


...MORNING CLIMATE DATA...

                            MORNING LOW    PRECIP SINCE MIDNIGHT
HOUSTON INTERCONTINENTAL         41                0.00
GALVESTON SCHOLES FIELD          54                0.00
BRYAN/COLLEGE STATION            40                0.00
HOUSTON HOBBY                    46                0.00
...................................


...THE HOUSTON INTERCONTINENTAL CLIMATE SUMMARY FOR NOVEMBER 24 2014...

CLIMATE NORMAL PERIOD 1981 TO 2010
CLIMATE RECORD PERIOD 1892 TO 2014


WEATHER ITEM   OBSERVED TIME   RECORD YEAR NORMAL DEPARTURE LAST
                VALUE   (LST)  VALUE       VALUE  FROM      YEAR
                                                  NORMAL
..................................................................
TEMPERATURE (F)
 YESTERDAY
  MAXIMUM         66    256 PM  84    1910  70     -4       50
  MINIMUM         45   1159 PM  26    1970  49     -4       42
  AVERAGE         56                        60     -4       46

PRECIPITATION (IN)
  YESTERDAY        0.00          3.35 1940   0.13  -0.13      T
  MONTH TO DATE    3.40                      3.48  -0.08     2.08
  SINCE SEP 1     10.23                     13.30  -3.07    14.25
  SINCE JAN 1     38.12                     45.17  -7.05    35.45

SNOWFALL (IN)
  YESTERDAY        0.0           0.0  2002
                                      2001
  MONTH TO DATE    0.0
  SINCE SEP 1      0.0
  SINCE JUL 1      0.0

DEGREE DAYS
 HEATING
  YESTERDAY        9                         7      2       19
  MONTH TO DATE  210                       107    103      124
  SINCE SEP 1    210                       137     73      132
  SINCE JUL 1    210                       137     73      132
..................................................................


WIND (MPH)
  HIGHEST WIND SPEED    21   HIGHEST WIND DIRECTION     N (10)
  HIGHEST GUST SPEED    25   HIGHEST GUST DIRECTION     N (20)




RELATIVE HUMIDITY (PERCENT)
 HIGHEST    84
 LOWEST     26
 AVERAGE    55

..........................................................


THE HOUSTON INTERCONTINENTAL CLIMATE NORMALS FOR TODAY
                         NORMAL    RECORD    YEAR
 MAXIMUM TEMPERATURE (F)   69        86      1967
 MINIMUM TEMPERATURE (F)   49        29      1950


SUNRISE AND SUNSET
NOVEMBER 25 2014......SUNRISE   655 AM CST   SUNSET   522 PM CST
NOVEMBER 26 2014......SUNRISE   656 AM CST   SUNSET   522 PM CST


-  INDICATES NEGATIVE NUMBERS.
R  INDICATES RECORD WAS SET OR TIED.
MM INDICATES DATA IS MISSING.
T  INDICATES TRACE AMOUNT.




...................................

...THE HOUSTON/HOBBY AIRPORT CLIMATE SUMMARY FOR NOVEMBER 24 2014...

CLIMATE NORMAL PERIOD 1981 TO 2010
CLIMATE RECORD PERIOD 1930 TO 2014


WEATHER ITEM   OBSERVED TIME   RECORD YEAR NORMAL DEPARTURE LAST
                VALUE   (LST)  VALUE       VALUE  FROM      YEAR
                                                  NORMAL
..................................................................
TEMPERATURE (F)
 YESTERDAY
  MAXIMUM         66    240 PM  86    1967  70     -4       50
  MINIMUM         49   1156 PM  30    1970  51     -2       44
  AVERAGE         58                        60     -2       47

PRECIPITATION (IN)
  YESTERDAY        0.00          2.46 1986   0.14  -0.14      T
  MONTH TO DATE    4.44                      3.50   0.94     1.33
  SINCE SEP 1     11.99                     14.70  -2.71    17.07
  SINCE JAN 1     36.52                     49.80 -13.28    39.94

SNOWFALL (IN)
  YESTERDAY        0.0          MM      MM
  MONTH TO DATE    0.0
  SINCE SEP 1      0.0
  SINCE JUL 1      0.0

DEGREE DAYS
 HEATING
  YESTERDAY        7                         6      1       18
  MONTH TO DATE  182                        93     89      103
  SINCE SEP 1    182                       114     68      106
  SINCE JUL 1    182                       114     68      106
..................................................................


WIND (MPH)
  HIGHEST WIND SPEED    25   HIGHEST WIND DIRECTION     N (340)
  HIGHEST GUST SPEED    31   HIGHEST GUST DIRECTION    NW (330)




RELATIVE HUMIDITY (PERCENT)
 HIGHEST    87
 LOWEST     26
 AVERAGE    57

..........................................................


THE HOUSTON/HOBBY AIRPORT CLIMATE NORMALS FOR TODAY
                         NORMAL    RECORD    YEAR
 MAXIMUM TEMPERATURE (F)   69        86      1967
 MINIMUM TEMPERATURE (F)   51        24      1938


SUNRISE AND SUNSET
NOVEMBER 25 2014......SUNRISE   654 AM CST   SUNSET   522 PM CST
NOVEMBER 26 2014......SUNRISE   655 AM CST   SUNSET   522 PM CST


-  INDICATES NEGATIVE NUMBERS.
R  INDICATES RECORD WAS SET OR TIED.
MM INDICATES DATA IS MISSING.
T  INDICATES TRACE AMOUNT.


...MISCELLANEOUS CLIMATE DATA FOR YESTERDAY...

LOCATION                        HIGH    LOW     PRECIP

PEARLAND                         68      49      0.00
SUGAR LAND                       66      43      0.00
TOMBALL                          66      39      0.00
CONROE                           62      36      0.00
HUNTSVILLE                       64      41      0.00
ANGLETON/LAKE JACKSON            65      44      0.00
PALACIOS                         67      47      0.00
LEAGUE CITY (NWS)                66      45      0.00


THIS PRODUCT...ALONG WITH OTHER WEATHER...HYDROLOGIC...AND CLIMATE
PRODUCTS...IS AVAILABLE ON THE WEB AT HTTP://WWW.SRH.NOAA.GOV/HGX
OR AT HTTP://WEATHER.GOV


$$
