000
CDUS44 KHGX 011316
CLIHOU

CLIMATE REPORT
NATIONAL WEATHER SERVICE HOUSTON/GALVESTON TX
816 AM CDT WED OCT 1 2014


...MORNING CLIMATE DATA...

                            MORNING LOW    PRECIP SINCE MIDNIGHT
HOUSTON INTERCONTINENTAL         72                0.09
GALVESTON SCHOLES FIELD          79                0.00
BRYAN/COLLEGE STATION            74                0.00
HOUSTON HOBBY                    75                0.01
...................................


...THE HOUSTON INTERCONTINENTAL CLIMATE SUMMARY FOR SEPTEMBER 30 2014...

CLIMATE NORMAL PERIOD 1981 TO 2010
CLIMATE RECORD PERIOD 1892 TO 2014


WEATHER ITEM   OBSERVED TIME   RECORD YEAR NORMAL DEPARTURE LAST
                VALUE   (LST)  VALUE       VALUE  FROM      YEAR
                                                  NORMAL
..................................................................
TEMPERATURE (F)
 YESTERDAY
  MAXIMUM         89    300 PM  95    1998  86      3       88
                                      1905
  MINIMUM         71    635 AM  47    1890  65      6       74
  AVERAGE         80                        76      4       81

PRECIPITATION (IN)
  YESTERDAY        T             2.55 1913   0.13  -0.13     0.50
  MONTH TO DATE    3.88                      4.12  -0.24     5.09
  SINCE SEP 1      3.88                      4.12  -0.24     5.09
  SINCE JAN 1     31.77                     35.99  -4.22    26.29

DEGREE DAYS
 HEATING
  YESTERDAY        0                         0      0        0
  MONTH TO DATE    0                         0      0        0
  SINCE SEP 1      0                         1     -1        0
  SINCE JUL 1      0                         1     -1        0

 COOLING
  YESTERDAY       15                        11      4       16
  MONTH TO DATE  474                       443     31      528
  SINCE SEP 1    474                       443     31      528
  SINCE JAN 1   2750                      2825    -75     2921
..................................................................


WIND (MPH)
  HIGHEST WIND SPEED    15   HIGHEST WIND DIRECTION    SE (150)
  HIGHEST GUST SPEED    18   HIGHEST GUST DIRECTION    SE (140)




RELATIVE HUMIDITY (PERCENT)
 HIGHEST   100
 LOWEST     59
 AVERAGE    80

..........................................................


THE HOUSTON INTERCONTINENTAL CLIMATE NORMALS FOR TODAY
                         NORMAL    RECORD    YEAR
 MAXIMUM TEMPERATURE (F)   86        99      1900
 MINIMUM TEMPERATURE (F)   65        44      1984


SUNRISE AND SUNSET
OCTOBER  1 2014.......SUNRISE   715 AM CDT   SUNSET   707 PM CDT
OCTOBER  2 2014.......SUNRISE   715 AM CDT   SUNSET   706 PM CDT


-  INDICATES NEGATIVE NUMBERS.
R  INDICATES RECORD WAS SET OR TIED.
MM INDICATES DATA IS MISSING.
T  INDICATES TRACE AMOUNT.




...................................

...THE HOUSTON/HOBBY AIRPORT CLIMATE SUMMARY FOR SEPTEMBER 30 2014...

CLIMATE NORMAL PERIOD 1981 TO 2010
CLIMATE RECORD PERIOD 1930 TO 2014


WEATHER ITEM   OBSERVED TIME   RECORD YEAR NORMAL DEPARTURE LAST
                VALUE   (LST)  VALUE       VALUE  FROM      YEAR
                                                  NORMAL
..................................................................
TEMPERATURE (F)
 YESTERDAY
  MAXIMUM         88    232 PM  94    1998  85      3       86
                                      1977
                                      1953
  MINIMUM         73    429 AM  52    1942  68      5       75
  AVERAGE         81                        76      5       81

PRECIPITATION (IN)
  YESTERDAY        T             1.15 1934   0.14  -0.14     0.00
  MONTH TO DATE    4.99                      5.21  -0.22     5.95
  SINCE SEP 1      4.99                      5.21  -0.22     5.95
  SINCE JAN 1     29.52                     40.31 -10.79    28.82

DEGREE DAYS
 HEATING
  YESTERDAY        0                         0      0        0
  MONTH TO DATE    0                         0      0        0
  SINCE SEP 1      0                         0      0        0
  SINCE JUL 1      0                         0      0        0

 COOLING
  YESTERDAY       16                        12      4       16
  MONTH TO DATE  486                       452     34      546
  SINCE SEP 1    486                       452     34      546
  SINCE JAN 1   2790                      2793     -3     2972
..................................................................


WIND (MPH)
  HIGHEST WIND SPEED    12   HIGHEST WIND DIRECTION     E (110)
  HIGHEST GUST SPEED    15   HIGHEST GUST DIRECTION    SE (150)




RELATIVE HUMIDITY (PERCENT)
 HIGHEST    94
 LOWEST     59
 AVERAGE    77

..........................................................


THE HOUSTON/HOBBY AIRPORT CLIMATE NORMALS FOR TODAY
                         NORMAL    RECORD    YEAR
 MAXIMUM TEMPERATURE (F)   85        97      1938
 MINIMUM TEMPERATURE (F)   68        49      1984


SUNRISE AND SUNSET
OCTOBER  1 2014.......SUNRISE   714 AM CDT   SUNSET   707 PM CDT
OCTOBER  2 2014.......SUNRISE   715 AM CDT   SUNSET   705 PM CDT


-  INDICATES NEGATIVE NUMBERS.
R  INDICATES RECORD WAS SET OR TIED.
MM INDICATES DATA IS MISSING.
T  INDICATES TRACE AMOUNT.


...MISCELLANEOUS CLIMATE DATA FOR YESTERDAY...

LOCATION                        HIGH    LOW     PRECIP

PEARLAND                         88      73      0.01
SUGAR LAND                       90      72      0.02
TOMBALL                          90      70       T
CONROE                           88      67      0.00
HUNTSVILLE                       89      68       T
ANGLETON/LAKE JACKSON            88      69       T
PALACIOS                         86      73      0.14
LEAGUE CITY (NWS)                85      72      0.01


THIS PRODUCT...ALONG WITH OTHER WEATHER...HYDROLOGIC...AND CLIMATE
PRODUCTS...IS AVAILABLE ON THE WEB AT HTTP://WWW.SRH.NOAA.GOV/HGX
OR AT HTTP://WEATHER.GOV

$$
