000
CDUS44 KHGX 270821
CLIHOU

CLIMATE REPORT
NATIONAL WEATHER SERVICE HOUSTON/GALVESTON TX
220 AM CST TUE JAN 27 2015


...................................

...THE HOUSTON INTERCONTINENTAL CLIMATE SUMMARY FOR JANUARY 26 2015...

CLIMATE NORMAL PERIOD 1981 TO 2010
CLIMATE RECORD PERIOD 1892 TO 2015


WEATHER ITEM   OBSERVED TIME   RECORD YEAR NORMAL DEPARTURE LAST
                VALUE   (LST)  VALUE       VALUE  FROM      YEAR
                                                  NORMAL
..................................................................
TEMPERATURE (F)
 YESTERDAY
  MAXIMUM         67    311 PM  84    1975  64      3       71
  MINIMUM         44    711 AM  23    1943  44      0       45
                                      1940
  AVERAGE         56                        54      2       58

PRECIPITATION (IN)
  YESTERDAY        0.00          2.58 1995   0.11  -0.11     0.00
  MONTH TO DATE    3.17                      2.81   0.36     0.91
  SINCE DEC 1      8.77                      6.55   2.22     2.57
  SINCE JAN 1      3.17                      2.81   0.36     0.91

SNOWFALL (IN)
  YESTERDAY        0.0           0.0  2002
  MONTH TO DATE    0.0
  SINCE DEC 1      0.0
  SINCE JUL 1      0.0

DEGREE DAYS
 HEATING
  YESTERDAY        9                        12     -3        7
  MONTH TO DATE  434                       330    104      384
  SINCE DEC 1    691                       684      7      827
  SINCE JUL 1    939                       869     70     1076
..................................................................


WIND (MPH)
  HIGHEST WIND SPEED    17   HIGHEST WIND DIRECTION     N (350)
  HIGHEST GUST SPEED    23   HIGHEST GUST DIRECTION     N (360)




RELATIVE HUMIDITY (PERCENT)
 HIGHEST    68
 LOWEST     30
 AVERAGE    49

..........................................................


THE HOUSTON INTERCONTINENTAL CLIMATE NORMALS FOR TODAY
                         NORMAL    RECORD    YEAR
 MAXIMUM TEMPERATURE (F)   64        83      1975
                                             1972
 MINIMUM TEMPERATURE (F)   44        19      1897


SUNRISE AND SUNSET
JANUARY 27 2015.......SUNRISE   714 AM CST   SUNSET   554 PM CST
JANUARY 28 2015.......SUNRISE   714 AM CST   SUNSET   555 PM CST


-  INDICATES NEGATIVE NUMBERS.
R  INDICATES RECORD WAS SET OR TIED.
MM INDICATES DATA IS MISSING.
T  INDICATES TRACE AMOUNT.


&&

...................................

...THE HOUSTON/HOBBY AIRPORT CLIMATE SUMMARY FOR JANUARY 26 2015...

CLIMATE NORMAL PERIOD 1981 TO 2010
CLIMATE RECORD PERIOD 1930 TO 2015


WEATHER ITEM   OBSERVED TIME   RECORD YEAR NORMAL DEPARTURE LAST
                VALUE   (LST)  VALUE       VALUE  FROM      YEAR
                                                  NORMAL
..................................................................
TEMPERATURE (F)
 YESTERDAY
  MAXIMUM         68    412 PM  83    1975  63      5       71
  MINIMUM         43    734 AM  24    1940  46     -3       44
  AVERAGE         56                        54      2       58

PRECIPITATION (IN)
  YESTERDAY        0.00          1.56 1995   0.13  -0.13     0.00
  MONTH TO DATE    5.13                      3.22   1.91     0.49
  SINCE DEC 1      9.74                      7.25   2.49     1.36
  SINCE JAN 1      5.13                      3.22   1.91     0.49

SNOWFALL (IN)
  YESTERDAY        0.0          MM      MM
  MONTH TO DATE    0.0
  SINCE DEC 1      0.0
  SINCE JUL 1      0.0

DEGREE DAYS
 HEATING
  YESTERDAY        9                        11     -2        7
  MONTH TO DATE  414                       304    110      339
  SINCE DEC 1    638                       624     14      738
  SINCE JUL 1    852                       780     72      955
..................................................................


WIND (MPH)
  HIGHEST WIND SPEED    13   HIGHEST WIND DIRECTION     W (280)
  HIGHEST GUST SPEED    16   HIGHEST GUST DIRECTION     W (270)




RELATIVE HUMIDITY (PERCENT)
 HIGHEST    66
 LOWEST     26
 AVERAGE    46

..........................................................


THE HOUSTON/HOBBY AIRPORT CLIMATE NORMALS FOR TODAY
                         NORMAL    RECORD    YEAR
 MAXIMUM TEMPERATURE (F)   64        83      1975
 MINIMUM TEMPERATURE (F)   46        18      1940


SUNRISE AND SUNSET
JANUARY 27 2015.......SUNRISE   713 AM CST   SUNSET   555 PM CST
JANUARY 28 2015.......SUNRISE   713 AM CST   SUNSET   555 PM CST


-  INDICATES NEGATIVE NUMBERS.
R  INDICATES RECORD WAS SET OR TIED.
MM INDICATES DATA IS MISSING.
T  INDICATES TRACE AMOUNT.




$$
