000
CDUS44 KHGX 210924
CLIHOU


CLIMATE REPORT
NATIONAL WEATHER SERVICE
321 AM UTC WED FEB 21 2018


...................................

...THE HOUSTON INTERCONTINENTAL CLIMATE SUMMARY FOR FEBRUARY 20 2018...

CLIMATE NORMAL PERIOD 1981 TO 2010
CLIMATE RECORD PERIOD 1892 TO 2018


WEATHER ITEM   OBSERVED TIME   RECORD YEAR NORMAL DEPARTURE LAST
                VALUE   (LST)  VALUE       VALUE  FROM      YEAR
                                                  NORMAL
..................................................................
TEMPERATURE (F)
 YESTERDAY
  MAXIMUM         80   1155 AM  91    1986  67     13       71
  MINIMUM         71    616 AM  25    1908  48     23       58
  AVERAGE         76                        57     19       65

PRECIPITATION (IN)
  YESTERDAY        T             2.60 1902   0.12  -0.12     1.39
  MONTH TO DATE    2.71                      2.28   0.43     2.41
  SINCE DEC 1      9.49                      9.40   0.09    12.06
  SINCE JAN 1      5.77                      5.66   0.11     8.50

SNOWFALL (IN)
  YESTERDAY        0.0           T    1929
  MONTH TO DATE    0.0
  SINCE DEC 1      0.8
  SINCE JUL 1      0.8

DEGREE DAYS
 HEATING
  YESTERDAY        0                         8     -8        0
  MONTH TO DATE  137                       202    -65       59
  SINCE DEC 1   1004                       941     63      530
  SINCE JUL 1   1115                      1126    -11      588
..................................................................


WIND (MPH)
  HIGHEST WIND SPEED    25   HIGHEST WIND DIRECTION     S (160)
  HIGHEST GUST SPEED    31   HIGHEST GUST DIRECTION     S (160)




RELATIVE HUMIDITY (PERCENT)
 HIGHEST    90
 LOWEST     74
 AVERAGE    82

..........................................................


THE HOUSTON INTERCONTINENTAL CLIMATE NORMALS FOR TODAY
                         NORMAL    RECORD    YEAR
 MAXIMUM TEMPERATURE (F)   67        89      1996
 MINIMUM TEMPERATURE (F)   48        24      1978


SUNRISE AND SUNSET
FEBRUARY 21 2018......SUNRISE   655 AM CST   SUNSET   615 PM CST
FEBRUARY 22 2018......SUNRISE   654 AM CST   SUNSET   616 PM CST


-  INDICATES NEGATIVE NUMBERS.
R  INDICATES RECORD WAS SET OR TIED.
MM INDICATES DATA IS MISSING.
T  INDICATES TRACE AMOUNT.




...................................

...THE HOUSTON/HOBBY AIRPORT CLIMATE SUMMARY FOR FEBRUARY 20 2018...

CLIMATE NORMAL PERIOD 1981 TO 2010
CLIMATE RECORD PERIOD 1930 TO 2018


WEATHER ITEM   OBSERVED TIME   RECORD YEAR NORMAL DEPARTURE LAST
                VALUE   (LST)  VALUE       VALUE  FROM      YEAR
                                                  NORMAL
..................................................................
TEMPERATURE (F)
 YESTERDAY
  MAXIMUM         77    515 PM  85    1986  67     10       72
  MINIMUM         70    526 AM  32    1978  50     20       57
  AVERAGE         74                        58     16       65

PRECIPITATION (IN)
  YESTERDAY        0.00          1.78 1997   0.11  -0.11     0.93
  MONTH TO DATE    2.41                      2.34   0.07     2.05
  SINCE DEC 1     10.37                     10.24   0.13     9.81
  SINCE JAN 1      5.71                      6.21  -0.50     6.12

SNOWFALL (IN)
  YESTERDAY        0.0          MM      MM
  MONTH TO DATE    0.0
  SINCE DEC 1      1.5
  SINCE JUL 1      1.5

DEGREE DAYS
 HEATING
  YESTERDAY        0                         8     -8        0
  MONTH TO DATE  118                       184    -66       52
  SINCE DEC 1    956                       859     97      453
  SINCE JUL 1   1037                      1015     22      490
..................................................................


WIND (MPH)
  HIGHEST WIND SPEED    24   HIGHEST WIND DIRECTION     S (160)
  HIGHEST GUST SPEED    34   HIGHEST GUST DIRECTION     S (160)




RELATIVE HUMIDITY (PERCENT)
 HIGHEST   100
 LOWEST     82
 AVERAGE    91

..........................................................


THE HOUSTON/HOBBY AIRPORT CLIMATE NORMALS FOR TODAY
                         NORMAL    RECORD    YEAR
 MAXIMUM TEMPERATURE (F)   67        86      1996
 MINIMUM TEMPERATURE (F)   50        27      1978


SUNRISE AND SUNSET
FEBRUARY 21 2018......SUNRISE   655 AM CST   SUNSET   615 PM CST
FEBRUARY 22 2018......SUNRISE   654 AM CST   SUNSET   616 PM CST


-  INDICATES NEGATIVE NUMBERS.
R  INDICATES RECORD WAS SET OR TIED.
MM INDICATES DATA IS MISSING.
T  INDICATES TRACE AMOUNT.




$$
