000
CDUS44 KHGX 030733
CLIHOU


CLIMATE REPORT
NATIONAL WEATHER SERVICE HOUSTON/GALVESTON TX
230 AM CDT THU SEP 3 2015


...................................

...THE HOUSTON INTERCONTINENTAL CLIMATE SUMMARY FOR SEPTEMBER 2 2015...

CLIMATE NORMAL PERIOD 1981 TO 2010
CLIMATE RECORD PERIOD 1892 TO 2015


WEATHER ITEM   OBSERVED TIME   RECORD YEAR NORMAL DEPARTURE LAST
                VALUE   (LST)  VALUE       VALUE  FROM      YEAR
                                                  NORMAL
..................................................................
TEMPERATURE (F)
 YESTERDAY
  MAXIMUM         89    113 PM 104    2000  93     -4       94
  MINIMUM         73    642 AM  60    1893  73      0       76
  AVERAGE         81                        83     -2       85

PRECIPITATION (IN)
  YESTERDAY        0.02          1.81 1969   0.14  -0.12     0.00
  MONTH TO DATE    0.02                      0.29  -0.27     0.36
  SINCE SEP 1      0.02                      0.29  -0.27     0.36
  SINCE JAN 1     45.40                     32.16  13.24    28.25

DEGREE DAYS
 HEATING
  YESTERDAY        0                         0      0        0
  MONTH TO DATE    0                         0      0        0
  SINCE SEP 1      0                         0      0        0
  SINCE JUL 1      0                         0      0        0

 COOLING
  YESTERDAY       16                        18     -2       20
  MONTH TO DATE   28                        36     -8       39
  SINCE SEP 1     28                        36     -8       39
  SINCE JAN 1   2533                      2418    115     2315
..................................................................


WIND (MPH)
  HIGHEST WIND SPEED    21   HIGHEST WIND DIRECTION     E (100)
  HIGHEST GUST SPEED    25   HIGHEST GUST DIRECTION     E (100)




RELATIVE HUMIDITY (PERCENT)
 HIGHEST   100
 LOWEST     55
 AVERAGE    78

..........................................................


THE HOUSTON INTERCONTINENTAL CLIMATE NORMALS FOR TODAY
                         NORMAL    RECORD    YEAR
 MAXIMUM TEMPERATURE (F)   93       105      2000
 MINIMUM TEMPERATURE (F)   73        60      1987


SUNRISE AND SUNSET
SEPTEMBER  3 2015.....SUNRISE   659 AM CDT   SUNSET   742 PM CDT
SEPTEMBER  4 2015.....SUNRISE   700 AM CDT   SUNSET   740 PM CDT


-  INDICATES NEGATIVE NUMBERS.
R  INDICATES RECORD WAS SET OR TIED.
MM INDICATES DATA IS MISSING.
T  INDICATES TRACE AMOUNT.



&&
...................................

...THE HOUSTON/HOBBY AIRPORT CLIMATE SUMMARY FOR SEPTEMBER 2 2015...

CLIMATE NORMAL PERIOD 1981 TO 2010
CLIMATE RECORD PERIOD 1930 TO 2015


WEATHER ITEM   OBSERVED TIME   RECORD YEAR NORMAL DEPARTURE LAST
                VALUE   (LST)  VALUE       VALUE  FROM      YEAR
                                                  NORMAL
..................................................................
TEMPERATURE (F)
 YESTERDAY
  MAXIMUM         87    228 PM 104    2000  91     -4       92
  MINIMUM         72    526 AM  68    1950  75     -3       79
  AVERAGE         80                        83     -3       86

PRECIPITATION (IN)
  YESTERDAY        0.52          1.27 1984   0.19   0.33      T
  MONTH TO DATE    0.76                      0.38   0.38      T
  SINCE SEP 1      0.76                      0.38   0.38      T
  SINCE JAN 1     53.82                     35.48  18.34    24.53

DEGREE DAYS
 HEATING
  YESTERDAY        0                         0      0        0
  MONTH TO DATE    0                         0      0        0
  SINCE SEP 1      0                         0      0        0
  SINCE JUL 1      0                         0      0        0

 COOLING
  YESTERDAY       15                        18     -3       21
  MONTH TO DATE   26                        36    -10       41
  SINCE SEP 1     26                        36    -10       41
  SINCE JAN 1   2595                      2377    218     2345
..................................................................


WIND (MPH)
  HIGHEST WIND SPEED    22   HIGHEST WIND DIRECTION    SE (130)
  HIGHEST GUST SPEED    30   HIGHEST GUST DIRECTION    SE (130)




RELATIVE HUMIDITY (PERCENT)
 HIGHEST    94
 LOWEST     61
 AVERAGE    78

..........................................................


THE HOUSTON/HOBBY AIRPORT CLIMATE NORMALS FOR TODAY
                         NORMAL    RECORD    YEAR
 MAXIMUM TEMPERATURE (F)   91       103      2000
 MINIMUM TEMPERATURE (F)   75        65      1974


SUNRISE AND SUNSET
SEPTEMBER  3 2015.....SUNRISE   659 AM CDT   SUNSET   741 PM CDT
SEPTEMBER  4 2015.....SUNRISE   700 AM CDT   SUNSET   740 PM CDT


-  INDICATES NEGATIVE NUMBERS.
R  INDICATES RECORD WAS SET OR TIED.
MM INDICATES DATA IS MISSING.
T  INDICATES TRACE AMOUNT.




$$
