000
CDUS44 KHGX 202229
CLIHOU

CLIMATE REPORT
NATIONAL WEATHER SERVICE HOUSTON/GALVESTON TX
425 PM CST FRI JAN 20 2017


...................................

...THE HOUSTON INTERCONTINENTAL CLIMATE SUMMARY FOR JANUARY 20 2017...
VALID TODAY AS OF 400 PM LOCAL TIME.

CLIMATE NORMAL PERIOD 1981 TO 2010
CLIMATE RECORD PERIOD 1892 TO 2017


WEATHER ITEM   OBSERVED TIME   RECORD YEAR NORMAL DEPARTURE LAST
                VALUE   (LST)  VALUE       VALUE  FROM      YEAR
                                                  NORMAL
..................................................................
TEMPERATURE (F)
 TODAY
  MAXIMUM         78    249 PM  81    2012  63     15       65
  MINIMUM         57   1250 AM  20    1985  43     14       46
                                      1892
  AVERAGE         68                        53     15       56

PRECIPITATION (IN)
  TODAY            0.02          1.83 1958   0.11  -0.09     0.00
  MONTH TO DATE    5.11                      2.14   2.97     1.89
  SINCE DEC 1      8.67                      5.88   2.79     7.10
  SINCE JAN 1      5.11                      2.14   2.97     1.89

SNOWFALL (IN)
  TODAY            0.0           0.0  2002   0.0    0.0      0.0
  MONTH TO DATE    0.0                       0.0    0.0      0.0
  SINCE DEC 1      0.0                       0.1   -0.1      0.0
  SINCE JUL 1      0.0                       0.1   -0.1      0.0
  SNOW DEPTH       0

DEGREE DAYS
 HEATING
  TODAY            0                        12    -12        9
  MONTH TO DATE  143                       258   -115      277
  SINCE DEC 1    402                       612   -210      497
  SINCE JUL 1    460                       797   -337      610
..................................................................


WIND (MPH)
  RESULTANT WIND SPEED   4   RESULTANT WIND DIRECTION  SW (230)
  HIGHEST WIND SPEED    12   HIGHEST WIND DIRECTION    SW (220)
  HIGHEST GUST SPEED    16   HIGHEST GUST DIRECTION    SW (210)
  AVERAGE WIND SPEED     6.0



WEATHER CONDITIONS
 THE FOLLOWING WEATHER WAS RECORDED TODAY.
  THUNDERSTORM
  LIGHT RAIN
  FOG
  FOG W/VISIBILITY <= 1/4 MILE


RELATIVE HUMIDITY (PERCENT)
 HIGHEST   100           100 AM
 LOWEST     56           300 PM
 AVERAGE    78

..........................................................


THE HOUSTON INTERCONTINENTAL CLIMATE NORMALS FOR TOMORROW
                         NORMAL    RECORD    YEAR
 MAXIMUM TEMPERATURE (F)   63        81      1911
 MINIMUM TEMPERATURE (F)   43        16      1985


SUNRISE AND SUNSET
JANUARY 20 2017.......SUNRISE   717 AM CST   SUNSET   549 PM CST
JANUARY 21 2017.......SUNRISE   716 AM CST   SUNSET   549 PM CST


-  INDICATES NEGATIVE NUMBERS.
R  INDICATES RECORD WAS SET OR TIED.
MM INDICATES DATA IS MISSING.
T  INDICATES TRACE AMOUNT.



&&
...................................

...THE HOUSTON/HOBBY AIRPORT CLIMATE SUMMARY FOR JANUARY 20 2017...
VALID TODAY AS OF 400 PM LOCAL TIME.

CLIMATE NORMAL PERIOD 1981 TO 2010
CLIMATE RECORD PERIOD 1930 TO 2017


WEATHER ITEM   OBSERVED TIME   RECORD YEAR NORMAL DEPARTURE LAST
                VALUE   (LST)  VALUE       VALUE  FROM      YEAR
                                                  NORMAL
..................................................................
TEMPERATURE (F)
 TODAY
  MAXIMUM         80    250 PM  82    1972  63     17       66
  MINIMUM         55    722 AM  19    1989  45     10       50
  AVERAGE         68                        54     14       58

PRECIPITATION (IN)
  TODAY            0.00          2.30 1980   0.13  -0.13      T
  MONTH TO DATE    2.60                      2.45   0.15     1.96
  SINCE DEC 1      6.29                      6.48  -0.19     5.45
  SINCE JAN 1      2.60                      2.45   0.15     1.96

SNOWFALL (IN)
  TODAY            0.0           T    1978   0.0    0.0      0.0
  MONTH TO DATE    0.0                       0.0    0.0      0.0
  SINCE DEC 1      0.0                       0.0    0.0      0.0
  SINCE JUL 1      0.0                       0.0    0.0      0.0
  SNOW DEPTH       0

DEGREE DAYS
 HEATING
  TODAY            0                        11    -11        7
  MONTH TO DATE  126                       238   -112      240
  SINCE DEC 1    338                       558   -220      411
  SINCE JUL 1    375                       714   -339      485
..................................................................


WIND (MPH)
  RESULTANT WIND SPEED   6   RESULTANT WIND DIRECTION  SW (210)
  HIGHEST WIND SPEED    14   HIGHEST WIND DIRECTION     S (170)
  HIGHEST GUST SPEED    17   HIGHEST GUST DIRECTION    SW (210)
  AVERAGE WIND SPEED     6.4



WEATHER CONDITIONS
 THE FOLLOWING WEATHER WAS RECORDED TODAY.
  THUNDERSTORM
  FOG
  FOG W/VISIBILITY <= 1/4 MILE


RELATIVE HUMIDITY (PERCENT)
 HIGHEST   100           200 AM
 LOWEST     58           200 PM
 AVERAGE    79

..........................................................


THE HOUSTON/HOBBY AIRPORT CLIMATE NORMALS FOR TOMORROW
                         NORMAL    RECORD    YEAR
 MAXIMUM TEMPERATURE (F)   63        79      1969
                                             1962
 MINIMUM TEMPERATURE (F)   45        20      1940


SUNRISE AND SUNSET
JANUARY 20 2017.......SUNRISE   716 AM CST   SUNSET   549 PM CST
JANUARY 21 2017.......SUNRISE   716 AM CST   SUNSET   550 PM CST


-  INDICATES NEGATIVE NUMBERS.
R  INDICATES RECORD WAS SET OR TIED.
MM INDICATES DATA IS MISSING.
T  INDICATES TRACE AMOUNT.


...MISCELLANEOUS CLIMATE DATA FOR TODAY...

LOCATION                        HIGH    LOW     PRECIP
PEARLAND                         81      58      0.00
SUGAR LAND                       78      57      0.00
TOMBALL                          75      56      0.00
CONROE                           75      59      0.00
HUNTSVILLE                       72      59      0.00
ANGLETON/LAKE JACKSON            80      56       T
PALACIOS                         71      63      0.00
LEAGUE CITY (NWS)                79      58      0.00


THIS PRODUCT...ALONG WITH OTHER WEATHER...HYDROLOGIC...AND CLIMATE
PRODUCTS...IS AVAILABLE ON THE WEB AT HTTP://WWW.SRH.NOAA.GOV/HGX
OR AT HTTP://WEATHER.GOV

$$
