000
CDUS46 KSEW 170829
CLIHQM


CLIMATE REPORT
NATIONAL WEATHER SERVICE SEATTLE WA
129 AM PDT TUE OCT 17 2017


...................................

...THE HOQUIAM WA AIRPORT CLIMATE SUMMARY FOR OCTOBER 16 2017...

CLIMATE NORMAL PERIOD 1981 TO 2010
CLIMATE RECORD PERIOD 1953 TO 2017


WEATHER ITEM   OBSERVED TIME   RECORD YEAR NORMAL DEPARTURE LAST
                VALUE   (LST)  VALUE       VALUE  FROM      YEAR
                                                  NORMAL
..................................................................
TEMPERATURE (F)
 YESTERDAY
  MAXIMUM         58    229 PM  77    2002  59     -1       56
  MINIMUM         41    258 AM  34    1971  45     -4       51
  AVERAGE         50                        52     -2       54

PRECIPITATION (IN)
  YESTERDAY        0.00          1.55 2009   0.21  -0.21     0.51
  MONTH TO DATE    0.81                      2.60  -1.79    10.17
  SINCE OCT 1      0.81                      2.60  -1.79    10.17
  SINCE JAN 1     46.31                     42.49   3.82    55.08

DEGREE DAYS
 HEATING
  YESTERDAY       15                        13      2       11
  MONTH TO DATE  211                       176     35      175
  SINCE SEP 1    353                       372    -19      377

 COOLING
  YESTERDAY        0                         0      0        0
  MONTH TO DATE    0                         0      0        0
  SINCE SEP 1     32                         7     25        1
  SINCE JAN 1     77                        23     54       50
..................................................................


WIND (MPH)
  RESULTANT WIND SPEED   3   RESULTANT WIND DIRECTION  SE (140)
  HIGHEST WIND SPEED    10   HIGHEST WIND DIRECTION     S (160)
  HIGHEST GUST SPEED    12   HIGHEST GUST DIRECTION     S (170)
  AVERAGE WIND SPEED     5.1


SKY COVER
  AVERAGE SKY COVER 0.9


WEATHER CONDITIONS
 THE FOLLOWING WEATHER WAS RECORDED YESTERDAY.
  FOG
  FOG W/VISIBILITY <= 1/4 MILE


RELATIVE HUMIDITY (PERCENT)
 HIGHEST   100           100 AM
 LOWEST     77           300 PM
 AVERAGE    89

..........................................................


THE HOQUIAM WA AIRPORT CLIMATE NORMALS FOR TODAY
                         NORMAL    RECORD    YEAR
 MAXIMUM TEMPERATURE (F)   59        73      1989
 MINIMUM TEMPERATURE (F)   45        33      2010
                                             1984


SUNRISE AND SUNSET
OCTOBER 17 2017.......SUNRISE   737 AM PDT   SUNSET   624 PM PDT
OCTOBER 18 2017.......SUNRISE   739 AM PDT   SUNSET   622 PM PDT


-  INDICATES NEGATIVE NUMBERS.
R  INDICATES RECORD WAS SET OR TIED.
MM INDICATES DATA IS MISSING.
T  INDICATES TRACE AMOUNT.




$$
