000
CDUS46 KSEW 220831
CLIHQM


CLIMATE REPORT
NATIONAL WEATHER SERVICE SEATTLE WA
131 AM PDT TUE AUG 22 2017


...................................

...THE HOQUIAM WA AIRPORT CLIMATE SUMMARY FOR AUGUST 21 2017...

CLIMATE NORMAL PERIOD 1981 TO 2010
CLIMATE RECORD PERIOD 1953 TO 2017


WEATHER ITEM   OBSERVED TIME   RECORD YEAR NORMAL DEPARTURE LAST
                VALUE   (LST)  VALUE       VALUE  FROM      YEAR
                                                  NORMAL
..................................................................
TEMPERATURE (F)
 YESTERDAY
  MAXIMUM         76    318 PM  79    2013  68      8       63
  MINIMUM         53    321 AM  42    1973  54     -1       55
  AVERAGE         65                        61      4       59

PRECIPITATION (IN)
  YESTERDAY        0.00          1.12 2004   0.04  -0.04     0.00
  MONTH TO DATE    0.26                      0.74  -0.48     0.19
  SINCE OCT 1     84.41                     64.70  19.71    74.68
  SINCE JAN 1     42.87                     37.04   5.83    41.26

DEGREE DAYS
 HEATING
  YESTERDAY        0                         4     -4        6
  MONTH TO DATE   70                        84    -14       74
  SINCE JUN 1    416                       494    -78      405

 COOLING
  YESTERDAY        0                         0      0        0
  MONTH TO DATE   19                         0     19       20
  SINCE JUN 1     33                         8     25       33
  SINCE JAN 1     33                         9     24       38
..................................................................


WIND (MPH)
  RESULTANT WIND SPEED   3   RESULTANT WIND DIRECTION  SW (230)
  HIGHEST WIND SPEED    15   HIGHEST WIND DIRECTION    SW (240)
  HIGHEST GUST SPEED    17   HIGHEST GUST DIRECTION    SW (240)
  AVERAGE WIND SPEED     5.0


SKY COVER
  AVERAGE SKY COVER 0.3


WEATHER CONDITIONS
 THE FOLLOWING WEATHER WAS RECORDED YESTERDAY.
  FOG
  FOG W/VISIBILITY <= 1/4 MILE


RELATIVE HUMIDITY (PERCENT)
 HIGHEST   100           100 AM
 LOWEST     61           300 PM
 AVERAGE    81

..........................................................


THE HOQUIAM WA AIRPORT CLIMATE NORMALS FOR TODAY
                         NORMAL    RECORD    YEAR
 MAXIMUM TEMPERATURE (F)   68        85      1988
 MINIMUM TEMPERATURE (F)   54        46      1985
                                             1969


SUNRISE AND SUNSET
AUGUST 22 2017........SUNRISE   623 AM PDT   SUNSET   813 PM PDT
AUGUST 23 2017........SUNRISE   624 AM PDT   SUNSET   812 PM PDT


-  INDICATES NEGATIVE NUMBERS.
R  INDICATES RECORD WAS SET OR TIED.
MM INDICATES DATA IS MISSING.
T  INDICATES TRACE AMOUNT.




$$
