000
CDUS46 KSEW 230829
CLIHQM


CLIMATE REPORT
NATIONAL WEATHER SERVICE SEATTLE WA
128 AM PDT WED APR 23 2014


...................................

...THE HOQUIAM WA AIRPORT CLIMATE SUMMARY FOR APRIL 22 2014...

CLIMATE NORMAL PERIOD 1981 TO 2010
CLIMATE RECORD PERIOD 1953 TO 2014


WEATHER ITEM   OBSERVED TIME   RECORD YEAR NORMAL DEPARTURE LAST
                VALUE   (LST)  VALUE       VALUE  FROM      YEAR
                                                  NORMAL
..................................................................
TEMPERATURE (F)
 YESTERDAY
  MAXIMUM         55    152 PM  77    2005  56     -1       63
  MINIMUM         44    538 AM  30    1972  42      2       38
  AVERAGE         50                        49      1       51

PRECIPITATION (IN)
  YESTERDAY        0.20          1.80 1981   0.15   0.05     0.00
  MONTH TO DATE    3.49                      3.95  -0.46     6.82
  SINCE OCT 1     44.19                     56.14 -11.95    39.35
  SINCE JAN 1     32.08                     28.48   3.60    25.74

DEGREE DAYS
 HEATING
  YESTERDAY       15                        16     -1       14
  MONTH TO DATE  340                       369    -29      374
  SINCE MAR 1    877                       958    -81      959

 COOLING
  YESTERDAY        0                         0      0        0
  MONTH TO DATE    0                         0      0        0
  SINCE MAR 1      0                         0      0        0
  SINCE JAN 1      0                         0      0        0
..................................................................


WIND (MPH)
  RESULTANT WIND SPEED   8   RESULTANT WIND DIRECTION  SW (210)
  HIGHEST WIND SPEED    30   HIGHEST WIND DIRECTION    SW (220)
  HIGHEST GUST SPEED    37   HIGHEST GUST DIRECTION    SW (220)
  AVERAGE WIND SPEED    11.9


SKY COVER
  AVERAGE SKY COVER 0.6


WEATHER CONDITIONS
 THE FOLLOWING WEATHER WAS RECORDED YESTERDAY.
  LIGHT RAIN
  FOG


RELATIVE HUMIDITY (PERCENT)
 HIGHEST    93           900 PM
 LOWEST     63           900 AM
 AVERAGE    78

..........................................................


THE HOQUIAM WA AIRPORT CLIMATE NORMALS FOR TODAY
                         NORMAL    RECORD    YEAR
 MAXIMUM TEMPERATURE (F)   57        74      2006
 MINIMUM TEMPERATURE (F)   43        31      1954


SUNRISE AND SUNSET
APRIL 23 2014.........SUNRISE   613 AM PDT   SUNSET   815 PM PDT
APRIL 24 2014.........SUNRISE   612 AM PDT   SUNSET   817 PM PDT


-  INDICATES NEGATIVE NUMBERS.
R  INDICATES RECORD WAS SET OR TIED.
MM INDICATES DATA IS MISSING.
T  INDICATES TRACE AMOUNT.




$$
