000
CDUS46 KSEW 210827
CLIHQM


CLIMATE REPORT
NATIONAL WEATHER SERVICE SEATTLE WA
126 AM PDT TUE OCT 21 2014


...................................

...THE HOQUIAM WA AIRPORT CLIMATE SUMMARY FOR OCTOBER 20 2014...

CLIMATE NORMAL PERIOD 1981 TO 2010
CLIMATE RECORD PERIOD 1953 TO 2014


WEATHER ITEM   OBSERVED TIME   RECORD YEAR NORMAL DEPARTURE LAST
                VALUE   (LST)  VALUE       VALUE  FROM      YEAR
                                                  NORMAL
..................................................................
TEMPERATURE (F)
 YESTERDAY
  MAXIMUM         63    209 PM  74    1987  58      5       58
  MINIMUM         56   1014 PM  32    1996  45     11       47
  AVERAGE         60                        51      9       53

PRECIPITATION (IN)
  YESTERDAY        0.68          5.39 2003   0.23   0.45     0.00
  MONTH TO DATE    4.55                      3.49   1.06     1.72
  SINCE OCT 1      4.55                      3.49   1.06     1.72
  SINCE JAN 1     51.64                     43.38   8.26    43.59

DEGREE DAYS
 HEATING
  YESTERDAY        5                        14     -9       12
  MONTH TO DATE  104                       229   -125      261
  SINCE SEP 1    197                       425   -228      406

 COOLING
  YESTERDAY        0                         0      0        0
  MONTH TO DATE    0                         0      0        0
  SINCE SEP 1     18                         7     11        7
  SINCE JAN 1     48                        23     25       20
..................................................................


WIND (MPH)
  RESULTANT WIND SPEED  10   RESULTANT WIND DIRECTION  SE (150)
  HIGHEST WIND SPEED    22   HIGHEST WIND DIRECTION     S (170)
  HIGHEST GUST SPEED    26   HIGHEST GUST DIRECTION     S (170)
  AVERAGE WIND SPEED     9.8


SKY COVER
  AVERAGE SKY COVER 0.8


WEATHER CONDITIONS
 THE FOLLOWING WEATHER WAS RECORDED YESTERDAY.
  HEAVY RAIN
  RAIN
  LIGHT RAIN
  FOG


RELATIVE HUMIDITY (PERCENT)
 HIGHEST    93          1200 AM
 LOWEST     72           200 PM
 AVERAGE    83

..........................................................


THE HOQUIAM WA AIRPORT CLIMATE NORMALS FOR TODAY
                         NORMAL    RECORD    YEAR
 MAXIMUM TEMPERATURE (F)   58        75      1998
                                             1987
 MINIMUM TEMPERATURE (F)   45        34      1961


SUNRISE AND SUNSET
OCTOBER 21 2014.......SUNRISE   742 AM PDT   SUNSET   617 PM PDT
OCTOBER 22 2014.......SUNRISE   744 AM PDT   SUNSET   616 PM PDT


-  INDICATES NEGATIVE NUMBERS.
R  INDICATES RECORD WAS SET OR TIED.
MM INDICATES DATA IS MISSING.
T  INDICATES TRACE AMOUNT.




$$
