000
CDUS46 KSEW 020120
CLIHQM


CLIMATE REPORT
NATIONAL WEATHER SERVICE SEATTLE WA
519 PM PST SUN MAR 1 2015


...................................

...THE HOQUIAM WA AIRPORT CLIMATE SUMMARY FOR MARCH 1 2015...
VALID TODAY AS OF 0500 PM LOCAL TIME.

CLIMATE NORMAL PERIOD 1981 TO 2010
CLIMATE RECORD PERIOD 1953 TO 2015


WEATHER ITEM   OBSERVED TIME   RECORD YEAR NORMAL DEPARTURE LAST
                VALUE   (LST)  VALUE       VALUE  FROM      YEAR
                                                  NORMAL
..................................................................
TEMPERATURE (F)
 TODAY
  MAXIMUM         52    234 PM  65    1990  51      1       48
  MINIMUM         31    550 AM  22    1971  38     -7       38
  AVERAGE         42                        45     -3       43

PRECIPITATION (IN)
  TODAY            0.00          1.49 1997   0.24  -0.24      T
  MONTH TO DATE    0.00                      0.24  -0.24      T
  SINCE OCT 1     47.29                     45.44   1.85    26.63
  SINCE JAN 1     15.87                     17.78  -1.91    14.52

DEGREE DAYS
 HEATING
  TODAY           23                        20      3       22
  MONTH TO DATE   23                        20      3       22
  SINCE MAR 1     23                        20      3       22

 COOLING
  TODAY            0                         0      0        0
  MONTH TO DATE    0                         0      0        0
  SINCE MAR 1      0                         0      0        0
  SINCE JAN 1      0                         0      0        0
..................................................................


WIND (MPH)
  RESULTANT WIND SPEED   2   RESULTANT WIND DIRECTION   E (90)
  HIGHEST WIND SPEED    13   HIGHEST WIND DIRECTION    SW (230)
  HIGHEST GUST SPEED    15   HIGHEST GUST DIRECTION    SW (230)
  AVERAGE WIND SPEED     7.3


SKY COVER
  AVERAGE SKY COVER 0.2


WEATHER CONDITIONS
 THE FOLLOWING WEATHER WAS RECORDED TODAY.
  NO SIGNIFICANT WEATHER WAS OBSERVED.


RELATIVE HUMIDITY (PERCENT)
 HIGHEST    92          1200 AM
 LOWEST     61          1100 AM
 AVERAGE    77

..........................................................


THE HOQUIAM WA AIRPORT CLIMATE NORMALS FOR TOMORROW
                         NORMAL    RECORD    YEAR
 MAXIMUM TEMPERATURE (F)   51        65      1990
 MINIMUM TEMPERATURE (F)   38        27      1970


SUNRISE AND SUNSET
MARCH  1 2015.........SUNRISE   656 AM PST   SUNSET   601 PM PST
MARCH  2 2015.........SUNRISE   654 AM PST   SUNSET   603 PM PST


-  INDICATES NEGATIVE NUMBERS.
R  INDICATES RECORD WAS SET OR TIED.
MM INDICATES DATA IS MISSING.
T  INDICATES TRACE AMOUNT.




$$
