000
CDUS46 KSEW 220836
CLIHQM


CLIMATE REPORT
NATIONAL WEATHER SERVICE SEATTLE WA
135 AM PDT TUE JUL 22 2014


...................................

...THE HOQUIAM WA AIRPORT CLIMATE SUMMARY FOR JULY 21 2014...

CLIMATE NORMAL PERIOD 1981 TO 2010
CLIMATE RECORD PERIOD 1953 TO 2014


WEATHER ITEM   OBSERVED TIME   RECORD YEAR NORMAL DEPARTURE LAST
                VALUE   (LST)  VALUE       VALUE  FROM      YEAR
                                                  NORMAL
..................................................................
TEMPERATURE (F)
 YESTERDAY
  MAXIMUM         67    409 PM  90    2006  67      0       61
  MINIMUM         53   1159 PM  44    1969  54     -1       55
  AVERAGE         60                        60      0       58

PRECIPITATION (IN)
  YESTERDAY        0.00          0.99 2007   0.03  -0.03     0.00
  MONTH TO DATE    0.13                      0.85  -0.72      T
  SINCE OCT 1     53.07                     63.67 -10.60    46.17
  SINCE JAN 1     40.96                     36.01   4.95    32.56

DEGREE DAYS
 HEATING
  YESTERDAY        5                         5      0        7
  MONTH TO DATE   82                       113    -31       87
  SINCE JUN 1    286                       359    -73      262

 COOLING
  YESTERDAY        0                         0      0        0
  MONTH TO DATE    8                         0      8        0
  SINCE JUN 1      8                         2      6        8
  SINCE JAN 1     23                         3     20       11
..................................................................


WIND (MPH)
  RESULTANT WIND SPEED   4   RESULTANT WIND DIRECTION  SW (240)
  HIGHEST WIND SPEED    14   HIGHEST WIND DIRECTION    SW (230)
  HIGHEST GUST SPEED    17   HIGHEST GUST DIRECTION    SW (230)
  AVERAGE WIND SPEED     5.0


SKY COVER
  AVERAGE SKY COVER 0.6


WEATHER CONDITIONS
 THE FOLLOWING WEATHER WAS RECORDED YESTERDAY.
  FOG


RELATIVE HUMIDITY (PERCENT)
 HIGHEST   100           100 AM
 LOWEST     58           400 PM
 AVERAGE    79

..........................................................


THE HOQUIAM WA AIRPORT CLIMATE NORMALS FOR TODAY
                         NORMAL    RECORD    YEAR
 MAXIMUM TEMPERATURE (F)   67        91      2006
 MINIMUM TEMPERATURE (F)   54        46      1982
                                             1977
                                             1975


SUNRISE AND SUNSET
JULY 22 2014..........SUNRISE   544 AM PDT   SUNSET   900 PM PDT
JULY 23 2014..........SUNRISE   545 AM PDT   SUNSET   859 PM PDT


-  INDICATES NEGATIVE NUMBERS.
R  INDICATES RECORD WAS SET OR TIED.
MM INDICATES DATA IS MISSING.
T  INDICATES TRACE AMOUNT.




$$
