000
CDUS46 KSEW 240837
CLIHQM


CLIMATE REPORT
NATIONAL WEATHER SERVICE SEATTLE WA
137 AM PDT SAT JUN 24 2017


...................................

...THE HOQUIAM WA AIRPORT CLIMATE SUMMARY FOR JUNE 23 2017...

CLIMATE NORMAL PERIOD 1981 TO 2010
CLIMATE RECORD PERIOD 1953 TO 2017


WEATHER ITEM   OBSERVED TIME   RECORD YEAR NORMAL DEPARTURE LAST
                VALUE   (LST)  VALUE       VALUE  FROM      YEAR
                                                  NORMAL
..................................................................
TEMPERATURE (F)
 YESTERDAY
  MAXIMUM         82R   456 PM  82    1989  64     18       63
  MINIMUM         49    504 AM  43    2008  51     -2       54
  AVERAGE         66                        58      8       59

PRECIPITATION (IN)
  YESTERDAY        0.00          0.69 1975   0.07  -0.07     0.14
  MONTH TO DATE    1.99                      1.86   0.13     1.13
  SINCE OCT 1     84.05                     62.44  21.61    74.11
  SINCE JAN 1     42.51                     34.78   7.73    40.69

DEGREE DAYS
 HEATING
  YESTERDAY        0                         7     -7        6
  MONTH TO DATE  178                       196    -18      175
  SINCE JUN 1    178                       196    -18      175

 COOLING
  YESTERDAY        1                         0      1        0
  MONTH TO DATE    1                         0      1       13
  SINCE JUN 1      1                         0      1       13
  SINCE JAN 1      1                         1      0       18
..................................................................


WIND (MPH)
  RESULTANT WIND SPEED   3   RESULTANT WIND DIRECTION   W (260)
  HIGHEST WIND SPEED    16   HIGHEST WIND DIRECTION    SW (240)
  HIGHEST GUST SPEED    18   HIGHEST GUST DIRECTION    SW (230)
  AVERAGE WIND SPEED     5.4


SKY COVER
  AVERAGE SKY COVER 0.0


WEATHER CONDITIONS
 THE FOLLOWING WEATHER WAS RECORDED YESTERDAY.
  FOG


RELATIVE HUMIDITY (PERCENT)
 HIGHEST   100           100 AM
 LOWEST     28           500 PM
 AVERAGE    64

..........................................................


THE HOQUIAM WA AIRPORT CLIMATE NORMALS FOR TODAY
                         NORMAL    RECORD    YEAR
 MAXIMUM TEMPERATURE (F)   64        85      1989
 MINIMUM TEMPERATURE (F)   51        42      1954


SUNRISE AND SUNSET
JUNE 24 2017..........SUNRISE   522 AM PDT   SUNSET   915 PM PDT
JUNE 25 2017..........SUNRISE   522 AM PDT   SUNSET   915 PM PDT


-  INDICATES NEGATIVE NUMBERS.
R  INDICATES RECORD WAS SET OR TIED.
MM INDICATES DATA IS MISSING.
T  INDICATES TRACE AMOUNT.




$$
