000
CDUS46 KSEW 250838
CLIHQM


CLIMATE REPORT
NATIONAL WEATHER SERVICE SEATTLE WA
1238 AM PST SUN FEB 25 2018


...................................

...THE HOQUIAM WA AIRPORT CLIMATE SUMMARY FOR FEBRUARY 24 2018...

CLIMATE NORMAL PERIOD 1981 TO 2010
CLIMATE RECORD PERIOD 1953 TO 2018


WEATHER ITEM   OBSERVED TIME   RECORD YEAR NORMAL DEPARTURE LAST
                VALUE   (LST)  VALUE       VALUE  FROM      YEAR
                                                  NORMAL
..................................................................
TEMPERATURE (F)
 YESTERDAY
  MAXIMUM         48    225 PM  63    1970  51     -3       42
  MINIMUM         38    329 AM  26    2006  38      0       33
  AVERAGE         43                        44     -1       38

PRECIPITATION (IN)
  YESTERDAY        0.12          1.56 1979   0.24  -0.12     0.21
  MONTH TO DATE    4.76                      6.24  -1.48     6.87
  SINCE OCT 1     49.28                     44.23   5.05    53.50
  SINCE JAN 1     17.69                     16.57   1.12    11.96

DEGREE DAYS
 HEATING
  YESTERDAY       22                        21      1       27
  MONTH TO DATE  566                       514     52      543
  SINCE DEC 1   1894                      1935    -41     2149

 COOLING
  YESTERDAY        0                         0      0        0
  MONTH TO DATE    0                         0      0        0
  SINCE DEC 1      0                         0      0        0
  SINCE JAN 1      0                         0      0        0
..................................................................


WIND (MPH)
  RESULTANT WIND SPEED  10   RESULTANT WIND DIRECTION   W (250)
  HIGHEST WIND SPEED    29   HIGHEST WIND DIRECTION    SW (230)
  HIGHEST GUST SPEED    35   HIGHEST GUST DIRECTION     W (260)
  AVERAGE WIND SPEED    12.6


SKY COVER
  AVERAGE SKY COVER 0.8


WEATHER CONDITIONS
 THE FOLLOWING WEATHER WAS RECORDED YESTERDAY.
  RAIN
  LIGHT RAIN
  FOG
  HAZE


RELATIVE HUMIDITY (PERCENT)
 HIGHEST    89           900 PM
 LOWEST     53           400 PM
 AVERAGE    71

..........................................................


THE HOQUIAM WA AIRPORT CLIMATE NORMALS FOR TODAY
                         NORMAL    RECORD    YEAR
 MAXIMUM TEMPERATURE (F)   51        67      1992
 MINIMUM TEMPERATURE (F)   38        24      2011


SUNRISE AND SUNSET
FEBRUARY 25 2018......SUNRISE   703 AM PST   SUNSET   556 PM PST
FEBRUARY 26 2018......SUNRISE   701 AM PST   SUNSET   557 PM PST


-  INDICATES NEGATIVE NUMBERS.
R  INDICATES RECORD WAS SET OR TIED.
MM INDICATES DATA IS MISSING.
T  INDICATES TRACE AMOUNT.




$$
