000
CDUS46 KSEW 130827
CLIHQM


CLIMATE REPORT
NATIONAL WEATHER SERVICE SEATTLE WA
127 AM PDT SUN JUL 13 2014


...................................

...THE HOQUIAM WA AIRPORT CLIMATE SUMMARY FOR JULY 12 2014...

CLIMATE NORMAL PERIOD 1981 TO 2010
CLIMATE RECORD PERIOD 1953 TO 2014


WEATHER ITEM   OBSERVED TIME   RECORD YEAR NORMAL DEPARTURE LAST
                VALUE   (LST)  VALUE       VALUE  FROM      YEAR
                                                  NORMAL
..................................................................
TEMPERATURE (F)
 YESTERDAY
  MAXIMUM         63    445 PM  94    1961  67     -4       66
  MINIMUM         55   1159 PM  42    1971  53      2       51
  AVERAGE         59                        60     -1       59

PRECIPITATION (IN)
  YESTERDAY        0.00          1.45 1972   0.04  -0.04     0.00
  MONTH TO DATE    0.08                      0.56  -0.48     0.00
  SINCE OCT 1     53.02                     63.38 -10.36    46.17
  SINCE JAN 1     40.91                     35.72   5.19    32.56

DEGREE DAYS
 HEATING
  YESTERDAY        6                         5      1        6
  MONTH TO DATE   33                        68    -35       48
  SINCE JUN 1    237                       314    -77      223

 COOLING
  YESTERDAY        0                         0      0        0
  MONTH TO DATE    8                         0      8        0
  SINCE JUN 1      8                         2      6        8
  SINCE JAN 1     23                         3     20       11
..................................................................


WIND (MPH)
  RESULTANT WIND SPEED   8   RESULTANT WIND DIRECTION  SW (230)
  HIGHEST WIND SPEED    17   HIGHEST WIND DIRECTION    SW (240)
  HIGHEST GUST SPEED    20   HIGHEST GUST DIRECTION    SW (220)
  AVERAGE WIND SPEED     8.6


SKY COVER
  AVERAGE SKY COVER 0.8


WEATHER CONDITIONS
 THE FOLLOWING WEATHER WAS RECORDED YESTERDAY.
  FOG


RELATIVE HUMIDITY (PERCENT)
 HIGHEST   100           300 AM
 LOWEST     84           300 PM
 AVERAGE    92

..........................................................


THE HOQUIAM WA AIRPORT CLIMATE NORMALS FOR TODAY
                         NORMAL    RECORD    YEAR
 MAXIMUM TEMPERATURE (F)   67        93      1996
 MINIMUM TEMPERATURE (F)   53        42      1971


SUNRISE AND SUNSET
JULY 13 2014..........SUNRISE   534 AM PDT   SUNSET   908 PM PDT
JULY 14 2014..........SUNRISE   535 AM PDT   SUNSET   908 PM PDT


-  INDICATES NEGATIVE NUMBERS.
R  INDICATES RECORD WAS SET OR TIED.
MM INDICATES DATA IS MISSING.
T  INDICATES TRACE AMOUNT.




$$
