000
CDUS44 KBRO 040626
CLIHRL


CLIMATE REPORT
NATIONAL WEATHER SERVICE BROWNSVILLE TX
125 AM CDT SAT JUL 4 2015


...................................

...THE HARLINGEN CLIMATE SUMMARY FOR JULY 3 2015...

CLIMATE NORMAL PERIOD 1981 TO 2010
CLIMATE RECORD PERIOD 1912 TO 2015


WEATHER ITEM   OBSERVED TIME   RECORD YEAR NORMAL DEPARTURE LAST
                VALUE   (LST)  VALUE       VALUE  FROM      YEAR
                                                  NORMAL
..................................................................
TEMPERATURE (F)
 YESTERDAY
  MAXIMUM         93    256 PM 101    2005  94     -1       95
                                      1937
  MINIMUM         73    506 AM  67    1923  75     -2       71
  AVERAGE         83                        85     -2       83

PRECIPITATION (IN)
  YESTERDAY        0.00          3.00 1945   0.06  -0.06     0.00
  MONTH TO DATE    1.10                      0.18   0.92      T
  SINCE JUN 1      3.31                      2.68   0.63     0.29
  SINCE JAN 1     15.81                     10.60   5.21     5.13

SNOWFALL (IN)
  YESTERDAY        0.0
  MONTH TO DATE    0.0
  SINCE JUN 1      0.0
  SINCE JUL 1      0.0

DEGREE DAYS
 HEATING
  YESTERDAY        0                         0      0        0
  MONTH TO DATE    0                         0      0        0
  SINCE JUN 1      0                         0      0        0
  SINCE JUL 1      0                         0      0        0

 COOLING
  YESTERDAY       18                        20     -2       18
  MONTH TO DATE   48                        60    -12       58
  SINCE JUN 1    615                       628    -13      680
  SINCE JAN 1   1699                      1729    -30     1616
..................................................................


WIND (MPH)
  HIGHEST WIND SPEED    23   HIGHEST WIND DIRECTION    SE (140)
  HIGHEST GUST SPEED    28   HIGHEST GUST DIRECTION    SE (130)
  AVERAGE WIND SPEED    11.7



WEATHER CONDITIONS
 THE FOLLOWING WEATHER WAS RECORDED YESTERDAY.
  FOG


RELATIVE HUMIDITY (PERCENT)
 HIGHEST   100
 LOWEST     56
 AVERAGE    78

..........................................................


THE HARLINGEN CLIMATE NORMALS FOR TODAY
                         NORMAL    RECORD    YEAR
 MAXIMUM TEMPERATURE (F)   94       102      2009
 MINIMUM TEMPERATURE (F)   75        62      1924


SUNRISE AND SUNSET
JULY  4 2015..........SUNRISE   643 AM CDT   SUNSET   827 PM CDT
JULY  5 2015..........SUNRISE   643 AM CDT   SUNSET   827 PM CDT


-  INDICATES NEGATIVE NUMBERS.
R  INDICATES RECORD WAS SET OR TIED.
MM INDICATES DATA IS MISSING.
T  INDICATES TRACE AMOUNT.




$$
