038
CDUS44 KBRO 110745
CLIHRL


CLIMATE REPORT
NATIONAL WEATHER SERVICE BROWNSVILLE TX
145 AM CST SUN DEC 11 2016


...................................

...THE HARLINGEN CLIMATE SUMMARY FOR DECEMBER 10 2016...

CLIMATE NORMAL PERIOD 1981 TO 2010
CLIMATE RECORD PERIOD 1912 TO 2016


WEATHER ITEM   OBSERVED TIME   RECORD YEAR NORMAL DEPARTURE LAST
                VALUE   (LST)  VALUE       VALUE  FROM      YEAR
                                                  NORMAL
..................................................................
TEMPERATURE (F)
 YESTERDAY
  MAXIMUM         59    246 PM  93    1939  72    -13       87
  MINIMUM         46    207 AM  30    1978  51     -5       58
  AVERAGE         53                        61     -8       73

PRECIPITATION (IN)
  YESTERDAY        0.01          2.66 1982   0.06  -0.05     0.00
  MONTH TO DATE    1.05                      0.53   0.52     0.02
  SINCE DEC 1      1.05                      0.53   0.52     0.02
  SINCE JAN 1     21.31                     24.45  -3.14    32.92

SNOWFALL (IN)
  YESTERDAY       MM
  MONTH TO DATE    0.0
  SINCE DEC 1      0.0
  SINCE JUL 1      0.0

DEGREE DAYS
 HEATING
  YESTERDAY       12                         6      6        0
  MONTH TO DATE   55                        52      3       23
  SINCE DEC 1     55                        52      3       23
  SINCE JUL 1     70                       109    -39       59

 COOLING
  YESTERDAY        0                         2     -2        8
  MONTH TO DATE   24                        25     -1       13
  SINCE DEC 1     24                        25     -1       13
  SINCE JAN 1   4662                      3959    703     4257
..................................................................


WIND (MPH)
  HIGHEST WIND SPEED    16   HIGHEST WIND DIRECTION    NW (320)
  HIGHEST GUST SPEED    19   HIGHEST GUST DIRECTION    NW (320)
  AVERAGE WIND SPEED     9.9



WEATHER CONDITIONS
 THE FOLLOWING WEATHER WAS RECORDED YESTERDAY.
  LIGHT RAIN
  FOG


RELATIVE HUMIDITY (PERCENT)
 HIGHEST    71
 LOWEST     62
 AVERAGE    67

..........................................................


THE HARLINGEN CLIMATE NORMALS FOR TODAY
                         NORMAL    RECORD    YEAR
 MAXIMUM TEMPERATURE (F)   72        92      1939
 MINIMUM TEMPERATURE (F)   50        30      1944


SUNRISE AND SUNSET
DECEMBER 11 2016......SUNRISE   708 AM CST   SUNSET   540 PM CST
DECEMBER 12 2016......SUNRISE   709 AM CST   SUNSET   540 PM CST


-  INDICATES NEGATIVE NUMBERS.
R  INDICATES RECORD WAS SET OR TIED.
MM INDICATES DATA IS MISSING.
T  INDICATES TRACE AMOUNT.




$$
