000
CDUS44 KBRO 290626
CLIHRL


CLIMATE REPORT
NATIONAL WEATHER SERVICE BROWNSVILLE TX
125 AM CDT SAT AUG 29 2015


...................................

...THE HARLINGEN CLIMATE SUMMARY FOR AUGUST 28 2015...

CLIMATE NORMAL PERIOD 1981 TO 2010
CLIMATE RECORD PERIOD 1912 TO 2015


WEATHER ITEM   OBSERVED TIME   RECORD YEAR NORMAL DEPARTURE LAST
                VALUE   (LST)  VALUE       VALUE  FROM      YEAR
                                                  NORMAL
..................................................................
TEMPERATURE (F)
 YESTERDAY
  MAXIMUM         94    127 PM 106    2011  95     -1       96
  MINIMUM         71    639 AM  66    1970  75     -4       78
  AVERAGE         83                        85     -2       87

PRECIPITATION (IN)
  YESTERDAY        0.00          5.00 1938   0.12  -0.12     0.01
  MONTH TO DATE    2.24                      1.46   0.78     0.45
  SINCE JUN 1      5.57                      5.89  -0.32     1.33
  SINCE JAN 1     18.07                     13.81   4.26     6.17

SNOWFALL (IN)
  YESTERDAY        0.0
  MONTH TO DATE    0.0
  SINCE JUN 1      0.0
  SINCE JUL 1      0.0

DEGREE DAYS
 HEATING
  YESTERDAY        0                         0      0        0
  MONTH TO DATE    0                         0      0        0
  SINCE JUN 1      0                         0      0        0
  SINCE JUL 1      0                         0      0        0

 COOLING
  YESTERDAY       18                        20     -2       22
  MONTH TO DATE  631                       578     53      630
  SINCE JUN 1   1853                      1769     84     1902
  SINCE JAN 1   2937                      2870     67     2838
..................................................................


WIND (MPH)
  HIGHEST WIND SPEED    17   HIGHEST WIND DIRECTION     E (110)
  HIGHEST GUST SPEED    26   HIGHEST GUST DIRECTION     E (80)
  AVERAGE WIND SPEED     6.7



WEATHER CONDITIONS
 THE FOLLOWING WEATHER WAS RECORDED YESTERDAY.
  NO SIGNIFICANT WEATHER WAS OBSERVED.


RELATIVE HUMIDITY (PERCENT)
 HIGHEST    93
 LOWEST     44
 AVERAGE    69

..........................................................


THE HARLINGEN CLIMATE NORMALS FOR TODAY
                         NORMAL    RECORD    YEAR
 MAXIMUM TEMPERATURE (F)   95       104      2012
 MINIMUM TEMPERATURE (F)   75        63      1958


SUNRISE AND SUNSET
AUGUST 29 2015........SUNRISE   709 AM CDT   SUNSET   754 PM CDT
AUGUST 30 2015........SUNRISE   710 AM CDT   SUNSET   753 PM CDT


-  INDICATES NEGATIVE NUMBERS.
R  INDICATES RECORD WAS SET OR TIED.
MM INDICATES DATA IS MISSING.
T  INDICATES TRACE AMOUNT.




$$
