000
CDUS44 KBRO 230633
CLIHRL


CLIMATE REPORT
NATIONAL WEATHER SERVICE BROWNSVILLE TX
133 AM CDT SUN JUL 23 2017


...................................

...THE HARLINGEN CLIMATE SUMMARY FOR JULY 22 2017...

CLIMATE NORMAL PERIOD 1981 TO 2010
CLIMATE RECORD PERIOD 1912 TO 2017


WEATHER ITEM   OBSERVED TIME   RECORD YEAR NORMAL DEPARTURE LAST
                VALUE   (LST)  VALUE       VALUE  FROM      YEAR
                                                  NORMAL
..................................................................
TEMPERATURE (F)
 YESTERDAY
  MAXIMUM        100    148 PM 102    1913  96      4       98
  MINIMUM         77    556 AM  67    1924  75      2       73
  AVERAGE         89                        85      4       86

PRECIPITATION (IN)
  YESTERDAY        0.00          0.69 1915   0.06  -0.06     0.00
  MONTH TO DATE    0.94                      1.51  -0.57     0.09
  SINCE JUN 1      2.20                      4.01  -1.81     5.22
  SINCE JAN 1      8.79                     11.93  -3.14    12.11

SNOWFALL (IN)
  YESTERDAY        0.0
  MONTH TO DATE    0.0
  SINCE JUN 1      0.0
  SINCE JUL 1      0.0

DEGREE DAYS
 HEATING
  YESTERDAY        0                         0      0        0
  MONTH TO DATE    0                         0      0        0
  SINCE JUN 1      0                         0      0        0
  SINCE JUL 1      0                         0      0        0

 COOLING
  YESTERDAY       24                        20      4       21
  MONTH TO DATE  460                       440     20      507
  SINCE JUN 1   1074                      1008     66     1092
  SINCE JAN 1   2609                      2109    500     2453
..................................................................


WIND (MPH)
  HIGHEST WIND SPEED    26   HIGHEST WIND DIRECTION     S (160)
  HIGHEST GUST SPEED    33   HIGHEST GUST DIRECTION    SE (140)
  AVERAGE WIND SPEED    15.7



WEATHER CONDITIONS
 THE FOLLOWING WEATHER WAS RECORDED YESTERDAY.
  NO SIGNIFICANT WEATHER WAS OBSERVED.


RELATIVE HUMIDITY (PERCENT)
 HIGHEST    97
 LOWEST     42
 AVERAGE    70

..........................................................


THE HARLINGEN CLIMATE NORMALS FOR TODAY
                         NORMAL    RECORD    YEAR
 MAXIMUM TEMPERATURE (F)   96       104      1943
 MINIMUM TEMPERATURE (F)   75        67      1923


SUNRISE AND SUNSET
JULY 23 2017..........SUNRISE   652 AM CDT   SUNSET   822 PM CDT
JULY 24 2017..........SUNRISE   652 AM CDT   SUNSET   822 PM CDT


-  INDICATES NEGATIVE NUMBERS.
R  INDICATES RECORD WAS SET OR TIED.
MM INDICATES DATA IS MISSING.
T  INDICATES TRACE AMOUNT.




$$
