000
CDUS44 KBRO 010637
CLIHRL


CLIMATE REPORT
NATIONAL WEATHER SERVICE BROWNSVILLE TX
137 AM CDT SAT AUG 1 2015


...................................

...THE HARLINGEN CLIMATE SUMMARY FOR JULY 31 2015...

CLIMATE NORMAL PERIOD 1981 TO 2010
CLIMATE RECORD PERIOD 1912 TO 2015


WEATHER ITEM   OBSERVED TIME   RECORD YEAR NORMAL DEPARTURE LAST
                VALUE   (LST)  VALUE       VALUE  FROM      YEAR
                                                  NORMAL
..................................................................
TEMPERATURE (F)
 YESTERDAY
  MAXIMUM         96    312 PM 104    1960  96      0      100
  MINIMUM         73    623 AM  69    1971  75     -2       78
  AVERAGE         85                        86     -1       89

PRECIPITATION (IN)
  YESTERDAY        0.00          2.21 1916   0.05  -0.05     0.00
  MONTH TO DATE    1.12                      1.93  -0.81     0.59
  SINCE JUN 1      3.33                      4.43  -1.10     0.88
  SINCE JAN 1     15.83                     12.35   3.48     5.72

SNOWFALL (IN)
  YESTERDAY        0.0
  MONTH TO DATE    0.0
  SINCE JUN 1      0.0
  SINCE JUL 1      0.0

DEGREE DAYS
 HEATING
  YESTERDAY        0                         0      0        0
  MONTH TO DATE    0                         0      0        0
  SINCE JUN 1      0                         0      0        0
  SINCE JUL 1      0                         0      0        0

 COOLING
  YESTERDAY       20                        21     -1       24
  MONTH TO DATE  655                       623     32      650
  SINCE JUN 1   1222                      1191     31     1272
  SINCE JAN 1   2306                      2292     14     2208
..................................................................


WIND (MPH)
  HIGHEST WIND SPEED    15   HIGHEST WIND DIRECTION    SE (120)
  HIGHEST GUST SPEED    18   HIGHEST GUST DIRECTION    SE (140)
  AVERAGE WIND SPEED     4.5



WEATHER CONDITIONS
 THE FOLLOWING WEATHER WAS RECORDED YESTERDAY.
  FOG
  FOG W/VISIBILITY <= 1/4 MILE


RELATIVE HUMIDITY (PERCENT)
 HIGHEST   100
 LOWEST     39
 AVERAGE    70

..........................................................


THE HARLINGEN CLIMATE NORMALS FOR TODAY
                         NORMAL    RECORD    YEAR
 MAXIMUM TEMPERATURE (F)   96       103      2012
                                             1960
                                             1995
 MINIMUM TEMPERATURE (F)   75        69      1972


SUNRISE AND SUNSET
AUGUST  1 2015........SUNRISE   656 AM CDT   SUNSET   818 PM CDT
AUGUST  2 2015........SUNRISE   657 AM CDT   SUNSET   817 PM CDT


-  INDICATES NEGATIVE NUMBERS.
R  INDICATES RECORD WAS SET OR TIED.
MM INDICATES DATA IS MISSING.
T  INDICATES TRACE AMOUNT.




$$
