000
CDUS44 KBRO 252126
CLIHRL


CLIMATE REPORT
NATIONAL WEATHER SERVICE BROWNSVILLE TX
426 PM CDT MON SEP 25 2017


...................................

...THE HARLINGEN CLIMATE SUMMARY FOR SEPTEMBER 25 2017...
VALID TODAY AS OF 0400 PM LOCAL TIME.

CLIMATE NORMAL PERIOD 1981 TO 2010
CLIMATE RECORD PERIOD 1912 TO 2017


WEATHER ITEM   OBSERVED TIME   RECORD YEAR NORMAL DEPARTURE LAST
                VALUE   (LST)  VALUE       VALUE  FROM      YEAR
                                                  NORMAL
..................................................................
TEMPERATURE (F)
 TODAY
  MAXIMUM         98    216 PM 102    2011  90      8       98
                                      1926
  MINIMUM         76    612 AM  55    1914  71      5       78
                                      1975
  AVERAGE         87                        80      7       88

PRECIPITATION (IN)
  TODAY            0.00          2.86 1972   0.16  -0.16      T
  MONTH TO DATE    0.86                      4.47  -3.61     2.23
  SINCE SEP 1      0.86                      4.47  -3.61     2.23
  SINCE JAN 1     13.03                     18.68  -5.65    17.13

SNOWFALL (IN)
  TODAY            0.0
  MONTH TO DATE    0.0
  SINCE SEP 1      0.0
  SINCE JUL 1      0.0
  SNOW DEPTH       0

DEGREE DAYS
 HEATING
  TODAY            0                         0      0        0
  MONTH TO DATE    0                         0      0        0
  SINCE SEP 1      0                         0      0        0
  SINCE JUL 1      0                         0      0        0

 COOLING
  TODAY           22                        15      7       23
  MONTH TO DATE  472                       432     40      522
  SINCE SEP 1    472                       432     40      522
  SINCE JAN 1   3977                      3356    621     3841
..................................................................


WIND (MPH)
  HIGHEST WIND SPEED    23   HIGHEST WIND DIRECTION    SE (140)
  HIGHEST GUST SPEED    31   HIGHEST GUST DIRECTION    SE (140)
  AVERAGE WIND SPEED    11.9



WEATHER CONDITIONS
 THE FOLLOWING WEATHER WAS RECORDED TODAY.
  NO SIGNIFICANT WEATHER WAS OBSERVED.


RELATIVE HUMIDITY (PERCENT)
 HIGHEST   100
 LOWEST     45
 AVERAGE    73

..........................................................


THE HARLINGEN CLIMATE NORMALS FOR TOMORROW
                         NORMAL    RECORD    YEAR
 MAXIMUM TEMPERATURE (F)   89       100      2011
                                             1956
 MINIMUM TEMPERATURE (F)   70        58      1914
                                             1960
                                             1975


SUNRISE AND SUNSET
SEPTEMBER 25 2017.....SUNRISE   721 AM CDT   SUNSET   723 PM CDT
SEPTEMBER 26 2017.....SUNRISE   721 AM CDT   SUNSET   722 PM CDT


-  INDICATES NEGATIVE NUMBERS.
R  INDICATES RECORD WAS SET OR TIED.
MM INDICATES DATA IS MISSING.
T  INDICATES TRACE AMOUNT.




$$
