000
CDUS44 KLZK 222353
CLIHRO


CLIMATE REPORT
NATIONAL WEATHER SERVICE LITTLE ROCK AR
552 PM CST MON JAN 22 2018


...................................

...THE HARRISON CLIMATE SUMMARY FOR JANUARY 22 2018...
VALID TODAY AS OF 0500 PM LOCAL TIME.

CLIMATE NORMAL PERIOD 1981 TO 2010
CLIMATE RECORD PERIOD 1891 TO 2018


WEATHER ITEM   OBSERVED TIME   RECORD YEAR NORMAL DEPARTURE LAST
                VALUE   (LST)  VALUE       VALUE  FROM      YEAR
                                                  NORMAL
..................................................................
TEMPERATURE (F)
 TODAY
  MAXIMUM         57   1213 AM  76    1909  47     10       54
  MINIMUM         42    912 AM -14    1930  26     16       36
  AVERAGE         50                        37     13       45

PRECIPITATION (IN)
  TODAY            0.06          1.50 1932   0.08  -0.02     0.62
  MONTH TO DATE    2.46                      1.84   0.62     2.17
  SINCE DEC 1      4.34                      5.04  -0.70     3.49
  SINCE JAN 1      2.46                      1.84   0.62     2.17

SNOWFALL (IN)
  TODAY            0.0           5.5  1937   0.2   -0.2      0.0
  MONTH TO DATE    1.5                       2.6   -1.1      0.4
  SINCE DEC 1      1.8                       3.9   -2.1      0.9
  SINCE JUL 1      1.8                       4.4   -2.6      0.9
  SNOW DEPTH       0

DEGREE DAYS
 HEATING
  TODAY           15                        28    -13       20
  MONTH TO DATE  750                       636    114      549
  SINCE DEC 1   1529                      1471     58     1358
  SINCE JUL 1   2125                      2235   -110     1808

 COOLING
  TODAY            0                         0      0        0
  MONTH TO DATE    0                         0      0        0
  SINCE DEC 1      0                         0      0        0
  SINCE JAN 1      0                         0      0        0
..................................................................


WIND (MPH)
  HIGHEST WIND SPEED    21   HIGHEST WIND DIRECTION     W (260)
  HIGHEST GUST SPEED    43   HIGHEST GUST DIRECTION     W (280)
  AVERAGE WIND SPEED    13.2


SKY COVER
  POSSIBLE SUNSHINE  MM
  AVERAGE SKY COVER 0.5


WEATHER CONDITIONS
 THE FOLLOWING WEATHER WAS RECORDED TODAY.
  HEAVY RAIN
  LIGHT RAIN
  FOG


RELATIVE HUMIDITY (PERCENT)
 HIGHEST    83           100 AM
 LOWEST     42           500 AM
 AVERAGE    63

..........................................................


THE HARRISON CLIMATE NORMALS FOR TOMORROW
                         NORMAL    RECORD    YEAR
 MAXIMUM TEMPERATURE (F)   47        75      1943
                                             1909
 MINIMUM TEMPERATURE (F)   27       -17      1926


SUNRISE AND SUNSET
JANUARY 22 2018.......SUNRISE   720 AM CST   SUNSET   529 PM CST
JANUARY 23 2018.......SUNRISE   720 AM CST   SUNSET   530 PM CST


-  INDICATES NEGATIVE NUMBERS.
R  INDICATES RECORD WAS SET OR TIED.
MM INDICATES DATA IS MISSING.
T  INDICATES TRACE AMOUNT.




$$
