000
CDUS44 KLZK 211003
CLIHRO


CLIMATE REPORT
NATIONAL WEATHER SERVICE LITTLE ROCK AR
402 AM CST SUN DEC 21 2014


...................................

...THE HARRISON CLIMATE SUMMARY FOR DECEMBER 20 2014...

CLIMATE NORMAL PERIOD 1981 TO 2010
CLIMATE RECORD PERIOD 1891 TO 2014


WEATHER ITEM   OBSERVED TIME   RECORD YEAR NORMAL DEPARTURE LAST
                VALUE   (LST)  VALUE       VALUE  FROM      YEAR
                                                  NORMAL
..................................................................
TEMPERATURE (F)
 YESTERDAY
  MAXIMUM         43    514 PM  69    1966  46     -3       67
                                      1949
  MINIMUM         36    416 AM  -5    1901  27      9       35
  AVERAGE         40                        37      3       51

PRECIPITATION (IN)
  YESTERDAY        0.00          0.88 1991   0.10  -0.10     0.16
  MONTH TO DATE    1.97                      2.15  -0.18     2.40
  SINCE DEC 1      1.97                      2.15  -0.18     2.40
  SINCE JAN 1     40.92                     43.09  -2.17    43.91

SNOWFALL (IN)
  YESTERDAY        0.0           T    2012   0.1   -0.1      0.0
                                      1995
  MONTH TO DATE    T                         0.2   -0.2      9.0
  SINCE DEC 1      T                         0.2   -0.2      9.0
  SINCE JUL 1      0.6                       0.7   -0.1      9.0
  SNOW DEPTH       0

DEGREE DAYS
 HEATING
  YESTERDAY       25                        28     -3       14
  MONTH TO DATE  478                       518    -40      549
  SINCE DEC 1    478                       518    -40      549
  SINCE JUL 1   1332                      1282     50     1362

 COOLING
  YESTERDAY        0                         0      0        0
  MONTH TO DATE    0                         0      0        0
  SINCE DEC 1      0                         0      0        0
  SINCE JAN 1   1354                      1416    -62     1414
..................................................................


WIND (MPH)
  HIGHEST WIND SPEED     9   HIGHEST WIND DIRECTION    SE (150)
  HIGHEST GUST SPEED    11   HIGHEST GUST DIRECTION    SE (140)
  AVERAGE WIND SPEED     4.0


SKY COVER
  POSSIBLE SUNSHINE  MM
  AVERAGE SKY COVER 0.9


WEATHER CONDITIONS
 THE FOLLOWING WEATHER WAS RECORDED YESTERDAY.
  LIGHT RAIN
  FOG
  FOG W/VISIBILITY <= 1/4 MILE


RELATIVE HUMIDITY (PERCENT)
 HIGHEST   100           200 AM
 LOWEST     79          1100 PM
 AVERAGE    90

..........................................................


THE HARRISON CLIMATE NORMALS FOR TODAY
                         NORMAL    RECORD    YEAR
 MAXIMUM TEMPERATURE (F)   46        68      1957
                                             1949
 MINIMUM TEMPERATURE (F)   27        -5      1989


SUNRISE AND SUNSET
DECEMBER 21 2014......SUNRISE   720 AM CST   SUNSET   501 PM CST
DECEMBER 22 2014......SUNRISE   721 AM CST   SUNSET   502 PM CST


-  INDICATES NEGATIVE NUMBERS.
R  INDICATES RECORD WAS SET OR TIED.
MM INDICATES DATA IS MISSING.
T  INDICATES TRACE AMOUNT.




$$
