000
CDUS44 KLZK 270640
CLIHRO


CLIMATE REPORT
NATIONAL WEATHER SERVICE LITTLE ROCK AR
140 AM CDT MON MAR 27 2017


...................................

...THE HARRISON CLIMATE SUMMARY FOR MARCH 26 2017...

CLIMATE NORMAL PERIOD 1981 TO 2010
CLIMATE RECORD PERIOD 1891 TO 2017


WEATHER ITEM   OBSERVED TIME   RECORD YEAR NORMAL DEPARTURE LAST
                VALUE   (LST)  VALUE       VALUE  FROM      YEAR
                                                  NORMAL
..................................................................
TEMPERATURE (F)
 YESTERDAY
  MAXIMUM         71    235 PM  81    2012  64      7       71
                                      1991
                                      1907
  MINIMUM         46    632 AM   9    1955  40      6       33
  AVERAGE         59                        52      7       52

PRECIPITATION (IN)
  YESTERDAY        0.32          1.72 1994   0.13   0.19     0.00
  MONTH TO DATE    4.80                      3.10   1.70     3.18
  SINCE MAR 1      4.80                      3.10   1.70     3.18
  SINCE JAN 1      8.38                      8.30   0.08     5.46

SNOWFALL (IN)
  YESTERDAY       MM             5.0  1913   0.0   MM        0.0
  MONTH TO DATE    2.5                       2.0    0.5      0.0
  SINCE MAR 1      2.5                       2.0    0.5      0.0
  SINCE JUL 1      3.4                      11.2   -7.8      3.7
  SNOW DEPTH       0

DEGREE DAYS
 HEATING
  YESTERDAY        6                        13     -7       13
  MONTH TO DATE  337                       445   -108      314
  SINCE MAR 1    337                       445   -108      314
  SINCE JUL 1   2743                      3617   -874     2927

 COOLING
  YESTERDAY        0                         0      0        0
  MONTH TO DATE    6                         0      6        5
  SINCE MAR 1      6                         0      6        5
  SINCE JAN 1     13                         0     13        5
..................................................................


WIND (MPH)
  HIGHEST WIND SPEED    14   HIGHEST WIND DIRECTION    NW (330)
  HIGHEST GUST SPEED    19   HIGHEST GUST DIRECTION    NW (330)
  AVERAGE WIND SPEED     5.0


SKY COVER
  POSSIBLE SUNSHINE  MM
  AVERAGE SKY COVER 0.3


WEATHER CONDITIONS
 THE FOLLOWING WEATHER WAS RECORDED YESTERDAY.
  THUNDERSTORM
  HEAVY RAIN
  LIGHT RAIN
  FOG


RELATIVE HUMIDITY (PERCENT)
 HIGHEST    93           700 AM
 LOWEST     44           200 PM
 AVERAGE    69

..........................................................


THE HARRISON CLIMATE NORMALS FOR TODAY
                         NORMAL    RECORD    YEAR
 MAXIMUM TEMPERATURE (F)   64        81      2008
 MINIMUM TEMPERATURE (F)   41        17      1955


SUNRISE AND SUNSET
MARCH 27 2017.........SUNRISE   706 AM CDT   SUNSET   731 PM CDT
MARCH 28 2017.........SUNRISE   704 AM CDT   SUNSET   732 PM CDT


-  INDICATES NEGATIVE NUMBERS.
R  INDICATES RECORD WAS SET OR TIED.
MM INDICATES DATA IS MISSING.
T  INDICATES TRACE AMOUNT.




$$
