000
CDUS44 KLZK 220637
CLIHRO


CLIMATE REPORT
NATIONAL WEATHER SERVICE LITTLE ROCK AR
137 AM CDT SUN OCT 22 2017


...................................

...THE HARRISON CLIMATE SUMMARY FOR OCTOBER 21 2017...

CLIMATE NORMAL PERIOD 1981 TO 2010
CLIMATE RECORD PERIOD 1891 TO 2017


WEATHER ITEM   OBSERVED TIME   RECORD YEAR NORMAL DEPARTURE LAST
                VALUE   (LST)  VALUE       VALUE  FROM      YEAR
                                                  NORMAL
..................................................................
TEMPERATURE (F)
 YESTERDAY
  MAXIMUM         77   1129 AM  88    1927  69      8       65
  MINIMUM         63    623 AM  20    1952  46     17       40
  AVERAGE         70                        58     12       53

PRECIPITATION (IN)
  YESTERDAY        T             1.76 1900   0.12  -0.12     0.00
  MONTH TO DATE    0.91                      2.34  -1.43     3.23
  SINCE SEP 1      1.49                      6.54  -5.05     4.47
  SINCE JAN 1     36.67                     35.50   1.17    32.75

SNOWFALL (IN)
  YESTERDAY        0.0          MM      MM   0.0    0.0      0.0
  MONTH TO DATE    0.0                       0.0    0.0      0.0
  SINCE SEP 1      0.0                       0.0    0.0      0.0
  SINCE JUL 1      0.0                       0.0    0.0      0.0
  SNOW DEPTH       0

DEGREE DAYS
 HEATING
  YESTERDAY        0                         8     -8       12
  MONTH TO DATE   55                       125    -70       64
  SINCE SEP 1     59                       167   -108       76
  SINCE JUL 1     59                       168   -109       76

 COOLING
  YESTERDAY        5                         1      4        0
  MONTH TO DATE   81                        27     54       66
  SINCE SEP 1    287                       195     92      293
  SINCE JAN 1   1392                      1406    -14     1604
..................................................................


WIND (MPH)
  HIGHEST WIND SPEED    21   HIGHEST WIND DIRECTION     S (170)
  HIGHEST GUST SPEED    29   HIGHEST GUST DIRECTION     S (160)
  AVERAGE WIND SPEED    10.9


SKY COVER
  POSSIBLE SUNSHINE  MM
  AVERAGE SKY COVER 0.7


WEATHER CONDITIONS
 THE FOLLOWING WEATHER WAS RECORDED YESTERDAY.
  LIGHT RAIN


RELATIVE HUMIDITY (PERCENT)
 HIGHEST    90           600 AM
 LOWEST     64          1200 PM
 AVERAGE    77

..........................................................


THE HARRISON CLIMATE NORMALS FOR TODAY
                         NORMAL    RECORD    YEAR
 MAXIMUM TEMPERATURE (F)   68        93      1927
 MINIMUM TEMPERATURE (F)   46        23      1952


SUNRISE AND SUNSET
OCTOBER 22 2017.......SUNRISE   726 AM CDT   SUNSET   627 PM CDT
OCTOBER 23 2017.......SUNRISE   727 AM CDT   SUNSET   626 PM CDT


-  INDICATES NEGATIVE NUMBERS.
R  INDICATES RECORD WAS SET OR TIED.
MM INDICATES DATA IS MISSING.
T  INDICATES TRACE AMOUNT.




$$
