000
CDUS44 KLZK 040021
CLIHRO


CLIMATE REPORT
NATIONAL WEATHER SERVICE LITTLE ROCK AR
720 PM CDT FRI JUL 3 2015


...................................

...THE HARRISON CLIMATE SUMMARY FOR JULY 3 2015...
VALID TODAY AS OF 0700 PM LOCAL TIME.

CLIMATE NORMAL PERIOD 1981 TO 2010
CLIMATE RECORD PERIOD 1891 TO 2015


WEATHER ITEM   OBSERVED TIME   RECORD YEAR NORMAL DEPARTURE LAST
                VALUE   (LST)  VALUE       VALUE  FROM      YEAR
                                                  NORMAL
..................................................................
TEMPERATURE (F)
 TODAY
  MAXIMUM         85    137 PM 104    1909  88     -3       79
  MINIMUM         67    415 AM  48    1924  67      0       54
  AVERAGE         76                        77     -1       67

PRECIPITATION (IN)
  TODAY            0.10          2.07 1976   0.10   0.00     0.00
  MONTH TO DATE    1.66                      0.30   1.36     0.00
  SINCE JUN 1      7.18                      4.54   2.64     4.88
  SINCE JAN 1     30.13                     22.54   7.59    20.19

SNOWFALL (IN)
  TODAY            0.0          MM      MM   0.0    0.0      0.0
  MONTH TO DATE    0.0                       0.0    0.0      0.0
  SINCE JUN 1      0.0                       0.0    0.0      0.0
  SINCE JUL 1      0.0                       0.0    0.0      0.0
  SNOW DEPTH       0

DEGREE DAYS
 HEATING
  TODAY            0                         0      0        0
  MONTH TO DATE    0                         0      0        0
  SINCE JUN 1      0                         6     -6        0
  SINCE JUL 1      0                         0      0        0

 COOLING
  TODAY           11                        12     -1        2
  MONTH TO DATE   38                        36      2       23
  SINCE JUN 1    367                       301     66      298
  SINCE JAN 1    491                       440     51      485
..................................................................


WIND (MPH)
  HIGHEST WIND SPEED    12   HIGHEST WIND DIRECTION     N (340)
  HIGHEST GUST SPEED    17   HIGHEST GUST DIRECTION    NW (330)
  AVERAGE WIND SPEED     3.6


SKY COVER
  POSSIBLE SUNSHINE  MM
  AVERAGE SKY COVER 0.5


WEATHER CONDITIONS
 THE FOLLOWING WEATHER WAS RECORDED TODAY.
  THUNDERSTORM
  HEAVY RAIN
  RAIN
  LIGHT RAIN


RELATIVE HUMIDITY (PERCENT)
 HIGHEST   100           300 AM
 LOWEST     69           100 PM
 AVERAGE    85

..........................................................


THE HARRISON CLIMATE NORMALS FOR TOMORROW
                         NORMAL    RECORD    YEAR
 MAXIMUM TEMPERATURE (F)   88       105      1901
 MINIMUM TEMPERATURE (F)   67        42      1924


SUNRISE AND SUNSET
JULY  3 2015..........SUNRISE   600 AM CDT   SUNSET   834 PM CDT
JULY  4 2015..........SUNRISE   600 AM CDT   SUNSET   834 PM CDT


-  INDICATES NEGATIVE NUMBERS.
R  INDICATES RECORD WAS SET OR TIED.
MM INDICATES DATA IS MISSING.
T  INDICATES TRACE AMOUNT.




$$
