000
CDUS44 KLZK 280641
CLIHRO


CLIMATE REPORT
NATIONAL WEATHER SERVICE LITTLE ROCK AR
140 AM CDT SAT MAY 28 2016


...................................

...THE HARRISON CLIMATE SUMMARY FOR MAY 27 2016...

CLIMATE NORMAL PERIOD 1981 TO 2010
CLIMATE RECORD PERIOD 1891 TO 2016


WEATHER ITEM   OBSERVED TIME   RECORD YEAR NORMAL DEPARTURE LAST
                VALUE   (LST)  VALUE       VALUE  FROM      YEAR
                                                  NORMAL
..................................................................
TEMPERATURE (F)
 YESTERDAY
  MAXIMUM         76    345 PM  97    1926  79     -3       83
  MINIMUM         65   1159 PM  35    1901  58      7       65
  AVERAGE         71                        68      3       74

PRECIPITATION (IN)
  YESTERDAY        0.01          1.76 2000   0.13  -0.12     0.04
  MONTH TO DATE    3.44                      4.12  -0.68     9.10
  SINCE MAR 1     10.50                     12.23  -1.73    17.80
  SINCE JAN 1     12.78                     17.43  -4.65    21.34

SNOWFALL (IN)
  YESTERDAY        0.0          MM      MM   0.0    0.0      0.0
  MONTH TO DATE    0.0                       0.0    0.0      0.0
  SINCE MAR 1      0.0                       2.3   -2.3      4.3
  SINCE JUL 1      3.7                      11.5   -7.8     13.6
  SNOW DEPTH       0

DEGREE DAYS
 HEATING
  YESTERDAY        0                         1     -1        0
  MONTH TO DATE  104                        73     31       54
  SINCE MAR 1    620                       822   -202      757
  SINCE JUL 1   3233                      3994   -761     4152

 COOLING
  YESTERDAY        6                         5      1        9
  MONTH TO DATE   56                        83    -27       81
  SINCE MAR 1     79                       120    -41      106
  SINCE JAN 1     79                       120    -41      106
..................................................................


WIND (MPH)
  HIGHEST WIND SPEED    15   HIGHEST WIND DIRECTION     S (160)
  HIGHEST GUST SPEED    20   HIGHEST GUST DIRECTION     S (160)
  AVERAGE WIND SPEED     9.2


SKY COVER
  POSSIBLE SUNSHINE  MM
  AVERAGE SKY COVER 0.5


WEATHER CONDITIONS
 THE FOLLOWING WEATHER WAS RECORDED YESTERDAY.
  LIGHT RAIN


RELATIVE HUMIDITY (PERCENT)
 HIGHEST   100           200 AM
 LOWEST     69           400 PM
 AVERAGE    85

..........................................................


THE HARRISON CLIMATE NORMALS FOR TODAY
                         NORMAL    RECORD    YEAR
 MAXIMUM TEMPERATURE (F)   79        99      1926
 MINIMUM TEMPERATURE (F)   58        34      1907


SUNRISE AND SUNSET
MAY 28 2016...........SUNRISE   558 AM CDT   SUNSET   822 PM CDT
MAY 29 2016...........SUNRISE   557 AM CDT   SUNSET   823 PM CDT


-  INDICATES NEGATIVE NUMBERS.
R  INDICATES RECORD WAS SET OR TIED.
MM INDICATES DATA IS MISSING.
T  INDICATES TRACE AMOUNT.




$$
