000
CDUS44 KLZK 112056
CLIHRO


CLIMATE REPORT
NATIONAL WEATHER SERVICE LITTLE ROCK AR
355 PM CDT FRI JUL 11 2014


...................................

...THE HARRISON CLIMATE SUMMARY FOR JULY 11 2014...
VALID TODAY AS OF 0300 PM LOCAL TIME.

CLIMATE NORMAL PERIOD 1981 TO 2010
CLIMATE RECORD PERIOD 1891 TO 2014


WEATHER ITEM   OBSERVED TIME   RECORD YEAR NORMAL DEPARTURE LAST
                VALUE   (LST)  VALUE       VALUE  FROM      YEAR
                                                  NORMAL
..................................................................
TEMPERATURE (F)
 TODAY
  MAXIMUM         91    233 PM 105    1901  89      2       94
  MINIMUM         66    540 AM  50    1898  68     -2       69
  AVERAGE         79                        78      1       82

PRECIPITATION (IN)
  TODAY            0.00          2.10 1970   0.11  -0.11     0.00
  MONTH TO DATE    0.15                      1.12  -0.97     1.03
  SINCE JUN 1      5.03                      5.36  -0.33     1.99
  SINCE JAN 1     20.34                     23.36  -3.02    20.11

SNOWFALL (IN)
  TODAY            0.0          MM      MM   0.0    0.0      0.0
  MONTH TO DATE    0.0                       0.0    0.0      0.0
  SINCE JUN 1      0.0                       0.0    0.0      0.0
  SINCE JUL 1      0.0                       0.0    0.0      0.0
  SNOW DEPTH       0

DEGREE DAYS
 HEATING
  TODAY            0                         0      0        0
  MONTH TO DATE    0                         0      0        0
  SINCE JUN 1      0                         6     -6        5
  SINCE JUL 1      0                         0      0        0

 COOLING
  TODAY           14                        13      1       17
  MONTH TO DATE  100                       139    -39      128
  SINCE JUN 1    375                       404    -29      434
  SINCE JAN 1    562                       543     19      580
..................................................................


WIND (MPH)
  HIGHEST WIND SPEED    12   HIGHEST WIND DIRECTION    SE (150)
  HIGHEST GUST SPEED    21   HIGHEST GUST DIRECTION     S (160)
  AVERAGE WIND SPEED     5.9


SKY COVER
  POSSIBLE SUNSHINE  MM
  AVERAGE SKY COVER 0.4


WEATHER CONDITIONS
 THE FOLLOWING WEATHER WAS RECORDED TODAY.
  NO SIGNIFICANT WEATHER WAS OBSERVED.


RELATIVE HUMIDITY (PERCENT)
 HIGHEST    93          1200 AM
 LOWEST     52           200 PM
 AVERAGE    73

..........................................................


THE HARRISON CLIMATE NORMALS FOR TOMORROW
                         NORMAL    RECORD    YEAR
 MAXIMUM TEMPERATURE (F)   89       109      1901
 MINIMUM TEMPERATURE (F)   68        50      1898


SUNRISE AND SUNSET
JULY 11 2014..........SUNRISE   604 AM CDT   SUNSET   832 PM CDT
JULY 12 2014..........SUNRISE   605 AM CDT   SUNSET   831 PM CDT


-  INDICATES NEGATIVE NUMBERS.
R  INDICATES RECORD WAS SET OR TIED.
MM INDICATES DATA IS MISSING.
T  INDICATES TRACE AMOUNT.




$$
