000
CDUS44 KLZK 271003
CLIHRO


CLIMATE REPORT
NATIONAL WEATHER SERVICE LITTLE ROCK AR
402 AM CST TUE JAN 27 2015


...................................

...THE HARRISON CLIMATE SUMMARY FOR JANUARY 26 2015...

CLIMATE NORMAL PERIOD 1981 TO 2010
CLIMATE RECORD PERIOD 1891 TO 2015


WEATHER ITEM   OBSERVED TIME   RECORD YEAR NORMAL DEPARTURE LAST
                VALUE   (LST)  VALUE       VALUE  FROM      YEAR
                                                  NORMAL
..................................................................
TEMPERATURE (F)
 YESTERDAY
  MAXIMUM         60    351 PM  77    1952  47     13       68
  MINIMUM         33    800 AM  -5    1904  27      6       29
  AVERAGE         47                        37     10       49

PRECIPITATION (IN)
  YESTERDAY        0.00          1.11 1994   0.08  -0.08     0.00
  MONTH TO DATE    1.82                      2.16  -0.34     1.03
  SINCE DEC 1      4.07                      5.36  -1.29     4.78
  SINCE JAN 1      1.82                      2.16  -0.34     1.03

SNOWFALL (IN)
  YESTERDAY        0.0           1.1  1979   0.2   -0.2      0.0
  MONTH TO DATE    T                         3.4   -3.4      1.0
  SINCE DEC 1      T                         4.7   -4.7     10.0
  SINCE JUL 1      0.6                       5.2   -4.6     10.0
  SNOW DEPTH       0

DEGREE DAYS
 HEATING
  YESTERDAY       18                        28    -10       16
  MONTH TO DATE  749                       748      1      812
  SINCE DEC 1   1528                      1583    -55     1690
  SINCE JUL 1   2382                      2347     35     2503

 COOLING
  YESTERDAY        0                         0      0        0
  MONTH TO DATE    0                         0      0        0
  SINCE DEC 1      0                         0      0        0
  SINCE JAN 1      0                         0      0        0
..................................................................


WIND (MPH)
  HIGHEST WIND SPEED    17   HIGHEST WIND DIRECTION     W (250)
  HIGHEST GUST SPEED    24   HIGHEST GUST DIRECTION     W (250)
  AVERAGE WIND SPEED     8.6


SKY COVER
  POSSIBLE SUNSHINE  MM
  AVERAGE SKY COVER 0.3


WEATHER CONDITIONS
 THE FOLLOWING WEATHER WAS RECORDED YESTERDAY.
  NO SIGNIFICANT WEATHER WAS OBSERVED.


RELATIVE HUMIDITY (PERCENT)
 HIGHEST    89           300 AM
 LOWEST     33           300 PM
 AVERAGE    61

..........................................................


THE HARRISON CLIMATE NORMALS FOR TODAY
                         NORMAL    RECORD    YEAR
 MAXIMUM TEMPERATURE (F)   47        76      1975
                                             1914
 MINIMUM TEMPERATURE (F)   27         0      1897


SUNRISE AND SUNSET
JANUARY 27 2015.......SUNRISE   717 AM CST   SUNSET   534 PM CST
JANUARY 28 2015.......SUNRISE   717 AM CST   SUNSET   535 PM CST


-  INDICATES NEGATIVE NUMBERS.
R  INDICATES RECORD WAS SET OR TIED.
MM INDICATES DATA IS MISSING.
T  INDICATES TRACE AMOUNT.




$$
