000
CDUS44 KLZK 240640
CLIHRO


CLIMATE REPORT
NATIONAL WEATHER SERVICE LITTLE ROCK AR
139 AM CDT WED MAY 24 2017


...................................

...THE HARRISON CLIMATE SUMMARY FOR MAY 23 2017...

CLIMATE NORMAL PERIOD 1981 TO 2010
CLIMATE RECORD PERIOD 1891 TO 2017


WEATHER ITEM   OBSERVED TIME   RECORD YEAR NORMAL DEPARTURE LAST
                VALUE   (LST)  VALUE       VALUE  FROM      YEAR
                                                  NORMAL
..................................................................
TEMPERATURE (F)
 YESTERDAY
  MAXIMUM         72    125 PM  93    2000  78     -6       78
  MINIMUM         53   1159 PM  36    1963  57     -4       53
                                      1917
  AVERAGE         63                        68     -5       66

PRECIPITATION (IN)
  YESTERDAY        0.06          2.50 1957   0.14  -0.08      T
  MONTH TO DATE    4.56                      3.60   0.96     1.64
  SINCE MAR 1     21.88                     11.71  10.17     8.70
  SINCE JAN 1     25.46                     16.91   8.55    10.98

SNOWFALL (IN)
  YESTERDAY        0.0          MM      MM   0.0    0.0      0.0
  MONTH TO DATE    0.0                       0.0    0.0      0.0
  SINCE MAR 1      2.5                       2.3    0.2      0.0
  SINCE JUL 1      3.4                      11.5   -8.1      3.7
  SNOW DEPTH       0

DEGREE DAYS
 HEATING
  YESTERDAY        2                         2      0        0
  MONTH TO DATE   62                        68     -6      104
  SINCE MAR 1    578                       817   -239      620
  SINCE JUL 1   2984                      3989  -1005     3233

 COOLING
  YESTERDAY        0                         4     -4        1
  MONTH TO DATE   60                        65     -5       25
  SINCE MAR 1    106                       102      4       48
  SINCE JAN 1    113                       102     11       48
..................................................................


WIND (MPH)
  HIGHEST WIND SPEED    15   HIGHEST WIND DIRECTION    NW (300)
  HIGHEST GUST SPEED    21   HIGHEST GUST DIRECTION    NW (300)
  AVERAGE WIND SPEED     6.3


SKY COVER
  POSSIBLE SUNSHINE  MM
  AVERAGE SKY COVER 0.7


WEATHER CONDITIONS
 THE FOLLOWING WEATHER WAS RECORDED YESTERDAY.
  RAIN
  LIGHT RAIN
  FOG


RELATIVE HUMIDITY (PERCENT)
 HIGHEST    93           700 PM
 LOWEST     63          1200 PM
 AVERAGE    78

..........................................................


THE HARRISON CLIMATE NORMALS FOR TODAY
                         NORMAL    RECORD    YEAR
 MAXIMUM TEMPERATURE (F)   78        97      1926
 MINIMUM TEMPERATURE (F)   57        41      1930
                                             1913


SUNRISE AND SUNSET
MAY 24 2017...........SUNRISE   600 AM CDT   SUNSET   819 PM CDT
MAY 25 2017...........SUNRISE   559 AM CDT   SUNSET   820 PM CDT


-  INDICATES NEGATIVE NUMBERS.
R  INDICATES RECORD WAS SET OR TIED.
MM INDICATES DATA IS MISSING.
T  INDICATES TRACE AMOUNT.




$$
