720
CDUS42 KMHX 290526
CLIHSE


CLIMATE REPORT
NATIONAL WEATHER SERVICE NEWPORT/MOREHEAD CITY NC
125 AM EDT SUN MAY 29 2016


...................................

...THE CAPE HATTERAS NC CLIMATE SUMMARY FOR MAY 28 2016...

CLIMATE NORMAL PERIOD 1981 TO 2010
CLIMATE RECORD PERIOD 1874 TO 2016


WEATHER ITEM   OBSERVED TIME   RECORD YEAR NORMAL DEPARTURE LAST
                VALUE   (LST)  VALUE       VALUE  FROM      YEAR
                                                  NORMAL
..................................................................
TEMPERATURE (F)
 YESTERDAY
  MAXIMUM         86    109 PM  87    1991  77      9       82
  MINIMUM         69    114 AM  48    1983  64      5       70
  AVERAGE         78                        70      8       76

PRECIPITATION (IN)
  YESTERDAY        0.01          1.16 1938   0.11  -0.10     0.00
  MONTH TO DATE    4.46                      3.24   1.22     3.21
  SINCE MAR 1     12.74                     11.65   1.09     7.68
  SINCE JAN 1     25.85                     20.91   4.94    19.63

SNOWFALL (IN)
  YESTERDAY        0.0
  MONTH TO DATE    0.0
  SINCE NOV 1      T
  SINCE JUL 1      T
  SNOW DEPTH       0

DEGREE DAYS
 HEATING
  YESTERDAY        0                         1     -1        0
  MONTH TO DATE   21                        49    -28       56
  SINCE MAR 1    387                       659   -272      633
  SINCE JUL 1   1700                      2583   -883     2806

 COOLING
  YESTERDAY       13                         6      7       11
  MONTH TO DATE  121                        97     24      113
  SINCE MAR 1    175                       125     50      130
  SINCE JAN 1    176                       125     51      132
..................................................................


WIND (MPH)
  HIGHEST WIND SPEED    15   HIGHEST WIND DIRECTION     E (110)
  HIGHEST GUST SPEED    19   HIGHEST GUST DIRECTION     E (110)
  AVERAGE WIND SPEED     7.6


SKY COVER
  POSSIBLE SUNSHINE  MM
  AVERAGE SKY COVER 0.2


WEATHER CONDITIONS
 THE FOLLOWING WEATHER WAS RECORDED YESTERDAY.
  LIGHT RAIN


RELATIVE HUMIDITY (PERCENT)
 HIGHEST    93           900 PM
 LOWEST     55           200 PM
 AVERAGE    74

..........................................................


THE CAPE HATTERAS NC CLIMATE NORMALS FOR TODAY
                         NORMAL    RECORD    YEAR
 MAXIMUM TEMPERATURE (F)   77        91      1991
 MINIMUM TEMPERATURE (F)   64        49      1961


SUNRISE AND SUNSET
MAY 29 2016...........SUNRISE   550 AM EDT   SUNSET   810 PM EDT
MAY 30 2016...........SUNRISE   550 AM EDT   SUNSET   811 PM EDT


-  INDICATES NEGATIVE NUMBERS.
R  INDICATES RECORD WAS SET OR TIED.
MM INDICATES DATA IS MISSING.
T  INDICATES TRACE AMOUNT.




$$
