000
CDUS42 KMHX 250629
CLIHSE


CLIMATE REPORT
NATIONAL WEATHER SERVICE NEWPORT/MOREHEAD CITY NC
128 AM EST TUE NOV 25 2014


...................................

...THE CAPE HATTERAS NC CLIMATE SUMMARY FOR NOVEMBER 24 2014...

CLIMATE NORMAL PERIOD 1981 TO 2010
CLIMATE RECORD PERIOD 1874 TO 2014


WEATHER ITEM   OBSERVED TIME   RECORD YEAR NORMAL DEPARTURE LAST
                VALUE   (LST)  VALUE       VALUE  FROM      YEAR
                                                  NORMAL
..................................................................
TEMPERATURE (F)
 YESTERDAY
  MAXIMUM         70    150 PM  77    1986  62      8       51
                                      1983
  MINIMUM         64   1129 PM  29    1989  49     15       34
                                      1972
  AVERAGE         67                        55     12       43

PRECIPITATION (IN)
  YESTERDAY        0.66          1.11 1975   0.15   0.51     0.00
  MONTH TO DATE    3.42                      4.06  -0.64     1.68
  SINCE SEP 1     17.49                     15.69   1.80    15.96
  SINCE JAN 1     58.54                     52.88   5.66    47.16

SNOWFALL (IN)
  YESTERDAY        0.0
  MONTH TO DATE    0.0
  SINCE NOV 1      0.0
  SINCE JUL 1      0.0
  SNOW DEPTH       0

DEGREE DAYS
 HEATING
  YESTERDAY        0                        10    -10       22
  MONTH TO DATE  257                       176     81      162
  SINCE SEP 1    317                       251     66      213
  SINCE JUL 1    317                       251     66      213

 COOLING
  YESTERDAY        2                         0      2        0
  MONTH TO DATE    2                        22    -20       22
  SINCE SEP 1    388                       406    -18      446
  SINCE JAN 1   1764                      1712     52     1990
..................................................................


WIND (MPH)
  HIGHEST WIND SPEED    35   HIGHEST WIND DIRECTION     S (170)
  HIGHEST GUST SPEED    46   HIGHEST GUST DIRECTION     S (170)
  AVERAGE WIND SPEED    13.8


SKY COVER
  POSSIBLE SUNSHINE  MM
  AVERAGE SKY COVER 0.9


WEATHER CONDITIONS
 THE FOLLOWING WEATHER WAS RECORDED YESTERDAY.
  HEAVY RAIN
  RAIN
  LIGHT RAIN
  FOG


RELATIVE HUMIDITY (PERCENT)
 HIGHEST   100           100 PM
 LOWEST     87          1200 AM
 AVERAGE    94

..........................................................


THE CAPE HATTERAS NC CLIMATE NORMALS FOR TODAY
                         NORMAL    RECORD    YEAR
 MAXIMUM TEMPERATURE (F)   61        76      1900
 MINIMUM TEMPERATURE (F)   49        26      1950


SUNRISE AND SUNSET
NOVEMBER 25 2014......SUNRISE   647 AM EST   SUNSET   452 PM EST
NOVEMBER 26 2014......SUNRISE   648 AM EST   SUNSET   451 PM EST


-  INDICATES NEGATIVE NUMBERS.
R  INDICATES RECORD WAS SET OR TIED.
MM INDICATES DATA IS MISSING.
T  INDICATES TRACE AMOUNT.




$$
