000
CDUS42 KMHX 192230
CLIHSE


CLIMATE REPORT
NATIONAL WEATHER SERVICE NEWPORT/MOREHEAD CITY NC
530 PM EST SUN FEB 19 2017


...................................

...THE CAPE HATTERAS NC CLIMATE SUMMARY FOR FEBRUARY 19 2017...
VALID TODAY AS OF 0500 PM LOCAL TIME.

CLIMATE NORMAL PERIOD 1981 TO 2010
CLIMATE RECORD PERIOD 1874 TO 2017


WEATHER ITEM   OBSERVED TIME   RECORD YEAR NORMAL DEPARTURE LAST
                VALUE   (LST)  VALUE       VALUE  FROM      YEAR
                                                  NORMAL
..................................................................
TEMPERATURE (F)
 TODAY
  MAXIMUM         64    302 PM  73    1991  54     10       48
  MINIMUM         55    643 AM  18    1958  40     15       36
  AVERAGE         60                        47     13       42

PRECIPITATION (IN)
  TODAY            0.00          1.76 1927   0.14  -0.14     0.00
  MONTH TO DATE    1.21                      2.74  -1.53     6.96
  SINCE DEC 1     11.20                     12.25  -1.05    16.80
  SINCE JAN 1      6.19                      7.98  -1.79    11.83

SNOWFALL (IN)
  TODAY            0.0
  MONTH TO DATE    0.0
  SINCE NOV 1      T
  SINCE JUL 1      T
  SNOW DEPTH       0

DEGREE DAYS
 HEATING
  TODAY            5                        18    -13       23
  MONTH TO DATE  218                       355   -137      349
  SINCE DEC 1   1004                      1450   -446     1038
  SINCE JUL 1   1276                      1768   -492     1210

 COOLING
  TODAY            0                         0      0        0
  MONTH TO DATE    0                         0      0        1
  SINCE DEC 1      3                         3      0       65
  SINCE JAN 1      0                         0      0        1
..................................................................


WIND (MPH)
  HIGHEST WIND SPEED    15   HIGHEST WIND DIRECTION     W (250)
  HIGHEST GUST SPEED    21   HIGHEST GUST DIRECTION    SW (240)
  AVERAGE WIND SPEED     6.8


SKY COVER
  POSSIBLE SUNSHINE  MM
  AVERAGE SKY COVER 0.2


WEATHER CONDITIONS
 THE FOLLOWING WEATHER WAS RECORDED TODAY.
  HAZE


RELATIVE HUMIDITY (PERCENT)
 HIGHEST    78          1200 AM
 LOWEST     52           300 PM
 AVERAGE    65

..........................................................


THE CAPE HATTERAS NC CLIMATE NORMALS FOR TOMORROW
                         NORMAL    RECORD    YEAR
 MAXIMUM TEMPERATURE (F)   54        71      1994
                                             1991
                                             1948
 MINIMUM TEMPERATURE (F)   40        12      2015


SUNRISE AND SUNSET
FEBRUARY 19 2017......SUNRISE   644 AM EST   SUNSET   549 PM EST
FEBRUARY 20 2017......SUNRISE   643 AM EST   SUNSET   550 PM EST


-  INDICATES NEGATIVE NUMBERS.
R  INDICATES RECORD WAS SET OR TIED.
MM INDICATES DATA IS MISSING.
T  INDICATES TRACE AMOUNT.




$$
