000
CDUS42 KMHX 010526
CLIHSE


CLIMATE REPORT
NATIONAL WEATHER SERVICE NEWPORT/MOREHEAD CITY NC
126 AM EDT TUE SEP 1 2015


...................................

...THE CAPE HATTERAS NC CLIMATE SUMMARY FOR AUGUST 31 2015...

CLIMATE NORMAL PERIOD 1981 TO 2010
CLIMATE RECORD PERIOD 1874 TO 2015


WEATHER ITEM   OBSERVED TIME   RECORD YEAR NORMAL DEPARTURE LAST
                VALUE   (LST)  VALUE       VALUE  FROM      YEAR
                                                  NORMAL
..................................................................
TEMPERATURE (F)
 YESTERDAY
  MAXIMUM         82   1115 AM  91    2013  83     -1       87
                                      1970
                                      1932
  MINIMUM         73    525 AM  61    1982  72      1       78
  AVERAGE         78                        77      1       83

PRECIPITATION (IN)
  YESTERDAY        0.36          7.51 1993   0.25   0.11      T
  MONTH TO DATE    5.67                      6.93  -1.26    10.05
  SINCE JUN 1     17.07                     15.95   1.12    18.26
  SINCE JAN 1     36.70                     37.19  -0.49    41.05

SNOWFALL (IN)
  YESTERDAY        0.0
  MONTH TO DATE    0.0
  SINCE NOV 1      2.0
  SINCE JUL 1      0.0
  SNOW DEPTH       0

DEGREE DAYS
 HEATING
  YESTERDAY        0                         0      0        0
  MONTH TO DATE    0                         0      0        0
  SINCE JUN 1      0                         3     -3        0
  SINCE JUL 1      0                         0      0        0

 COOLING
  YESTERDAY       13                        12      1       18
  MONTH TO DATE  433                       418     15      429
  SINCE JUN 1   1349                      1163    186     1140
  SINCE JAN 1   1516                      1306    210     1376
..................................................................


WIND (MPH)
  HIGHEST WIND SPEED    17   HIGHEST WIND DIRECTION     S (170)
  HIGHEST GUST SPEED    23   HIGHEST GUST DIRECTION     S (170)
  AVERAGE WIND SPEED     6.9


SKY COVER
  POSSIBLE SUNSHINE  MM
  AVERAGE SKY COVER 0.5


WEATHER CONDITIONS
 THE FOLLOWING WEATHER WAS RECORDED YESTERDAY.
  RAIN
  LIGHT RAIN


RELATIVE HUMIDITY (PERCENT)
 HIGHEST    94           300 PM
 LOWEST     74          1000 AM
 AVERAGE    84

..........................................................


THE CAPE HATTERAS NC CLIMATE NORMALS FOR TODAY
                         NORMAL    RECORD    YEAR
 MAXIMUM TEMPERATURE (F)   83        92      1932
 MINIMUM TEMPERATURE (F)   72        55      1976


SUNRISE AND SUNSET
SEPTEMBER  1 2015.....SUNRISE   635 AM EDT   SUNSET   730 PM EDT
SEPTEMBER  2 2015.....SUNRISE   635 AM EDT   SUNSET   728 PM EDT


-  INDICATES NEGATIVE NUMBERS.
R  INDICATES RECORD WAS SET OR TIED.
MM INDICATES DATA IS MISSING.
T  INDICATES TRACE AMOUNT.




$$
