000
CDUS42 KMHX 121735
CLIHSE


CLIMATE REPORT
NATIONAL WEATHER SERVICE NEWPORT/MOREHEAD CITY NC
1231 PM EST FRI FEB 12 2016


...................................

...THE CAPE HATTERAS NC CLIMATE SUMMARY FOR JANUARY 20 2016 CORRECTION...

CLIMATE NORMAL PERIOD 1981 TO 2010
CLIMATE RECORD PERIOD 1874 TO 2016


WEATHER ITEM   OBSERVED TIME   RECORD YEAR NORMAL DEPARTURE LAST
                VALUE   (LST)  VALUE       VALUE  FROM      YEAR
                                                  NORMAL
..................................................................
TEMPERATURE (F)
 YESTERDAY
  MAXIMUM         37   1151 PM  72    1907  52    -15       60
  MINIMUM         28    624 AM  10    1985  39    -11       53
  AVERAGE         33                        45    -12       57

PRECIPITATION (IN)
  YESTERDAY        T             3.03 1978   0.17  -0.17     0.00
  MONTH TO DATE    2.96                      3.40  -0.44     2.57
  SINCE DEC 1      7.93                      7.67   0.26     5.02
  SINCE JAN 1      2.96                      3.40  -0.44     2.57

SNOWFALL (IN)
  YESTERDAY        0.0 *
  MONTH TO DATE    T
  SINCE NOV 1      T
  SINCE JUL 1      T
  SNOW DEPTH       0

DEGREE DAYS
 HEATING
  YESTERDAY       32                        20     12        8
  MONTH TO DATE  363                       393    -30      351
  SINCE DEC 1    486                       882   -396      813
  SINCE JUL 1    658                      1200   -542     1214

 COOLING
  YESTERDAY        0                         0      0        0
  MONTH TO DATE    0                         0      0        2
  SINCE DEC 1     64                         3     61        2
  SINCE JAN 1      0                         0      0        2
..................................................................


WIND (MPH)
  HIGHEST WIND SPEED    14   HIGHEST WIND DIRECTION    NW (330)
  HIGHEST GUST SPEED    23   HIGHEST GUST DIRECTION    NW (320)
  AVERAGE WIND SPEED     6.2


SKY COVER
  POSSIBLE SUNSHINE  MM
  AVERAGE SKY COVER 0.3


WEATHER CONDITIONS
 THE FOLLOWING WEATHER WAS RECORDED YESTERDAY.
  LIGHT RAIN


RELATIVE HUMIDITY (PERCENT)
 HIGHEST    69          1100 AM
 LOWEST     39           100 AM
 AVERAGE    54

..........................................................


THE CAPE HATTERAS NC CLIMATE NORMALS FOR TODAY
                         NORMAL    RECORD    YEAR
 MAXIMUM TEMPERATURE (F)   52        73      1937
 MINIMUM TEMPERATURE (F)   39         6      1985


SUNRISE AND SUNSET
JANUARY 21 2016.......SUNRISE   709 AM EST   SUNSET   519 PM EST
JANUARY 22 2016.......SUNRISE   708 AM EST   SUNSET   520 PM EST


-  INDICATES NEGATIVE NUMBERS.
R  INDICATES RECORD WAS SET OR TIED.
MM INDICATES DATA IS MISSING.
T  INDICATES TRACE AMOUNT.

* NOTE: REMOVED THE MISSING SNOWFALL VALUE TO ZERO. THERE WAS NO
  SNOWFALL OBSERVED.


$$
