000
CDUS42 KMHX 050527
CLIHSE


CLIMATE REPORT
NATIONAL WEATHER SERVICE NEWPORT/MOREHEAD CITY NC
126 AM EDT WED AUG 5 2015


...................................

...THE CAPE HATTERAS NC CLIMATE SUMMARY FOR AUGUST 4 2015...

CLIMATE NORMAL PERIOD 1981 TO 2010
CLIMATE RECORD PERIOD 1874 TO 2015


WEATHER ITEM   OBSERVED TIME   RECORD YEAR NORMAL DEPARTURE LAST
                VALUE   (LST)  VALUE       VALUE  FROM      YEAR
                                                  NORMAL
..................................................................
TEMPERATURE (F)
 YESTERDAY
  MAXIMUM         84    324 PM  93    1991  85     -1       78
  MINIMUM         75    540 PM  57    1959  73      2       72
  AVERAGE         80                        79      1       75

PRECIPITATION (IN)
  YESTERDAY        0.05          2.35 1950   0.21  -0.16     0.98
  MONTH TO DATE    2.47                      0.80   1.67     4.84
  SINCE JUN 1     13.87                      9.82   4.05    13.05
  SINCE JAN 1     33.50                     31.06   2.44    35.84

SNOWFALL (IN)
  YESTERDAY        0.0
  MONTH TO DATE    0.0
  SINCE NOV 1      2.0
  SINCE JUL 1      0.0
  SNOW DEPTH       0

DEGREE DAYS
 HEATING
  YESTERDAY        0                         0      0        0
  MONTH TO DATE    0                         0      0        0
  SINCE JUN 1      0                         3     -3        0
  SINCE JUL 1      0                         0      0        0

 COOLING
  YESTERDAY       15                        14      1       10
  MONTH TO DATE   59                        56      3       44
  SINCE JUN 1    975                       801    174      755
  SINCE JAN 1   1142                       944    198      991
..................................................................


WIND (MPH)
  HIGHEST WIND SPEED    24   HIGHEST WIND DIRECTION     S (200)
  HIGHEST GUST SPEED    31   HIGHEST GUST DIRECTION     S (200)
  AVERAGE WIND SPEED    10.3


SKY COVER
  POSSIBLE SUNSHINE  MM
  AVERAGE SKY COVER 0.4


WEATHER CONDITIONS
 THE FOLLOWING WEATHER WAS RECORDED YESTERDAY.
  LIGHT RAIN


RELATIVE HUMIDITY (PERCENT)
 HIGHEST    94           600 PM
 LOWEST     74          1100 AM
 AVERAGE    84

..........................................................


THE CAPE HATTERAS NC CLIMATE NORMALS FOR TODAY
                         NORMAL    RECORD    YEAR
 MAXIMUM TEMPERATURE (F)   85        91      1984
                                             1935
 MINIMUM TEMPERATURE (F)   73        60      1976


SUNRISE AND SUNSET
AUGUST  5 2015........SUNRISE   614 AM EDT   SUNSET   802 PM EDT
AUGUST  6 2015........SUNRISE   615 AM EDT   SUNSET   801 PM EDT


-  INDICATES NEGATIVE NUMBERS.
R  INDICATES RECORD WAS SET OR TIED.
MM INDICATES DATA IS MISSING.
T  INDICATES TRACE AMOUNT.




$$
