000
CDUS42 KMHX 182227
CLIHSE


CLIMATE REPORT
NATIONAL WEATHER SERVICE NEWPORT/MOREHEAD CITY NC
526 PM EST SAT NOV 18 2017


...................................

...THE CAPE HATTERAS NC CLIMATE SUMMARY FOR NOVEMBER 18 2017...
VALID TODAY AS OF 0500 PM LOCAL TIME.

CLIMATE NORMAL PERIOD 1981 TO 2010
CLIMATE RECORD PERIOD 1874 TO 2017


WEATHER ITEM   OBSERVED TIME   RECORD YEAR NORMAL DEPARTURE LAST
                VALUE   (LST)  VALUE       VALUE  FROM      YEAR
                                                  NORMAL
..................................................................
TEMPERATURE (F)
 TODAY
  MAXIMUM         66    247 PM  79    1994  63      3       64
  MINIMUM         36    159 AM  28    1973  51    -15       47
  AVERAGE         51                        57     -6       56

PRECIPITATION (IN)
  TODAY            0.00          2.00 1932   0.16  -0.16     0.00
  MONTH TO DATE    1.07                      3.16  -2.09     1.08
  SINCE SEP 1     10.32                     14.79  -4.47    14.98
  SINCE JAN 1     52.68                     51.98   0.70    67.24

SNOWFALL (IN)
  TODAY            0.0
  MONTH TO DATE    0.0
  SINCE NOV 1      0.0
  SINCE JUL 1      0.0
  SNOW DEPTH       0

DEGREE DAYS
 HEATING
  TODAY           14                         9      5        9
  MONTH TO DATE   97                       119    -22      110
  SINCE SEP 1    130                       194    -64      141
  SINCE JUL 1    130                       194    -64      141

 COOLING
  TODAY            0                         1     -1        0
  MONTH TO DATE   29                        18     11        9
  SINCE SEP 1    589                       402    187      578
  SINCE JAN 1   2350                      1708    642     2213
..................................................................


WIND (MPH)
  HIGHEST WIND SPEED    14   HIGHEST WIND DIRECTION    SW (210)
  HIGHEST GUST SPEED    19   HIGHEST GUST DIRECTION    SW (220)
  AVERAGE WIND SPEED     5.2


SKY COVER
  POSSIBLE SUNSHINE  MM
  AVERAGE SKY COVER 0.0


WEATHER CONDITIONS
 THE FOLLOWING WEATHER WAS RECORDED TODAY.
  NO SIGNIFICANT WEATHER WAS OBSERVED.


RELATIVE HUMIDITY (PERCENT)
 HIGHEST   100          1200 AM
 LOWEST     67          1100 AM
 AVERAGE    84

..........................................................


THE CAPE HATTERAS NC CLIMATE NORMALS FOR TOMORROW
                         NORMAL    RECORD    YEAR
 MAXIMUM TEMPERATURE (F)   63        78      1931
 MINIMUM TEMPERATURE (F)   50        28      1980


SUNRISE AND SUNSET
NOVEMBER 18 2017......SUNRISE   641 AM EST   SUNSET   455 PM EST
NOVEMBER 19 2017......SUNRISE   642 AM EST   SUNSET   454 PM EST


-  INDICATES NEGATIVE NUMBERS.
R  INDICATES RECORD WAS SET OR TIED.
MM INDICATES DATA IS MISSING.
T  INDICATES TRACE AMOUNT.




$$
