000
CDUS42 KMHX 290526
CLIHSE


CLIMATE REPORT
NATIONAL WEATHER SERVICE NEWPORT/MOREHEAD CITY NC
126 AM EDT FRI AUG 29 2014


...................................

...THE CAPE HATTERAS NC CLIMATE SUMMARY FOR AUGUST 28 2014...

CLIMATE NORMAL PERIOD 1981 TO 2010
CLIMATE RECORD PERIOD 1874 TO 2014


WEATHER ITEM   OBSERVED TIME   RECORD YEAR NORMAL DEPARTURE LAST
                VALUE   (LST)  VALUE       VALUE  FROM      YEAR
                                                  NORMAL
..................................................................
TEMPERATURE (F)
 YESTERDAY
  MAXIMUM         86    223 PM  92    1881  83      3       84
  MINIMUM         73    514 AM  59    1984  72      1       77
  AVERAGE         80                        78      2       81

PRECIPITATION (IN)
  YESTERDAY        0.00          5.72 1962   0.25  -0.25      T
  MONTH TO DATE   10.05                      6.19   3.86     3.75
  SINCE JUN 1     18.26                     15.21   3.05    11.98
  SINCE JAN 1     41.05                     36.45   4.60    31.17

SNOWFALL (IN)
  YESTERDAY        0.0
  MONTH TO DATE    0.0
  SINCE NOV 1      5.7
  SINCE JUL 1      0.0
  SNOW DEPTH       0

DEGREE DAYS
 HEATING
  YESTERDAY        0                         0      0        0
  MONTH TO DATE    0                         0      0        0
  SINCE JUN 1      0                         3     -3        0
  SINCE JUL 1      0                         0      0        0

 COOLING
  YESTERDAY       15                        13      2       16
  MONTH TO DATE  381                       381      0      426
  SINCE JUN 1   1092                      1126    -34     1336
  SINCE JAN 1   1328                      1269     59     1498
..................................................................


WIND (MPH)
  HIGHEST WIND SPEED    13   HIGHEST WIND DIRECTION    SW (240)
  HIGHEST GUST SPEED    18   HIGHEST GUST DIRECTION     W (290)
  AVERAGE WIND SPEED     8.1


SKY COVER
  POSSIBLE SUNSHINE  MM
  AVERAGE SKY COVER 0.0


WEATHER CONDITIONS
 THE FOLLOWING WEATHER WAS RECORDED YESTERDAY.
  NO SIGNIFICANT WEATHER WAS OBSERVED.


RELATIVE HUMIDITY (PERCENT)
 HIGHEST   100          1000 PM
 LOWEST     59           200 PM
 AVERAGE    80

..........................................................


THE CAPE HATTERAS NC CLIMATE NORMALS FOR TODAY
                         NORMAL    RECORD    YEAR
 MAXIMUM TEMPERATURE (F)   83        92      1993
 MINIMUM TEMPERATURE (F)   72        61      1966


SUNRISE AND SUNSET
AUGUST 29 2014........SUNRISE   633 AM EDT   SUNSET   733 PM EDT
AUGUST 30 2014........SUNRISE   633 AM EDT   SUNSET   732 PM EDT


-  INDICATES NEGATIVE NUMBERS.
R  INDICATES RECORD WAS SET OR TIED.
MM INDICATES DATA IS MISSING.
T  INDICATES TRACE AMOUNT.




$$
