000
CDUS43 KGID 240645
CLIHSI


CLIMATE REPORT
NATIONAL WEATHER SERVICE HASTINGS NE
145 AM CDT THU JUL 24 2014


...................................

...THE HASTINGS NE CLIMATE SUMMARY FOR JULY 23 2014...

CLIMATE NORMAL PERIOD 1981 TO 2010
CLIMATE RECORD PERIOD 1894 TO 2014


WEATHER ITEM   OBSERVED TIME   RECORD YEAR NORMAL DEPARTURE LAST
                VALUE   (LST)  VALUE       VALUE  FROM      YEAR
                                                  NORMAL
..................................................................
TEMPERATURE (F)
 YESTERDAY
  MAXIMUM         83    431 PM 106    1943  88     -5       82
  MINIMUM         65    526 AM  49    1948  67     -2       63
  AVERAGE         74                        77     -3       73

PRECIPITATION (IN)
  YESTERDAY        0.00          1.04 1949   0.09  -0.09     0.69
  MONTH TO DATE    1.45                      2.92  -1.47     0.97
  SINCE JUN 1     10.14                      6.72   3.42     2.21
  SINCE JAN 1     17.08                     16.54   0.54    14.01

SNOWFALL (IN)
  YESTERDAY        0.0                       0.0    0.0      0.0
  MONTH TO DATE    0.0                       0.0    0.0      0.0
  SINCE JUN 1      0.0                       0.0    0.0      0.0
  SINCE JUL 1      0.0                       0.0    0.0      0.0
  SNOW DEPTH       0

DEGREE DAYS
 HEATING
  YESTERDAY        0                         0      0        0
  MONTH TO DATE    6                         0      6        0
  SINCE JUN 1     14                        21     -7       27
  SINCE JUL 1      6                         0      6        0

 COOLING
  YESTERDAY        9                        12     -3        8
  MONTH TO DATE  197                       279    -82      305
  SINCE JUN 1    428                       504    -76      541
  SINCE JAN 1    546                       563    -17      615
..................................................................


WIND (MPH)
  HIGHEST WIND SPEED    16   HIGHEST WIND DIRECTION     E (80)
  HIGHEST GUST SPEED    21   HIGHEST GUST DIRECTION     E (80)
  AVERAGE WIND SPEED     6.5


SKY COVER
  AVERAGE SKY COVER 0.1


WEATHER CONDITIONS
 THE FOLLOWING WEATHER WAS RECORDED YESTERDAY.
  NO SIGNIFICANT WEATHER WAS OBSERVED.


RELATIVE HUMIDITY (PERCENT)
 HIGHEST    87           200 AM
 LOWEST     43           500 PM
 AVERAGE    65

..........................................................


THE HASTINGS NE CLIMATE NORMALS FOR TODAY
                         NORMAL    RECORD    YEAR
 MAXIMUM TEMPERATURE (F)   88       116      1936
 MINIMUM TEMPERATURE (F)   67        53      1911


SUNRISE AND SUNSET
JULY 24 2014..........SUNRISE   623 AM CDT   SUNSET   857 PM CDT
JULY 25 2014..........SUNRISE   624 AM CDT   SUNSET   856 PM CDT


-  INDICATES NEGATIVE NUMBERS.
R  INDICATES RECORD WAS SET OR TIED.
MM INDICATES DATA IS MISSING.
T  INDICATES TRACE AMOUNT.




$$
