000
CDUS43 KGID 290629
CLIHSI


CLIMATE REPORT
NATIONAL WEATHER SERVICE HASTINGS NE
128 AM CDT SUN MAR 29 2015


...................................

...THE HASTINGS NE CLIMATE SUMMARY FOR MARCH 28 2015...

CLIMATE NORMAL PERIOD 1981 TO 2010
CLIMATE RECORD PERIOD 1894 TO 2015


WEATHER ITEM   OBSERVED TIME   RECORD YEAR NORMAL DEPARTURE LAST
                VALUE   (LST)  VALUE       VALUE  FROM      YEAR
                                                  NORMAL
..................................................................
TEMPERATURE (F)
 YESTERDAY
  MAXIMUM         64    456 PM  84    1910  57      7       53
  MINIMUM         25    435 AM   8    1913  33     -8       22
  AVERAGE         45                        44      1       38

PRECIPITATION (IN)
  YESTERDAY        0.00          1.46 1977   0.09  -0.09     0.00
  MONTH TO DATE    0.20                      1.51  -1.31     0.15
  SINCE MAR 1      0.20                      1.51  -1.31     0.15
  SINCE JAN 1      1.31                      2.41  -1.10     0.86

SNOWFALL (IN)
  YESTERDAY        0.0           3.5  1987   0.2   -0.2      0.0
  MONTH TO DATE    0.8                       4.8   -4.0      1.2
  SINCE MAR 1      0.8                       4.8   -4.0      1.2
  SINCE JUL 1     17.0                      27.2  -10.2     19.5
  SNOW DEPTH       0

DEGREE DAYS
 HEATING
  YESTERDAY       20                        21     -1       27
  MONTH TO DATE  601                       718   -117      814
  SINCE MAR 1    601                       718   -117      814
  SINCE JUL 1   5224                      5348   -124     5694

 COOLING
  YESTERDAY        0                         0      0        0
  MONTH TO DATE    0                         0      0        0
  SINCE MAR 1      0                         0      0        0
  SINCE JAN 1      0                         0      0        0
..................................................................


WIND (MPH)
  HIGHEST WIND SPEED    22   HIGHEST WIND DIRECTION     S (160)
  HIGHEST GUST SPEED    30   HIGHEST GUST DIRECTION     S (160)
  AVERAGE WIND SPEED    11.5


SKY COVER
  AVERAGE SKY COVER 0.0


WEATHER CONDITIONS
 THE FOLLOWING WEATHER WAS RECORDED YESTERDAY.
  NO SIGNIFICANT WEATHER WAS OBSERVED.


RELATIVE HUMIDITY (PERCENT)
 HIGHEST    81           300 AM
 LOWEST     34           300 PM
 AVERAGE    58

..........................................................


THE HASTINGS NE CLIMATE NORMALS FOR TODAY
                         NORMAL    RECORD    YEAR
 MAXIMUM TEMPERATURE (F)   57        88      1986
 MINIMUM TEMPERATURE (F)   33        14      1987
                                             1969


SUNRISE AND SUNSET
MARCH 29 2015.........SUNRISE   723 AM CDT   SUNSET   755 PM CDT
MARCH 30 2015.........SUNRISE   721 AM CDT   SUNSET   756 PM CDT


-  INDICATES NEGATIVE NUMBERS.
R  INDICATES RECORD WAS SET OR TIED.
MM INDICATES DATA IS MISSING.
T  INDICATES TRACE AMOUNT.




$$
