000
CDUS43 KGID 250912
CLIHSI


CLIMATE REPORT
NATIONAL WEATHER SERVICE HASTINGS NE
309 AM CST SAT FEB 25 2017


...................................

...THE HASTINGS NE CLIMATE SUMMARY FOR FEBRUARY 24 2017...

CLIMATE NORMAL PERIOD 1981 TO 2010
CLIMATE RECORD PERIOD 1894 TO 2017


WEATHER ITEM   OBSERVED TIME   RECORD YEAR NORMAL DEPARTURE LAST
                VALUE   (LST)  VALUE       VALUE  FROM      YEAR
                                                  NORMAL
..................................................................
TEMPERATURE (F)
 YESTERDAY
  MAXIMUM         29    129 AM  76    1981  43    -14       51
  MINIMUM         16   1157 PM -10    1914  22     -6       23
  AVERAGE         23                        32     -9       37

PRECIPITATION (IN)
  YESTERDAY        0.17          0.68 2007   0.02   0.15      T
  MONTH TO DATE    0.27                      0.40  -0.13     1.57
  SINCE DEC 1      1.71                      1.42   0.29     4.10
  SINCE JAN 1      1.10                      0.81   0.29     1.92

SNOWFALL (IN)
  YESTERDAY        2.7           4.5  1997   0.2    2.5      0.0
  MONTH TO DATE    4.3                       5.8   -1.5     16.0
  SINCE DEC 1      9.0                      17.9   -8.9     26.1
  SINCE JUL 1      9.1                      21.7  -12.6     30.3
  SNOW DEPTH 6AM   1

DEGREE DAYS
 HEATING
  YESTERDAY       42                        33      9       28
  MONTH TO DATE  611                       855   -244      749
  SINCE DEC 1   2943                      3223   -280     2874
  SINCE JUL 1   3810                      4504   -694     3800

 COOLING
  YESTERDAY        0                         0      0        0
  MONTH TO DATE    0                         0      0        0
  SINCE DEC 1      0                         0      0        0
  SINCE JAN 1      0                         0      0        0
..................................................................


WIND (MPH)
  HIGHEST WIND SPEED    38   HIGHEST WIND DIRECTION     N (350)
  HIGHEST GUST SPEED    44   HIGHEST GUST DIRECTION     N (350)
  AVERAGE WIND SPEED    22.2


SKY COVER
  AVERAGE SKY COVER 0.7


WEATHER CONDITIONS
 THE FOLLOWING WEATHER WAS RECORDED YESTERDAY.
  LT FREEZING RAIN
  HEAVY SNOW
  SNOW
  LIGHT SNOW
  FOG
  FOG W/VISIBILITY <= 1/4 MILE
  HAZE


RELATIVE HUMIDITY (PERCENT)
 HIGHEST    92           800 AM
 LOWEST     63           400 PM
 AVERAGE    78

..........................................................


THE HASTINGS NE CLIMATE NORMALS FOR TODAY
                         NORMAL    RECORD    YEAR
 MAXIMUM TEMPERATURE (F)   43        80      1995
 MINIMUM TEMPERATURE (F)   22        -5      1914


SUNRISE AND SUNSET
FEBRUARY 25 2017......SUNRISE   713 AM CST   SUNSET   621 PM CST
FEBRUARY 26 2017......SUNRISE   712 AM CST   SUNSET   622 PM CST


-  INDICATES NEGATIVE NUMBERS.
R  INDICATES RECORD WAS SET OR TIED.
MM INDICATES DATA IS MISSING.
T  INDICATES TRACE AMOUNT.




$$
