000
CDUS43 KGID 120624
CLIHSI


CLIMATE REPORT
NATIONAL WEATHER SERVICE HASTINGS NE
1223 AM CST FRI FEB 12 2016


...................................

...THE HASTINGS NE CLIMATE SUMMARY FOR FEBRUARY 11 2016...

CLIMATE NORMAL PERIOD 1981 TO 2010
CLIMATE RECORD PERIOD 1894 TO 2016


WEATHER ITEM   OBSERVED TIME   RECORD YEAR NORMAL DEPARTURE LAST
                VALUE   (LST)  VALUE       VALUE  FROM      YEAR
                                                  NORMAL
..................................................................
TEMPERATURE (F)
 YESTERDAY
  MAXIMUM         33   1143 PM  75    1962  39     -6       40
  MINIMUM         25    959 AM -17    1981  19      6       26
  AVERAGE         29                        29      0       33

PRECIPITATION (IN)
  YESTERDAY        0.00          0.60 1899   0.02  -0.02     0.00
  MONTH TO DATE    1.57                      0.19   1.38     0.22
  SINCE DEC 1      4.10                      1.21   2.89     1.53
  SINCE JAN 1      1.92                      0.60   1.32     0.99

SNOWFALL (IN)
  YESTERDAY        0.0           6.0  1899   0.2   -0.2      0.0
  MONTH TO DATE   16.0                       2.8   13.2      3.6
  SINCE DEC 1     26.1                      14.9   11.2     12.7
  SINCE JUL 1     30.3                      18.7   11.6     14.4
  SNOW DEPTH       4      AT 6AM

DEGREE DAYS
 HEATING
  YESTERDAY       36                        36      0       32
  MONTH TO DATE  410                       408      2      374
  SINCE DEC 1   2535                      2776   -241     2557
  SINCE JUL 1   3461                      4057   -596     3895

 COOLING
  YESTERDAY        0                         0      0        0
  MONTH TO DATE    0                         0      0        0
  SINCE DEC 1      0                         0      0        0
  SINCE JAN 1      0                         0      0        0
..................................................................


WIND (MPH)
  HIGHEST WIND SPEED    17   HIGHEST WIND DIRECTION     N (20)
  HIGHEST GUST SPEED    21   HIGHEST GUST DIRECTION     N (20)
  AVERAGE WIND SPEED     8.9


SKY COVER
  AVERAGE SKY COVER 0.8


WEATHER CONDITIONS
 THE FOLLOWING WEATHER WAS RECORDED YESTERDAY.
  FOG


RELATIVE HUMIDITY (PERCENT)
 HIGHEST    92          1000 AM
 LOWEST     78           300 AM
 AVERAGE    85

..........................................................


THE HASTINGS NE CLIMATE NORMALS FOR TODAY
                         NORMAL    RECORD    YEAR
 MAXIMUM TEMPERATURE (F)   39        68      1911
 MINIMUM TEMPERATURE (F)   19       -11      1955


SUNRISE AND SUNSET
FEBRUARY 12 2016......SUNRISE   732 AM CST   SUNSET   605 PM CST
FEBRUARY 13 2016......SUNRISE   731 AM CST   SUNSET   606 PM CST


-  INDICATES NEGATIVE NUMBERS.
R  INDICATES RECORD WAS SET OR TIED.
MM INDICATES DATA IS MISSING.
T  INDICATES TRACE AMOUNT.




$$
