932
CDUS43 KGID 262238
CLIHSI


CLIMATE REPORT
NATIONAL WEATHER SERVICE HASTINGS NE
535 PM CDT TUE SEP 26 2017


...................................

...THE HASTINGS NE CLIMATE SUMMARY FOR SEPTEMBER 26 2017...
VALID TODAY AS OF 0500 PM LOCAL TIME.

CLIMATE NORMAL PERIOD 1981 TO 2010
CLIMATE RECORD PERIOD 1894 TO 2017


WEATHER ITEM   OBSERVED TIME   RECORD YEAR NORMAL DEPARTURE LAST
                VALUE   (LST)  VALUE       VALUE  FROM      YEAR
                                                  NORMAL
..................................................................
TEMPERATURE (F)
 TODAY
  MAXIMUM         64    356 PM  92    1974  73     -9       78
                                      1938
  MINIMUM         49    943 AM  29    1942  50     -1       42
  AVERAGE         57                        62     -5       60

PRECIPITATION (IN)
  TODAY            T             1.36 1973   0.07  -0.07     0.00
  MONTH TO DATE    2.16                      2.27  -0.11     1.80
  SINCE SEP 1      2.16                      2.27  -0.11     1.80
  SINCE JAN 1     25.60                     22.93   2.67    18.37

SNOWFALL (IN)
  TODAY            0.0                       0.1   -0.1      0.0
  MONTH TO DATE    0.0                       0.1   -0.1      0.0
  SINCE SEP 1      0.0                       0.1   -0.1      0.0
  SINCE JUL 1      0.0                       0.1   -0.1      0.0
  SNOW DEPTH       0

DEGREE DAYS
 HEATING
  TODAY            8                         5      3        5
  MONTH TO DATE   42                        64    -22       38
  SINCE SEP 1     42                        64    -22       38
  SINCE JUL 1     46                        70    -24       42

 COOLING
  TODAY            0                         2     -2        0
  MONTH TO DATE  161                       103     58      137
  SINCE SEP 1    161                       103     58      137
  SINCE JAN 1   1118                      1056     62     1185
..................................................................


WIND (MPH)
  HIGHEST WIND SPEED    17   HIGHEST WIND DIRECTION     N (350)
  HIGHEST GUST SPEED    21   HIGHEST GUST DIRECTION     N (350)
  AVERAGE WIND SPEED    10.7


SKY COVER
  AVERAGE SKY COVER 0.7


WEATHER CONDITIONS
 THE FOLLOWING WEATHER WAS RECORDED TODAY.
  LIGHT RAIN


RELATIVE HUMIDITY (PERCENT)
 HIGHEST    93           200 AM
 LOWEST     56           300 PM
 AVERAGE    75

..........................................................


THE HASTINGS NE CLIMATE NORMALS FOR TOMORROW
                         NORMAL    RECORD    YEAR
 MAXIMUM TEMPERATURE (F)   73        93      1956
 MINIMUM TEMPERATURE (F)   49        33      1942


SUNRISE AND SUNSET
SEPTEMBER 26 2017.....SUNRISE   725 AM CDT   SUNSET   724 PM CDT
SEPTEMBER 27 2017.....SUNRISE   726 AM CDT   SUNSET   722 PM CDT


-  INDICATES NEGATIVE NUMBERS.
R  INDICATES RECORD WAS SET OR TIED.
MM INDICATES DATA IS MISSING.
T  INDICATES TRACE AMOUNT.

$$

KELLEY
