000
CDUS43 KGID 040629
CLIHSI


CLIMATE REPORT
NATIONAL WEATHER SERVICE HASTINGS NE
129 AM CDT SAT JUL 4 2015


...................................

...THE HASTINGS NE CLIMATE SUMMARY FOR JULY 3 2015...

CLIMATE NORMAL PERIOD 1981 TO 2010
CLIMATE RECORD PERIOD 1894 TO 2015


WEATHER ITEM   OBSERVED TIME   RECORD YEAR NORMAL DEPARTURE LAST
                VALUE   (LST)  VALUE       VALUE  FROM      YEAR
                                                  NORMAL
..................................................................
TEMPERATURE (F)
 YESTERDAY
  MAXIMUM         79    422 PM 109    1990  87     -8       82
                                      1936
  MINIMUM         66   1157 PM  48    1908  65      1       55
  AVERAGE         73                        76     -3       69

PRECIPITATION (IN)
  YESTERDAY        0.00          2.10 1943   0.15  -0.15     0.00
  MONTH TO DATE    0.50                      0.45   0.05     0.00
  SINCE JUN 1      8.55                      4.25   4.30     8.69
  SINCE JAN 1     17.27                     14.07   3.20    15.63

SNOWFALL (IN)
  YESTERDAY        0.0                       0.0    0.0      0.0
  MONTH TO DATE    0.0                       0.0    0.0      0.0
  SINCE JUN 1      0.0                       0.0    0.0      0.0
  SINCE JUL 1      0.0                       0.0    0.0      0.0
  SNOW DEPTH       0

DEGREE DAYS
 HEATING
  YESTERDAY        0                         0      0        0
  MONTH TO DATE    0                         0      0        2
  SINCE JUN 1      3                        21    -18       10
  SINCE JUL 1      0                         0      0        2

 COOLING
  YESTERDAY        8                        11     -3        4
  MONTH TO DATE   29                        33     -4        9
  SINCE JUN 1    249                       258     -9      240
  SINCE JAN 1    280                       317    -37      358
..................................................................


WIND (MPH)
  HIGHEST WIND SPEED    12   HIGHEST WIND DIRECTION    NE (30)
  HIGHEST GUST SPEED    14   HIGHEST GUST DIRECTION    NE (30)
  AVERAGE WIND SPEED     6.2


SKY COVER
  AVERAGE SKY COVER 0.6


WEATHER CONDITIONS
 THE FOLLOWING WEATHER WAS RECORDED YESTERDAY.
  FOG
  HAZE


RELATIVE HUMIDITY (PERCENT)
 HIGHEST    93          1200 AM
 LOWEST     58           400 PM
 AVERAGE    76

..........................................................


THE HASTINGS NE CLIMATE NORMALS FOR TODAY
                         NORMAL    RECORD    YEAR
 MAXIMUM TEMPERATURE (F)   88       109      1936
 MINIMUM TEMPERATURE (F)   65        45      1915


SUNRISE AND SUNSET
JULY  4 2015..........SUNRISE   608 AM CDT   SUNSET   908 PM CDT
JULY  5 2015..........SUNRISE   609 AM CDT   SUNSET   908 PM CDT


-  INDICATES NEGATIVE NUMBERS.
R  INDICATES RECORD WAS SET OR TIED.
MM INDICATES DATA IS MISSING.
T  INDICATES TRACE AMOUNT.




$$
