000
CDUS43 KGID 220623
CLIHSI


CLIMATE REPORT
NATIONAL WEATHER SERVICE HASTINGS NE
1222 AM CST THU FEB 22 2018


...................................

...THE HASTINGS NE CLIMATE SUMMARY FOR FEBRUARY 21 2018...

CLIMATE NORMAL PERIOD 1981 TO 2010
CLIMATE RECORD PERIOD 1894 TO 2018


WEATHER ITEM   OBSERVED TIME   RECORD YEAR NORMAL DEPARTURE LAST
                VALUE   (LST)  VALUE       VALUE  FROM      YEAR
                                                  NORMAL
..................................................................
TEMPERATURE (F)
 YESTERDAY
  MAXIMUM         29    400 PM  77    2017  42    -13       77
  MINIMUM          1    703 AM -12    1918  21    -20       35
  AVERAGE         15                        31    -16       56

PRECIPITATION (IN)
  YESTERDAY        T             0.80 1897   0.02  -0.02     0.00
  MONTH TO DATE    0.46                      0.34   0.12     0.03
  SINCE DEC 1      1.23                      1.36  -0.13     1.47
  SINCE JAN 1      0.95                      0.75   0.20     0.86

SNOWFALL (IN)
  YESTERDAY        T             8.0  2013   0.2   -0.2      0.0
                                      1897
  MONTH TO DATE    7.5                       5.1    2.4      1.1
  SINCE DEC 1     19.2                      17.2    2.0      5.8
  SINCE JUL 1     19.4                      21.0   -1.6      5.9
  SNOW DEPTH       0

DEGREE DAYS
 HEATING
  YESTERDAY       50                        34     16        9
  MONTH TO DATE  936                       756    180      530
  SINCE DEC 1   3350                      3124    226     2862
  SINCE JUL 1   4493                      4405     88     3729

 COOLING
  YESTERDAY        0                         0      0        0
  MONTH TO DATE    0                         0      0        0
  SINCE DEC 1      0                         0      0        0
  SINCE JAN 1      0                         0      0        0
..................................................................


WIND (MPH)
  HIGHEST WIND SPEED    14   HIGHEST WIND DIRECTION     E (90)
  HIGHEST GUST SPEED    18   HIGHEST GUST DIRECTION     E (80)
  AVERAGE WIND SPEED     5.4


SKY COVER
  AVERAGE SKY COVER 0.3


WEATHER CONDITIONS
 THE FOLLOWING WEATHER WAS RECORDED YESTERDAY.
  LIGHT SNOW


RELATIVE HUMIDITY (PERCENT)
 HIGHEST    87           700 AM
 LOWEST     33           300 PM
 AVERAGE    60

..........................................................


THE HASTINGS NE CLIMATE NORMALS FOR TODAY
                         NORMAL    RECORD    YEAR
 MAXIMUM TEMPERATURE (F)   42        75      1982
 MINIMUM TEMPERATURE (F)   22        -9      1918


SUNRISE AND SUNSET
FEBRUARY 22 2018......SUNRISE   718 AM CST   SUNSET   617 PM CST
FEBRUARY 23 2018......SUNRISE   716 AM CST   SUNSET   618 PM CST


-  INDICATES NEGATIVE NUMBERS.
R  INDICATES RECORD WAS SET OR TIED.
MM INDICATES DATA IS MISSING.
T  INDICATES TRACE AMOUNT.




$$
