000
CDUS43 KGID 100643
CLIHSI


CLIMATE REPORT
NATIONAL WEATHER SERVICE HASTINGS NE
1241 AM CST SAT DEC 10 2016


...................................

...THE HASTINGS NE CLIMATE SUMMARY FOR DECEMBER 9 2016...

CLIMATE NORMAL PERIOD 1981 TO 2010
CLIMATE RECORD PERIOD 1894 TO 2016


WEATHER ITEM   OBSERVED TIME   RECORD YEAR NORMAL DEPARTURE LAST
                VALUE   (LST)  VALUE       VALUE  FROM      YEAR
                                                  NORMAL
..................................................................
TEMPERATURE (F)
 YESTERDAY
  MAXIMUM         23    523 PM  71    1939  38    -15       68
  MINIMUM          3    202 AM -13    1919  19    -16       35
  AVERAGE         13                        29    -16       52

PRECIPITATION (IN)
  YESTERDAY        0.00          0.85 1899   0.03  -0.03     0.00
  MONTH TO DATE    0.08                      0.32  -0.24      T
  SINCE DEC 1      0.08                      0.32  -0.24      T
  SINCE JAN 1     20.13                     26.82  -6.69    27.73

SNOWFALL (IN)
  YESTERDAY        0.0           5.0  1926   0.2   -0.2      0.0
  MONTH TO DATE    0.7                       1.6   -0.9      0.2
  SINCE DEC 1      0.7                       1.6   -0.9      0.2
  SINCE JUL 1      0.8                       5.4   -4.6      4.4
  SNOW DEPTH       0

DEGREE DAYS
 HEATING
  YESTERDAY       52                        36     16       13
  MONTH TO DATE  339                       314     25      217
  SINCE DEC 1    339                       314     25      217
  SINCE JUL 1   1206                      1595   -389     1143

 COOLING
  YESTERDAY        0                         0      0        0
  MONTH TO DATE    0                         0      0        0
  SINCE DEC 1      0                         0      0        0
  SINCE JAN 1   1195                      1077    118     1097
..................................................................


WIND (MPH)
  HIGHEST WIND SPEED    17   HIGHEST WIND DIRECTION    SE (150)
  HIGHEST GUST SPEED    23   HIGHEST GUST DIRECTION    SE (150)
  AVERAGE WIND SPEED     8.4


SKY COVER
  AVERAGE SKY COVER 0.5


WEATHER CONDITIONS
 THE FOLLOWING WEATHER WAS RECORDED YESTERDAY.
  NO SIGNIFICANT WEATHER WAS OBSERVED.


RELATIVE HUMIDITY (PERCENT)
 HIGHEST    83           300 AM
 LOWEST     59           300 PM
 AVERAGE    71

..........................................................


THE HASTINGS NE CLIMATE NORMALS FOR TODAY
                         NORMAL    RECORD    YEAR
 MAXIMUM TEMPERATURE (F)   38        64      1939
 MINIMUM TEMPERATURE (F)   19       -21      1919


SUNRISE AND SUNSET
DECEMBER 10 2016......SUNRISE   747 AM CST   SUNSET   507 PM CST
DECEMBER 11 2016......SUNRISE   748 AM CST   SUNSET   507 PM CST


-  INDICATES NEGATIVE NUMBERS.
R  INDICATES RECORD WAS SET OR TIED.
MM INDICATES DATA IS MISSING.
T  INDICATES TRACE AMOUNT.

$$

KELLEY
