000
CDUS43 KGID 210639
CLIHSI


CLIMATE REPORT
NATIONAL WEATHER SERVICE HASTINGS NE
138 AM CDT MON APR 21 2014


...................................

...THE HASTINGS NE CLIMATE SUMMARY FOR APRIL 20 2014...

CLIMATE NORMAL PERIOD 1981 TO 2010
CLIMATE RECORD PERIOD 1894 TO 2014


WEATHER ITEM   OBSERVED TIME   RECORD YEAR NORMAL DEPARTURE LAST
                VALUE   (LST)  VALUE       VALUE  FROM      YEAR
                                                  NORMAL
..................................................................
TEMPERATURE (F)
 YESTERDAY
  MAXIMUM         78    308 PM  89    1987  64     14       51
  MINIMUM         50    602 AM  24    1953  40     10       30
  AVERAGE         64                        52     12       41

PRECIPITATION (IN)
  YESTERDAY        T             1.57 1977   0.09  -0.09     0.00
  MONTH TO DATE    1.36                      1.46  -0.10     1.58
  SINCE MAR 1      1.51                      3.25  -1.74     3.83
  SINCE JAN 1      2.22                      4.15  -1.93     5.05

SNOWFALL (IN)
  YESTERDAY        0.0           T    1995   0.0    0.0      0.0
                                      1918
  MONTH TO DATE    2.2                       1.0    1.2      3.7
  SINCE MAR 1      3.4                       6.2   -2.8     11.6
  SINCE JUL 1     21.7                      28.6   -6.9     35.4
  SNOW DEPTH       0

DEGREE DAYS
 HEATING
  YESTERDAY        1                        13    -12       24
  MONTH TO DATE  310                       321    -11      459
  SINCE MAR 1   1169                      1098     71     1341
  SINCE JUL 1   6049                      5728    321     5968

 COOLING
  YESTERDAY        0                         0      0        0
  MONTH TO DATE    4                         0      4        0
  SINCE MAR 1      4                         0      4        0
  SINCE JAN 1      4                         0      4        0
..................................................................


WIND (MPH)
  HIGHEST WIND SPEED    21   HIGHEST WIND DIRECTION     S (200)
  HIGHEST GUST SPEED    31   HIGHEST GUST DIRECTION     S (200)
  AVERAGE WIND SPEED     7.7


SKY COVER
  AVERAGE SKY COVER 0.2


WEATHER CONDITIONS
 THE FOLLOWING WEATHER WAS RECORDED YESTERDAY.
  THUNDERSTORM
  LIGHT RAIN


RELATIVE HUMIDITY (PERCENT)
 HIGHEST    77           600 AM
 LOWEST     36           300 PM
 AVERAGE    57

..........................................................


THE HASTINGS NE CLIMATE NORMALS FOR TODAY
                         NORMAL    RECORD    YEAR
 MAXIMUM TEMPERATURE (F)   65        89      1925
 MINIMUM TEMPERATURE (F)   41        25      1927


SUNRISE AND SUNSET
APRIL 21 2014.........SUNRISE   646 AM CDT   SUNSET   819 PM CDT
APRIL 22 2014.........SUNRISE   645 AM CDT   SUNSET   820 PM CDT


-  INDICATES NEGATIVE NUMBERS.
R  INDICATES RECORD WAS SET OR TIED.
MM INDICATES DATA IS MISSING.
T  INDICATES TRACE AMOUNT.




$$
