000
CDUS43 KGID 230624
CLIHSI


CLIMATE REPORT
NATIONAL WEATHER SERVICE HASTINGS NE
123 AM CDT SAT MAY 23 2015


...................................

...THE HASTINGS NE CLIMATE SUMMARY FOR MAY 22 2015...

CLIMATE NORMAL PERIOD 1981 TO 2010
CLIMATE RECORD PERIOD 1894 TO 2015


WEATHER ITEM   OBSERVED TIME   RECORD YEAR NORMAL DEPARTURE LAST
                VALUE   (LST)  VALUE       VALUE  FROM      YEAR
                                                  NORMAL
..................................................................
TEMPERATURE (F)
 YESTERDAY
  MAXIMUM         57    317 PM  95    1926  74    -17       76
  MINIMUM         44    505 AM  34    1963  53     -9       57
                                      1931
  AVERAGE         51                        64    -13       67

PRECIPITATION (IN)
  YESTERDAY        0.08          2.90 1965   0.15  -0.07     0.11
  MONTH TO DATE    3.42                      3.43  -0.01     1.78
  SINCE MAR 1      7.17                      7.78  -0.61     5.86
  SINCE JAN 1      8.28                      8.68  -0.40     6.57

SNOWFALL (IN)
  YESTERDAY        0.0           T    2008   0.0    0.0      0.0
                                      1949
  MONTH TO DATE    0.0                       0.0    0.0      0.0
  SINCE MAR 1      0.8                       6.4   -5.6      3.4
  SINCE JUL 1     17.0                      28.8  -11.8     21.7
  SNOW DEPTH       0

DEGREE DAYS
 HEATING
  YESTERDAY       14                         4     10        0
  MONTH TO DATE  157                       144     13      174
  SINCE MAR 1   1148                      1353   -205     1437
  SINCE JUL 1   5771                      5983   -212     6317

 COOLING
  YESTERDAY        0                         2     -2        2
  MONTH TO DATE   22                        28     -6       32
  SINCE MAR 1     26                        33     -7       40
  SINCE JAN 1     26                        33     -7       40
..................................................................


WIND (MPH)
  HIGHEST WIND SPEED    16   HIGHEST WIND DIRECTION    SE (130)
  HIGHEST GUST SPEED    22   HIGHEST GUST DIRECTION    SE (140)
  AVERAGE WIND SPEED     5.8


SKY COVER
  AVERAGE SKY COVER 0.7


WEATHER CONDITIONS
 THE FOLLOWING WEATHER WAS RECORDED YESTERDAY.
  LIGHT RAIN
  FOG
  HAZE


RELATIVE HUMIDITY (PERCENT)
 HIGHEST    93           900 PM
 LOWEST     62           300 PM
 AVERAGE    78

..........................................................


THE HASTINGS NE CLIMATE NORMALS FOR TODAY
                         NORMAL    RECORD    YEAR
 MAXIMUM TEMPERATURE (F)   74        95      1926
 MINIMUM TEMPERATURE (F)   53        38      1917


SUNRISE AND SUNSET
MAY 23 2015...........SUNRISE   610 AM CDT   SUNSET   851 PM CDT
MAY 24 2015...........SUNRISE   610 AM CDT   SUNSET   852 PM CDT


-  INDICATES NEGATIVE NUMBERS.
R  INDICATES RECORD WAS SET OR TIED.
MM INDICATES DATA IS MISSING.
T  INDICATES TRACE AMOUNT.




$$
