000
CDUS43 KGID 222331
CLIHSI


CLIMATE REPORT
NATIONAL WEATHER SERVICE HASTINGS NE
530 PM CST SAT NOV 22 2014


...................................

...THE HASTINGS NE CLIMATE SUMMARY FOR NOVEMBER 22 2014...
VALID TODAY AS OF 0500 PM LOCAL TIME.

CLIMATE NORMAL PERIOD 1981 TO 2010
CLIMATE RECORD PERIOD 1894 TO 2014


WEATHER ITEM   OBSERVED TIME   RECORD YEAR NORMAL DEPARTURE LAST
                VALUE   (LST)  VALUE       VALUE  FROM      YEAR
                                                  NORMAL
..................................................................
TEMPERATURE (F)
 TODAY
  MAXIMUM         57    348 PM  71    2006  46     11       32
  MINIMUM         31    328 AM  -4    1929  25      6       12
  AVERAGE         44                        36      8       22

PRECIPITATION (IN)
  TODAY            0.00          0.25 1920   0.03  -0.03     0.00
  MONTH TO DATE    0.12                      1.06  -0.94     1.00
  SINCE SEP 1      3.66                      5.61  -1.95     7.01
  SINCE JAN 1     28.56                     26.27   2.29    25.07

SNOWFALL (IN)
  TODAY            0.0           1.5  1929   0.2   -0.2      0.0
  MONTH TO DATE    1.7                       1.6    0.1      0.4
  SINCE SEP 1      1.7                       2.8   -1.1      0.4
  SINCE JUL 1      1.7                       2.8   -1.1      0.4
  SNOW DEPTH       0

DEGREE DAYS
 HEATING
  TODAY           21                        29     -8       43
  MONTH TO DATE  677                       536    141      525
  SINCE SEP 1   1097                      1023     74      967
  SINCE JUL 1   1103                      1029     74      973

 COOLING
  TODAY            0                         0      0        0
  MONTH TO DATE    0                         0      0        0
  SINCE SEP 1     98                       124    -26      200
  SINCE JAN 1   1018                      1077    -59     1158
..................................................................


WIND (MPH)
  HIGHEST WIND SPEED    17   HIGHEST WIND DIRECTION     S (170)
  HIGHEST GUST SPEED    24   HIGHEST GUST DIRECTION     S (180)
  AVERAGE WIND SPEED    10.3


SKY COVER
  AVERAGE SKY COVER 0.4


WEATHER CONDITIONS
 THE FOLLOWING WEATHER WAS RECORDED TODAY.
  FOG
  FOG W/VISIBILITY <= 1/4 MILE


RELATIVE HUMIDITY (PERCENT)
 HIGHEST   100           500 AM
 LOWEST     41           200 PM
 AVERAGE    71

..........................................................


THE HASTINGS NE CLIMATE NORMALS FOR TOMORROW
                         NORMAL    RECORD    YEAR
 MAXIMUM TEMPERATURE (F)   45        70      1923
 MINIMUM TEMPERATURE (F)   25         3      1950


SUNRISE AND SUNSET
NOVEMBER 22 2014......SUNRISE   728 AM CST   SUNSET   511 PM CST
NOVEMBER 23 2014......SUNRISE   729 AM CST   SUNSET   511 PM CST


-  INDICATES NEGATIVE NUMBERS.
R  INDICATES RECORD WAS SET OR TIED.
MM INDICATES DATA IS MISSING.
T  INDICATES TRACE AMOUNT.




$$
