045
CDUS43 KGID 120736
CLIHSI


CLIMATE REPORT
NATIONAL WEATHER SERVICE HASTINGS NE
136 AM CST TUE DEC 12 2017


...................................

...THE HASTINGS NE CLIMATE SUMMARY FOR DECEMBER 11 2017...

CLIMATE NORMAL PERIOD 1981 TO 2010
CLIMATE RECORD PERIOD 1894 TO 2017


WEATHER ITEM   OBSERVED TIME   RECORD YEAR NORMAL DEPARTURE LAST
                VALUE   (LST)  VALUE       VALUE  FROM      YEAR
                                                  NORMAL
..................................................................
TEMPERATURE (F)
 YESTERDAY
  MAXIMUM         51    955 AM  67    1939  38     13       31
  MINIMUM         28   1159 PM  -8    2000  19      9       11
                                      1919
  AVERAGE         40                        28     12       21

PRECIPITATION (IN)
  YESTERDAY        0.00          0.45 1961   0.02  -0.02     0.00
  MONTH TO DATE    T                         0.36  -0.36     0.08
  SINCE DEC 1      T                         0.36  -0.36     0.08
  SINCE JAN 1     30.39                     26.86   3.53    20.13

SNOWFALL (IN)
  YESTERDAY        0.0           6.0  1961   0.2   -0.2      0.0
  MONTH TO DATE    0.2                       2.0   -1.8      0.7
  SINCE DEC 1      0.2                       2.0   -1.8      0.7
  SINCE JUL 1      0.4                       5.8   -5.4      0.8
  SNOW DEPTH       0

DEGREE DAYS
 HEATING
  YESTERDAY       25                        37    -12       44
  MONTH TO DATE  316                       387    -71      425
  SINCE DEC 1    316                       387    -71      425
  SINCE JUL 1   1459                      1668   -209     1292

 COOLING
  YESTERDAY        0                         0      0        0
  MONTH TO DATE    0                         0      0        0
  SINCE DEC 1      0                         0      0        0
  SINCE JAN 1   1129                      1077     52     1195
..................................................................


WIND (MPH)
  HIGHEST WIND SPEED    40   HIGHEST WIND DIRECTION     N (340)
  HIGHEST GUST SPEED    52   HIGHEST GUST DIRECTION     N (340)
  AVERAGE WIND SPEED    20.9


SKY COVER
  AVERAGE SKY COVER 0.4


WEATHER CONDITIONS
 THE FOLLOWING WEATHER WAS RECORDED YESTERDAY.
  NO SIGNIFICANT WEATHER WAS OBSERVED.


RELATIVE HUMIDITY (PERCENT)
 HIGHEST    70           900 PM
 LOWEST     24          1000 AM
 AVERAGE    47

..........................................................


THE HASTINGS NE CLIMATE NORMALS FOR TODAY
                         NORMAL    RECORD    YEAR
 MAXIMUM TEMPERATURE (F)   37        68      1921
 MINIMUM TEMPERATURE (F)   19       -17      1932


SUNRISE AND SUNSET
DECEMBER 12 2017......SUNRISE   748 AM CST   SUNSET   507 PM CST
DECEMBER 13 2017......SUNRISE   749 AM CST   SUNSET   507 PM CST


-  INDICATES NEGATIVE NUMBERS.
R  INDICATES RECORD WAS SET OR TIED.
MM INDICATES DATA IS MISSING.
T  INDICATES TRACE AMOUNT.




$$
