000
CDUS43 KGID 230629
CLIHSI


CLIMATE REPORT
NATIONAL WEATHER SERVICE HASTINGS NE
128 AM CDT SAT JUL 23 2016


...................................

...THE HASTINGS NE CLIMATE SUMMARY FOR JULY 22 2016...

CLIMATE NORMAL PERIOD 1981 TO 2010
CLIMATE RECORD PERIOD 1894 TO 2016


WEATHER ITEM   OBSERVED TIME   RECORD YEAR NORMAL DEPARTURE LAST
                VALUE   (LST)  VALUE       VALUE  FROM      YEAR
                                                  NORMAL
..................................................................
TEMPERATURE (F)
 YESTERDAY
  MAXIMUM         95   1152 AM 106    1934  88      7       82
  MINIMUM         73    537 AM  48    1970  67      6       65
  AVERAGE         84                        78      6       74

PRECIPITATION (IN)
  YESTERDAY        0.00          3.27 1975   0.10  -0.10     0.01
  MONTH TO DATE    1.77                      2.83  -1.06     1.82
  SINCE JUN 1      2.52                      6.63  -4.11     9.87
  SINCE JAN 1     14.35                     16.45  -2.10    18.59

SNOWFALL (IN)
  YESTERDAY        0.0                       0.0    0.0      0.0
  MONTH TO DATE    0.0                       0.0    0.0      0.0
  SINCE JUN 1      0.0                       0.0    0.0      0.0
  SINCE JUL 1      0.0                       0.0    0.0      0.0
  SNOW DEPTH       0

DEGREE DAYS
 HEATING
  YESTERDAY        0                         0      0        0
  MONTH TO DATE    3                         0      3        4
  SINCE JUN 1      3                        21    -18        7
  SINCE JUL 1      3                         0      3        4

 COOLING
  YESTERDAY       19                        12      7        9
  MONTH TO DATE  274                       267      7      234
  SINCE JUN 1    625                       492    133      454
  SINCE JAN 1    654                       551    103      485
..................................................................


WIND (MPH)
  HIGHEST WIND SPEED    14   HIGHEST WIND DIRECTION     S (160)
  HIGHEST GUST SPEED    17   HIGHEST GUST DIRECTION    SW (210)
  AVERAGE WIND SPEED     4.4


SKY COVER
  AVERAGE SKY COVER 0.0


WEATHER CONDITIONS
 THE FOLLOWING WEATHER WAS RECORDED YESTERDAY.
  THUNDERSTORM
  HAZE


RELATIVE HUMIDITY (PERCENT)
 HIGHEST    84           400 AM
 LOWEST     50           600 PM
 AVERAGE    67

..........................................................


THE HASTINGS NE CLIMATE NORMALS FOR TODAY
                         NORMAL    RECORD    YEAR
 MAXIMUM TEMPERATURE (F)   88       106      1943
 MINIMUM TEMPERATURE (F)   67        49      1948


SUNRISE AND SUNSET
JULY 23 2016..........SUNRISE   623 AM CDT   SUNSET   857 PM CDT
JULY 24 2016..........SUNRISE   624 AM CDT   SUNSET   856 PM CDT


-  INDICATES NEGATIVE NUMBERS.
R  INDICATES RECORD WAS SET OR TIED.
MM INDICATES DATA IS MISSING.
T  INDICATES TRACE AMOUNT.




$$
