000
CDUS43 KGID 262222
CLIHSI


CLIMATE REPORT
NATIONAL WEATHER SERVICE HASTINGS NE
521 PM CDT MON SEP 26 2016


...................................

...THE HASTINGS NE CLIMATE SUMMARY FOR SEPTEMBER 26 2016...
VALID TODAY AS OF 0500 PM LOCAL TIME.

CLIMATE NORMAL PERIOD 1981 TO 2010
CLIMATE RECORD PERIOD 1894 TO 2016


WEATHER ITEM   OBSERVED TIME   RECORD YEAR NORMAL DEPARTURE LAST
                VALUE   (LST)  VALUE       VALUE  FROM      YEAR
                                                  NORMAL
..................................................................
TEMPERATURE (F)
 TODAY
  MAXIMUM         77    359 PM  92    1998  73      4       81
                                      1974
                                      1938
  MINIMUM         42    629 AM  29    1942  50     -8       54
  AVERAGE         60                        62     -2       68

PRECIPITATION (IN)
  TODAY            0.00          1.36 1973   0.07  -0.07     0.00
  MONTH TO DATE    1.80                      2.27  -0.47     1.05
  SINCE SEP 1      1.80                      2.27  -0.47     1.05
  SINCE JAN 1     18.37                     22.93  -4.56    24.10

SNOWFALL (IN)
  TODAY            0.0                       0.0    0.0      0.0
  MONTH TO DATE    0.0                       0.1   -0.1      0.0
  SINCE SEP 1      0.0                       0.1   -0.1      0.0
  SINCE JUL 1      0.0                       0.1   -0.1      0.0
  SNOW DEPTH       0

DEGREE DAYS
 HEATING
  TODAY            5                         5      0        0
  MONTH TO DATE   38                        64    -26       12
  SINCE SEP 1     38                        64    -26       12
  SINCE JUL 1     42                        70    -28       27

 COOLING
  TODAY            0                         2     -2        3
  MONTH TO DATE  137                       103     34      212
  SINCE SEP 1    137                       103     34      212
  SINCE JAN 1   1185                      1056    129     1055
..................................................................


WIND (MPH)
  HIGHEST WIND SPEED    20   HIGHEST WIND DIRECTION     W (270)
  HIGHEST GUST SPEED    26   HIGHEST GUST DIRECTION     W (270)
  AVERAGE WIND SPEED     9.4


SKY COVER
  AVERAGE SKY COVER 0.0


WEATHER CONDITIONS
 THE FOLLOWING WEATHER WAS RECORDED TODAY.
  NO SIGNIFICANT WEATHER WAS OBSERVED.


RELATIVE HUMIDITY (PERCENT)
 HIGHEST    70          1200 AM
 LOWEST     22          1100 AM
 AVERAGE    46

..........................................................


THE HASTINGS NE CLIMATE NORMALS FOR TOMORROW
                         NORMAL    RECORD    YEAR
 MAXIMUM TEMPERATURE (F)   73        93      1956
 MINIMUM TEMPERATURE (F)   49        33      1942


SUNRISE AND SUNSET
SEPTEMBER 26 2016.....SUNRISE   726 AM CDT   SUNSET   723 PM CDT
SEPTEMBER 27 2016.....SUNRISE   727 AM CDT   SUNSET   722 PM CDT


-  INDICATES NEGATIVE NUMBERS.
R  INDICATES RECORD WAS SET OR TIED.
MM INDICATES DATA IS MISSING.
T  INDICATES TRACE AMOUNT.




$$
