000
CDUS44 KHUN 260701
CLIHSV


CLIMATE REPORT
NATIONAL WEATHER SERVICE HUNTSVILLE AL
201 AM CDT MON SEP 26 2016


...................................

...THE HUNTSVILLE CLIMATE SUMMARY FOR SEPTEMBER 25 2016...

CLIMATE NORMAL PERIOD 1981 TO 2010
CLIMATE RECORD PERIOD 1894 TO 2016


WEATHER ITEM   OBSERVED TIME   RECORD YEAR NORMAL DEPARTURE LAST
                VALUE   (LST)  VALUE       VALUE  FROM      YEAR
                                                  NORMAL
..................................................................
TEMPERATURE (F)
 YESTERDAY
  MAXIMUM         99    314 PM 100    1931  82     17       74
  MINIMUM         65    551 AM  39    1943  59      6       65
  AVERAGE         82                        70     12       70

PRECIPITATION (IN)
  YESTERDAY        0.00          3.93 1980   0.14  -0.14     0.05
  MONTH TO DATE    0.47                      3.09  -2.62     0.83
  SINCE SEP 1      0.47                      3.09  -2.62     0.83
  SINCE JAN 1     32.98                     39.41  -6.43    42.51

SNOWFALL (IN)
  YESTERDAY        0.0
  MONTH TO DATE    0.0
  SINCE SEP 1      0.0
  SINCE JUL 1      0.0
  SNOW DEPTH       0

DEGREE DAYS
 HEATING
  YESTERDAY        0                         1     -1        0
  MONTH TO DATE    0                         6     -6        3
  SINCE SEP 1      0                         6     -6        3
  SINCE JUL 1      0                         6     -6        3

 COOLING
  YESTERDAY       17                         6     11        5
  MONTH TO DATE  417                       247    170      264
  SINCE SEP 1    417                       247    170      264
  SINCE JAN 1   2322                      1842    480     2109
..................................................................


WIND (MPH)
  HIGHEST WIND SPEED    12   HIGHEST WIND DIRECTION    NW (330)
  HIGHEST GUST SPEED    15   HIGHEST GUST DIRECTION    NW (320)
  AVERAGE WIND SPEED     4.1


SKY COVER
  POSSIBLE SUNSHINE  MM
  AVERAGE SKY COVER 0.3


WEATHER CONDITIONS
 THE FOLLOWING WEATHER WAS RECORDED YESTERDAY.
  NO SIGNIFICANT WEATHER WAS OBSERVED.


RELATIVE HUMIDITY (PERCENT)
 HIGHEST    87           400 AM
 LOWEST     22           400 PM
 AVERAGE    55

..........................................................


THE HUNTSVILLE CLIMATE NORMALS FOR TODAY
                         NORMAL    RECORD    YEAR
 MAXIMUM TEMPERATURE (F)   81        94      1998
                                             1954
                                             1933
 MINIMUM TEMPERATURE (F)   59        38      2001


SUNRISE AND SUNSET
SEPTEMBER 26 2016.....SUNRISE   638 AM CDT   SUNSET   637 PM CDT
SEPTEMBER 27 2016.....SUNRISE   639 AM CDT   SUNSET   636 PM CDT


-  INDICATES NEGATIVE NUMBERS.
R  INDICATES RECORD WAS SET OR TIED.
MM INDICATES DATA IS MISSING.
T  INDICATES TRACE AMOUNT.




$$
