000
CDUS44 KHUN 210711
CLIHSV


CLIMATE REPORT
NATIONAL WEATHER SERVICE HUNTSVILLE AL
211 AM CDT THU AUG 21 2014


...................................

...THE HUNTSVILLE CLIMATE SUMMARY FOR AUGUST 20 2014...

CLIMATE NORMAL PERIOD 1981 TO 2010
CLIMATE RECORD PERIOD 1894 TO 2014


WEATHER ITEM   OBSERVED TIME   RECORD YEAR NORMAL DEPARTURE LAST
                VALUE   (LST)  VALUE       VALUE  FROM      YEAR
                                                  NORMAL
..................................................................
TEMPERATURE (F)
 YESTERDAY
  MAXIMUM         96    252 PM 104    1925  91      5       88
  MINIMUM         74    539 AM  55    1927  69      5       70
  AVERAGE         85                        80      5       79

PRECIPITATION (IN)
  YESTERDAY        0.00          1.93 1901   0.12  -0.12      T
  MONTH TO DATE    2.09                      2.40  -0.31     1.33
  SINCE JUN 1     13.69                     10.74   2.95    14.02
  SINCE JAN 1     37.16                     35.11   2.05    43.14

SNOWFALL (IN)
  YESTERDAY        0.0
  MONTH TO DATE    0.0
  SINCE JUN 1      0.0
  SINCE JUL 1      0.0
  SNOW DEPTH       0

DEGREE DAYS
 HEATING
  YESTERDAY        0                         0      0        0
  MONTH TO DATE    0                         0      0        0
  SINCE JUN 1      0                         1     -1        0
  SINCE JUL 1      0                         0      0        0

 COOLING
  YESTERDAY       20                        15      5       14
  MONTH TO DATE  294                       314    -20      233
  SINCE JUN 1   1088                      1176    -88     1078
  SINCE JAN 1   1359                      1439    -80     1311
..................................................................


WIND (MPH)
  HIGHEST WIND SPEED    14   HIGHEST WIND DIRECTION     W (290)
  HIGHEST GUST SPEED    18   HIGHEST GUST DIRECTION     W (290)
  AVERAGE WIND SPEED     4.9


SKY COVER
  POSSIBLE SUNSHINE  MM
  AVERAGE SKY COVER 0.3


WEATHER CONDITIONS
 THE FOLLOWING WEATHER WAS RECORDED YESTERDAY.
  FOG


RELATIVE HUMIDITY (PERCENT)
 HIGHEST    93           500 AM
 LOWEST     43           400 PM
 AVERAGE    68

..........................................................


THE HUNTSVILLE CLIMATE NORMALS FOR TODAY
                         NORMAL    RECORD    YEAR
 MAXIMUM TEMPERATURE (F)   91       102      1983
 MINIMUM TEMPERATURE (F)   69        52      1927


SUNRISE AND SUNSET
AUGUST 21 2014........SUNRISE   612 AM CDT   SUNSET   728 PM CDT
AUGUST 22 2014........SUNRISE   613 AM CDT   SUNSET   726 PM CDT


-  INDICATES NEGATIVE NUMBERS.
R  INDICATES RECORD WAS SET OR TIED.
MM INDICATES DATA IS MISSING.
T  INDICATES TRACE AMOUNT.




$$
