000
CDUS44 KHUN 290705
CLIHSV


CLIMATE REPORT
NATIONAL WEATHER SERVICE HUNTSVILLE AL
205 AM CDT SAT AUG 29 2015


...................................

...THE HUNTSVILLE CLIMATE SUMMARY FOR AUGUST 28 2015...

CLIMATE NORMAL PERIOD 1981 TO 2010
CLIMATE RECORD PERIOD 1894 TO 2015


WEATHER ITEM   OBSERVED TIME   RECORD YEAR NORMAL DEPARTURE LAST
                VALUE   (LST)  VALUE       VALUE  FROM      YEAR
                                                  NORMAL
..................................................................
TEMPERATURE (F)
 YESTERDAY
  MAXIMUM         88    145 PM 103    1924  90     -2       95
                                      1920
  MINIMUM         64    456 AM  56    1967  68     -4       69
                                      1927
                                      1922
  AVERAGE         76                        79     -3       82

PRECIPITATION (IN)
  YESTERDAY        0.00          1.54 1923   0.11  -0.11     0.00
  MONTH TO DATE    6.83                      3.28   3.55     2.09
  SINCE JUN 1     15.02                     11.62   3.40    13.69
  SINCE JAN 1     40.40                     35.99   4.41    37.16

SNOWFALL (IN)
  YESTERDAY        0.0
  MONTH TO DATE    0.0
  SINCE JUN 1      0.0
  SINCE JUL 1      0.0
  SNOW DEPTH       0

DEGREE DAYS
 HEATING
  YESTERDAY        0                         0      0        0
  MONTH TO DATE    0                         0      0        0
  SINCE JUN 1      0                         1     -1        0
  SINCE JUL 1      0                         0      0        0

 COOLING
  YESTERDAY       11                        14     -3       17
  MONTH TO DATE  414                       431    -17      439
  SINCE JUN 1   1487                      1293    194     1233
  SINCE JAN 1   1812                      1556    256     1504
..................................................................


WIND (MPH)
  HIGHEST WIND SPEED    15   HIGHEST WIND DIRECTION     E (110)
  HIGHEST GUST SPEED    26   HIGHEST GUST DIRECTION     E (110)
  AVERAGE WIND SPEED     6.5


SKY COVER
  POSSIBLE SUNSHINE  MM
  AVERAGE SKY COVER 0.2


WEATHER CONDITIONS
 THE FOLLOWING WEATHER WAS RECORDED YESTERDAY.
  NO SIGNIFICANT WEATHER WAS OBSERVED.


RELATIVE HUMIDITY (PERCENT)
 HIGHEST    87           200 AM
 LOWEST     50           200 PM
 AVERAGE    69

..........................................................


THE HUNTSVILLE CLIMATE NORMALS FOR TODAY
                         NORMAL    RECORD    YEAR
 MAXIMUM TEMPERATURE (F)   90       102      2000
                                             1990
                                             1924
 MINIMUM TEMPERATURE (F)   68        52      1992


SUNRISE AND SUNSET
AUGUST 29 2015........SUNRISE   618 AM CDT   SUNSET   718 PM CDT
AUGUST 30 2015........SUNRISE   618 AM CDT   SUNSET   716 PM CDT


-  INDICATES NEGATIVE NUMBERS.
R  INDICATES RECORD WAS SET OR TIED.
MM INDICATES DATA IS MISSING.
T  INDICATES TRACE AMOUNT.




$$
