000
CDUS44 KHUN 300715
CLIHSV


CLIMATE REPORT
NATIONAL WEATHER SERVICE HUNTSVILLE AL
215 AM CDT SAT MAY 30 2015


...................................

...THE HUNTSVILLE CLIMATE SUMMARY FOR MAY 29 2015...

CLIMATE NORMAL PERIOD 1981 TO 2010
CLIMATE RECORD PERIOD 1894 TO 2015


WEATHER ITEM   OBSERVED TIME   RECORD YEAR NORMAL DEPARTURE LAST
                VALUE   (LST)  VALUE       VALUE  FROM      YEAR
                                                  NORMAL
..................................................................
TEMPERATURE (F)
 YESTERDAY
  MAXIMUM         84    438 PM  99    1914  85     -1       82
  MINIMUM         68    515 AM  46    1984  63      5       67
  AVERAGE         76                        74      2       75

PRECIPITATION (IN)
  YESTERDAY        0.00          3.62 1912   0.15  -0.15     0.55
  MONTH TO DATE    4.76                      4.80  -0.04     2.69
  SINCE MAR 1     17.32                     14.33   2.99    13.49
  SINCE JAN 1     25.06                     24.06   1.00    23.36

SNOWFALL (IN)
  YESTERDAY        0.0
  MONTH TO DATE    0.0
  SINCE MAR 1      1.0
  SINCE JUL 1      9.8
  SNOW DEPTH       0

DEGREE DAYS
 HEATING
  YESTERDAY        0                         0      0        0
  MONTH TO DATE   14                        25    -11       38
  SINCE MAR 1    389                       547   -158      628
  SINCE JUL 1   3030                      2999     31     3463

 COOLING
  YESTERDAY       11                         9      2       10
  MONTH TO DATE  238                       172     66      201
  SINCE MAR 1    301                       243     58      243
  SINCE JAN 1    301                       244     57      244
..................................................................


WIND (MPH)
  HIGHEST WIND SPEED    18   HIGHEST WIND DIRECTION    SE (140)
  HIGHEST GUST SPEED    23   HIGHEST GUST DIRECTION    SE (140)
  AVERAGE WIND SPEED     8.5


SKY COVER
  POSSIBLE SUNSHINE  MM
  AVERAGE SKY COVER 0.6


WEATHER CONDITIONS
 THE FOLLOWING WEATHER WAS RECORDED YESTERDAY.
  NO SIGNIFICANT WEATHER WAS OBSERVED.


RELATIVE HUMIDITY (PERCENT)
 HIGHEST    90          1200 AM
 LOWEST     58           500 PM
 AVERAGE    74

..........................................................


THE HUNTSVILLE CLIMATE NORMALS FOR TODAY
                         NORMAL    RECORD    YEAR
 MAXIMUM TEMPERATURE (F)   85        99      1914
 MINIMUM TEMPERATURE (F)   63        42      1984


SUNRISE AND SUNSET
MAY 30 2015...........SUNRISE   536 AM CDT   SUNSET   753 PM CDT
MAY 31 2015...........SUNRISE   536 AM CDT   SUNSET   754 PM CDT


-  INDICATES NEGATIVE NUMBERS.
R  INDICATES RECORD WAS SET OR TIED.
MM INDICATES DATA IS MISSING.
T  INDICATES TRACE AMOUNT.




$$
