000
CDUS44 KHUN 062223
CLIHSV


CLIMATE REPORT
NATIONAL WEATHER SERVICE HUNTSVILLE AL
422 PM CST FRI MAR 6 2015


...................................

...THE HUNTSVILLE CLIMATE SUMMARY FOR MARCH 6 2015...
VALID TODAY AS OF 0400 PM LOCAL TIME.

CLIMATE NORMAL PERIOD 1981 TO 2010
CLIMATE RECORD PERIOD 1894 TO 2015


WEATHER ITEM   OBSERVED TIME   RECORD YEAR NORMAL DEPARTURE LAST
                VALUE   (LST)  VALUE       VALUE  FROM      YEAR
                                                  NORMAL
..................................................................
TEMPERATURE (F)
 TODAY
  MAXIMUM         41    359 PM  82    1910  62    -21       54
  MINIMUM         16R   543 AM  17    1932  40    -24       33
  AVERAGE         29                        51    -22       44

PRECIPITATION (IN)
  TODAY            0.00          2.21 1996   0.17  -0.17     0.02
  MONTH TO DATE    1.90                      1.00   0.90     0.78
  SINCE MAR 1      1.90                      1.00   0.90     0.78
  SINCE JAN 1      9.64                     10.73  -1.09    10.65

SNOWFALL (IN)
  TODAY            0.0
  MONTH TO DATE    1.0
  SINCE MAR 1      1.0
  SINCE JUL 1      9.8
  SNOW DEPTH       1

DEGREE DAYS
 HEATING
  TODAY           36                        14     22       21
  MONTH TO DATE  119                        90     29      122
  SINCE MAR 1    119                        90     29      122
  SINCE JUL 1   2760                      2542    218     2957

 COOLING
  TODAY            0                         0      0        0
  MONTH TO DATE    0                         0      0        0
  SINCE MAR 1      0                         0      0        0
  SINCE JAN 1      0                         1     -1        1
..................................................................


WIND (MPH)
  HIGHEST WIND SPEED    14   HIGHEST WIND DIRECTION     N (20)
  HIGHEST GUST SPEED    16   HIGHEST GUST DIRECTION     N (10)
  AVERAGE WIND SPEED     6.0


SKY COVER
  POSSIBLE SUNSHINE  MM
  AVERAGE SKY COVER 0.0


WEATHER CONDITIONS
 THE FOLLOWING WEATHER WAS RECORDED TODAY.
  NO SIGNIFICANT WEATHER WAS OBSERVED.


RELATIVE HUMIDITY (PERCENT)
 HIGHEST    80           400 AM
 LOWEST     41           400 PM
 AVERAGE    61

..........................................................


THE HUNTSVILLE CLIMATE NORMALS FOR TOMORROW
                         NORMAL    RECORD    YEAR
 MAXIMUM TEMPERATURE (F)   62        82      1956
                                             1925
 MINIMUM TEMPERATURE (F)   40        21      1920


SUNRISE AND SUNSET
MARCH  6 2015.........SUNRISE   610 AM CST   SUNSET   547 PM CST
MARCH  7 2015.........SUNRISE   609 AM CST   SUNSET   548 PM CST


-  INDICATES NEGATIVE NUMBERS.
R  INDICATES RECORD WAS SET OR TIED.
MM INDICATES DATA IS MISSING.
T  INDICATES TRACE AMOUNT.




$$
