000
CDUS44 KHUN 140703
CLIHSV


CLIMATE REPORT
NATIONAL WEATHER SERVICE HUNTSVILLE AL
202 AM CDT MON JUL 14 2014


...................................

...THE HUNTSVILLE CLIMATE SUMMARY FOR JULY 13 2014...

CLIMATE NORMAL PERIOD 1981 TO 2010
CLIMATE RECORD PERIOD 1894 TO 2014


WEATHER ITEM   OBSERVED TIME   RECORD YEAR NORMAL DEPARTURE LAST
                VALUE   (LST)  VALUE       VALUE  FROM      YEAR
                                                  NORMAL
..................................................................
TEMPERATURE (F)
 YESTERDAY
  MAXIMUM         89    437 PM 108    1930  91     -2       87
  MINIMUM         74    346 AM  58    1975  71      3       62
  AVERAGE         82                        81      1       75

PRECIPITATION (IN)
  YESTERDAY        T             1.97 1948   0.14  -0.14     0.00
  MONTH TO DATE    1.68                      1.84  -0.16     8.07
  SINCE JUN 1      8.81                      6.13   2.68    10.28
  SINCE JAN 1     32.28                     30.50   1.78    39.40

SNOWFALL (IN)
  YESTERDAY        0.0
  MONTH TO DATE    0.0
  SINCE JUN 1      0.0
  SINCE JUL 1      0.0
  SNOW DEPTH       0

DEGREE DAYS
 HEATING
  YESTERDAY        0                         0      0        0
  MONTH TO DATE    0                         0      0        0
  SINCE JUN 1      0                         1     -1        0
  SINCE JUL 1      0                         0      0        0

 COOLING
  YESTERDAY       17                        16      1       10
  MONTH TO DATE  185                       200    -15      160
  SINCE JUN 1    586                       580      6      584
  SINCE JAN 1    857                       843     14      817
..................................................................


WIND (MPH)
  HIGHEST WIND SPEED    17   HIGHEST WIND DIRECTION     S (180)
  HIGHEST GUST SPEED    21   HIGHEST GUST DIRECTION     S (180)
  AVERAGE WIND SPEED     4.3


SKY COVER
  POSSIBLE SUNSHINE  MM
  AVERAGE SKY COVER 0.5


WEATHER CONDITIONS
 THE FOLLOWING WEATHER WAS RECORDED YESTERDAY.
  THUNDERSTORM
  FOG
  HAZE


RELATIVE HUMIDITY (PERCENT)
 HIGHEST    94           200 AM
 LOWEST     56          1100 AM
 AVERAGE    75

..........................................................


THE HUNTSVILLE CLIMATE NORMALS FOR TODAY
                         NORMAL    RECORD    YEAR
 MAXIMUM TEMPERATURE (F)   91       104      1966
 MINIMUM TEMPERATURE (F)   71        57      1967
                                             1964


SUNRISE AND SUNSET
JULY 14 2014..........SUNRISE   545 AM CDT   SUNSET   801 PM CDT
JULY 15 2014..........SUNRISE   545 AM CDT   SUNSET   800 PM CDT


-  INDICATES NEGATIVE NUMBERS.
R  INDICATES RECORD WAS SET OR TIED.
MM INDICATES DATA IS MISSING.
T  INDICATES TRACE AMOUNT.




$$
