801
CDUS44 KHUN 202129
CLIHSV


CLIMATE REPORT
NATIONAL WEATHER SERVICE HUNTSVILLE AL
428 PM CDT WED SEP 20 2017


...................................

...THE HUNTSVILLE CLIMATE SUMMARY FOR SEPTEMBER 20 2017...
VALID TODAY AS OF 0400 PM LOCAL TIME.

CLIMATE NORMAL PERIOD 1981 TO 2010
CLIMATE RECORD PERIOD 1894 TO 2017


WEATHER ITEM   OBSERVED TIME   RECORD YEAR NORMAL DEPARTURE LAST
                VALUE   (LST)  VALUE       VALUE  FROM      YEAR
                                                  NORMAL
..................................................................
TEMPERATURE (F)
 TODAY
  MAXIMUM         91    137 PM 101    1925  84      7       93
  MINIMUM         65    507 AM  43    1928  61      4       63
  AVERAGE         78                        72      6       78

PRECIPITATION (IN)
  TODAY            0.00          2.75 1924   0.13  -0.13     0.00
  MONTH TO DATE    2.69                      2.43   0.26     0.47
  SINCE SEP 1      2.69                      2.43   0.26     0.47
  SINCE JAN 1     42.90                     38.75   4.15    32.98

SNOWFALL (IN)
  TODAY            0.0
  MONTH TO DATE    0.0
  SINCE SEP 1      0.0
  SINCE JUL 1      0.0
  SNOW DEPTH       0

DEGREE DAYS
 HEATING
  TODAY            0                         1     -1        0
  MONTH TO DATE   11                         1     10        0
  SINCE SEP 1     11                         1     10        0
  SINCE JUL 1     11                         1     10        0

 COOLING
  TODAY           13                         8      5       13
  MONTH TO DATE  117                       214    -97      333
  SINCE SEP 1    117                       214    -97      333
  SINCE JAN 1   1845                      1809     36     2238
..................................................................


WIND (MPH)
  HIGHEST WIND SPEED     6   HIGHEST WIND DIRECTION     W (250)
  HIGHEST GUST SPEED     9   HIGHEST GUST DIRECTION     S (180)
  AVERAGE WIND SPEED     3.2


SKY COVER
  POSSIBLE SUNSHINE  MM
  AVERAGE SKY COVER 0.1


WEATHER CONDITIONS
 THE FOLLOWING WEATHER WAS RECORDED TODAY.
  FOG


RELATIVE HUMIDITY (PERCENT)
 HIGHEST   100          1200 AM
 LOWEST     59           100 PM
 AVERAGE    80

..........................................................


THE HUNTSVILLE CLIMATE NORMALS FOR TOMORROW
                         NORMAL    RECORD    YEAR
 MAXIMUM TEMPERATURE (F)   83       100      1925
 MINIMUM TEMPERATURE (F)   61        39      1918


SUNRISE AND SUNSET
SEPTEMBER 20 2017.....SUNRISE   634 AM CDT   SUNSET   646 PM CDT
SEPTEMBER 21 2017.....SUNRISE   635 AM CDT   SUNSET   645 PM CDT


-  INDICATES NEGATIVE NUMBERS.
R  INDICATES RECORD WAS SET OR TIED.
MM INDICATES DATA IS MISSING.
T  INDICATES TRACE AMOUNT.




$$
