000
CDUS43 KAPX 030550
CLIHTL


CLIMATE REPORT
NATIONAL WEATHER SERVICE GAYLORD MI
1250 AM EST TUE MAR 3 2015


...................................

...THE HOUGHTON LAKE MI CLIMATE SUMMARY FOR MARCH 2 2015...

CLIMATE NORMAL PERIOD 1981 TO 2010
CLIMATE RECORD PERIOD 1913 TO 2015


WEATHER ITEM   OBSERVED TIME   RECORD YEAR NORMAL DEPARTURE LAST
                VALUE   (LST)  VALUE       VALUE  FROM      YEAR
                                                  NORMAL
..................................................................
TEMPERATURE (F)
 YESTERDAY
  MAXIMUM         26    507 PM  56    1964  34     -8       10
  MINIMUM          2   1028 PM -20    1943  14    -12      -12
  AVERAGE         14                        24    -10       -1

PRECIPITATION (IN)
  YESTERDAY        T             0.78 1976   0.06  -0.06     0.00
  MONTH TO DATE    T                         0.11  -0.11     0.09
  SINCE MAR 1      T                         0.11  -0.11     0.09
  SINCE JAN 1      1.81                      2.83  -1.02     2.89

SNOWFALL (IN)
  YESTERDAY        T             4.0  2012   0.3   -0.3      0.0
  MONTH TO DATE    0.2                       0.7   -0.5      0.5
  SINCE OCT 1     41.8                      55.2  -13.4     52.8
  SINCE JUL 1     41.8                      55.2  -13.4     52.8
  SNOW DEPTH      14

DEGREE DAYS
 HEATING
  YESTERDAY       51                        41     10       66
  MONTH TO DATE  100                        83     17      121
  SINCE MAR 1    100                        83     17      121
  SINCE JUL 1   6467                      5955    512     6569

 COOLING
  YESTERDAY        0                         0      0        0
  MONTH TO DATE    0                         0      0        0
  SINCE MAR 1      0                         0      0        0
  SINCE JAN 1      0                         0      0        0
..................................................................


WIND (MPH)
  HIGHEST WIND SPEED    21   HIGHEST WIND DIRECTION    NW (320)
  HIGHEST GUST SPEED    28   HIGHEST GUST DIRECTION    NW (310)
  AVERAGE WIND SPEED     7.0




RELATIVE HUMIDITY (PERCENT)
 HIGHEST    84
 LOWEST     36
 AVERAGE    60

..........................................................


THE HOUGHTON LAKE MI CLIMATE NORMALS FOR TODAY
                         NORMAL    RECORD    YEAR
 MAXIMUM TEMPERATURE (F)   34        61      1974
 MINIMUM TEMPERATURE (F)   14       -25      1943


SUNRISE AND SUNSET
MARCH  3 2015.........SUNRISE   713 AM EST   SUNSET   629 PM EST
MARCH  4 2015.........SUNRISE   711 AM EST   SUNSET   630 PM EST


-  INDICATES NEGATIVE NUMBERS.
R  INDICATES RECORD WAS SET OR TIED.
MM INDICATES DATA IS MISSING.
T  INDICATES TRACE AMOUNT.




$$
