000
CDUS43 KAPX 230538
CLIHTL


CLIMATE REPORT
NATIONAL WEATHER SERVICE GAYLORD MI
1238 AM EST SUN NOV 23 2014


...................................

...THE HOUGHTON LAKE MI CLIMATE SUMMARY FOR NOVEMBER 22 2014...

CLIMATE NORMAL PERIOD 1981 TO 2010
CLIMATE RECORD PERIOD 1913 TO 2014


WEATHER ITEM   OBSERVED TIME   RECORD YEAR NORMAL DEPARTURE LAST
                VALUE   (LST)  VALUE       VALUE  FROM      YEAR
                                                  NORMAL
..................................................................
TEMPERATURE (F)
 YESTERDAY
  MAXIMUM         39        MM  60    2012  39      0       39
  MINIMUM         24        MM   2    1929  26     -2       26
  AVERAGE         32                        32      0       33

PRECIPITATION (IN)
  YESTERDAY        0.02          0.75 1934   0.08  -0.06     0.02
  MONTH TO DATE    1.38                      1.73  -0.35     2.86
  SINCE SEP 1      7.81                      7.39   0.42     8.10
  SINCE JAN 1     27.69                     26.51   1.18    28.20

SNOWFALL (IN)
  YESTERDAY        0.0           5.0  1956   0.4   -0.4       T
  MONTH TO DATE    7.0                       5.2    1.8       T
  SINCE OCT 1      7.0                       5.8    1.2       T
  SINCE JUL 1      7.0                       5.8    1.2       T
  SNOW DEPTH       4

DEGREE DAYS
 HEATING
  YESTERDAY       33                        33      0       32
  MONTH TO DATE  754                       630    124      595
  SINCE SEP 1   1569                      1481     88     1387
  SINCE JUL 1   1725                      1608    117     1512
..................................................................


WIND (MPH)
  HIGHEST WIND SPEED    14   HIGHEST WIND DIRECTION     S (200)
  HIGHEST GUST SPEED    21   HIGHEST GUST DIRECTION     S (200)
  AVERAGE WIND SPEED    10.3




RELATIVE HUMIDITY (PERCENT)
 HIGHEST   100
 LOWEST     57
 AVERAGE    79

..........................................................


THE HOUGHTON LAKE MI CLIMATE NORMALS FOR TODAY
                         NORMAL    RECORD    YEAR
 MAXIMUM TEMPERATURE (F)   39        64      1931
 MINIMUM TEMPERATURE (F)   25        -2      1989


SUNRISE AND SUNSET
NOVEMBER 23 2014......SUNRISE   745 AM EST   SUNSET   505 PM EST
NOVEMBER 24 2014......SUNRISE   746 AM EST   SUNSET   504 PM EST


-  INDICATES NEGATIVE NUMBERS.
R  INDICATES RECORD WAS SET OR TIED.
MM INDICATES DATA IS MISSING.
T  INDICATES TRACE AMOUNT.




$$
