000
CDUS43 KAPX 090529
CLIHTL


CLIMATE REPORT
NATIONAL WEATHER SERVICE GAYLORD MI
1228 AM EST FRI DEC 9 2016


...................................

...THE HOUGHTON LAKE MI CLIMATE SUMMARY FOR DECEMBER 8 2016...

CLIMATE NORMAL PERIOD 1981 TO 2010
CLIMATE RECORD PERIOD 1913 TO 2016


WEATHER ITEM   OBSERVED TIME   RECORD YEAR NORMAL DEPARTURE LAST
                VALUE   (LST)  VALUE       VALUE  FROM      YEAR
                                                  NORMAL
..................................................................
TEMPERATURE (F)
 YESTERDAY
  MAXIMUM         29    259 PM  56    1946  33     -4       38
  MINIMUM         21    838 PM  -8    1989  20      1       31
  AVERAGE         25                        26     -1       35

PRECIPITATION (IN)
  YESTERDAY        0.12          1.29 1966   0.06   0.06     0.00
  MONTH TO DATE    0.36                      0.50  -0.14     0.09
  SINCE DEC 1      0.36                      0.50  -0.14     0.09
  SINCE JAN 1     31.41                     27.60   3.81    24.65

SNOWFALL (IN)
  YESTERDAY        3.1           4.1  1977   0.5    2.6      0.0
  MONTH TO DATE    5.7                       4.0    1.7       T
  SINCE OCT 1     16.7                      13.1    3.6      2.2
  SINCE JUL 1     16.7                      13.1    3.6      2.2
  SNOW DEPTH       T

DEGREE DAYS
 HEATING
  YESTERDAY       40                        39      1       30
  MONTH TO DATE  259                       300    -41      235
  SINCE DEC 1    259                       300    -41      235
  SINCE JUL 1   1579                      2183   -604     1714
..................................................................


WIND (MPH)
  HIGHEST WIND SPEED    25   HIGHEST WIND DIRECTION     W (270)
  HIGHEST GUST SPEED    32   HIGHEST GUST DIRECTION     W (270)
  AVERAGE WIND SPEED    13.8




RELATIVE HUMIDITY (PERCENT)
 HIGHEST    92
 LOWEST     68
 AVERAGE    80

..........................................................


THE HOUGHTON LAKE MI CLIMATE NORMALS FOR TODAY
                         NORMAL    RECORD    YEAR
 MAXIMUM TEMPERATURE (F)   32        57      1946
 MINIMUM TEMPERATURE (F)   20        -4      1934


SUNRISE AND SUNSET
DECEMBER  9 2016......SUNRISE   803 AM EST   SUNSET   459 PM EST
DECEMBER 10 2016......SUNRISE   804 AM EST   SUNSET   459 PM EST


-  INDICATES NEGATIVE NUMBERS.
R  INDICATES RECORD WAS SET OR TIED.
MM INDICATES DATA IS MISSING.
T  INDICATES TRACE AMOUNT.




$$
