000
CDUS43 KAPX 260547
CLIHTL


CLIMATE REPORT
NATIONAL WEATHER SERVICE GAYLORD MI
147 AM EDT TUE JUL 26 2016


...................................

...THE HOUGHTON LAKE MI CLIMATE SUMMARY FOR JULY 25 2016...

CLIMATE NORMAL PERIOD 1981 TO 2010
CLIMATE RECORD PERIOD 1913 TO 2016


WEATHER ITEM   OBSERVED TIME   RECORD YEAR NORMAL DEPARTURE LAST
                VALUE   (LST)  VALUE       VALUE  FROM      YEAR
                                                  NORMAL
..................................................................
TEMPERATURE (F)
 YESTERDAY
  MAXIMUM         84    348 PM  99    1941  80      4       85
  MINIMUM         60   1159 PM  37    2004  55      5       57
  AVERAGE         72                        67      5       71

PRECIPITATION (IN)
  YESTERDAY        0.00          1.34 1986   0.09  -0.09     0.00
  MONTH TO DATE    2.76                      2.17   0.59     1.39
  SINCE JUN 1      5.52                      5.27   0.25     4.55
  SINCE JAN 1     19.59                     15.13   4.46    13.17

DEGREE DAYS
 HEATING
  YESTERDAY        0                         1     -1        0
  MONTH TO DATE   27                        37    -10       48
  SINCE JUN 1    132                       161    -29      165
  SINCE JUL 1     27                        37    -10       48

 COOLING
  YESTERDAY        7                         4      3        6
  MONTH TO DATE  136                        97     39       70
  SINCE JUN 1    180                       156     24       90
  SINCE JAN 1    209                       172     37      115
..................................................................


WIND (MPH)
  HIGHEST WIND SPEED    21   HIGHEST WIND DIRECTION    NW (310)
  HIGHEST GUST SPEED    27   HIGHEST GUST DIRECTION    NW (300)
  AVERAGE WIND SPEED     9.2




RELATIVE HUMIDITY (PERCENT)
 HIGHEST    97
 LOWEST     37
 AVERAGE    67

..........................................................


THE HOUGHTON LAKE MI CLIMATE NORMALS FOR TODAY
                         NORMAL    RECORD    YEAR
 MAXIMUM TEMPERATURE (F)   79        99      1941
 MINIMUM TEMPERATURE (F)   55        33      1920


SUNRISE AND SUNSET
JULY 26 2016..........SUNRISE   620 AM EDT   SUNSET   910 PM EDT
JULY 27 2016..........SUNRISE   621 AM EDT   SUNSET   909 PM EDT


-  INDICATES NEGATIVE NUMBERS.
R  INDICATES RECORD WAS SET OR TIED.
MM INDICATES DATA IS MISSING.
T  INDICATES TRACE AMOUNT.




$$
