569
CDUS43 KAPX 292130
CLIHTL


CLIMATE REPORT
NATIONAL WEATHER SERVICE GAYLORD MI
530 PM EDT WED MAR 29 2017


...................................

...THE HOUGHTON LAKE MI CLIMATE SUMMARY FOR MARCH 29 2017...
VALID TODAY AS OF 0500 PM LOCAL TIME.

CLIMATE NORMAL PERIOD 1981 TO 2010
CLIMATE RECORD PERIOD 1913 TO 2017


WEATHER ITEM   OBSERVED TIME   RECORD YEAR NORMAL DEPARTURE LAST
                VALUE   (LST)  VALUE       VALUE  FROM      YEAR
                                                  NORMAL
..................................................................
TEMPERATURE (F)
 TODAY
  MAXIMUM         50    254 PM  78    1946  46      4       51
  MINIMUM         26    652 AM -12    1923  24      2       24
  AVERAGE         38                        35      3       38

PRECIPITATION (IN)
  TODAY            0.00          0.56 1988   0.07  -0.07     0.00
                                      1988
                                      2009
  MONTH TO DATE    2.47                      1.70   0.77     3.45
  SINCE MAR 1      2.47                      1.70   0.77     3.45
  SINCE JAN 1      7.95                      4.42   3.53     6.57

SNOWFALL (IN)
  TODAY            0.0           2.5  1972   0.2             0.0
  MONTH TO DATE    9.4                       7.9            13.1
  SINCE OCT 1     75.8                      62.4            46.5
  SINCE JUL 1     75.8                      62.4            46.5

DEGREE DAYS
 HEATING
  TODAY           27                        30     -3       27
  MONTH TO DATE 1037                      1054    -17      889
  SINCE MAR 1   1037                      1054    -17      889
  SINCE JUL 1   5887                      6926  -1039     5802

 COOLING
  TODAY            0                         0      0        0
  MONTH TO DATE    0                         0      0        0
  SINCE MAR 1      0                         0      0        0
  SINCE JAN 1      0                         0      0        0
..................................................................


WIND (MPH)
  RESULTANT WIND SPEED   2   RESULTANT WIND DIRECTION  NE (60)
  HIGHEST WIND SPEED    12   HIGHEST WIND DIRECTION    NE (60)
  HIGHEST GUST SPEED    15   HIGHEST GUST DIRECTION     E (70)
  AVERAGE WIND SPEED     3.4


SKY COVER
  POSSIBLE SUNSHINE  MM
  AVERAGE SKY COVER 0.0


WEATHER CONDITIONS
 THE FOLLOWING WEATHER WAS RECORDED TODAY.
  FOG


RELATIVE HUMIDITY (PERCENT)
 HIGHEST    92          1200 AM
 LOWEST     39           300 PM
 AVERAGE    66

..........................................................


THE HOUGHTON LAKE MI CLIMATE NORMALS FOR TOMORROW
                         NORMAL    RECORD    YEAR
 MAXIMUM TEMPERATURE (F)   46        75      1938
 MINIMUM TEMPERATURE (F)   24         0      1921


SUNRISE AND SUNSET
MARCH 29 2017.........SUNRISE   725 AM EDT   SUNSET   803 PM EDT
MARCH 30 2017.........SUNRISE   723 AM EDT   SUNSET   804 PM EDT


-  INDICATES NEGATIVE NUMBERS.
R  INDICATES RECORD WAS SET OR TIED.
MM INDICATES DATA IS MISSING.
T  INDICATES TRACE AMOUNT.




$$
