000
CDUS43 KAPX 230532
CLIHTL


CLIMATE REPORT
NATIONAL WEATHER SERVICE GAYLORD MI
131 AM EDT WED APR 23 2014


...................................

...THE HOUGHTON LAKE MI CLIMATE SUMMARY FOR APRIL 22 2014...

CLIMATE NORMAL PERIOD 1981 TO 2010
CLIMATE RECORD PERIOD 1913 TO 2014


WEATHER ITEM   OBSERVED TIME   RECORD YEAR NORMAL DEPARTURE LAST
                VALUE   (LST)  VALUE       VALUE  FROM      YEAR
                                                  NORMAL
..................................................................
TEMPERATURE (F)
 YESTERDAY
  MAXIMUM         54   1200 AM  86    1980  57     -3       62
  MINIMUM         32   1159 PM  15    1945  34     -2       33
  AVERAGE         43                        46     -3       48

PRECIPITATION (IN)
  YESTERDAY        T             1.01 1921   0.08  -0.08     0.00
  MONTH TO DATE    4.56                      1.85   2.71     4.91
  SINCE MAR 1      5.71                      3.69   2.02     6.17
  SINCE JAN 1      8.51                      6.41   2.10    11.43

SNOWFALL (IN)
  YESTERDAY        T             1.0  1924   0.0    0.0      0.0
  MONTH TO DATE    3.5                       3.4    0.1      3.0
  SINCE OCT 1     61.9                      66.2   -4.3     60.1
  SINCE JUL 1     61.9                      66.2   -4.3     60.1
  SNOW DEPTH       0

DEGREE DAYS
 HEATING
  YESTERDAY       22                        20      2       17
  MONTH TO DATE  549                       533     16      647
  SINCE MAR 1   1955                      1646    309     1802
  SINCE JUL 1   8403                      7518    885     7176

 COOLING
  YESTERDAY        0                         0      0        0
  MONTH TO DATE    0                         0      0        0
  SINCE MAR 1      0                         0      0        0
  SINCE JAN 1      0                         0      0        0
..................................................................


WIND (MPH)
  HIGHEST WIND SPEED    28   HIGHEST WIND DIRECTION    NW (320)
  HIGHEST GUST SPEED    41   HIGHEST GUST DIRECTION    NW (320)
  AVERAGE WIND SPEED    16.2




RELATIVE HUMIDITY (PERCENT)
 HIGHEST    82
 LOWEST     75
 AVERAGE    79

..........................................................


THE HOUGHTON LAKE MI CLIMATE NORMALS FOR TODAY
                         NORMAL    RECORD    YEAR
 MAXIMUM TEMPERATURE (F)   58        89      1925
 MINIMUM TEMPERATURE (F)   34        13      1936


SUNRISE AND SUNSET
APRIL 23 2014.........SUNRISE   642 AM EDT   SUNSET   833 PM EDT
APRIL 24 2014.........SUNRISE   640 AM EDT   SUNSET   834 PM EDT


-  INDICATES NEGATIVE NUMBERS.
R  INDICATES RECORD WAS SET OR TIED.
MM INDICATES DATA IS MISSING.
T  INDICATES TRACE AMOUNT.




$$
