000
CDUS43 KAPX 040527
CLIHTL


CLIMATE REPORT
NATIONAL WEATHER SERVICE GAYLORD MI
127 AM EDT TUE AUG 4 2015


...................................

...THE HOUGHTON LAKE MI CLIMATE SUMMARY FOR AUGUST 3 2015...

CLIMATE NORMAL PERIOD 1981 TO 2010
CLIMATE RECORD PERIOD 1913 TO 2015


WEATHER ITEM   OBSERVED TIME   RECORD YEAR NORMAL DEPARTURE LAST
                VALUE   (LST)  VALUE       VALUE  FROM      YEAR
                                                  NORMAL
..................................................................
TEMPERATURE (F)
 YESTERDAY
  MAXIMUM         74    500 PM  94    1944  79     -5       83
                                      1938
                                      1926
  MINIMUM         52   1153 PM  32    1918  54     -2       51
  AVERAGE         63                        67     -4       67

PRECIPITATION (IN)
  YESTERDAY        0.00          1.33 1982   0.11  -0.11     0.59
  MONTH TO DATE    1.05                      0.34   0.71     0.59
  SINCE JUN 1      5.67                      6.20  -0.53     5.88
  SINCE JAN 1     14.29                     16.06  -1.77    18.36

DEGREE DAYS
 HEATING
  YESTERDAY        2                         2      0        0
  MONTH TO DATE    2                         6     -4        1
  SINCE JUN 1    167                       177    -10      179
  SINCE JUL 1     50                        53     -3      105

 COOLING
  YESTERDAY        0                         3     -3        2
  MONTH TO DATE    7                         9     -2        4
  SINCE JUN 1    143                       180    -37      124
  SINCE JAN 1    168                       196    -28      139
..................................................................


WIND (MPH)
  HIGHEST WIND SPEED    17   HIGHEST WIND DIRECTION    NW (300)
  HIGHEST GUST SPEED    25   HIGHEST GUST DIRECTION    NW (310)
  AVERAGE WIND SPEED     7.8




RELATIVE HUMIDITY (PERCENT)
 HIGHEST   100
 LOWEST     44
 AVERAGE    72

..........................................................


THE HOUGHTON LAKE MI CLIMATE NORMALS FOR TODAY
                         NORMAL    RECORD    YEAR
 MAXIMUM TEMPERATURE (F)   79        96      1947
 MINIMUM TEMPERATURE (F)   54        31      1920


SUNRISE AND SUNSET
AUGUST  4 2015........SUNRISE   629 AM EDT   SUNSET   900 PM EDT
AUGUST  5 2015........SUNRISE   630 AM EDT   SUNSET   859 PM EDT


-  INDICATES NEGATIVE NUMBERS.
R  INDICATES RECORD WAS SET OR TIED.
MM INDICATES DATA IS MISSING.
T  INDICATES TRACE AMOUNT.




$$
