000
CDUS43 KAPX 260549
CLIHTL


CLIMATE REPORT
NATIONAL WEATHER SERVICE GAYLORD MI
1249 AM EST WED NOV 26 2014


...................................

...THE HOUGHTON LAKE MI CLIMATE SUMMARY FOR NOVEMBER 25 2014...

CLIMATE NORMAL PERIOD 1981 TO 2010
CLIMATE RECORD PERIOD 1913 TO 2014


WEATHER ITEM   OBSERVED TIME   RECORD YEAR NORMAL DEPARTURE LAST
                VALUE   (LST)  VALUE       VALUE  FROM      YEAR
                                                  NORMAL
..................................................................
TEMPERATURE (F)
 YESTERDAY
  MAXIMUM         31        MM  56    2011  38     -7       30
  MINIMUM         25        MM -14    1950  25      0       19
  AVERAGE         28                        31     -3       25

PRECIPITATION (IN)
  YESTERDAY        0.06          1.30 1946   0.08  -0.02      T
  MONTH TO DATE    3.00                      1.96   1.04     3.05
  SINCE SEP 1      9.43                      7.62   1.81     8.29
  SINCE JAN 1     29.31                     26.74   2.57    28.39

SNOWFALL (IN)
  YESTERDAY        0.9           6.2  1977   0.4    0.5       T
  MONTH TO DATE   11.9                       6.4    5.5      2.5
  SINCE OCT 1     11.9                       7.0    4.9      2.5
  SINCE JUL 1     11.9                       7.0    4.9      2.5
  SNOW DEPTH       5

DEGREE DAYS
 HEATING
  YESTERDAY       37                        34      3       40
  MONTH TO DATE  838                       730    108      728
  SINCE SEP 1   1653                      1581     72     1520
  SINCE JUL 1   1809                      1708    101     1645
..................................................................


WIND (MPH)
  HIGHEST WIND SPEED    18   HIGHEST WIND DIRECTION     W (280)
  HIGHEST GUST SPEED    24   HIGHEST GUST DIRECTION     W (280)
  AVERAGE WIND SPEED    11.3




RELATIVE HUMIDITY (PERCENT)
 HIGHEST   100
 LOWEST     75
 AVERAGE    88

..........................................................


THE HOUGHTON LAKE MI CLIMATE NORMALS FOR TODAY
                         NORMAL    RECORD    YEAR
 MAXIMUM TEMPERATURE (F)   37        58      1984
 MINIMUM TEMPERATURE (F)   24        -9      1949


SUNRISE AND SUNSET
NOVEMBER 26 2014......SUNRISE   749 AM EST   SUNSET   503 PM EST
NOVEMBER 27 2014......SUNRISE   750 AM EST   SUNSET   503 PM EST


-  INDICATES NEGATIVE NUMBERS.
R  INDICATES RECORD WAS SET OR TIED.
MM INDICATES DATA IS MISSING.
T  INDICATES TRACE AMOUNT.




$$
