000
CDUS43 KAPX 220527
CLIHTL


CLIMATE REPORT
NATIONAL WEATHER SERVICE GAYLORD MI
126 AM EDT TUE AUG 22 2017


...................................

...THE HOUGHTON LAKE MI CLIMATE SUMMARY FOR AUGUST 21 2017...

CLIMATE NORMAL PERIOD 1981 TO 2010
CLIMATE RECORD PERIOD 1913 TO 2017


WEATHER ITEM   OBSERVED TIME   RECORD YEAR NORMAL DEPARTURE LAST
                VALUE   (LST)  VALUE       VALUE  FROM      YEAR
                                                  NORMAL
..................................................................
TEMPERATURE (F)
 YESTERDAY
  MAXIMUM         84    335 PM  96    1955  77      7       70
  MINIMUM         61    531 AM  30    1934  52      9       55
  AVERAGE         73                        64      9       63

PRECIPITATION (IN)
  YESTERDAY        0.00          1.39 2003   0.11  -0.11      T
  MONTH TO DATE    2.58                      2.37   0.21     2.64
  SINCE JUN 1      9.57                      8.23   1.34     8.42
  SINCE JAN 1     25.48                     18.09   7.39    22.49

DEGREE DAYS
 HEATING
  YESTERDAY        0                         3     -3        2
  MONTH TO DATE   22                        46    -24        2
  SINCE JUN 1    102                       217   -115      134
  SINCE JUL 1     34                        93    -59       29

 COOLING
  YESTERDAY        8                         2      6        0
  MONTH TO DATE   44                        58    -14      132
  SINCE JUN 1    228                       229     -1      342
  SINCE JAN 1    242                       245     -3      371
..................................................................


WIND (MPH)
  HIGHEST WIND SPEED    13   HIGHEST WIND DIRECTION    SW (240)
  HIGHEST GUST SPEED    20   HIGHEST GUST DIRECTION    SW (220)
  AVERAGE WIND SPEED     5.5




RELATIVE HUMIDITY (PERCENT)
 HIGHEST    93
 LOWEST     51
 AVERAGE    72

..........................................................


THE HOUGHTON LAKE MI CLIMATE NORMALS FOR TODAY
                         NORMAL    RECORD    YEAR
 MAXIMUM TEMPERATURE (F)   76        96      1955
 MINIMUM TEMPERATURE (F)   52        29      1923


SUNRISE AND SUNSET
AUGUST 22 2017........SUNRISE   650 AM EDT   SUNSET   832 PM EDT
AUGUST 23 2017........SUNRISE   651 AM EDT   SUNSET   830 PM EDT


-  INDICATES NEGATIVE NUMBERS.
R  INDICATES RECORD WAS SET OR TIED.
MM INDICATES DATA IS MISSING.
T  INDICATES TRACE AMOUNT.




$$
