000
CDUS43 KAPX 232128
CLIHTL


CLIMATE REPORT
NATIONAL WEATHER SERVICE GAYLORD MI
528 PM EDT TUE MAY 23 2017


...................................

...THE HOUGHTON LAKE MI CLIMATE SUMMARY FOR MAY 23 2017...
VALID TODAY AS OF 0500 PM LOCAL TIME.

CLIMATE NORMAL PERIOD 1981 TO 2010
CLIMATE RECORD PERIOD 1913 TO 2017


WEATHER ITEM   OBSERVED TIME   RECORD YEAR NORMAL DEPARTURE LAST
                VALUE   (LST)  VALUE       VALUE  FROM      YEAR
                                                  NORMAL
..................................................................
TEMPERATURE (F)
 TODAY
  MAXIMUM         68    148 PM  87    1936  69     -1       81
  MINIMUM         41    450 AM  23    1926  44     -3       37
  AVERAGE         55                        56     -1       59

PRECIPITATION (IN)
  TODAY            0.12          1.26 2004   0.10   0.02     0.00
  MONTH TO DATE    1.67                      2.03  -0.36     1.22
  SINCE MAR 1      9.57                      6.35   3.22     8.09
  SINCE JAN 1     15.05                      9.07   5.98    11.21

DEGREE DAYS
 HEATING
  TODAY           10                        10      0        6
  MONTH TO DATE  320                       291     29      306
  SINCE MAR 1   1939                      2080   -141     1989
  SINCE JUL 1   6789                      7952  -1163     6902

 COOLING
  TODAY            0                         1     -1        0
  MONTH TO DATE   13                         4      9        0
  SINCE MAR 1     14                         6      8        0
  SINCE JAN 1     14                         6      8        0
..................................................................


WIND (MPH)
  RESULTANT WIND SPEED   1   RESULTANT WIND DIRECTION   W (280)
  HIGHEST WIND SPEED    17   HIGHEST WIND DIRECTION     S (170)
  HIGHEST GUST SPEED    25   HIGHEST GUST DIRECTION     S (180)
  AVERAGE WIND SPEED     2.6


SKY COVER
  POSSIBLE SUNSHINE  MM
  AVERAGE SKY COVER 0.6


WEATHER CONDITIONS
 THE FOLLOWING WEATHER WAS RECORDED TODAY.
  HEAVY RAIN
  LIGHT RAIN
  FOG
  FOG W/VISIBILITY <= 1/4 MILE


RELATIVE HUMIDITY (PERCENT)
 HIGHEST   100           400 AM
 LOWEST     52           200 PM
 AVERAGE    76

..........................................................


THE HOUGHTON LAKE MI CLIMATE NORMALS FOR TOMORROW
                         NORMAL    RECORD    YEAR
 MAXIMUM TEMPERATURE (F)   69        87      2010
                                             1972
                                             1933
 MINIMUM TEMPERATURE (F)   44        21      1956


SUNRISE AND SUNSET
MAY 23 2017...........SUNRISE   604 AM EDT   SUNSET   908 PM EDT
MAY 24 2017...........SUNRISE   603 AM EDT   SUNSET   909 PM EDT


-  INDICATES NEGATIVE NUMBERS.
R  INDICATES RECORD WAS SET OR TIED.
MM INDICATES DATA IS MISSING.
T  INDICATES TRACE AMOUNT.




$$
