000
CDUS43 KAPX 010751
CLIHTL


CLIMATE REPORT
NATIONAL WEATHER SERVICE GAYLORD MI
350 AM EDT SAT OCT 1 2016


...................................

...THE HOUGHTON LAKE MI CLIMATE SUMMARY FOR SEPTEMBER 30 2016...

CLIMATE NORMAL PERIOD 1981 TO 2010
CLIMATE RECORD PERIOD 1913 TO 2016


WEATHER ITEM   OBSERVED TIME   RECORD YEAR NORMAL DEPARTURE LAST
                VALUE   (LST)  VALUE       VALUE  FROM      YEAR
                                                  NORMAL
..................................................................
TEMPERATURE (F)
 YESTERDAY
  MAXIMUM         63    103 PM  87    1922  63      0       59
  MINIMUM         54   1159 PM  25    1945  41     13       37
                                      1935
  AVERAGE         59                        52      7       48

PRECIPITATION (IN)
  YESTERDAY        0.24          2.07 1921   0.10   0.14     0.00
  MONTH TO DATE    2.93                      3.10  -0.17     3.61
  SINCE SEP 1      2.93                      3.10  -0.17     3.61
  SINCE JAN 1     26.54                     22.22   4.32    20.12

DEGREE DAYS
 HEATING
  YESTERDAY        6                        14     -8       17
  MONTH TO DATE  124                       254   -130      124
  SINCE SEP 1    124                       254   -130      124
  SINCE JUL 1    157                       381   -224      214

 COOLING
  YESTERDAY        0                         0      0        0
  MONTH TO DATE   48                        20     28       73
  SINCE SEP 1     48                        20     28       73
  SINCE JAN 1    457                       285    172      330
..................................................................


WIND (MPH)
  HIGHEST WIND SPEED    21   HIGHEST WIND DIRECTION    NE (60)
  HIGHEST GUST SPEED    28   HIGHEST GUST DIRECTION     E (70)
  AVERAGE WIND SPEED    11.7




RELATIVE HUMIDITY (PERCENT)
 HIGHEST   100
 LOWEST     78
 AVERAGE    89

..........................................................


THE HOUGHTON LAKE MI CLIMATE NORMALS FOR TODAY
                         NORMAL    RECORD    YEAR
 MAXIMUM TEMPERATURE (F)   62        83      1922
 MINIMUM TEMPERATURE (F)   40        19      1947


SUNRISE AND SUNSET
OCTOBER  1 2016.......SUNRISE   737 AM EDT   SUNSET   719 PM EDT
OCTOBER  2 2016.......SUNRISE   738 AM EDT   SUNSET   717 PM EDT


-  INDICATES NEGATIVE NUMBERS.
R  INDICATES RECORD WAS SET OR TIED.
MM INDICATES DATA IS MISSING.
T  INDICATES TRACE AMOUNT.




$$
