591
CDUS43 KAPX 242247
CLIHTL


CLIMATE REPORT
NATIONAL WEATHER SERVICE GAYLORD MI
547 PM EST TUE JAN 24 2017


...................................

...THE HOUGHTON LAKE MI CLIMATE SUMMARY FOR JANUARY 24 2017...
VALID TODAY AS OF 0500 PM LOCAL TIME.

CLIMATE NORMAL PERIOD 1981 TO 2010
CLIMATE RECORD PERIOD 1913 TO 2017


WEATHER ITEM   OBSERVED TIME   RECORD YEAR NORMAL DEPARTURE LAST
                VALUE   (LST)  VALUE       VALUE  FROM      YEAR
                                                  NORMAL
..................................................................
TEMPERATURE (F)
 TODAY
  MAXIMUM         36    427 PM  49    1967  26     10       28
  MINIMUM         34    943 AM -23    1948   9     25       20
  AVERAGE         35                        17     18       24

PRECIPITATION (IN)
  TODAY            0.06          1.08 1938   0.04   0.02      T
  MONTH TO DATE    2.18                      1.21   0.97     1.20
  SINCE DEC 1      4.40                      2.86   1.54     4.77
  SINCE JAN 1      2.18                      1.21   0.97     1.20

SNOWFALL (IN)
  TODAY            0.0           3.0  1979   0.6              T
                                      1959
  MONTH TO DATE   10.3                      13.2            12.3
  SINCE OCT 1     52.5                      38.2            20.2
  SINCE JUL 1     52.5                      38.2            20.2

DEGREE DAYS
 HEATING
  TODAY           30                        48    -18       41
  MONTH TO DATE  970                      1123   -153     1068
  SINCE DEC 1   2212                      2397   -185     1982
  SINCE JUL 1   3532                      4280   -748     3461
..................................................................


WIND (MPH)
  RESULTANT WIND SPEED   5   RESULTANT WIND DIRECTION  NW (310)
  HIGHEST WIND SPEED    10   HIGHEST WIND DIRECTION    NW (310)
  HIGHEST GUST SPEED    13   HIGHEST GUST DIRECTION    NW (300)
  AVERAGE WIND SPEED     5.2


SKY COVER
  POSSIBLE SUNSHINE  MM
  AVERAGE SKY COVER 1.0


WEATHER CONDITIONS
 THE FOLLOWING WEATHER WAS RECORDED TODAY.
  LIGHT RAIN
  FOG
  FOG W/VISIBILITY <= 1/4 MILE


RELATIVE HUMIDITY (PERCENT)
 HIGHEST   100           300 AM
 LOWEST     92          1200 AM
 AVERAGE    96

..........................................................


THE HOUGHTON LAKE MI CLIMATE NORMALS FOR TOMORROW
                         NORMAL    RECORD    YEAR
 MAXIMUM TEMPERATURE (F)   26        50      1967
                                             1944
 MINIMUM TEMPERATURE (F)    9       -30      1920


SUNRISE AND SUNSET
JANUARY 24 2017.......SUNRISE   805 AM EST   SUNSET   538 PM EST
JANUARY 25 2017.......SUNRISE   804 AM EST   SUNSET   539 PM EST


-  INDICATES NEGATIVE NUMBERS.
R  INDICATES RECORD WAS SET OR TIED.
MM INDICATES DATA IS MISSING.
T  INDICATES TRACE AMOUNT.




$$
