000
CDUS41 KRLX 010729
CLIHTS


CLIMATE REPORT
NATIONAL WEATHER SERVICE CHARLESTON WV
319 AM EDT SAT AUG 1 2015


...................................

...THE HUNTINGTON WV CLIMATE SUMMARY FOR JULY 31 2015...

CLIMATE NORMAL PERIOD 1981 TO 2010
CLIMATE RECORD PERIOD 1897 TO 2015


WEATHER ITEM   OBSERVED TIME   RECORD YEAR NORMAL DEPARTURE LAST
                VALUE   (LST)  VALUE       VALUE  FROM      YEAR
                                                  NORMAL
..................................................................
TEMPERATURE (F)
 YESTERDAY
  MAXIMUM         87    345 PM 100    1999  86      1       82
  MINIMUM         59    605 AM  53    1936  65     -6       56
  AVERAGE         73                        76     -3       69

PRECIPITATION (IN)
  YESTERDAY        0.00          1.99 2009   0.15  -0.15     0.00
  MONTH TO DATE    7.97                      4.55   3.42     4.00
  SINCE JAN 1     33.60                     26.51   7.09    28.06

SNOWFALL (IN)
  YESTERDAY        0.0
  MONTH TO DATE    0.0
  SINCE SEP 1     36.6
  SNOW DEPTH       0

DEGREE DAYS
 HEATING
  YESTERDAY        0                         0      0        0
  MONTH TO DATE    0                         0      0        3
  SINCE JUN 1     14                        12      2        3
  SINCE JUL 1      0                         0      0        3

 COOLING
  YESTERDAY        8                        11     -3        4
  MONTH TO DATE  297                       332    -35      236
  SINCE JUN 1    570                       557     13      481
  SINCE JAN 1    736                       670     66      595
..................................................................


WIND (MPH)
  HIGHEST WIND SPEED    13   HIGHEST WIND DIRECTION    SW (230)
  HIGHEST GUST SPEED    16   HIGHEST GUST DIRECTION     W (250)
  AVERAGE WIND SPEED     3.8


SKY COVER
  POSSIBLE SUNSHINE  MM


WEATHER CONDITIONS
 THE FOLLOWING WEATHER WAS RECORDED YESTERDAY.
  FOG


RELATIVE HUMIDITY (PERCENT)
 HIGHEST   100           200 AM
 LOWEST     36           300 PM
 AVERAGE    68

..........................................................


THE HUNTINGTON WV CLIMATE NORMALS FOR TODAY
                         NORMAL    RECORD    YEAR
 MAXIMUM TEMPERATURE (F)   86        98      1931
                                             1917
 MINIMUM TEMPERATURE (F)   65        52      1914


SUNRISE AND SUNSET
AUGUST  1 2015........SUNRISE   632 AM EDT   SUNSET   840 PM EDT
AUGUST  2 2015........SUNRISE   633 AM EDT   SUNSET   839 PM EDT


-  INDICATES NEGATIVE NUMBERS.
R  INDICATES RECORD WAS SET OR TIED.
MM INDICATES DATA IS MISSING.
T  INDICATES TRACE AMOUNT.




$$
