000
CDUS41 KRLX 300718
CLIHTS


CLIMATE REPORT
NATIONAL WEATHER SERVICE CHARLESTON WV
318 AM EDT THU MAR 30 2017


...................................

...THE HUNTINGTON WV CLIMATE SUMMARY FOR MARCH 29 2017...

CLIMATE NORMAL PERIOD 1981 TO 2010
CLIMATE RECORD PERIOD 1897 TO 2017


WEATHER ITEM   OBSERVED TIME   RECORD YEAR NORMAL DEPARTURE LAST
                VALUE   (LST)  VALUE       VALUE  FROM      YEAR
                                                  NORMAL
..................................................................
TEMPERATURE (F)
 YESTERDAY
  MAXIMUM         59    453 PM  87    1910  62     -3       61
  MINIMUM         50    922 AM  17    2015  39     11       40
  AVERAGE         55                        50      5       51

PRECIPITATION (IN)
  YESTERDAY        0.00          1.38 1908   0.12  -0.12     0.00
  MONTH TO DATE    3.14                      3.65  -0.51     2.67
  SINCE JAN 1      9.94                      9.69   0.25    10.13

SNOWFALL (IN)
  YESTERDAY        0.0
  MONTH TO DATE    T
  SINCE SEP 1      5.9
  SNOW DEPTH       0

DEGREE DAYS
 HEATING
  YESTERDAY       10                        15     -5       14
  MONTH TO DATE  547                       568    -21      365
  SINCE MAR 1    547                       568    -21      365
  SINCE JUL 1   3196                      4069   -873     3400

 COOLING
  YESTERDAY        0                         0      0        0
  MONTH TO DATE    2                         0      2        5
  SINCE MAR 1      2                         0      2        5
  SINCE JAN 1      3                         0      3        5
..................................................................


WIND (MPH)
  HIGHEST WIND SPEED    13   HIGHEST WIND DIRECTION     E (80)
  HIGHEST GUST SPEED    16   HIGHEST GUST DIRECTION    NE (30)
  AVERAGE WIND SPEED     6.5


SKY COVER
  POSSIBLE SUNSHINE  MM


WEATHER CONDITIONS
 THE FOLLOWING WEATHER WAS RECORDED YESTERDAY.
  NO SIGNIFICANT WEATHER WAS OBSERVED.


RELATIVE HUMIDITY (PERCENT)
 HIGHEST    83          1200 AM
 LOWEST     62           400 PM
 AVERAGE    73

..........................................................


THE HUNTINGTON WV CLIMATE NORMALS FOR TODAY
                         NORMAL    RECORD    YEAR
 MAXIMUM TEMPERATURE (F)   62        87      1892
 MINIMUM TEMPERATURE (F)   40        19      1964
                                             1941


SUNRISE AND SUNSET
MARCH 30 2017.........SUNRISE   718 AM EDT   SUNSET   752 PM EDT
MARCH 31 2017.........SUNRISE   716 AM EDT   SUNSET   753 PM EDT


-  INDICATES NEGATIVE NUMBERS.
R  INDICATES RECORD WAS SET OR TIED.
MM INDICATES DATA IS MISSING.
T  INDICATES TRACE AMOUNT.




$$
