000
CDUS41 KRLX 202218
CLIHTS


CLIMATE REPORT
NATIONAL WEATHER SERVICE CHARLESTON WV
517 PM EST MON NOV 20 2017


...................................

...THE HUNTINGTON WV CLIMATE SUMMARY FOR NOVEMBER 20 2017...
VALID TODAY AS OF 0500 PM LOCAL TIME.

CLIMATE NORMAL PERIOD 1981 TO 2010
CLIMATE RECORD PERIOD 1897 TO 2017


WEATHER ITEM   OBSERVED TIME   RECORD YEAR NORMAL DEPARTURE LAST
                VALUE   (LST)  VALUE       VALUE  FROM      YEAR
                                                  NORMAL
..................................................................
TEMPERATURE (F)
 TODAY
  MAXIMUM         48    334 PM  80    1931  55     -7       42
  MINIMUM         27    732 AM  16    1914  36     -9       33
  AVERAGE         38                        45     -7       38

PRECIPITATION (IN)
  TODAY            0.00          2.35 1900   0.11  -0.11     0.00
  MONTH TO DATE    2.21                      2.26  -0.05     0.68
  SINCE SEP 1      9.72                      7.85   1.87     4.80
  SINCE JAN 1     43.13                     38.10   5.03    40.89

DEGREE DAYS
 HEATING
  TODAY           27                        20      7       27
  MONTH TO DATE  330                       330      0      256
  SINCE SEP 1    575                       667    -92      402
  SINCE JUL 1    575                       669    -94      402

 COOLING
  TODAY            0                         0      0        0
  MONTH TO DATE    3                         0      3        7
  SINCE SEP 1    189                       155     34      339
  SINCE JAN 1   1191                      1132     59     1589
..................................................................


WIND (MPH)
  HIGHEST WIND SPEED    13   HIGHEST WIND DIRECTION     S (180)
  HIGHEST GUST SPEED    17   HIGHEST GUST DIRECTION     S (180)
  AVERAGE WIND SPEED     5.8


SKY COVER
  POSSIBLE SUNSHINE  MM
  AVERAGE SKY COVER 0.0


WEATHER CONDITIONS
 THE FOLLOWING WEATHER WAS RECORDED TODAY.
  NO SIGNIFICANT WEATHER WAS OBSERVED.


RELATIVE HUMIDITY (PERCENT)
 HIGHEST    84           700 AM
 LOWEST     37           200 PM
 AVERAGE    61

..........................................................


THE HUNTINGTON WV CLIMATE NORMALS FOR TOMORROW
                         NORMAL    RECORD    YEAR
 MAXIMUM TEMPERATURE (F)   54        78      1934
 MINIMUM TEMPERATURE (F)   35        14      1951


SUNRISE AND SUNSET
NOVEMBER 20 2017......SUNRISE   717 AM EST   SUNSET   514 PM EST
NOVEMBER 21 2017......SUNRISE   718 AM EST   SUNSET   514 PM EST


-  INDICATES NEGATIVE NUMBERS.
R  INDICATES RECORD WAS SET OR TIED.
MM INDICATES DATA IS MISSING.
T  INDICATES TRACE AMOUNT.




$$
