000
CDUS41 KRLX 260719
CLIHTS


CLIMATE REPORT
NATIONAL WEATHER SERVICE CHARLESTON WV
317 AM EDT TUE MAY 26 2015


...................................

...THE HUNTINGTON WV CLIMATE SUMMARY FOR MAY 25 2015...

CLIMATE NORMAL PERIOD 1981 TO 2010
CLIMATE RECORD PERIOD 1897 TO 2015


WEATHER ITEM   OBSERVED TIME   RECORD YEAR NORMAL DEPARTURE LAST
                VALUE   (LST)  VALUE       VALUE  FROM      YEAR
                                                  NORMAL
..................................................................
TEMPERATURE (F)
 YESTERDAY
  MAXIMUM         86    140 PM  96    1939  77      9       81
  MINIMUM         58    517 AM  37    1956  55      3       49
  AVERAGE         72                        66      6       65

PRECIPITATION (IN)
  YESTERDAY        0.00          2.03 1902   0.16  -0.16     0.00
  MONTH TO DATE    0.71                      3.73  -3.02     1.83
  SINCE JAN 1     20.05                     17.11   2.94    18.81

SNOWFALL (IN)
  YESTERDAY        0.0
  MONTH TO DATE    0.0
  SINCE SEP 1     36.6
  SNOW DEPTH       0

DEGREE DAYS
 HEATING
  YESTERDAY        0                         2     -2        0
  MONTH TO DATE   64                       102    -38      106
  SINCE MAR 1    966                       989    -23     1056
  SINCE JUL 1   4982                      4490    492     4817

 COOLING
  YESTERDAY        7                         4      3        0
  MONTH TO DATE   98                        56     42       60
  SINCE MAR 1    107                        88     19       74
  SINCE JAN 1    107                        88     19       74
..................................................................


WIND (MPH)
  HIGHEST WIND SPEED    15   HIGHEST WIND DIRECTION    SW (240)
  HIGHEST GUST SPEED    23   HIGHEST GUST DIRECTION     W (250)
  AVERAGE WIND SPEED     4.1


SKY COVER
  POSSIBLE SUNSHINE  MM


WEATHER CONDITIONS
 THE FOLLOWING WEATHER WAS RECORDED YESTERDAY.
  NO SIGNIFICANT WEATHER WAS OBSERVED.


RELATIVE HUMIDITY (PERCENT)
 HIGHEST    90          1000 PM
 LOWEST     44           100 PM
 AVERAGE    67

..........................................................


THE HUNTINGTON WV CLIMATE NORMALS FOR TODAY
                         NORMAL    RECORD    YEAR
 MAXIMUM TEMPERATURE (F)   78        93      1939
 MINIMUM TEMPERATURE (F)   56        38      1988


SUNRISE AND SUNSET
MAY 26 2015...........SUNRISE   611 AM EDT   SUNSET   844 PM EDT
MAY 27 2015...........SUNRISE   611 AM EDT   SUNSET   844 PM EDT


-  INDICATES NEGATIVE NUMBERS.
R  INDICATES RECORD WAS SET OR TIED.
MM INDICATES DATA IS MISSING.
T  INDICATES TRACE AMOUNT.




$$
