000
CDUS41 KRLX 300729
CLIHTS


CLIMATE REPORT
NATIONAL WEATHER SERVICE CHARLESTON WV
324 AM EDT MON MAR 30 2015


...................................

...THE HUNTINGTON WV CLIMATE SUMMARY FOR MARCH 29 2015...

CLIMATE NORMAL PERIOD 1981 TO 2010
CLIMATE RECORD PERIOD 1897 TO 2015


WEATHER ITEM   OBSERVED TIME   RECORD YEAR NORMAL DEPARTURE LAST
                VALUE   (LST)  VALUE       VALUE  FROM      YEAR
                                                  NORMAL
..................................................................
TEMPERATURE (F)
 YESTERDAY
  MAXIMUM         53   1055 PM  87    1910  62     -9       52
  MINIMUM         17R   629 AM  21    1955  39    -22       32
  AVERAGE         35                        50    -15       42

PRECIPITATION (IN)
  YESTERDAY        0.01          1.38 1908   0.12  -0.11     1.08
  MONTH TO DATE    6.33                      3.65   2.68     3.00
  SINCE JAN 1     11.77                      9.69   2.08    10.36

SNOWFALL (IN)
  YESTERDAY        0.0
  MONTH TO DATE   12.8
  SINCE SEP 1     36.6
  SNOW DEPTH       0

DEGREE DAYS
 HEATING
  YESTERDAY       30                        15     15       23
  MONTH TO DATE  609                       568     41      699
  SINCE MAR 1    609                       568     41      699
  SINCE JUL 1   4625                      4069    556     4460

 COOLING
  YESTERDAY        0                         0      0        0
  MONTH TO DATE    0                         0      0        0
  SINCE MAR 1      0                         0      0        0
  SINCE JAN 1      0                         0      0        0
..................................................................


WIND (MPH)
  HIGHEST WIND SPEED    15   HIGHEST WIND DIRECTION     S (190)
  HIGHEST GUST SPEED    23   HIGHEST GUST DIRECTION     S (200)
  AVERAGE WIND SPEED     6.0


SKY COVER
  POSSIBLE SUNSHINE  MM


WEATHER CONDITIONS
 THE FOLLOWING WEATHER WAS RECORDED YESTERDAY.
  LIGHT RAIN


RELATIVE HUMIDITY (PERCENT)
 HIGHEST    84           600 AM
 LOWEST     14           300 PM
 AVERAGE    49

..........................................................


THE HUNTINGTON WV CLIMATE NORMALS FOR TODAY
                         NORMAL    RECORD    YEAR
 MAXIMUM TEMPERATURE (F)   62        87      1892
 MINIMUM TEMPERATURE (F)   40        19      1964
                                             1941


SUNRISE AND SUNSET
MARCH 30 2015.........SUNRISE   719 AM EDT   SUNSET   751 PM EDT
MARCH 31 2015.........SUNRISE   717 AM EDT   SUNSET   752 PM EDT


-  INDICATES NEGATIVE NUMBERS.
R  INDICATES RECORD WAS SET OR TIED.
MM INDICATES DATA IS MISSING.
T  INDICATES TRACE AMOUNT.




$$
