000
CDUS41 KRLX 270745
CLIHTS


CLIMATE REPORT
NATIONAL WEATHER SERVICE CHARLESTON WV
342 AM EDT SAT MAY 27 2017


...................................

...THE HUNTINGTON WV CLIMATE SUMMARY FOR MAY 26 2017...

CLIMATE NORMAL PERIOD 1981 TO 2010
CLIMATE RECORD PERIOD 1897 TO 2017


WEATHER ITEM   OBSERVED TIME   RECORD YEAR NORMAL DEPARTURE LAST
                VALUE   (LST)  VALUE       VALUE  FROM      YEAR
                                                  NORMAL
..................................................................
TEMPERATURE (F)
 YESTERDAY
  MAXIMUM         78    449 PM  93    1939  78      0       80
  MINIMUM         55    551 AM  38    1988  56     -1       65
  AVERAGE         67                        66      1       73

PRECIPITATION (IN)
  YESTERDAY        0.00          0.96 1982   0.15  -0.15     0.03
  MONTH TO DATE    5.21                      3.88   1.33     5.13
  SINCE JAN 1     17.92                     17.26   0.66    19.50

SNOWFALL (IN)
  YESTERDAY        0.0
  MONTH TO DATE    0.0
  SINCE SEP 1      5.9
  SNOW DEPTH       0

DEGREE DAYS
 HEATING
  YESTERDAY        0                         2     -2        0
  MONTH TO DATE  102                       104     -2      127
  SINCE MAR 1    793                       991   -198      753
  SINCE JUL 1   3442                      4492  -1050     3788

 COOLING
  YESTERDAY        2                         4     -2        8
  MONTH TO DATE   68                        60      8       41
  SINCE MAR 1    138                        92     46       88
  SINCE JAN 1    139                        92     47       88
..................................................................


WIND (MPH)
  HIGHEST WIND SPEED    15   HIGHEST WIND DIRECTION     W (250)
  HIGHEST GUST SPEED    21   HIGHEST GUST DIRECTION    SW (240)
  AVERAGE WIND SPEED     7.3


SKY COVER
  POSSIBLE SUNSHINE  MM


WEATHER CONDITIONS
 THE FOLLOWING WEATHER WAS RECORDED YESTERDAY.
  NO SIGNIFICANT WEATHER WAS OBSERVED.


RELATIVE HUMIDITY (PERCENT)
 HIGHEST    93           600 AM
 LOWEST     43           400 PM
 AVERAGE    68

..........................................................


THE HUNTINGTON WV CLIMATE NORMALS FOR TODAY
                         NORMAL    RECORD    YEAR
 MAXIMUM TEMPERATURE (F)   78        93      1941
                                             1916
                                             1914
 MINIMUM TEMPERATURE (F)   56        36      1961
                                             1907


SUNRISE AND SUNSET
MAY 27 2017...........SUNRISE   610 AM EDT   SUNSET   845 PM EDT
MAY 28 2017...........SUNRISE   610 AM EDT   SUNSET   845 PM EDT


-  INDICATES NEGATIVE NUMBERS.
R  INDICATES RECORD WAS SET OR TIED.
MM INDICATES DATA IS MISSING.
T  INDICATES TRACE AMOUNT.




$$
