000
CDUS43 KIND 310533
CLIHUF


CLIMATE REPORT
NATIONAL WEATHER SERVICE INDIANAPOLIS IN
133 AM EDT TUE MAY 31 2016


...................................

...THE TERRE HAUTE IN CLIMATE SUMMARY FOR MAY 30 2016...

CLIMATE NORMAL PERIOD 1981 TO 2010
CLIMATE RECORD PERIOD 9999 TO 9999


WEATHER ITEM   OBSERVED TIME   NORMAL DEPARTURE LAST
                VALUE   (LST)  VALUE  FROM      YEAR
                                      NORMAL
......................................................
TEMPERATURE (F)
 YESTERDAY
  MAXIMUM         87    439 PM  79      8       84
  MINIMUM         59    553 AM  57      2       62
  AVERAGE         73            68      5       73

PRECIPITATION (IN)
  YESTERDAY        0.00          0.15  -0.15     0.42
  MONTH TO DATE    1.91          6.51  -4.60     3.58
  SINCE MAR 1     11.33         14.03  -2.70    11.60
  SINCE JAN 1     13.78         18.32  -4.54    14.50

DEGREE DAYS
 HEATING
  YESTERDAY        0             2     -2        0
  MONTH TO DATE  138           133      5       77
  SINCE MAR 1    955          1190   -235     1196
  SINCE JUL 1   4417          5353   -936     5830

 COOLING
  YESTERDAY        8             4      4        8
  MONTH TO DATE   69            68      1      138
  SINCE MAR 1     78            83     -5      144
  SINCE JAN 1     78            83     -5      144
......................................................


WIND (MPH)
  HIGHEST WIND SPEED     8   HIGHEST WIND DIRECTION     N (350)
  HIGHEST GUST SPEED    11   HIGHEST GUST DIRECTION    NW (320)
  AVERAGE WIND SPEED     1.4


SKY COVER
  AVERAGE SKY COVER 0.0


WEATHER CONDITIONS
 THE FOLLOWING WEATHER WAS RECORDED YESTERDAY.
  NO SIGNIFICANT WEATHER WAS OBSERVED.


RELATIVE HUMIDITY (PERCENT)
 HIGHEST    93           600 AM
 LOWEST     35           200 PM
 AVERAGE    64

..........................................................


THE TERRE HAUTE IN CLIMATE NORMALS FOR TODAY
                         NORMAL
 MAXIMUM TEMPERATURE (F)   79
 MINIMUM TEMPERATURE (F)   57


SUNRISE AND SUNSET
MAY 31 2016...........SUNRISE   624 AM EDT   SUNSET   910 PM EDT
JUNE  1 2016..........SUNRISE   624 AM EDT   SUNSET   911 PM EDT


-  INDICATES NEGATIVE NUMBERS.
R  INDICATES RECORD WAS SET OR TIED.
MM INDICATES DATA IS MISSING.
T  INDICATES TRACE AMOUNT.




$$
