000
CDUS43 KIND 272031
CLIHUF


CLIMATE REPORT
NATIONAL WEATHER SERVICE INDIANAPOLIS IN
431 PM EDT MON MAR 27 2017


...................................

...THE TERRE HAUTE IN CLIMATE SUMMARY FOR MARCH 27 2017...
VALID TODAY AS OF 0400 PM LOCAL TIME.

CLIMATE NORMAL PERIOD 1981 TO 2010
CLIMATE RECORD PERIOD 9999 TO 9999


WEATHER ITEM   OBSERVED TIME   NORMAL DEPARTURE LAST
                VALUE   (LST)  VALUE  FROM      YEAR
                                      NORMAL
......................................................
TEMPERATURE (F)
 TODAY
  MAXIMUM         61   1101 AM  58      3       73
  MINIMUM         43    649 AM  36      7       37
  AVERAGE         52            47      5       55

PRECIPITATION (IN)
  TODAY            0.06          0.12  -0.06     0.18
  MONTH TO DATE    2.43          2.87  -0.44     2.54
  SINCE MAR 1      2.43          2.87  -0.44     2.54
  SINCE JAN 1      6.77          7.16  -0.39     4.99

......................................................


WIND (MPH)
  HIGHEST WIND SPEED    18   HIGHEST WIND DIRECTION     E (80)
  HIGHEST GUST SPEED    23   HIGHEST GUST DIRECTION     E (90)
  AVERAGE WIND SPEED     4.2


SKY COVER
  AVERAGE SKY COVER 0.5


WEATHER CONDITIONS
 THE FOLLOWING WEATHER WAS RECORDED TODAY.
  LIGHT RAIN
  FOG


RELATIVE HUMIDITY (PERCENT)
 HIGHEST    93          1200 AM
 LOWEST     67          1200 PM

..........................................................


THE TERRE HAUTE IN CLIMATE NORMALS FOR TOMORROW
                         NORMAL
 MAXIMUM TEMPERATURE (F)   58
 MINIMUM TEMPERATURE (F)   36


SUNRISE AND SUNSET
MARCH 27 2017.........SUNRISE   741 AM EDT   SUNSET   808 PM EDT
MARCH 28 2017.........SUNRISE   739 AM EDT   SUNSET   809 PM EDT


-  INDICATES NEGATIVE NUMBERS.
R  INDICATES RECORD WAS SET OR TIED.
MM INDICATES DATA IS MISSING.
T  INDICATES TRACE AMOUNT.




$$
