000
CDUS43 KIND 150531
CLIHUF


CLIMATE REPORT
NATIONAL WEATHER SERVICE INDIANAPOLIS IN
1231 AM EST FRI DEC 15 2017


...................................

...THE TERRE HAUTE IN CLIMATE SUMMARY FOR DECEMBER 14 2017...

CLIMATE NORMAL PERIOD 1981 TO 2010
CLIMATE RECORD PERIOD 9999 TO 9999


WEATHER ITEM   OBSERVED TIME   NORMAL DEPARTURE LAST
                VALUE   (LST)  VALUE  FROM      YEAR
                                      NORMAL
......................................................
TEMPERATURE (F)
 YESTERDAY
  MAXIMUM         35   1207 AM  40     -5       21
  MINIMUM         26    845 PM  24      2        3
  AVERAGE         31            32     -1       12

PRECIPITATION (IN)
  YESTERDAY        T             0.07  -0.07      T
  MONTH TO DATE    0.18          1.19  -1.01     0.57
  SINCE DEC 1      0.18          1.19  -1.01     0.57
  SINCE JAN 1     45.21         43.30   1.91    34.85

DEGREE DAYS
 HEATING
  YESTERDAY       34            33      1       53
  MONTH TO DATE  412           434    -22      481
  SINCE DEC 1    412           434    -22      481
  SINCE JUL 1   1349          1512   -163     1207

 COOLING
  YESTERDAY        0             0      0        0
  MONTH TO DATE    0             0      0        0
  SINCE DEC 1      0             0      0        0
  SINCE JAN 1   1129           993    136     1391
......................................................


WIND (MPH)
  HIGHEST WIND SPEED    25   HIGHEST WIND DIRECTION    NW (330)
  HIGHEST GUST SPEED    33   HIGHEST GUST DIRECTION    NW (320)
  AVERAGE WIND SPEED     6.0


SKY COVER
  AVERAGE SKY COVER 0.8


WEATHER CONDITIONS
 THE FOLLOWING WEATHER WAS RECORDED YESTERDAY.
  LIGHT SNOW


RELATIVE HUMIDITY (PERCENT)
 HIGHEST    69           400 AM
 LOWEST     41           400 PM
 AVERAGE    55

..........................................................


THE TERRE HAUTE IN CLIMATE NORMALS FOR TODAY
                         NORMAL
 MAXIMUM TEMPERATURE (F)   39
 MINIMUM TEMPERATURE (F)   24


SUNRISE AND SUNSET
DECEMBER 15 2017......SUNRISE   802 AM EST   SUNSET   527 PM EST
DECEMBER 16 2017......SUNRISE   803 AM EST   SUNSET   527 PM EST


-  INDICATES NEGATIVE NUMBERS.
R  INDICATES RECORD WAS SET OR TIED.
MM INDICATES DATA IS MISSING.
T  INDICATES TRACE AMOUNT.




$$
