000
CDUS43 KIND 230550
CLIHUF


CLIMATE REPORT
NATIONAL WEATHER SERVICE INDIANAPOLIS IN
1250 AM EST MON JAN 23 2017


...................................

...THE TERRE HAUTE IN CLIMATE SUMMARY FOR JANUARY 22 2017...

CLIMATE NORMAL PERIOD 1981 TO 2010
CLIMATE RECORD PERIOD 9999 TO 9999


WEATHER ITEM   OBSERVED TIME   NORMAL DEPARTURE LAST
                VALUE   (LST)  VALUE  FROM      YEAR
                                      NORMAL
......................................................
TEMPERATURE (F)
 YESTERDAY
  MAXIMUM         61    512 PM  36     25       28
  MINIMUM         40    408 AM  20     20       22
  AVERAGE         51            28     23       25

PRECIPITATION (IN)
  YESTERDAY        0.00          0.05  -0.05      T
  MONTH TO DATE    3.48          1.88   1.60     0.67
  SINCE DEC 1      5.12          4.93   0.19     7.16
  SINCE JAN 1      3.48          1.88   1.60     0.67

DEGREE DAYS
 HEATING
  YESTERDAY       14            37    -23       40
  MONTH TO DATE  651           814   -163      839
  SINCE DEC 1   1721          1847   -126     1511
  SINCE JUL 1   2447          2925   -478     2339

 COOLING
  YESTERDAY        0             0      0        0
  MONTH TO DATE    0             0      0        0
  SINCE DEC 1      0             0      0        0
  SINCE JAN 1      0             0      0        0
......................................................


WIND (MPH)
  HIGHEST WIND SPEED    18   HIGHEST WIND DIRECTION     N (10)
  HIGHEST GUST SPEED    23   HIGHEST GUST DIRECTION     N (20)
  AVERAGE WIND SPEED     7.5


SKY COVER
  AVERAGE SKY COVER 0.2


WEATHER CONDITIONS
 THE FOLLOWING WEATHER WAS RECORDED YESTERDAY.
  FOG


RELATIVE HUMIDITY (PERCENT)
 HIGHEST   100           200 AM
 LOWEST     69           300 PM
 AVERAGE    85

..........................................................


THE TERRE HAUTE IN CLIMATE NORMALS FOR TODAY
                         NORMAL
 MAXIMUM TEMPERATURE (F)   36
 MINIMUM TEMPERATURE (F)   20


SUNRISE AND SUNSET
JANUARY 23 2017.......SUNRISE   803 AM EST   SUNSET   559 PM EST
JANUARY 24 2017.......SUNRISE   803 AM EST   SUNSET   600 PM EST


-  INDICATES NEGATIVE NUMBERS.
R  INDICATES RECORD WAS SET OR TIED.
MM INDICATES DATA IS MISSING.
T  INDICATES TRACE AMOUNT.




$$
