000
CDUS43 KIND 230531
CLIHUF


CLIMATE REPORT
NATIONAL WEATHER SERVICE INDIANAPOLIS IN
130 AM EDT SAT MAY 23 2015


...................................

...THE TERRE HAUTE IN CLIMATE SUMMARY FOR MAY 22 2015...

CLIMATE NORMAL PERIOD 1981 TO 2010
CLIMATE RECORD PERIOD 9999 TO 9999


WEATHER ITEM   OBSERVED TIME   NORMAL DEPARTURE LAST
                VALUE   (LST)  VALUE  FROM      YEAR
                                      NORMAL
......................................................
TEMPERATURE (F)
 YESTERDAY
  MAXIMUM         75    400 PM  76     -1       77
  MINIMUM         47    247 AM  54     -7       61
  AVERAGE         61            65     -4       69

PRECIPITATION (IN)
  YESTERDAY        0.00          0.23  -0.23      T
  MONTH TO DATE    2.44          5.08  -2.64     2.61
  SINCE MAR 1     10.46         12.60  -2.14    10.64
  SINCE JAN 1     13.36         16.89  -3.53    14.67

DEGREE DAYS
 HEATING
  YESTERDAY        4             3      1        0
  MONTH TO DATE   77           114    -37      125
  SINCE MAR 1   1196          1171     25     1301
  SINCE JUL 1   5830          5334    496     6036

 COOLING
  YESTERDAY        0             3     -3        4
  MONTH TO DATE   80            39     41       63
  SINCE MAR 1     86            54     32       69
  SINCE JAN 1     86            54     32       69
......................................................


WIND (MPH)
  HIGHEST WIND SPEED    13   HIGHEST WIND DIRECTION     W (250)
  HIGHEST GUST SPEED    17   HIGHEST GUST DIRECTION     W (250)
  AVERAGE WIND SPEED     6.3


SKY COVER
  AVERAGE SKY COVER 0.0


WEATHER CONDITIONS
 THE FOLLOWING WEATHER WAS RECORDED YESTERDAY.
  NO SIGNIFICANT WEATHER WAS OBSERVED.


RELATIVE HUMIDITY (PERCENT)
 HIGHEST    80           200 AM
 LOWEST     36           400 PM
 AVERAGE    58

..........................................................


THE TERRE HAUTE IN CLIMATE NORMALS FOR TODAY
                         NORMAL
 MAXIMUM TEMPERATURE (F)   76
 MINIMUM TEMPERATURE (F)   54


SUNRISE AND SUNSET
MAY 23 2015...........SUNRISE   629 AM EDT   SUNSET   903 PM EDT
MAY 24 2015...........SUNRISE   629 AM EDT   SUNSET   904 PM EDT


-  INDICATES NEGATIVE NUMBERS.
R  INDICATES RECORD WAS SET OR TIED.
MM INDICATES DATA IS MISSING.
T  INDICATES TRACE AMOUNT.




$$
