000
CDUS43 KIND 010530
CLIHUF


CLIMATE REPORT
NATIONAL WEATHER SERVICE INDIANAPOLIS IN
130 AM EDT SUN MAY 1 2016


...................................

...THE TERRE HAUTE IN CLIMATE SUMMARY FOR APRIL 30 2016...

CLIMATE NORMAL PERIOD 1981 TO 2010
CLIMATE RECORD PERIOD 9999 TO 9999


WEATHER ITEM   OBSERVED TIME   NORMAL DEPARTURE LAST
                VALUE   (LST)  VALUE  FROM      YEAR
                                      NORMAL
......................................................
TEMPERATURE (F)
 YESTERDAY
  MAXIMUM         65   1054 PM  69     -4       61
  MINIMUM         53    743 AM  47      6       43
  AVERAGE         59            58      1       52

PRECIPITATION (IN)
  YESTERDAY        0.66          0.27   0.39     0.05
  MONTH TO DATE    5.42          4.15   1.27     4.62
  SINCE MAR 1      9.42          7.52   1.90     8.02
  SINCE JAN 1     11.87         11.81   0.06    10.92

DEGREE DAYS
 HEATING
  YESTERDAY        6             8     -2       13
  MONTH TO DATE  329           366    -37      316
  SINCE MAR 1    817          1057   -240     1119
  SINCE JUL 1   4279          5220   -941     5753

 COOLING
  YESTERDAY        0             1     -1        0
  MONTH TO DATE    9            14     -5        6
  SINCE MAR 1      9            15     -6        6
  SINCE JAN 1      9            15     -6        6
......................................................


WIND (MPH)
  HIGHEST WIND SPEED    21   HIGHEST WIND DIRECTION     E (110)
  HIGHEST GUST SPEED    26   HIGHEST GUST DIRECTION     E (110)
  AVERAGE WIND SPEED     9.8


SKY COVER
  AVERAGE SKY COVER 0.9


WEATHER CONDITIONS
 THE FOLLOWING WEATHER WAS RECORDED YESTERDAY.
  RAIN
  LIGHT RAIN
  FOG


RELATIVE HUMIDITY (PERCENT)
 HIGHEST    93           600 AM
 LOWEST     72           100 AM
 AVERAGE    83

..........................................................


THE TERRE HAUTE IN CLIMATE NORMALS FOR TODAY
                         NORMAL
 MAXIMUM TEMPERATURE (F)   69
 MINIMUM TEMPERATURE (F)   47


SUNRISE AND SUNSET
MAY  1 2016...........SUNRISE   650 AM EDT   SUNSET   843 PM EDT
MAY  2 2016...........SUNRISE   649 AM EDT   SUNSET   844 PM EDT


-  INDICATES NEGATIVE NUMBERS.
R  INDICATES RECORD WAS SET OR TIED.
MM INDICATES DATA IS MISSING.
T  INDICATES TRACE AMOUNT.




$$
