000
CDUS41 KCAR 200526
CLIHUL


CLIMATE REPORT
NATIONAL WEATHER SERVICE CARIBOU, ME
1226 AM EST FRI JAN 20 2017


...................................

...THE HOULTON ME CLIMATE SUMMARY FOR JANUARY 19 2017...

CLIMATE NORMAL PERIOD 1981 TO 2010
CLIMATE RECORD PERIOD 1948 TO 2017


WEATHER ITEM   OBSERVED TIME   RECORD YEAR NORMAL DEPARTURE LAST
                VALUE   (LST)  VALUE       VALUE  FROM      YEAR
                                                  NORMAL
..................................................................
TEMPERATURE (F)
 YESTERDAY
  MAXIMUM         30   1154 PM  53    1996  22      8       18
  MINIMUM         18    138 AM -37    1971   0     18        5
  AVERAGE         24                        11     13       12

PRECIPITATION (IN)
  YESTERDAY        0.12          0.88 1960   0.10   0.02      T
  MONTH TO DATE    1.53                      1.76  -0.23     1.36
  SINCE DEC 1      4.45                      5.05  -0.60     5.55
  SINCE JAN 1      1.53                      1.76  -0.23     1.36

SNOWFALL (IN)
  YESTERDAY       MM            10.2  1960   0.8   MM       MM
  MONTH TO DATE   MM                        14.4   MM       MM
  SINCE DEC 1     MM                        30.8   MM       MM
  SINCE JUL 1     MM                        38.9   MM       MM
  SNOW DEPTH      MM

DEGREE DAYS
 HEATING
  YESTERDAY       41                        54    -13       53
  MONTH TO DATE  944                      1008    -64      894
  SINCE DEC 1   2388                      2420    -32     1981
  SINCE JUL 1   4131                      4528   -397     3776

 COOLING
  YESTERDAY        0                         0      0        0
  MONTH TO DATE    0                         0      0        0
  SINCE DEC 1      0                         0      0        0
  SINCE JAN 1      0                         0      0        0
..................................................................


WIND (MPH)
  HIGHEST WIND SPEED     9   HIGHEST WIND DIRECTION    SW (220)
  HIGHEST GUST SPEED    13   HIGHEST GUST DIRECTION     S (200)
  AVERAGE WIND SPEED     3.5


SKY COVER
  POSSIBLE SUNSHINE  MM
  AVERAGE SKY COVER 1.0


WEATHER CONDITIONS
 THE FOLLOWING WEATHER WAS RECORDED YESTERDAY.
  SNOW
  LIGHT SNOW
  FOG


RELATIVE HUMIDITY (PERCENT)
 HIGHEST    96           900 AM
 LOWEST     73          1200 AM
 AVERAGE    85

..........................................................


THE HOULTON ME CLIMATE NORMALS FOR TODAY
                         NORMAL    RECORD    YEAR
 MAXIMUM TEMPERATURE (F)   22        52      1996
 MINIMUM TEMPERATURE (F)    0       -30      1994


SUNRISE AND SUNSET
JANUARY 20 2017.......SUNRISE   706 AM EST   SUNSET   419 PM EST
JANUARY 21 2017.......SUNRISE   705 AM EST   SUNSET   421 PM EST


-  INDICATES NEGATIVE NUMBERS.
R  INDICATES RECORD WAS SET OR TIED.
MM INDICATES DATA IS MISSING.
T  INDICATES TRACE AMOUNT.




$$
