000
CDUS41 KCAR 290528
CLIHUL


CLIMATE REPORT
NATIONAL WEATHER SERVICE CARIBOU, ME
127 AM EDT FRI AUG 29 2014


...................................

...THE HOULTON ME CLIMATE SUMMARY FOR AUGUST 28 2014...

CLIMATE NORMAL PERIOD 1981 TO 2010
CLIMATE RECORD PERIOD 1948 TO 2014


WEATHER ITEM   OBSERVED TIME   RECORD YEAR NORMAL DEPARTURE LAST
                VALUE   (LST)  VALUE       VALUE  FROM      YEAR
                                                  NORMAL
..................................................................
TEMPERATURE (F)
 YESTERDAY
  MAXIMUM         73   1239 PM  94    1952  74     -1       78
  MINIMUM         55   1159 PM  30    1978  49      6       51
  AVERAGE         64                        62      2       65

PRECIPITATION (IN)
  YESTERDAY        0.03          1.95 2011   0.10  -0.07     0.03
  MONTH TO DATE    2.25                      3.39  -1.14     4.31
  SINCE JUN 1     12.94                     10.70   2.24    15.94
  SINCE JAN 1     27.64                     25.33   2.31    27.17

SNOWFALL (IN)
  YESTERDAY       MM             0.0  2003   0.0   MM       MM
  MONTH TO DATE   MM                         0.0   MM       MM
  SINCE JUN 1     MM                         0.0   MM       MM
  SINCE JUL 1     MM                         0.0   MM       MM
  SNOW DEPTH      MM

DEGREE DAYS
 HEATING
  YESTERDAY        1                         5     -4        0
  MONTH TO DATE   38                        81    -43       75
  SINCE JUN 1    204                       322   -118      309
  SINCE JUL 1     75                       141    -66      112

 COOLING
  YESTERDAY        0                         1     -1        0
  MONTH TO DATE   45                        52     -7       30
  SINCE JUN 1    200                       168     32      173
  SINCE JAN 1    201                       172     29      177
..................................................................


WIND (MPH)
  HIGHEST WIND SPEED    17   HIGHEST WIND DIRECTION     N (350)
  HIGHEST GUST SPEED    25   HIGHEST GUST DIRECTION     W (290)
  AVERAGE WIND SPEED     7.3


SKY COVER
  POSSIBLE SUNSHINE  MM
  AVERAGE SKY COVER 0.6


WEATHER CONDITIONS
 THE FOLLOWING WEATHER WAS RECORDED YESTERDAY.
  RAIN
  LIGHT RAIN
  FOG


RELATIVE HUMIDITY (PERCENT)
 HIGHEST    93           100 AM
 LOWEST     53          1200 PM
 AVERAGE    73

..........................................................


THE HOULTON ME CLIMATE NORMALS FOR TODAY
                         NORMAL    RECORD    YEAR
 MAXIMUM TEMPERATURE (F)   74        91      1977
 MINIMUM TEMPERATURE (F)   49        33      1982


SUNRISE AND SUNSET
AUGUST 29 2014........SUNRISE   548 AM EDT   SUNSET   715 PM EDT
AUGUST 30 2014........SUNRISE   549 AM EDT   SUNSET   713 PM EDT


-  INDICATES NEGATIVE NUMBERS.
R  INDICATES RECORD WAS SET OR TIED.
MM INDICATES DATA IS MISSING.
T  INDICATES TRACE AMOUNT.




$$
