000
CDUS41 KCAR 290531
CLIHUL


CLIMATE REPORT
NATIONAL WEATHER SERVICE CARIBOU, ME
131 AM EDT SAT APR 29 2017


...................................

...THE HOULTON ME CLIMATE SUMMARY FOR APRIL 28 2017...

CLIMATE NORMAL PERIOD 1981 TO 2010
CLIMATE RECORD PERIOD 1948 TO 2017


WEATHER ITEM   OBSERVED TIME   RECORD YEAR NORMAL DEPARTURE LAST
                VALUE   (LST)  VALUE       VALUE  FROM      YEAR
                                                  NORMAL
..................................................................
TEMPERATURE (F)
 YESTERDAY
  MAXIMUM         60    232 PM  81    2009  57      3       39
  MINIMUM         44    532 AM  17    1947  33     11       19
  AVERAGE         52                        45      7       29

PRECIPITATION (IN)
  YESTERDAY        0.03          2.13 1973   0.14  -0.11      T
  MONTH TO DATE    3.86                      3.60   0.26     2.76
  SINCE MAR 1      5.39                      6.19  -0.80     6.76
  SINCE JAN 1      9.84                     11.05  -1.21    11.72

SNOWFALL (IN)
  YESTERDAY       MM             3.2  1997   0.1   MM       MM
  MONTH TO DATE   MM                         5.9   MM       MM
  SINCE MAR 1     MM                        23.7   MM       MM
  SINCE JUL 1     MM                        89.3   MM       MM
  SNOW DEPTH      MM

DEGREE DAYS
 HEATING
  YESTERDAY       13                        20     -7       36
  MONTH TO DATE  668                       738    -70      795
  SINCE MAR 1   1996                      1961     35     1972
  SINCE JUL 1   7957                      8534   -577     7590

 COOLING
  YESTERDAY        0                         0      0        0
  MONTH TO DATE    0                         0      0        0
  SINCE MAR 1      0                         0      0        0
  SINCE JAN 1      0                         0      0        0
..................................................................


WIND (MPH)
  HIGHEST WIND SPEED    10   HIGHEST WIND DIRECTION    SW (220)
  HIGHEST GUST SPEED    18   HIGHEST GUST DIRECTION    SE (150)
  AVERAGE WIND SPEED     4.7


SKY COVER
  POSSIBLE SUNSHINE  MM
  AVERAGE SKY COVER 1.0


WEATHER CONDITIONS
 THE FOLLOWING WEATHER WAS RECORDED YESTERDAY.
  LIGHT RAIN
  FOG


RELATIVE HUMIDITY (PERCENT)
 HIGHEST   100          1200 AM
 LOWEST     93          1200 PM
 AVERAGE    97

..........................................................


THE HOULTON ME CLIMATE NORMALS FOR TODAY
                         NORMAL    RECORD    YEAR
 MAXIMUM TEMPERATURE (F)   57        73      1984
 MINIMUM TEMPERATURE (F)   33        10      1947


SUNRISE AND SUNSET
APRIL 29 2017.........SUNRISE   521 AM EDT   SUNSET   737 PM EDT
APRIL 30 2017.........SUNRISE   519 AM EDT   SUNSET   738 PM EDT


-  INDICATES NEGATIVE NUMBERS.
R  INDICATES RECORD WAS SET OR TIED.
MM INDICATES DATA IS MISSING.
T  INDICATES TRACE AMOUNT.




$$
