000
CDUS41 KCAR 300528
CLIHUL


CLIMATE REPORT
NATIONAL WEATHER SERVICE CARIBOU, ME
1228 AM EST FRI JAN 30 2015


...................................

...THE HOULTON ME CLIMATE SUMMARY FOR JANUARY 29 2015...

CLIMATE NORMAL PERIOD 1981 TO 2010
CLIMATE RECORD PERIOD 1948 TO 2015


WEATHER ITEM   OBSERVED TIME   RECORD YEAR NORMAL DEPARTURE LAST
                VALUE   (LST)  VALUE       VALUE  FROM      YEAR
                                                  NORMAL
..................................................................
TEMPERATURE (F)
 YESTERDAY
  MAXIMUM         26    257 PM  44    1994  22      4       17
  MINIMUM        -15    637 AM -34    1971   0    -15      -12
  AVERAGE          6                        11     -5        3

PRECIPITATION (IN)
  YESTERDAY        0.00          0.84 1977   0.08  -0.08     0.00
  MONTH TO DATE    1.32                      2.68  -1.36     4.18
  SINCE DEC 1      6.82                      5.97   0.85     6.55
  SINCE JAN 1      1.32                      2.68  -1.36     4.18

SNOWFALL (IN)
  YESTERDAY       MM            10.1  1973   0.7   MM       MM
  MONTH TO DATE   MM                        21.9   MM       MM
  SINCE DEC 1     MM                        38.3   MM       MM
  SINCE JUL 1     MM                        46.4   MM       MM
  SNOW DEPTH      MM

DEGREE DAYS
 HEATING
  YESTERDAY       59                        54      5       62
  MONTH TO DATE 1591                      1548     43     1472
  SINCE DEC 1   2835                      2960   -125     3033
  SINCE JUL 1   4732                      5068   -336     5034

 COOLING
  YESTERDAY        0                         0      0        0
  MONTH TO DATE    0                         0      0        0
  SINCE DEC 1      0                         0      0        0
  SINCE JAN 1      0                         0      0        0
..................................................................


WIND (MPH)
  HIGHEST WIND SPEED     7   HIGHEST WIND DIRECTION    SE (150)
  HIGHEST GUST SPEED    12   HIGHEST GUST DIRECTION    SE (140)
  AVERAGE WIND SPEED     0.9


SKY COVER
  POSSIBLE SUNSHINE  MM
  AVERAGE SKY COVER 0.0


WEATHER CONDITIONS
 THE FOLLOWING WEATHER WAS RECORDED YESTERDAY.
  FOG
  HAZE


RELATIVE HUMIDITY (PERCENT)
 HIGHEST    87           700 AM
 LOWEST     41          1200 PM
 AVERAGE    64

..........................................................


THE HOULTON ME CLIMATE NORMALS FOR TODAY
                         NORMAL    RECORD    YEAR
 MAXIMUM TEMPERATURE (F)   23        50      2013
 MINIMUM TEMPERATURE (F)    0       -27      1994
                                             1952


SUNRISE AND SUNSET
JANUARY 30 2015.......SUNRISE   656 AM EST   SUNSET   433 PM EST
JANUARY 31 2015.......SUNRISE   655 AM EST   SUNSET   434 PM EST


-  INDICATES NEGATIVE NUMBERS.
R  INDICATES RECORD WAS SET OR TIED.
MM INDICATES DATA IS MISSING.
T  INDICATES TRACE AMOUNT.




$$
