000
CDUS41 KCAR 230527
CLIHUL


CLIMATE REPORT
NATIONAL WEATHER SERVICE CARIBOU, ME
1227 AM EST TUE DEC 23 2014


...................................

...THE HOULTON ME CLIMATE SUMMARY FOR DECEMBER 22 2014...

CLIMATE NORMAL PERIOD 1981 TO 2010
CLIMATE RECORD PERIOD 1948 TO 2014


WEATHER ITEM   OBSERVED TIME   RECORD YEAR NORMAL DEPARTURE LAST
                VALUE   (LST)  VALUE       VALUE  FROM      YEAR
                                                  NORMAL
..................................................................
TEMPERATURE (F)
 YESTERDAY
  MAXIMUM         30    407 PM  52    1973  27      3       22
  MINIMUM         23    809 AM -30    1980   7     16       18
  AVERAGE         27                        17     10       20

PRECIPITATION (IN)
  YESTERDAY        0.00          1.31 1969   0.09  -0.09     0.47
  MONTH TO DATE    4.31                      2.45   1.86     1.74
  SINCE DEC 1      4.31                      2.45   1.86     1.74
  SINCE JAN 1     41.15                     39.14   2.01    41.69

SNOWFALL (IN)
  YESTERDAY       MM            12.0  1962   0.5   MM       MM
  MONTH TO DATE   MM                        10.9   MM       MM
  SINCE DEC 1     MM                        10.9   MM       MM
  SINCE JUL 1     MM                        19.0   MM       MM
  SNOW DEPTH      MM

DEGREE DAYS
 HEATING
  YESTERDAY       38                        48    -10       45
  MONTH TO DATE  901                       964    -63     1062
  SINCE DEC 1    901                       964    -63     1062
  SINCE JUL 1   2798                      3072   -274     3063

 COOLING
  YESTERDAY        0                         0      0        0
  MONTH TO DATE    0                         0      0        0
  SINCE DEC 1      0                         0      0        0
  SINCE JAN 1    233                       191     42      198
..................................................................


WIND (MPH)
  HIGHEST WIND SPEED     7   HIGHEST WIND DIRECTION     E (100)
  HIGHEST GUST SPEED    10   HIGHEST GUST DIRECTION     E (110)
  AVERAGE WIND SPEED     1.2


SKY COVER
  POSSIBLE SUNSHINE  MM
  AVERAGE SKY COVER 1.0


WEATHER CONDITIONS
 THE FOLLOWING WEATHER WAS RECORDED YESTERDAY.
  NO SIGNIFICANT WEATHER WAS OBSERVED.


RELATIVE HUMIDITY (PERCENT)
 HIGHEST    96           500 AM
 LOWEST     72           200 PM
 AVERAGE    84

..........................................................


THE HOULTON ME CLIMATE NORMALS FOR TODAY
                         NORMAL    RECORD    YEAR
 MAXIMUM TEMPERATURE (F)   26        55      1990
 MINIMUM TEMPERATURE (F)    7       -25      1970


SUNRISE AND SUNSET
DECEMBER 23 2014......SUNRISE   711 AM EST   SUNSET   349 PM EST
DECEMBER 24 2014......SUNRISE   712 AM EST   SUNSET   350 PM EST


-  INDICATES NEGATIVE NUMBERS.
R  INDICATES RECORD WAS SET OR TIED.
MM INDICATES DATA IS MISSING.
T  INDICATES TRACE AMOUNT.




$$
