000
CDUS45 KTFX 260928
CLIHVR


CLIMATE REPORT
NATIONAL WEATHER SERVICE GREAT FALLS MT
328 AM MDT SAT JUL 26 2014


...................................

...THE HAVRE MT CLIMATE SUMMARY FOR JULY 25 2014...

CLIMATE NORMAL PERIOD 1981 TO 2010
CLIMATE RECORD PERIOD 1880 TO 2014


WEATHER ITEM   OBSERVED TIME   RECORD YEAR NORMAL DEPARTURE LAST
                VALUE   (LST)  VALUE       VALUE  FROM      YEAR
                                                  NORMAL
..................................................................
TEMPERATURE (F)
 YESTERDAY
  MAXIMUM         83    313 PM 107    1933  87     -4       79
  MINIMUM         51   1236 AM  44    1999  55     -4       57
  AVERAGE         67                        71     -4       68

PRECIPITATION (IN)
  YESTERDAY        0.00          0.73 1953   0.03  -0.03     0.00
  MONTH TO DATE    0.26                      1.42  -1.16     1.38
  SINCE OCT 1      8.65                      8.75  -0.10    15.07
  SINCE JAN 1      6.64                      7.34  -0.70    12.59

SNOWFALL (IN)
  YESTERDAY        0.0           0.0  1999   0.0    0.0      0.0
                                      1998
  MONTH TO DATE    0.0                       0.0    0.0      0.0
  SINCE JUN 1      0.0                       0.0    0.0      0.0
  SINCE JUL 1      0.0                       0.0    0.0      0.0
  SNOW DEPTH       0

DEGREE DAYS
 HEATING
  YESTERDAY        0                         0      0        0
  MONTH TO DATE    0                        29    -29        5
  SINCE JUN 1    175                       162     13      118
  SINCE JUL 1      0                        29    -29        5

 COOLING
  YESTERDAY        2                         7     -5        3
  MONTH TO DATE  150                       121     29      135
  SINCE JUN 1    156                       169    -13      178
  SINCE JAN 1    163                       180    -17      185
..................................................................


WIND (MPH)
  HIGHEST WIND SPEED    39   HIGHEST WIND DIRECTION     W (270)
  HIGHEST GUST SPEED    49   HIGHEST GUST DIRECTION     W (270)
  AVERAGE WIND SPEED    21.6


SKY COVER
  AVERAGE SKY COVER 0.1


WEATHER CONDITIONS
 THE FOLLOWING WEATHER WAS RECORDED YESTERDAY.
  NO SIGNIFICANT WEATHER WAS OBSERVED.


RELATIVE HUMIDITY (PERCENT)
 HIGHEST    77          1100 PM
 LOWEST     17           300 PM
 AVERAGE    47

..........................................................


THE HAVRE MT CLIMATE NORMALS FOR TODAY
                         NORMAL    RECORD    YEAR
 MAXIMUM TEMPERATURE (F)   87       102      1933
 MINIMUM TEMPERATURE (F)   55        39      1999


SUNRISE AND SUNSET
JULY 26 2014..........SUNRISE   546 AM MDT   SUNSET   905 PM MDT
JULY 27 2014..........SUNRISE   547 AM MDT   SUNSET   903 PM MDT


-  INDICATES NEGATIVE NUMBERS.
R  INDICATES RECORD WAS SET OR TIED.
MM INDICATES DATA IS MISSING.
T  INDICATES TRACE AMOUNT.




$$
