000
CDUS45 KTFX 300838
CLIHVR


CLIMATE REPORT
NATIONAL WEATHER SERVICE GREAT FALLS MT
237 AM MDT FRI SEP 30 2016


...................................

...THE HAVRE MT CLIMATE SUMMARY FOR SEPTEMBER 29 2016...

CLIMATE NORMAL PERIOD 1981 TO 2010
CLIMATE RECORD PERIOD 1880 TO 2016


WEATHER ITEM   OBSERVED TIME   RECORD YEAR NORMAL DEPARTURE LAST
                VALUE   (LST)  VALUE       VALUE  FROM      YEAR
                                                  NORMAL
..................................................................
TEMPERATURE (F)
 YESTERDAY
  MAXIMUM         76    352 PM  90    1976  66     10       74
  MINIMUM         39    644 AM  21    1985  37      2       28
  AVERAGE         58                        51      7       51

PRECIPITATION (IN)
  YESTERDAY        0.00          0.44 1925   0.04  -0.04     0.00
  MONTH TO DATE    1.80                      1.09   0.71     1.67
  SINCE OCT 1     17.22                     11.17   6.05    11.81
  SINCE JAN 1     15.29                      9.76   5.53    10.24

SNOWFALL (IN)
  YESTERDAY        0.0           6.2  1982   0.1   -0.1      0.0
  MONTH TO DATE    0.0                       0.3   -0.3      0.0
  SINCE SEP 1      0.0                       0.3   -0.3      0.0
  SINCE JUL 1      0.0                       0.3   -0.3       T
  SNOW DEPTH       0

DEGREE DAYS
 HEATING
  YESTERDAY        7                        14     -7       14
  MONTH TO DATE  252                       261     -9      235
  SINCE SEP 1    252                       261     -9      235
  SINCE JUL 1    313                       344    -31      310

 COOLING
  YESTERDAY        0                         0      0        0
  MONTH TO DATE   20                        17      3        6
  SINCE SEP 1     20                        17      3        6
  SINCE JAN 1    344                       384    -40      416
..................................................................


WIND (MPH)
  HIGHEST WIND SPEED    12   HIGHEST WIND DIRECTION    SW (220)
  HIGHEST GUST SPEED    14   HIGHEST GUST DIRECTION     S (200)
  AVERAGE WIND SPEED     4.3


SKY COVER
  AVERAGE SKY COVER 0.1


WEATHER CONDITIONS
 THE FOLLOWING WEATHER WAS RECORDED YESTERDAY.
  FOG
  FOG W/VISIBILITY <= 1/4 MILE


RELATIVE HUMIDITY (PERCENT)
 HIGHEST   100           100 AM
 LOWEST     43           300 PM
 AVERAGE    72

..........................................................


THE HAVRE MT CLIMATE NORMALS FOR TODAY
                         NORMAL    RECORD    YEAR
 MAXIMUM TEMPERATURE (F)   66        92      2011
 MINIMUM TEMPERATURE (F)   36        19      1985


SUNRISE AND SUNSET
SEPTEMBER 30 2016.....SUNRISE   718 AM MDT   SUNSET   659 PM MDT
OCTOBER  1 2016.......SUNRISE   719 AM MDT   SUNSET   657 PM MDT


-  INDICATES NEGATIVE NUMBERS.
R  INDICATES RECORD WAS SET OR TIED.
MM INDICATES DATA IS MISSING.
T  INDICATES TRACE AMOUNT.




$$
