000
CDUS45 KTFX 220848
CLIHVR


CLIMATE REPORT
NATIONAL WEATHER SERVICE GREAT FALLS MT
145 AM MST MON JAN 22 2018


...................................

...THE HAVRE MT CLIMATE SUMMARY FOR JANUARY 21 2018...

CLIMATE NORMAL PERIOD 1981 TO 2010
CLIMATE RECORD PERIOD 1880 TO 2018


WEATHER ITEM   OBSERVED TIME   RECORD YEAR NORMAL DEPARTURE LAST
                VALUE   (LST)  VALUE       VALUE  FROM      YEAR
                                                  NORMAL
..................................................................
TEMPERATURE (F)
 YESTERDAY
  MAXIMUM         31    211 PM  52    1981  29      2       33
                                      1976
  MINIMUM         16    746 PM -38    1888   8      8       10
  AVERAGE         24                        18      6       22

PRECIPITATION (IN)
  YESTERDAY        0.00          0.74 1886   0.01  -0.01     0.00
  MONTH TO DATE    0.30                      0.25   0.05     0.54
  SINCE OCT 1      3.82                      1.66   2.16     4.53
  SINCE JAN 1      0.30                      0.25   0.05     0.54

SNOWFALL (IN)
  YESTERDAY        0.0           8.5  1997   0.2   -0.2      0.0
  MONTH TO DATE    7.0                       5.3    1.7      7.0
  SINCE DEC 1     25.6                      12.7   12.9     14.2
  SINCE JUL 1     43.1                      20.3   22.8     19.7
  SNOW DEPTH       4

DEGREE DAYS
 HEATING
  YESTERDAY       41                        47     -6       43
  MONTH TO DATE 1128                       998    130     1171
  SINCE DEC 1   2512                      2421     91     2737
  SINCE JUL 1   4570                      4464    106     4484

 COOLING
  YESTERDAY        0                         0      0        0
  MONTH TO DATE    0                         0      0        0
  SINCE DEC 1      0                         0      0        0
  SINCE JAN 1      0                         0      0        0
..................................................................


WIND (MPH)
  HIGHEST WIND SPEED    21   HIGHEST WIND DIRECTION    SW (220)
  HIGHEST GUST SPEED    25   HIGHEST GUST DIRECTION    SW (220)
  AVERAGE WIND SPEED    10.9


SKY COVER
  AVERAGE SKY COVER 0.0


WEATHER CONDITIONS
 THE FOLLOWING WEATHER WAS RECORDED YESTERDAY.
  NO SIGNIFICANT WEATHER WAS OBSERVED.


RELATIVE HUMIDITY (PERCENT)
 HIGHEST    84          1200 AM
 LOWEST     71          1000 PM
 AVERAGE    78

..........................................................


THE HAVRE MT CLIMATE NORMALS FOR TODAY
                         NORMAL    RECORD    YEAR
 MAXIMUM TEMPERATURE (F)   29        57      1981
 MINIMUM TEMPERATURE (F)    8       -49      1886


SUNRISE AND SUNSET
JANUARY 22 2018.......SUNRISE   800 AM MST   SUNSET   502 PM MST
JANUARY 23 2018.......SUNRISE   759 AM MST   SUNSET   504 PM MST


-  INDICATES NEGATIVE NUMBERS.
R  INDICATES RECORD WAS SET OR TIED.
MM INDICATES DATA IS MISSING.
T  INDICATES TRACE AMOUNT.




$$
