000
CDUS45 KTFX 271001
CLIHVR


CLIMATE REPORT
NATIONAL WEATHER SERVICE GREAT FALLS MT
400 AM MDT WED AUG 27 2014


...................................

...THE HAVRE MT CLIMATE SUMMARY FOR AUGUST 26 2014...

CLIMATE NORMAL PERIOD 1981 TO 2010
CLIMATE RECORD PERIOD 1880 TO 2014


WEATHER ITEM   OBSERVED TIME   RECORD YEAR NORMAL DEPARTURE LAST
                VALUE   (LST)  VALUE       VALUE  FROM      YEAR
                                                  NORMAL
..................................................................
TEMPERATURE (F)
 YESTERDAY
  MAXIMUM         80    452 PM 103    2010  81     -1       92
  MINIMUM         41    549 AM  35    1914  49     -8       60
  AVERAGE         61                        65     -4       76

PRECIPITATION (IN)
  YESTERDAY        0.00          0.71 1954   0.04  -0.04     0.12
  MONTH TO DATE    2.65                      0.94   1.71     1.05
  SINCE OCT 1     11.30                      9.91   1.39    17.49
  SINCE JAN 1      9.29                      8.50   0.79    15.01

SNOWFALL (IN)
  YESTERDAY        0.0           T    1954   0.0    0.0      0.0
                                      1998
  MONTH TO DATE    0.0                       0.0    0.0      0.0
  SINCE JUN 1      0.0                       0.0    0.0      0.0
  SINCE JUL 1      0.0                       0.0    0.0      0.0
  SNOW DEPTH       0

DEGREE DAYS
 HEATING
  YESTERDAY        4                         3      1        0
  MONTH TO DATE   42                        36      6        8
  SINCE JUN 1    217                       199     18      129
  SINCE JUL 1     42                        66    -24       16

 COOLING
  YESTERDAY        0                         3     -3       11
  MONTH TO DATE  164                       136     28      146
  SINCE JUN 1    371                       346     25      335
  SINCE JAN 1    378                       357     21      342
..................................................................


WIND (MPH)
  HIGHEST WIND SPEED    12   HIGHEST WIND DIRECTION    SW (230)
  HIGHEST GUST SPEED    15   HIGHEST GUST DIRECTION    SW (230)
  AVERAGE WIND SPEED     4.0


SKY COVER
  AVERAGE SKY COVER 0.0


WEATHER CONDITIONS
 THE FOLLOWING WEATHER WAS RECORDED YESTERDAY.
  FOG
  FOG W/VISIBILITY <= 1/4 MILE


RELATIVE HUMIDITY (PERCENT)
 HIGHEST   100           400 AM
 LOWEST     23           400 PM
 AVERAGE    62

..........................................................


THE HAVRE MT CLIMATE NORMALS FOR TODAY
                         NORMAL    RECORD    YEAR
 MAXIMUM TEMPERATURE (F)   80        99      2001
 MINIMUM TEMPERATURE (F)   49        31      1911


SUNRISE AND SUNSET
AUGUST 27 2014........SUNRISE   629 AM MDT   SUNSET   811 PM MDT
AUGUST 28 2014........SUNRISE   631 AM MDT   SUNSET   809 PM MDT


-  INDICATES NEGATIVE NUMBERS.
R  INDICATES RECORD WAS SET OR TIED.
MM INDICATES DATA IS MISSING.
T  INDICATES TRACE AMOUNT.




$$
