000
CDUS45 KTFX 261031
CLIHVR


CLIMATE REPORT
NATIONAL WEATHER SERVICE GREAT FALLS MT
331 AM MST WED NOV 26 2014


...................................

...THE HAVRE MT CLIMATE SUMMARY FOR NOVEMBER 25 2014...

CLIMATE NORMAL PERIOD 1981 TO 2010
CLIMATE RECORD PERIOD 1880 TO 2014


WEATHER ITEM   OBSERVED TIME   RECORD YEAR NORMAL DEPARTURE LAST
                VALUE   (LST)  VALUE       VALUE  FROM      YEAR
                                                  NORMAL
..................................................................
TEMPERATURE (F)
 YESTERDAY
  MAXIMUM         42    322 AM  68    1914  37      5       39
  MINIMUM         28   1159 PM -23    1993  15     13       16
                                      1883
  AVERAGE         35                        26      9       28

PRECIPITATION (IN)
  YESTERDAY        0.01          1.05 1883   0.02  -0.01     0.00
  MONTH TO DATE    0.40                      0.37   0.03     0.35
  SINCE OCT 1      1.16                      0.95   0.21     0.67
  SINCE JAN 1     12.32                     10.74   1.58    17.82

SNOWFALL (IN)
  YESTERDAY        0.0           4.2  1896   0.2   -0.2      0.0
  MONTH TO DATE    4.3                       4.2    0.1      4.8
  SINCE SEP 1      4.3                       6.5   -2.2      5.8
  SINCE JUL 1      4.3                       6.5   -2.2      5.8
  SNOW DEPTH       0

DEGREE DAYS
 HEATING
  YESTERDAY       30                        39     -9       37
  MONTH TO DATE  956                       841    115      925
  SINCE SEP 1   1653                      1757   -104     1739
  SINCE JUL 1   1697                      1840   -143     1757

 COOLING
  YESTERDAY        0                         0      0        0
  MONTH TO DATE    0                         0      0        0
  SINCE SEP 1     12                        20     -8       70
  SINCE JAN 1    402                       387     15      445
..................................................................


WIND (MPH)
  HIGHEST WIND SPEED    31   HIGHEST WIND DIRECTION    NW (320)
  HIGHEST GUST SPEED    39   HIGHEST GUST DIRECTION    NW (320)
  AVERAGE WIND SPEED    13.3


SKY COVER
  AVERAGE SKY COVER 0.7


WEATHER CONDITIONS
 THE FOLLOWING WEATHER WAS RECORDED YESTERDAY.
  LIGHT RAIN


RELATIVE HUMIDITY (PERCENT)
 HIGHEST    89           700 AM
 LOWEST     50          1200 AM
 AVERAGE    70

..........................................................


THE HAVRE MT CLIMATE NORMALS FOR TODAY
                         NORMAL    RECORD    YEAR
 MAXIMUM TEMPERATURE (F)   36        67      1998
 MINIMUM TEMPERATURE (F)   15       -27      1985


SUNRISE AND SUNSET
NOVEMBER 26 2014......SUNRISE   743 AM MST   SUNSET   429 PM MST
NOVEMBER 27 2014......SUNRISE   745 AM MST   SUNSET   428 PM MST


-  INDICATES NEGATIVE NUMBERS.
R  INDICATES RECORD WAS SET OR TIED.
MM INDICATES DATA IS MISSING.
T  INDICATES TRACE AMOUNT.




$$
