000
CDUS45 KTFX 262230
CLIHVR


CLIMATE REPORT
NATIONAL WEATHER SERVICE GREAT FALLS MT
430 PM MDT TUE SEP 26 2017


...................................

...THE HAVRE MT CLIMATE SUMMARY FOR SEPTEMBER 26 2017...
VALID TODAY AS OF 0400 PM LOCAL TIME.

CLIMATE NORMAL PERIOD 1981 TO 2010
CLIMATE RECORD PERIOD 1880 TO 2017


WEATHER ITEM   OBSERVED TIME   RECORD YEAR NORMAL DEPARTURE LAST
                VALUE   (LST)  VALUE       VALUE  FROM      YEAR
                                                  NORMAL
..................................................................
TEMPERATURE (F)
 TODAY
  MAXIMUM         71    254 PM  92    1952  67      4       77
  MINIMUM         47    218 AM  19    1900  38      9       41
  AVERAGE         59                        52      7       59

PRECIPITATION (IN)
  TODAY            0.00          0.37 1881   0.03  -0.03     0.00
  MONTH TO DATE    0.97                      0.98  -0.01     1.80
  SINCE OCT 1      8.55                     11.06  -2.51    17.22
  SINCE JAN 1      4.56                      9.65  -5.09    15.29

SNOWFALL (IN)
  TODAY            0.0           0.1  1965   0.0    0.0      0.0
  MONTH TO DATE    0.0                       0.2   -0.2      0.0
  SINCE SEP 1      0.0                       0.2   -0.2      0.0
  SINCE JUL 1      0.0                       0.2   -0.2      0.0

DEGREE DAYS
 HEATING
  TODAY            6                        13     -7        6
  MONTH TO DATE  226                       221      5      235
  SINCE SEP 1    226                       221      5      235
  SINCE JUL 1    238                       304    -66      296

 COOLING
  TODAY            0                         0      0        0
  MONTH TO DATE   39                        17     22       17
  SINCE SEP 1     39                        17     22       17
  SINCE JAN 1    526                       384    142      341
..................................................................


WIND (MPH)
  HIGHEST WIND SPEED    18   HIGHEST WIND DIRECTION    SW (230)
  HIGHEST GUST SPEED    22   HIGHEST GUST DIRECTION    SW (230)
  AVERAGE WIND SPEED     7.8


SKY COVER
  AVERAGE SKY COVER 0.5


WEATHER CONDITIONS
 THE FOLLOWING WEATHER WAS RECORDED TODAY.
  NO SIGNIFICANT WEATHER WAS OBSERVED.


RELATIVE HUMIDITY (PERCENT)
 HIGHEST    76           200 AM
 LOWEST     31           200 PM
 AVERAGE    54

..........................................................


THE HAVRE MT CLIMATE NORMALS FOR TOMORROW
                         NORMAL    RECORD    YEAR
 MAXIMUM TEMPERATURE (F)   67        92      1922
 MINIMUM TEMPERATURE (F)   37        18      1928


SUNRISE AND SUNSET
SEPTEMBER 26 2017.....SUNRISE   712 AM MDT   SUNSET   708 PM MDT
SEPTEMBER 27 2017.....SUNRISE   713 AM MDT   SUNSET   706 PM MDT


-  INDICATES NEGATIVE NUMBERS.
R  INDICATES RECORD WAS SET OR TIED.
MM INDICATES DATA IS MISSING.
T  INDICATES TRACE AMOUNT.




$$
