000
CDUS45 KTFX 232225
CLIHVR


CLIMATE REPORT
NATIONAL WEATHER SERVICE GREAT FALLS MT
425 PM MDT TUE SEP 23 2014


...................................

...THE HAVRE MT CLIMATE SUMMARY FOR SEPTEMBER 23 2014...
VALID TODAY AS OF 0400 PM LOCAL TIME.

CLIMATE NORMAL PERIOD 1981 TO 2010
CLIMATE RECORD PERIOD 1880 TO 2014


WEATHER ITEM   OBSERVED TIME   RECORD YEAR NORMAL DEPARTURE LAST
                VALUE   (LST)  VALUE       VALUE  FROM      YEAR
                                                  NORMAL
..................................................................
TEMPERATURE (F)
 TODAY
  MAXIMUM         83    202 PM  93    2011  68     15       70
                                      1992
                                      1885
  MINIMUM         48    121 AM  20    1926  39      9       43
  AVERAGE         66                        54     12       57

PRECIPITATION (IN)
  TODAY            0.00          0.89 2007   0.04  -0.04     0.00
  MONTH TO DATE    0.74                      0.88  -0.14     0.99
  SINCE OCT 1     13.07                     10.96   2.11    18.57
  SINCE JAN 1     11.06                      9.55   1.51    16.09

SNOWFALL (IN)
  TODAY            0.0           2.2  1912   0.0    0.0      0.0
  MONTH TO DATE    T                         0.1   -0.1      0.0
  SINCE SEP 1      T                         0.1   -0.1      0.0
  SINCE JUL 1      T                         0.1   -0.1      0.0
  SNOW DEPTH       0

DEGREE DAYS
 HEATING
  TODAY            0                        12    -12        8
  MONTH TO DATE  194                       184     10       50
  SINCE SEP 1    194                       184     10       50
  SINCE JUL 1    238                       267    -29       68

 COOLING
  TODAY            1                         0      1        0
  MONTH TO DATE    3                        17    -14       70
  SINCE SEP 1      3                        17    -14       70
  SINCE JAN 1    393                       384      9      445
..................................................................


WIND (MPH)
  HIGHEST WIND SPEED    23   HIGHEST WIND DIRECTION    SW (220)
  HIGHEST GUST SPEED    28   HIGHEST GUST DIRECTION    SW (230)
  AVERAGE WIND SPEED    11.1


SKY COVER
  AVERAGE SKY COVER 0.0


WEATHER CONDITIONS
 THE FOLLOWING WEATHER WAS RECORDED TODAY.
  NO SIGNIFICANT WEATHER WAS OBSERVED.


RELATIVE HUMIDITY (PERCENT)
 HIGHEST    89           300 AM
 LOWEST     28           100 PM
 AVERAGE    59

..........................................................


THE HAVRE MT CLIMATE NORMALS FOR TOMORROW
                         NORMAL    RECORD    YEAR
 MAXIMUM TEMPERATURE (F)   68        94      2009
 MINIMUM TEMPERATURE (F)   39        18      1926


SUNRISE AND SUNSET
SEPTEMBER 23 2014.....SUNRISE   707 AM MDT   SUNSET   715 PM MDT
SEPTEMBER 24 2014.....SUNRISE   709 AM MDT   SUNSET   713 PM MDT


-  INDICATES NEGATIVE NUMBERS.
R  INDICATES RECORD WAS SET OR TIED.
MM INDICATES DATA IS MISSING.
T  INDICATES TRACE AMOUNT.




$$
