000
CDUS45 KTFX 040740
CLIHVR


CLIMATE REPORT
NATIONAL WEATHER SERVICE GREAT FALLS MT
139 AM MDT WED MAY 4 2016


...................................

...THE HAVRE MT CLIMATE SUMMARY FOR MAY 3 2016...

CLIMATE NORMAL PERIOD 1981 TO 2010
CLIMATE RECORD PERIOD 1880 TO 2016


WEATHER ITEM   OBSERVED TIME   RECORD YEAR NORMAL DEPARTURE LAST
                VALUE   (LST)  VALUE       VALUE  FROM      YEAR
                                                  NORMAL
..................................................................
TEMPERATURE (F)
 YESTERDAY
  MAXIMUM         82    524 PM  90    1998  64     18       64
  MINIMUM         42    550 AM  15    1899  36      6       31
  AVERAGE         62                        50     12       48

PRECIPITATION (IN)
  YESTERDAY        0.00          0.88 1901   0.05  -0.05     0.00
  MONTH TO DATE    0.00                      0.13  -0.13     0.00
  SINCE OCT 1      6.34                      3.53   2.81     4.06
  SINCE JAN 1      4.41                      2.12   2.29     2.49

SNOWFALL (IN)
  YESTERDAY        0.0           1.2  1899   0.1   -0.1      0.0
  MONTH TO DATE    0.0                       0.2   -0.2      0.0
  SINCE MAR 1      3.0                       9.5   -6.5      0.2
  SINCE JUL 1     17.3                      37.4  -20.1     20.8
  SNOW DEPTH       0

DEGREE DAYS
 HEATING
  YESTERDAY        3                        15    -12       17
  MONTH TO DATE   28                        47    -19       39
  SINCE MAR 1   1322                      1664   -342     1379
  SINCE JUL 1   6747                      7784  -1037     7047

 COOLING
  YESTERDAY        0                         0      0        0
  MONTH TO DATE    0                         0      0        0
  SINCE MAR 1      0                         1     -1        0
  SINCE JAN 1      0                         1     -1        0
..................................................................


WIND (MPH)
  HIGHEST WIND SPEED    10   HIGHEST WIND DIRECTION     S (160)
  HIGHEST GUST SPEED    13   HIGHEST GUST DIRECTION     S (160)
  AVERAGE WIND SPEED     3.9


SKY COVER
  AVERAGE SKY COVER 0.0


WEATHER CONDITIONS
 THE FOLLOWING WEATHER WAS RECORDED YESTERDAY.
  NO SIGNIFICANT WEATHER WAS OBSERVED.


RELATIVE HUMIDITY (PERCENT)
 HIGHEST    96           600 AM
 LOWEST     26           400 PM
 AVERAGE    61

..........................................................


THE HAVRE MT CLIMATE NORMALS FOR TODAY
                         NORMAL    RECORD    YEAR
 MAXIMUM TEMPERATURE (F)   64        89      1936
 MINIMUM TEMPERATURE (F)   36        17      1899


SUNRISE AND SUNSET
MAY  4 2016...........SUNRISE   554 AM MDT   SUNSET   839 PM MDT
MAY  5 2016...........SUNRISE   552 AM MDT   SUNSET   840 PM MDT


-  INDICATES NEGATIVE NUMBERS.
R  INDICATES RECORD WAS SET OR TIED.
MM INDICATES DATA IS MISSING.
T  INDICATES TRACE AMOUNT.




$$
