000
CDUS45 KTFX 201001
CLIHVR


CLIMATE REPORT
NATIONAL WEATHER SERVICE GREAT FALLS MT
300 AM MST SAT DEC 20 2014


...................................

...THE HAVRE MT CLIMATE SUMMARY FOR DECEMBER 19 2014...

CLIMATE NORMAL PERIOD 1981 TO 2010
CLIMATE RECORD PERIOD 1880 TO 2014


WEATHER ITEM   OBSERVED TIME   RECORD YEAR NORMAL DEPARTURE LAST
                VALUE   (LST)  VALUE       VALUE  FROM      YEAR
                                                  NORMAL
..................................................................
TEMPERATURE (F)
 YESTERDAY
  MAXIMUM         38   1038 PM  62    1886  29      9        5
  MINIMUM         12    828 AM -30    1929   7      5      -15
  AVERAGE         25                        18      7       -5

PRECIPITATION (IN)
  YESTERDAY        0.01          0.30 1920   0.01   0.00     0.02
  MONTH TO DATE    0.11                      0.23  -0.12     0.86
  SINCE OCT 1      1.34                      1.24   0.10     1.58
  SINCE JAN 1     12.50                     11.03   1.47    18.73

SNOWFALL (IN)
  YESTERDAY        0.0           2.6  1920   0.3   -0.3       T
  MONTH TO DATE    0.1                       4.1   -4.0     14.1
  SINCE DEC 1      0.1                       4.1   -4.0     14.1
  SINCE JUL 1      4.7                      11.7   -7.0     19.9
  SNOW DEPTH       T

DEGREE DAYS
 HEATING
  YESTERDAY       40                        47     -7       70
  MONTH TO DATE  743                       850   -107     1056
  SINCE DEC 1    743                       850   -107     1056
  SINCE JUL 1   2680                      2893   -213     2982

 COOLING
  YESTERDAY        0                         0      0        0
  MONTH TO DATE    0                         0      0        0
  SINCE DEC 1      0                         0      0        0
  SINCE JAN 1    402                       387     15      445
..................................................................


WIND (MPH)
  HIGHEST WIND SPEED    17   HIGHEST WIND DIRECTION    SW (230)
  HIGHEST GUST SPEED    21   HIGHEST GUST DIRECTION    SW (230)
  AVERAGE WIND SPEED     6.1


SKY COVER
  AVERAGE SKY COVER 0.3


WEATHER CONDITIONS
 THE FOLLOWING WEATHER WAS RECORDED YESTERDAY.
  LIGHT RAIN


RELATIVE HUMIDITY (PERCENT)
 HIGHEST   100           600 PM
 LOWEST     76           900 PM
 AVERAGE    88

..........................................................


THE HAVRE MT CLIMATE NORMALS FOR TODAY
                         NORMAL    RECORD    YEAR
 MAXIMUM TEMPERATURE (F)   29        62      1941
 MINIMUM TEMPERATURE (F)    7       -30      1887
                                             1884


SUNRISE AND SUNSET
DECEMBER 20 2014......SUNRISE   808 AM MST   SUNSET   426 PM MST
DECEMBER 21 2014......SUNRISE   808 AM MST   SUNSET   426 PM MST


-  INDICATES NEGATIVE NUMBERS.
R  INDICATES RECORD WAS SET OR TIED.
MM INDICATES DATA IS MISSING.
T  INDICATES TRACE AMOUNT.




$$
