000
CDUS45 KTFX 191152
CLIHVR


CLIMATE REPORT
NATIONAL WEATHER SERVICE GREAT FALLS MT
450 AM MST SUN NOV 19 2017


...................................

...THE HAVRE MT CLIMATE SUMMARY FOR NOVEMBER 18 2017...

CLIMATE NORMAL PERIOD 1981 TO 2010
CLIMATE RECORD PERIOD 1880 TO 2017


WEATHER ITEM   OBSERVED TIME   RECORD YEAR NORMAL DEPARTURE LAST
                VALUE   (LST)  VALUE       VALUE  FROM      YEAR
                                                  NORMAL
..................................................................
TEMPERATURE (F)
 YESTERDAY
  MAXIMUM         42    228 PM  69    2008  40      2       37
  MINIMUM         11    321 AM -29    1903  18     -7       26
  AVERAGE         27                        29     -2       32

PRECIPITATION (IN)
  YESTERDAY        0.00          0.40 1941   0.01  -0.01     0.00
  MONTH TO DATE    0.37                      0.27   0.10      T
  SINCE OCT 1      2.29                      0.85   1.44     3.52
  SINCE JAN 1      6.85                     10.64  -3.79    18.81

SNOWFALL (IN)
  YESTERDAY        0.0           4.0  1942   0.2   -0.2      0.0
  MONTH TO DATE    4.5                       2.8    1.7       T
  SINCE SEP 1     17.5                       5.1   12.4      5.5
  SINCE JUL 1     17.5                       5.1   12.4      5.5
  SNOW DEPTH      MM

DEGREE DAYS
 HEATING
  YESTERDAY       38                        36      2       33
  MONTH TO DATE  796                       576    220      347
  SINCE SEP 1   1745                      1492    253     1299
  SINCE JUL 1   1757                      1575    182     1360

 COOLING
  YESTERDAY        0                         0      0        0
  MONTH TO DATE    0                         0      0        0
  SINCE SEP 1     39                        20     19       20
  SINCE JAN 1    526                       387    139      344
..................................................................


WIND (MPH)
  HIGHEST WIND SPEED    25   HIGHEST WIND DIRECTION     W (270)
  HIGHEST GUST SPEED    32   HIGHEST GUST DIRECTION     W (260)
  AVERAGE WIND SPEED    11.3


SKY COVER
  AVERAGE SKY COVER 0.1


WEATHER CONDITIONS
 THE FOLLOWING WEATHER WAS RECORDED YESTERDAY.
  FOG


RELATIVE HUMIDITY (PERCENT)
 HIGHEST    92           100 AM
 LOWEST     55           200 PM
 AVERAGE    74

..........................................................


THE HAVRE MT CLIMATE NORMALS FOR TODAY
                         NORMAL    RECORD    YEAR
 MAXIMUM TEMPERATURE (F)   40        74      1936
 MINIMUM TEMPERATURE (F)   17       -27      1896


SUNRISE AND SUNSET
NOVEMBER 19 2017......SUNRISE   734 AM MST   SUNSET   435 PM MST
NOVEMBER 20 2017......SUNRISE   735 AM MST   SUNSET   434 PM MST


-  INDICATES NEGATIVE NUMBERS.
R  INDICATES RECORD WAS SET OR TIED.
MM INDICATES DATA IS MISSING.
T  INDICATES TRACE AMOUNT.




$$
