000
CDUS45 KTFX 302222
CLIHVR


CLIMATE REPORT
NATIONAL WEATHER SERVICE GREAT FALLS MT
419 PM MDT SUN AUG 30 2015


...................................

...THE HAVRE MT CLIMATE SUMMARY FOR AUGUST 30 2015...
VALID TODAY AS OF 0400 PM LOCAL TIME.

CLIMATE NORMAL PERIOD 1981 TO 2010
CLIMATE RECORD PERIOD 1880 TO 2015


WEATHER ITEM   OBSERVED TIME   RECORD YEAR NORMAL DEPARTURE LAST
                VALUE   (LST)  VALUE       VALUE  FROM      YEAR
                                                  NORMAL
..................................................................
TEMPERATURE (F)
 TODAY
  MAXIMUM         81    259 PM 100    1999  79      2       79
  MINIMUM         61    504 AM  36    1969  48     13       51
                                      1910
  AVERAGE         71                        63      8       65

PRECIPITATION (IN)
  TODAY            T             1.08 1881   0.04  -0.04     0.01
  MONTH TO DATE    0.74                      1.08  -0.34     3.68
  SINCE OCT 1     10.14                     10.05   0.09    12.33
  SINCE JAN 1      8.57                      8.64  -0.07    10.32

SNOWFALL (IN)
  TODAY            0.0           0.0  1999   0.0    0.0      0.0
                                      1998
  MONTH TO DATE    0.0                       0.0    0.0      0.0
  SINCE JUN 1      T                         0.0    0.0      0.0
  SINCE JUL 1      T                         0.0    0.0      0.0
  SNOW DEPTH       0

DEGREE DAYS
 HEATING
  TODAY            0                         4     -4        0
  MONTH TO DATE   50                        50      0       42
  SINCE JUN 1    132                       213    -81      217
  SINCE JUL 1     75                        80     -5       42

 COOLING
  TODAY            6                         2      4        0
  MONTH TO DATE  149                       145      4      176
  SINCE JUN 1    412                       355     57      383
  SINCE JAN 1    412                       366     46      390
..................................................................


WIND (MPH)
  HIGHEST WIND SPEED    17   HIGHEST WIND DIRECTION     W (250)
  HIGHEST GUST SPEED    22   HIGHEST GUST DIRECTION    SW (240)
  AVERAGE WIND SPEED    12.1


SKY COVER
  AVERAGE SKY COVER 0.4


WEATHER CONDITIONS
 THE FOLLOWING WEATHER WAS RECORDED TODAY.
  LIGHT RAIN
  HAZE


RELATIVE HUMIDITY (PERCENT)
 HIGHEST    72           500 AM
 LOWEST     30           300 PM
 AVERAGE    51

..........................................................


THE HAVRE MT CLIMATE NORMALS FOR TOMORROW
                         NORMAL    RECORD    YEAR
 MAXIMUM TEMPERATURE (F)   78       102      1991
 MINIMUM TEMPERATURE (F)   47        35      1952


SUNRISE AND SUNSET
AUGUST 30 2015........SUNRISE   633 AM MDT   SUNSET   805 PM MDT
AUGUST 31 2015........SUNRISE   635 AM MDT   SUNSET   803 PM MDT


-  INDICATES NEGATIVE NUMBERS.
R  INDICATES RECORD WAS SET OR TIED.
MM INDICATES DATA IS MISSING.
T  INDICATES TRACE AMOUNT.




$$
