000
CDUS45 KTFX 281014
CLIHVR


CLIMATE REPORT
NATIONAL WEATHER SERVICE GREAT FALLS MT
412 AM MDT SUN AUG 28 2016


...................................

...THE HAVRE MT CLIMATE SUMMARY FOR AUGUST 27 2016...

CLIMATE NORMAL PERIOD 1981 TO 2010
CLIMATE RECORD PERIOD 1880 TO 2016


WEATHER ITEM   OBSERVED TIME   RECORD YEAR NORMAL DEPARTURE LAST
                VALUE   (LST)  VALUE       VALUE  FROM      YEAR
                                                  NORMAL
..................................................................
TEMPERATURE (F)
 YESTERDAY
  MAXIMUM         87    307 PM  99    2001  80      7       88
  MINIMUM         45    502 AM  31    1911  49     -4       50
  AVERAGE         66                        64      2       69

PRECIPITATION (IN)
  YESTERDAY        0.00          0.47 1960   0.03  -0.03     0.00
  MONTH TO DATE    1.02                      0.97   0.05     0.67
  SINCE OCT 1     15.20                      9.94   5.26    10.07
  SINCE JAN 1     13.27                      8.53   4.74     8.50

SNOWFALL (IN)
  YESTERDAY        0.0           0.0  1999   0.0    0.0      0.0
                                      1998
  MONTH TO DATE    0.0                       0.0    0.0      0.0
  SINCE JUN 1      0.0                       0.0    0.0       T
  SINCE JUL 1      0.0                       0.0    0.0       T
  SNOW DEPTH       0

DEGREE DAYS
 HEATING
  YESTERDAY        0                         3     -3        0
  MONTH TO DATE   42                        39      3       50
  SINCE JUN 1    146                       202    -56      132
  SINCE JUL 1     61                        69     -8       75

 COOLING
  YESTERDAY        1                         3     -2        4
  MONTH TO DATE   91                       139    -48      123
  SINCE JUN 1    296                       349    -53      386
  SINCE JAN 1    297                       360    -63      386
..................................................................


WIND (MPH)
  HIGHEST WIND SPEED    26   HIGHEST WIND DIRECTION    SW (220)
  HIGHEST GUST SPEED    32   HIGHEST GUST DIRECTION    SW (220)
  AVERAGE WIND SPEED     9.2


SKY COVER
  AVERAGE SKY COVER 0.3


WEATHER CONDITIONS
 THE FOLLOWING WEATHER WAS RECORDED YESTERDAY.
  NO SIGNIFICANT WEATHER WAS OBSERVED.


RELATIVE HUMIDITY (PERCENT)
 HIGHEST    92           500 AM
 LOWEST     18           100 PM
 AVERAGE    55

..........................................................


THE HAVRE MT CLIMATE NORMALS FOR TODAY
                         NORMAL    RECORD    YEAR
 MAXIMUM TEMPERATURE (F)   80        99      2012
 MINIMUM TEMPERATURE (F)   48        34      1911


SUNRISE AND SUNSET
AUGUST 28 2016........SUNRISE   631 AM MDT   SUNSET   808 PM MDT
AUGUST 29 2016........SUNRISE   633 AM MDT   SUNSET   806 PM MDT


-  INDICATES NEGATIVE NUMBERS.
R  INDICATES RECORD WAS SET OR TIED.
MM INDICATES DATA IS MISSING.
T  INDICATES TRACE AMOUNT.




$$
