000
CDUS45 KTFX 260946
CLIHVR


CLIMATE REPORT
NATIONAL WEATHER SERVICE GREAT FALLS MT
346 AM MDT FRI MAY 26 2017


...................................

...THE HAVRE MT CLIMATE SUMMARY FOR MAY 25 2017...

CLIMATE NORMAL PERIOD 1981 TO 2010
CLIMATE RECORD PERIOD 1880 TO 2017


WEATHER ITEM   OBSERVED TIME   RECORD YEAR NORMAL DEPARTURE LAST
                VALUE   (LST)  VALUE       VALUE  FROM      YEAR
                                                  NORMAL
..................................................................
TEMPERATURE (F)
 YESTERDAY
  MAXIMUM         62    548 PM  94    1928  70     -8       66
  MINIMUM         40   1127 PM  29    1918  44     -4       44
                                      1893
  AVERAGE         51                        57     -6       55

PRECIPITATION (IN)
  YESTERDAY        0.04          0.94 1916   0.07  -0.03     0.21
  MONTH TO DATE    0.33                      1.33  -1.00     3.12
  SINCE OCT 1      6.51                      4.73   1.78     9.46
  SINCE JAN 1      2.52                      3.32  -0.80     7.53

SNOWFALL (IN)
  YESTERDAY        0.0           T    1916   0.1   -0.1      0.0
                                      1998
  MONTH TO DATE    0.0                       1.5   -1.5      0.0
  SINCE MAR 1      1.0                      10.8   -9.8      3.0
  SINCE JUL 1     32.9                      38.7   -5.8     17.3
  SNOW DEPTH       0

DEGREE DAYS
 HEATING
  YESTERDAY       14                         9      5       10
  MONTH TO DATE  254                       305    -51      301
  SINCE MAR 1   1750                      1922   -172     1595
  SINCE JUL 1   7749                      8042   -293     7020

 COOLING
  YESTERDAY        0                         0      0        0
  MONTH TO DATE    6                         0      6        1
  SINCE MAR 1      6                         1      5        1
  SINCE JAN 1      6                         1      5        1
..................................................................


WIND (MPH)
  HIGHEST WIND SPEED    36   HIGHEST WIND DIRECTION     W (260)
  HIGHEST GUST SPEED    46   HIGHEST GUST DIRECTION     W (260)
  AVERAGE WIND SPEED    19.8


SKY COVER
  AVERAGE SKY COVER 0.8


WEATHER CONDITIONS
 THE FOLLOWING WEATHER WAS RECORDED YESTERDAY.
  LIGHT RAIN
  FOG


RELATIVE HUMIDITY (PERCENT)
 HIGHEST   100           200 AM
 LOWEST     36           500 PM
 AVERAGE    68

..........................................................


THE HAVRE MT CLIMATE NORMALS FOR TODAY
                         NORMAL    RECORD    YEAR
 MAXIMUM TEMPERATURE (F)   70        96      1936
 MINIMUM TEMPERATURE (F)   44        25      1918


SUNRISE AND SUNSET
MAY 26 2017...........SUNRISE   526 AM MDT   SUNSET   907 PM MDT
MAY 27 2017...........SUNRISE   525 AM MDT   SUNSET   908 PM MDT


-  INDICATES NEGATIVE NUMBERS.
R  INDICATES RECORD WAS SET OR TIED.
MM INDICATES DATA IS MISSING.
T  INDICATES TRACE AMOUNT.




$$
