000
CDUS45 KTFX 051038
CLIHVR


CLIMATE REPORT
NATIONAL WEATHER SERVICE GREAT FALLS MT
437 AM MDT SUN JUL 5 2015


...................................

...THE HAVRE MT CLIMATE SUMMARY FOR JULY 4 2015...

CLIMATE NORMAL PERIOD 1981 TO 2010
CLIMATE RECORD PERIOD 1880 TO 2015


WEATHER ITEM   OBSERVED TIME   RECORD YEAR NORMAL DEPARTURE LAST
                VALUE   (LST)  VALUE       VALUE  FROM      YEAR
                                                  NORMAL
..................................................................
TEMPERATURE (F)
 YESTERDAY
  MAXIMUM         89    418 PM 105    1937  82      7       88
  MINIMUM         56    453 AM  37    1915  52      4       61
  AVERAGE         73                        67      6       75

PRECIPITATION (IN)
  YESTERDAY       MM             1.41 1992   0.07  MM        0.00
  MONTH TO DATE    0.06                      0.28  -0.22     0.00
  SINCE OCT 1      6.13                      7.61  -1.48     8.39
  SINCE JAN 1      4.56                      6.20  -1.64     6.38

SNOWFALL (IN)
  YESTERDAY        0.0           0.0  1999   0.0    0.0      0.0
                                      1998
  MONTH TO DATE    0.0                       0.0    0.0      0.0
  SINCE JUN 1      0.0                       0.0    0.0      0.0
  SINCE JUL 1      0.0                       0.0    0.0      0.0
  SNOW DEPTH       0

DEGREE DAYS
 HEATING
  YESTERDAY        0                         2     -2        0
  MONTH TO DATE    0                         8     -8        0
  SINCE JUN 1     57                       141    -84      175
  SINCE JUL 1      0                         8     -8        0

 COOLING
  YESTERDAY        8                         3      5       10
  MONTH TO DATE   26                        12     14       26
  SINCE JUN 1    136                        60     76       32
  SINCE JAN 1    136                        71     65       39
..................................................................


WIND (MPH)
  HIGHEST WIND SPEED    MM   HIGHEST WIND DIRECTION    MM
  HIGHEST GUST SPEED    MM   HIGHEST GUST DIRECTION    MM
  AVERAGE WIND SPEED    MM


SKY COVER
  AVERAGE SKY COVER 0.0


WEATHER CONDITIONS
 THE FOLLOWING WEATHER WAS RECORDED YESTERDAY.
  THUNDERSTORM
  LIGHT RAIN
  HAIL


RELATIVE HUMIDITY (PERCENT)
 HIGHEST    72           400 AM
 LOWEST     29           300 PM
 AVERAGE    51

..........................................................


THE HAVRE MT CLIMATE NORMALS FOR TODAY
                         NORMAL    RECORD    YEAR
 MAXIMUM TEMPERATURE (F)   82       103      1981
 MINIMUM TEMPERATURE (F)   52        39      2000


SUNRISE AND SUNSET
JULY  5 2015..........SUNRISE   524 AM MDT   SUNSET   923 PM MDT
JULY  6 2015..........SUNRISE   525 AM MDT   SUNSET   923 PM MDT


-  INDICATES NEGATIVE NUMBERS.
R  INDICATES RECORD WAS SET OR TIED.
MM INDICATES DATA IS MISSING.
T  INDICATES TRACE AMOUNT.




$$
