000
CDUS43 KUNR 010832
CLIICR


CLIMATE REPORT
NATIONAL WEATHER SERVICE RAPID CITY SD
230 AM MDT SAT AUG 1 2015


...................................

...THE WINNER REGIONAL AIRPORT SD CLIMATE SUMMARY FOR JULY 31 2015...

CLIMATE NORMAL PERIOD 1981 TO 2010
CLIMATE RECORD PERIOD 9999 TO 9999


WEATHER ITEM   OBSERVED TIME   NORMAL DEPARTURE LAST
                VALUE   (LST)  VALUE  FROM      YEAR
                                      NORMAL
......................................................
TEMPERATURE (F)
 YESTERDAY
  MAXIMUM         94    451 PM  89      5       89
  MINIMUM         62    553 AM  64     -2       55
  AVERAGE         78            76      2       72

PRECIPITATION (IN)
  YESTERDAY        0.00          0.12  -0.12     0.00
  MONTH TO DATE    2.02          2.96  -0.94     0.25
  SINCE JUN 1      6.04          6.61  -0.57     4.41
  SINCE JAN 1      9.71         14.68  -4.97     9.20

DEGREE DAYS
 HEATING
  YESTERDAY        0             0      0        0
  MONTH TO DATE    0             0      0       12
  SINCE JUN 1      3            59    -56       49
  SINCE JUL 1      0             5     -5       12

 COOLING
  YESTERDAY       13            12      1        7
  MONTH TO DATE  375           331     44      286
  SINCE JUN 1    593           476    117      403
  SINCE JAN 1    628           506    122      484
......................................................


WIND (MPH)
  HIGHEST WIND SPEED    13   HIGHEST WIND DIRECTION     E (70)
  HIGHEST GUST SPEED    16   HIGHEST GUST DIRECTION    NE (60)
  AVERAGE WIND SPEED     6.5


SKY COVER
  AVERAGE SKY COVER 0.0


WEATHER CONDITIONS
 THE FOLLOWING WEATHER WAS RECORDED YESTERDAY.
  NO SIGNIFICANT WEATHER WAS OBSERVED.


RELATIVE HUMIDITY (PERCENT)
 HIGHEST    73           700 AM
 LOWEST     26           500 PM
 AVERAGE    50

..........................................................




SUNRISE AND SUNSET
AUGUST  1 2015........SUNRISE   629 AM CDT   SUNSET   902 PM CDT
AUGUST  2 2015........SUNRISE   630 AM CDT   SUNSET   901 PM CDT


-  INDICATES NEGATIVE NUMBERS.
R  INDICATES RECORD WAS SET OR TIED.
MM INDICATES DATA IS MISSING.
T  INDICATES TRACE AMOUNT.




$$
