000
CDUS43 KUNR 230843
CLIICR


CLIMATE REPORT
NATIONAL WEATHER SERVICE RAPID CITY SD
239 AM MDT SAT MAY 23 2015


...................................

...THE WINNER REGIONAL AIRPORT SD CLIMATE SUMMARY FOR MAY 22 2015...

CLIMATE NORMAL PERIOD 1981 TO 2010
CLIMATE RECORD PERIOD 9999 TO 9999


WEATHER ITEM   OBSERVED TIME   NORMAL DEPARTURE LAST
                VALUE   (LST)  VALUE  FROM      YEAR
                                      NORMAL
......................................................
TEMPERATURE (F)
 YESTERDAY
  MAXIMUM         70   1219 PM  72     -2       80
  MINIMUM         45    605 AM  48     -3       52
  AVERAGE         58            60     -2       66

PRECIPITATION (IN)
  YESTERDAY        T             0.10  -0.10     0.00
  MONTH TO DATE    2.40          2.32   0.08     1.81
  SINCE MAR 1      3.25          6.19  -2.94     4.16
  SINCE JAN 1      3.34          6.95  -3.61     4.24

DEGREE DAYS
 HEATING
  YESTERDAY        7             6      1        0
  MONTH TO DATE  209           198     11      246
  SINCE MAR 1   1222          1593   -371     1675
  SINCE JUL 1   5982          6602   -620     7008

 COOLING
  YESTERDAY        0             1     -1        1
  MONTH TO DATE   12            17     -5        5
  SINCE MAR 1     24            19      5        8
  SINCE JAN 1     24            19      5        8
......................................................


WIND (MPH)
  HIGHEST WIND SPEED    25   HIGHEST WIND DIRECTION     S (190)
  HIGHEST GUST SPEED    31   HIGHEST GUST DIRECTION     S (190)
  AVERAGE WIND SPEED    11.1


SKY COVER
  AVERAGE SKY COVER 0.4


WEATHER CONDITIONS
 THE FOLLOWING WEATHER WAS RECORDED YESTERDAY.
  NO SIGNIFICANT WEATHER WAS OBSERVED.


RELATIVE HUMIDITY (PERCENT)
 HIGHEST    76           600 AM
 LOWEST     32          1100 AM
 AVERAGE    54

..........................................................




SUNRISE AND SUNSET
MAY 23 2015...........SUNRISE   608 AM CDT   SUNSET   905 PM CDT
MAY 24 2015...........SUNRISE   607 AM CDT   SUNSET   906 PM CDT


-  INDICATES NEGATIVE NUMBERS.
R  INDICATES RECORD WAS SET OR TIED.
MM INDICATES DATA IS MISSING.
T  INDICATES TRACE AMOUNT.




$$
