000
CDUS43 KUNR 300835
CLIICR


CLIMATE REPORT
NATIONAL WEATHER SERVICE RAPID CITY SD
233 AM MDT TUE JUN 30 2015


...................................

...THE WINNER REGIONAL AIRPORT SD CLIMATE SUMMARY FOR JUNE 29 2015...

CLIMATE NORMAL PERIOD 1981 TO 2010
CLIMATE RECORD PERIOD 9999 TO 9999


WEATHER ITEM   OBSERVED TIME   NORMAL DEPARTURE LAST
                VALUE   (LST)  VALUE  FROM      YEAR
                                      NORMAL
......................................................
TEMPERATURE (F)
 YESTERDAY
  MAXIMUM         94    334 PM  85      9       86
  MINIMUM         59    543 AM  60     -1       61
  AVERAGE         77            72      5       74

PRECIPITATION (IN)
  YESTERDAY        0.00          0.07  -0.07     0.02
  MONTH TO DATE    4.02          3.58   0.44     4.03
  SINCE JUN 1      4.02          3.58   0.44     4.03
  SINCE JAN 1      7.69         11.65  -3.96     8.82

DEGREE DAYS
 HEATING
  YESTERDAY        0             1     -1        0
  MONTH TO DATE    3            56    -53       37
  SINCE JUN 1      3            56    -53       37
  SINCE JUL 1   6041          6701   -660     7045

 COOLING
  YESTERDAY       12             8      4        9
  MONTH TO DATE  207           136     71      111
  SINCE JUN 1    207           136     71      111
  SINCE JAN 1    242           166     76      192
......................................................


WIND (MPH)
  HIGHEST WIND SPEED    17   HIGHEST WIND DIRECTION     N (350)
  HIGHEST GUST SPEED    22   HIGHEST GUST DIRECTION     N (340)
  AVERAGE WIND SPEED     6.5


SKY COVER
  AVERAGE SKY COVER 0.0


WEATHER CONDITIONS
 THE FOLLOWING WEATHER WAS RECORDED YESTERDAY.
  NO SIGNIFICANT WEATHER WAS OBSERVED.


RELATIVE HUMIDITY (PERCENT)
 HIGHEST    72           600 AM
 LOWEST     22           300 PM
 AVERAGE    47

..........................................................




SUNRISE AND SUNSET
JUNE 30 2015..........SUNRISE   602 AM CDT   SUNSET   924 PM CDT
JULY  1 2015..........SUNRISE   603 AM CDT   SUNSET   924 PM CDT


-  INDICATES NEGATIVE NUMBERS.
R  INDICATES RECORD WAS SET OR TIED.
MM INDICATES DATA IS MISSING.
T  INDICATES TRACE AMOUNT.




$$
