000
CDUS43 KUNR 200849
CLIICR


CLIMATE REPORT
NATIONAL WEATHER SERVICE RAPID CITY SD
248 AM MDT WED SEP 20 2017


...................................

...THE WINNER REGIONAL AIRPORT SD CLIMATE SUMMARY FOR SEPTEMBER 19 2017...

CLIMATE NORMAL PERIOD 1981 TO 2010
CLIMATE RECORD PERIOD 9999 TO 9999


WEATHER ITEM   OBSERVED TIME   NORMAL DEPARTURE LAST
                VALUE   (LST)  VALUE  FROM      YEAR
                                      NORMAL
......................................................
TEMPERATURE (F)
 YESTERDAY
  MAXIMUM         83    458 PM  76      7       84
  MINIMUM         57   1159 PM  49      8       53
  AVERAGE         70            62      8       69

PRECIPITATION (IN)
  YESTERDAY        0.00          0.08  -0.08     0.00
  MONTH TO DATE    0.66          1.28  -0.62     2.01
  SINCE SEP 1      0.66          1.28  -0.62     2.01
  SINCE JAN 1     16.18         18.28  -2.10    16.87

DEGREE DAYS
 HEATING
  YESTERDAY        0             5     -5        0
  MONTH TO DATE   44            55    -11       35
  SINCE SEP 1     44            55    -11       35
  SINCE JUL 1     46            69    -23       43

 COOLING
  YESTERDAY        5             2      3        4
  MONTH TO DATE  124            85     39       86
  SINCE SEP 1    124            85     39       86
  SINCE JAN 1   1100           891    209     1130
......................................................


WIND (MPH)
  HIGHEST WIND SPEED    29   HIGHEST WIND DIRECTION    NW (310)
  HIGHEST GUST SPEED    36   HIGHEST GUST DIRECTION    SE (150)
  AVERAGE WIND SPEED    17.2


SKY COVER
  AVERAGE SKY COVER 0.1


WEATHER CONDITIONS
 THE FOLLOWING WEATHER WAS RECORDED YESTERDAY.
  NO SIGNIFICANT WEATHER WAS OBSERVED.


RELATIVE HUMIDITY (PERCENT)
 HIGHEST    87           400 AM
 LOWEST     48           900 PM
 AVERAGE    68

..........................................................




SUNRISE AND SUNSET
SEPTEMBER 20 2017.....SUNRISE   725 AM CDT   SUNSET   740 PM CDT
SEPTEMBER 21 2017.....SUNRISE   726 AM CDT   SUNSET   738 PM CDT


-  INDICATES NEGATIVE NUMBERS.
R  INDICATES RECORD WAS SET OR TIED.
MM INDICATES DATA IS MISSING.
T  INDICATES TRACE AMOUNT.




$$
