000
CDUS43 KUNR 010832
CLIICR


CLIMATE REPORT
NATIONAL WEATHER SERVICE RAPID CITY SD
232 AM MDT FRI AUG 1 2014


...................................

...THE WINNER REGIONAL AIRPORT SD CLIMATE SUMMARY FOR JULY 31 2014...

CLIMATE NORMAL PERIOD 1981 TO 2010
CLIMATE RECORD PERIOD 9999 TO 9999


WEATHER ITEM   OBSERVED TIME   NORMAL DEPARTURE LAST
                VALUE   (LST)  VALUE  FROM      YEAR
                                      NORMAL
......................................................
TEMPERATURE (F)
 YESTERDAY
  MAXIMUM         89    448 PM  89      0       83
  MINIMUM         55    600 AM  64     -9       60
  AVERAGE         72            76     -4       72

PRECIPITATION (IN)
  YESTERDAY        0.00          0.12  -0.12     0.01
  MONTH TO DATE    0.25          2.96  -2.71     2.60
  SINCE JUN 1      4.41          6.61  -2.20     6.11
  SINCE JAN 1      9.20         14.68  -5.48    13.50

DEGREE DAYS
 HEATING
  YESTERDAY        0             0      0        0
  MONTH TO DATE   12             0     12        7
  SINCE JUN 1     49            59    -10       60
  SINCE JUL 1     12             5      7        7

 COOLING
  YESTERDAY        7            12     -5        7
  MONTH TO DATE  286           331    -45      288
  SINCE JUN 1    403           476    -73      420
  SINCE JAN 1    484           506    -22      459
......................................................


WIND (MPH)
  HIGHEST WIND SPEED    15   HIGHEST WIND DIRECTION     S (160)
  HIGHEST GUST SPEED    19   HIGHEST GUST DIRECTION    SE (150)
  AVERAGE WIND SPEED     6.9


SKY COVER
  AVERAGE SKY COVER 0.1


WEATHER CONDITIONS
 THE FOLLOWING WEATHER WAS RECORDED YESTERDAY.
  NO SIGNIFICANT WEATHER WAS OBSERVED.


RELATIVE HUMIDITY (PERCENT)
 HIGHEST    86           500 AM
 LOWEST     29           200 PM
 AVERAGE    58

..........................................................




SUNRISE AND SUNSET
AUGUST  1 2014........SUNRISE   629 AM CDT   SUNSET   901 PM CDT
AUGUST  2 2014........SUNRISE   630 AM CDT   SUNSET   900 PM CDT


-  INDICATES NEGATIVE NUMBERS.
R  INDICATES RECORD WAS SET OR TIED.
MM INDICATES DATA IS MISSING.
T  INDICATES TRACE AMOUNT.




$$
