000
CDUS43 KUNR 290833
CLIICR


CLIMATE REPORT
NATIONAL WEATHER SERVICE RAPID CITY SD
233 AM MDT FRI AUG 29 2014


...................................

...THE WINNER REGIONAL AIRPORT SD CLIMATE SUMMARY FOR AUGUST 28 2014...

CLIMATE NORMAL PERIOD 1981 TO 2010
CLIMATE RECORD PERIOD 9999 TO 9999


WEATHER ITEM   OBSERVED TIME   NORMAL DEPARTURE LAST
                VALUE   (LST)  VALUE  FROM      YEAR
                                      NORMAL
......................................................
TEMPERATURE (F)
 YESTERDAY
  MAXIMUM         81    339 PM  85     -4       96
  MINIMUM         67   1159 PM  59      8       69
  AVERAGE         74            72      2       83

PRECIPITATION (IN)
  YESTERDAY        T             0.05  -0.05     0.00
  MONTH TO DATE    3.44          2.15   1.29     2.49
  SINCE JUN 1      7.85          8.76  -0.91     8.60
  SINCE JAN 1     12.64         16.83  -4.19    15.99

DEGREE DAYS
 HEATING
  YESTERDAY        0             1     -1        0
  MONTH TO DATE    1             2     -1        0
  SINCE JUN 1     50            61    -11       60
  SINCE JUL 1     13             7      6        7

 COOLING
  YESTERDAY        9             8      1       18
  MONTH TO DATE  233           279    -46      280
  SINCE JUN 1    636           755   -119      700
  SINCE JAN 1    717           785    -68      739
......................................................


WIND (MPH)
  HIGHEST WIND SPEED    16   HIGHEST WIND DIRECTION    NW (330)
  HIGHEST GUST SPEED    22   HIGHEST GUST DIRECTION    NW (330)
  AVERAGE WIND SPEED     7.4


SKY COVER
  AVERAGE SKY COVER 0.8


WEATHER CONDITIONS
 THE FOLLOWING WEATHER WAS RECORDED YESTERDAY.
  LIGHT RAIN
  FOG


RELATIVE HUMIDITY (PERCENT)
 HIGHEST    93          1200 AM
 LOWEST     62           400 PM
 AVERAGE    78

..........................................................




SUNRISE AND SUNSET
AUGUST 29 2014........SUNRISE   700 AM CDT   SUNSET   820 PM CDT
AUGUST 30 2014........SUNRISE   701 AM CDT   SUNSET   818 PM CDT


-  INDICATES NEGATIVE NUMBERS.
R  INDICATES RECORD WAS SET OR TIED.
MM INDICATES DATA IS MISSING.
T  INDICATES TRACE AMOUNT.




$$
