000
CDUS45 KPIH 270807
CLIIDA


CLIMATE REPORT
NATIONAL WEATHER SERVICE POCATELLO ID
204 AM MDT WED JUL 27 2016


...................................

...THE IDAHO FALLS ID CLIMATE SUMMARY FOR JULY 26 2016...

CLIMATE NORMAL PERIOD 1981 TO 2010
CLIMATE RECORD PERIOD 1948 TO 2016


WEATHER ITEM   OBSERVED TIME   RECORD YEAR NORMAL DEPARTURE LAST
                VALUE   (LST)  VALUE       VALUE  FROM      YEAR
                                                  NORMAL
..................................................................
TEMPERATURE (F)
 YESTERDAY
  MAXIMUM         96R   307 PM  96    2013  88      8       89
                                      2012
                                      1989
  MINIMUM         44    512 AM  40    1999  51     -7       50
  AVERAGE         70                        69      1       70

PRECIPITATION (IN)
  YESTERDAY        T             0.34 2007   0.01  -0.01      T
  MONTH TO DATE    0.19                      0.42  -0.23     0.78
  SINCE OCT 1      7.67                      8.93  -1.26     7.65
  SINCE JAN 1      5.35                      6.36  -1.01     6.19

SNOWFALL (IN)
  YESTERDAY       MM
  MONTH TO DATE   MM
  SINCE JUN 1     MM
  SINCE JUL 1     MM
  SNOW DEPTH      MM

DEGREE DAYS
 HEATING
  YESTERDAY        0                         0      0        0
  MONTH TO DATE   33                        25      8       18
  SINCE JUN 1    107                       178    -71       64
  SINCE JUL 1     33                        25      8       18

 COOLING
  YESTERDAY        5                         5      0        5
  MONTH TO DATE   77                       103    -26       96
  SINCE JUN 1    137                       133      4      192
  SINCE JAN 1    137                       135      2      193
..................................................................


WIND (MPH)
  HIGHEST WIND SPEED    28   HIGHEST WIND DIRECTION     N (10)
  HIGHEST GUST SPEED    37   HIGHEST GUST DIRECTION     N (360)
  AVERAGE WIND SPEED     7.2


SKY COVER
  POSSIBLE SUNSHINE  MM
  AVERAGE SKY COVER 0.2


WEATHER CONDITIONS
 THE FOLLOWING WEATHER WAS RECORDED YESTERDAY.
  LIGHT RAIN
  FOG
  HAZE


RELATIVE HUMIDITY (PERCENT)
 HIGHEST    82           400 AM
 LOWEST      9           400 PM
 AVERAGE    46

..........................................................


THE IDAHO FALLS ID CLIMATE NORMALS FOR TODAY
                         NORMAL    RECORD    YEAR
 MAXIMUM TEMPERATURE (F)   88        97      1975
 MINIMUM TEMPERATURE (F)   51        39      2005


SUNRISE AND SUNSET
JULY 27 2016..........SUNRISE   613 AM MDT   SUNSET   856 PM MDT
JULY 28 2016..........SUNRISE   614 AM MDT   SUNSET   855 PM MDT


-  INDICATES NEGATIVE NUMBERS.
R  INDICATES RECORD WAS SET OR TIED.
MM INDICATES DATA IS MISSING.
T  INDICATES TRACE AMOUNT.




$$
