000
CDUS45 KPIH 230732
CLIIDA


CLIMATE REPORT
NATIONAL WEATHER SERVICE POCATELLO ID
130 AM MDT FRI JUN 23 2017


...................................

...THE IDAHO FALLS ID CLIMATE SUMMARY FOR JUNE 22 2017...

CLIMATE NORMAL PERIOD 1981 TO 2010
CLIMATE RECORD PERIOD 1948 TO 2017


WEATHER ITEM   OBSERVED TIME   RECORD YEAR NORMAL DEPARTURE LAST
                VALUE   (LST)  VALUE       VALUE  FROM      YEAR
                                                  NORMAL
..................................................................
TEMPERATURE (F)
 YESTERDAY
  MAXIMUM         77    454 PM  94    2001  79     -2       88
  MINIMUM         45    455 AM  36    1956  47     -2       47
  AVERAGE         61                        63     -2       68

PRECIPITATION (IN)
  YESTERDAY        0.00          0.16 2005   0.02  -0.02     0.00
  MONTH TO DATE    0.67                      0.94  -0.27     0.05
  SINCE OCT 1      8.96                      8.36   0.60     7.48
  SINCE JAN 1      4.68                      5.79  -1.11     5.16

SNOWFALL (IN)
  YESTERDAY       MM
  MONTH TO DATE   MM
  SINCE JUN 1     MM
  SINCE JUL 1     MM
  SNOW DEPTH      MM

DEGREE DAYS
 HEATING
  YESTERDAY        4                         4      0        0
  MONTH TO DATE   83                       131    -48       56
  SINCE JUN 1     83                       131    -48       56
  SINCE JUL 1   7612                      7822   -210     7294

 COOLING
  YESTERDAY        0                         1     -1        3
  MONTH TO DATE   30                        13     17       41
  SINCE JUN 1     30                        13     17       41
  SINCE JAN 1     32                        15     17       41
..................................................................


WIND (MPH)
  HIGHEST WIND SPEED    18   HIGHEST WIND DIRECTION    SW (210)
  HIGHEST GUST SPEED    24   HIGHEST GUST DIRECTION     S (170)
  AVERAGE WIND SPEED     7.6


SKY COVER
  POSSIBLE SUNSHINE  MM
  AVERAGE SKY COVER 0.0


WEATHER CONDITIONS
 THE FOLLOWING WEATHER WAS RECORDED YESTERDAY.
  NO SIGNIFICANT WEATHER WAS OBSERVED.


RELATIVE HUMIDITY (PERCENT)
 HIGHEST    82           500 AM
 LOWEST     18          1100 AM
 AVERAGE    50

..........................................................


THE IDAHO FALLS ID CLIMATE NORMALS FOR TODAY
                         NORMAL    RECORD    YEAR
 MAXIMUM TEMPERATURE (F)   79        95      1988
 MINIMUM TEMPERATURE (F)   47        32      2003


SUNRISE AND SUNSET
JUNE 23 2017..........SUNRISE   548 AM MDT   SUNSET   913 PM MDT
JUNE 24 2017..........SUNRISE   548 AM MDT   SUNSET   913 PM MDT


-  INDICATES NEGATIVE NUMBERS.
R  INDICATES RECORD WAS SET OR TIED.
MM INDICATES DATA IS MISSING.
T  INDICATES TRACE AMOUNT.




$$
