000
CDUS45 KPIH 010731
CLIIDA


CLIMATE REPORT
NATIONAL WEATHER SERVICE POCATELLO ID
131 AM MDT FRI AUG 1 2014


...................................

...THE IDAHO FALLS ID CLIMATE SUMMARY FOR JULY 31 2014...

CLIMATE NORMAL PERIOD 1981 TO 2010
CLIMATE RECORD PERIOD 1948 TO 2014


WEATHER ITEM   OBSERVED TIME   RECORD YEAR NORMAL DEPARTURE LAST
                VALUE   (LST)  VALUE       VALUE  FROM      YEAR
                                                  NORMAL
..................................................................
TEMPERATURE (F)
 YESTERDAY
  MAXIMUM         89    521 PM 100    2000  88      1       93
  MINIMUM         48    550 AM  41    1950  50     -2       47
  AVERAGE         69                        69      0       70

PRECIPITATION (IN)
  YESTERDAY        0.00          0.35 1966   0.02  -0.02     0.03
  MONTH TO DATE    0.11                      0.50  -0.39     0.49
  SINCE OCT 1      5.25                      9.01  -3.76     5.12
  SINCE JAN 1      3.95                      6.44  -2.49     2.43

SNOWFALL (IN)
  YESTERDAY       MM
  MONTH TO DATE   MM
  SINCE JUN 1     MM
  SINCE JUL 1     MM
  SNOW DEPTH      MM

DEGREE DAYS
 HEATING
  YESTERDAY        0                         0      0        0
  MONTH TO DATE    2                        25    -23        0
  SINCE JUN 1    130                       180    -50      100
  SINCE JUL 1      2                        27    -25        0

 COOLING
  YESTERDAY        4                         4      0        5
  MONTH TO DATE  193                       123     70      218
  SINCE JUN 1    202                       153     49      287
  SINCE JAN 1    203                       155     48      291
..................................................................


WIND (MPH)
  HIGHEST WIND SPEED    22   HIGHEST WIND DIRECTION     N (350)
  HIGHEST GUST SPEED    27   HIGHEST GUST DIRECTION     N (360)
  AVERAGE WIND SPEED     4.7


SKY COVER
  POSSIBLE SUNSHINE  MM
  AVERAGE SKY COVER 0.1


WEATHER CONDITIONS
 THE FOLLOWING WEATHER WAS RECORDED YESTERDAY.
  NO SIGNIFICANT WEATHER WAS OBSERVED.


RELATIVE HUMIDITY (PERCENT)
 HIGHEST    93           500 AM
 LOWEST     13           300 PM
 AVERAGE    53

..........................................................


THE IDAHO FALLS ID CLIMATE NORMALS FOR TODAY
                         NORMAL    RECORD    YEAR
 MAXIMUM TEMPERATURE (F)   88        97      1949
 MINIMUM TEMPERATURE (F)   50        39      1975


SUNRISE AND SUNSET
AUGUST  1 2014........SUNRISE   618 AM MDT   SUNSET   851 PM MDT
AUGUST  2 2014........SUNRISE   619 AM MDT   SUNSET   849 PM MDT


-  INDICATES NEGATIVE NUMBERS.
R  INDICATES RECORD WAS SET OR TIED.
MM INDICATES DATA IS MISSING.
T  INDICATES TRACE AMOUNT.




$$
