000
CDUS45 KPIH 280729
CLIIDA


CLIMATE REPORT
NATIONAL WEATHER SERVICE POCATELLO ID
128 AM MDT SAT MAY 28 2016


...................................

...THE IDAHO FALLS ID CLIMATE SUMMARY FOR MAY 27 2016...

CLIMATE NORMAL PERIOD 1981 TO 2010
CLIMATE RECORD PERIOD 1948 TO 2016


WEATHER ITEM   OBSERVED TIME   RECORD YEAR NORMAL DEPARTURE LAST
                VALUE   (LST)  VALUE       VALUE  FROM      YEAR
                                                  NORMAL
..................................................................
TEMPERATURE (F)
 YESTERDAY
  MAXIMUM         68    139 PM  88    1966  70     -2       64
  MINIMUM         41    454 AM  29    1973  42     -1       44
  AVERAGE         55                        56     -1       54

PRECIPITATION (IN)
  YESTERDAY        0.00          0.36 1982   0.05  -0.05     0.05
  MONTH TO DATE    1.84                      1.30   0.54     3.76
  SINCE OCT 1      7.43                      7.22   0.21     6.15
  SINCE JAN 1      5.11                      4.65   0.46     4.69

SNOWFALL (IN)
  YESTERDAY       MM
  MONTH TO DATE   MM
  SINCE MAR 1     MM
  SINCE JUL 1     MM
  SNOW DEPTH      MM

DEGREE DAYS
 HEATING
  YESTERDAY       10                         9      1       11
  MONTH TO DATE  322                       343    -21      285
  SINCE MAR 1   1614                      1854   -240     1552
  SINCE JUL 1   7196                      7656   -460     6370

 COOLING
  YESTERDAY        0                         0      0        0
  MONTH TO DATE    0                         0      0        0
  SINCE MAR 1      0                         0      0        0
  SINCE JAN 1      0                         0      0        0
..................................................................


WIND (MPH)
  HIGHEST WIND SPEED    25   HIGHEST WIND DIRECTION    SW (220)
  HIGHEST GUST SPEED    34   HIGHEST GUST DIRECTION    SW (220)
  AVERAGE WIND SPEED    13.8


SKY COVER
  POSSIBLE SUNSHINE  MM
  AVERAGE SKY COVER 0.3


WEATHER CONDITIONS
 THE FOLLOWING WEATHER WAS RECORDED YESTERDAY.
  THUNDERSTORM


RELATIVE HUMIDITY (PERCENT)
 HIGHEST    86           500 AM
 LOWEST     30           600 PM
 AVERAGE    58

..........................................................


THE IDAHO FALLS ID CLIMATE NORMALS FOR TODAY
                         NORMAL    RECORD    YEAR
 MAXIMUM TEMPERATURE (F)   70        94      2003
 MINIMUM TEMPERATURE (F)   42        30      1991


SUNRISE AND SUNSET
MAY 28 2016...........SUNRISE   552 AM MDT   SUNSET   900 PM MDT
MAY 29 2016...........SUNRISE   551 AM MDT   SUNSET   901 PM MDT


-  INDICATES NEGATIVE NUMBERS.
R  INDICATES RECORD WAS SET OR TIED.
MM INDICATES DATA IS MISSING.
T  INDICATES TRACE AMOUNT.




$$
