000
CDUS45 KPIH 310734
CLIIDA


CLIMATE REPORT
NATIONAL WEATHER SERVICE POCATELLO ID
130 AM MDT FRI JUL 31 2015


...................................

...THE IDAHO FALLS ID CLIMATE SUMMARY FOR JULY 30 2015...

CLIMATE NORMAL PERIOD 1981 TO 2010
CLIMATE RECORD PERIOD 1948 TO 2015


WEATHER ITEM   OBSERVED TIME   RECORD YEAR NORMAL DEPARTURE LAST
                VALUE   (LST)  VALUE       VALUE  FROM      YEAR
                                                  NORMAL
..................................................................
TEMPERATURE (F)
 YESTERDAY
  MAXIMUM         88    515 PM 100    1966  88      0       84
  MINIMUM         41R   529 AM  41    1950  50     -9       51
  AVERAGE         65                        69     -4       68

PRECIPITATION (IN)
  YESTERDAY        0.00          0.30 1958   0.01  -0.01      T
  MONTH TO DATE    0.94                      0.48   0.46     0.11
  SINCE OCT 1      7.81                      8.99  -1.18     5.25
  SINCE JAN 1      6.35                      6.42  -0.07     3.95

SNOWFALL (IN)
  YESTERDAY       MM
  MONTH TO DATE   MM
  SINCE JUN 1     MM
  SINCE JUL 1     MM
  SNOW DEPTH      MM

DEGREE DAYS
 HEATING
  YESTERDAY        0                         0      0        0
  MONTH TO DATE   42                        25     17        2
  SINCE JUN 1     88                       178    -90      130
  SINCE JUL 1     42                        25     17        2

 COOLING
  YESTERDAY        0                         5     -5        3
  MONTH TO DATE   96                       123    -27      189
  SINCE JUN 1    192                       153     39      198
  SINCE JAN 1    193                       155     38      199
..................................................................


WIND (MPH)
  HIGHEST WIND SPEED    13   HIGHEST WIND DIRECTION     W (260)
  HIGHEST GUST SPEED    16   HIGHEST GUST DIRECTION     W (260)
  AVERAGE WIND SPEED     4.7


SKY COVER
  POSSIBLE SUNSHINE  MM
  AVERAGE SKY COVER 0.0


WEATHER CONDITIONS
 THE FOLLOWING WEATHER WAS RECORDED YESTERDAY.
  NO SIGNIFICANT WEATHER WAS OBSERVED.


RELATIVE HUMIDITY (PERCENT)
 HIGHEST    89           400 AM
 LOWEST     11           300 PM
 AVERAGE    50

..........................................................


THE IDAHO FALLS ID CLIMATE NORMALS FOR TODAY
                         NORMAL    RECORD    YEAR
 MAXIMUM TEMPERATURE (F)   88       100      2000
 MINIMUM TEMPERATURE (F)   50        41      1950


SUNRISE AND SUNSET
JULY 31 2015..........SUNRISE   616 AM MDT   SUNSET   852 PM MDT
AUGUST  1 2015........SUNRISE   618 AM MDT   SUNSET   851 PM MDT


-  INDICATES NEGATIVE NUMBERS.
R  INDICATES RECORD WAS SET OR TIED.
MM INDICATES DATA IS MISSING.
T  INDICATES TRACE AMOUNT.




$$
