000
CDUS45 KPIH 020731
CLIIDA


CLIMATE REPORT
NATIONAL WEATHER SERVICE POCATELLO ID
129 AM MDT THU OCT 2 2014


...................................

...THE IDAHO FALLS ID CLIMATE SUMMARY FOR OCTOBER 1 2014...

CLIMATE NORMAL PERIOD 1981 TO 2010
CLIMATE RECORD PERIOD 1948 TO 2014


WEATHER ITEM   OBSERVED TIME   RECORD YEAR NORMAL DEPARTURE LAST
                VALUE   (LST)  VALUE       VALUE  FROM      YEAR
                                                  NORMAL
..................................................................
TEMPERATURE (F)
 YESTERDAY
  MAXIMUM         58    438 PM  87    1992  67     -9       67
  MINIMUM         40    707 AM  21    1985  35      5       37
  AVERAGE         49                        51     -2       52

PRECIPITATION (IN)
  YESTERDAY        T             0.48 1971   0.03  -0.03     0.00
  MONTH TO DATE    T                         0.03  -0.03     0.00
  SINCE OCT 1      T                         0.03  -0.03     0.00
  SINCE JAN 1      8.83                      7.85   0.98     5.02

SNOWFALL (IN)
  YESTERDAY       MM
  MONTH TO DATE   MM
  SINCE SEP 1     MM
  SINCE JUL 1     MM
  SNOW DEPTH      MM

DEGREE DAYS
 HEATING
  YESTERDAY       16                        14      2       13
  MONTH TO DATE   16                        14      2       13
  SINCE SEP 1    173                       257    -84      172
  SINCE JUL 1    228                       322    -94      172

 COOLING
  YESTERDAY        0                         0      0        0
  MONTH TO DATE    0                         0      0        0
  SINCE SEP 1     21                        12      9       50
  SINCE JAN 1    303                       264     39      510
..................................................................


WIND (MPH)
  HIGHEST WIND SPEED    26   HIGHEST WIND DIRECTION     N (360)
  HIGHEST GUST SPEED    38   HIGHEST GUST DIRECTION     N (10)
  AVERAGE WIND SPEED     7.4


SKY COVER
  POSSIBLE SUNSHINE  MM
  AVERAGE SKY COVER 0.6


WEATHER CONDITIONS
 THE FOLLOWING WEATHER WAS RECORDED YESTERDAY.
  LIGHT RAIN
  HAZE


RELATIVE HUMIDITY (PERCENT)
 HIGHEST    93           300 AM
 LOWEST     33           400 PM
 AVERAGE    63

..........................................................


THE IDAHO FALLS ID CLIMATE NORMALS FOR TODAY
                         NORMAL    RECORD    YEAR
 MAXIMUM TEMPERATURE (F)   66        88      2010
 MINIMUM TEMPERATURE (F)   35        24      1950


SUNRISE AND SUNSET
OCTOBER  2 2014.......SUNRISE   727 AM MDT   SUNSET   707 PM MDT
OCTOBER  3 2014.......SUNRISE   728 AM MDT   SUNSET   706 PM MDT


-  INDICATES NEGATIVE NUMBERS.
R  INDICATES RECORD WAS SET OR TIED.
MM INDICATES DATA IS MISSING.
T  INDICATES TRACE AMOUNT.




$$
