000
CDUS45 KPIH 210735
CLIIDA


CLIMATE REPORT
NATIONAL WEATHER SERVICE POCATELLO ID
133 AM MDT THU AUG 21 2014


...................................

...THE IDAHO FALLS ID CLIMATE SUMMARY FOR AUGUST 20 2014...

CLIMATE NORMAL PERIOD 1981 TO 2010
CLIMATE RECORD PERIOD 1948 TO 2014


WEATHER ITEM   OBSERVED TIME   RECORD YEAR NORMAL DEPARTURE LAST
                VALUE   (LST)  VALUE       VALUE  FROM      YEAR
                                                  NORMAL
..................................................................
TEMPERATURE (F)
 YESTERDAY
  MAXIMUM         82    302 PM  94    2013  85     -3       94
  MINIMUM         49    623 AM  34    1964  48      1       63
  AVERAGE         66                        66      0       79

PRECIPITATION (IN)
  YESTERDAY        0.05          0.54 1968   0.02   0.03     0.00
  MONTH TO DATE    1.74                      0.31   1.43     0.01
  SINCE OCT 1      6.99                      9.32  -2.33     5.13
  SINCE JAN 1      5.69                      6.75  -1.06     2.44

SNOWFALL (IN)
  YESTERDAY       MM
  MONTH TO DATE   MM
  SINCE JUN 1     MM
  SINCE JUL 1     MM
  SNOW DEPTH      MM

DEGREE DAYS
 HEATING
  YESTERDAY        0                         1     -1        0
  MONTH TO DATE    0                        12    -12        0
  SINCE JUN 1    130                       192    -62      100
  SINCE JUL 1      2                        39    -37        0

 COOLING
  YESTERDAY        1                         3     -2       14
  MONTH TO DATE   76                        73      3      109
  SINCE JUN 1    278                       226     52      396
  SINCE JAN 1    279                       228     51      400
..................................................................


WIND (MPH)
  HIGHEST WIND SPEED    25   HIGHEST WIND DIRECTION    NW (320)
  HIGHEST GUST SPEED    32   HIGHEST GUST DIRECTION    NW (330)
  AVERAGE WIND SPEED     7.9


SKY COVER
  POSSIBLE SUNSHINE  MM
  AVERAGE SKY COVER 0.5


WEATHER CONDITIONS
 THE FOLLOWING WEATHER WAS RECORDED YESTERDAY.
  THUNDERSTORM
  LIGHT RAIN
  FOG


RELATIVE HUMIDITY (PERCENT)
 HIGHEST   100           700 AM
 LOWEST     30           200 PM
 AVERAGE    65

..........................................................


THE IDAHO FALLS ID CLIMATE NORMALS FOR TODAY
                         NORMAL    RECORD    YEAR
 MAXIMUM TEMPERATURE (F)   85        96      2009
 MINIMUM TEMPERATURE (F)   48        35      1964


SUNRISE AND SUNSET
AUGUST 21 2014........SUNRISE   640 AM MDT   SUNSET   822 PM MDT
AUGUST 22 2014........SUNRISE   641 AM MDT   SUNSET   820 PM MDT


-  INDICATES NEGATIVE NUMBERS.
R  INDICATES RECORD WAS SET OR TIED.
MM INDICATES DATA IS MISSING.
T  INDICATES TRACE AMOUNT.




$$
