000
CDUS45 KPIH 040738
CLIIDA


CLIMATE REPORT
NATIONAL WEATHER SERVICE POCATELLO ID
136 AM MDT FRI SEP 4 2015


...................................

...THE IDAHO FALLS ID CLIMATE SUMMARY FOR SEPTEMBER 3 2015...

CLIMATE NORMAL PERIOD 1981 TO 2010
CLIMATE RECORD PERIOD 1948 TO 2015


WEATHER ITEM   OBSERVED TIME   RECORD YEAR NORMAL DEPARTURE LAST
                VALUE   (LST)  VALUE       VALUE  FROM      YEAR
                                                  NORMAL
..................................................................
TEMPERATURE (F)
 YESTERDAY
  MAXIMUM         81    358 PM  97    1950  80      1       74
  MINIMUM         56   1203 AM  30    1964  45     11       43
  AVERAGE         69                        62      7       59

PRECIPITATION (IN)
  YESTERDAY        T             0.14 2013   0.02  -0.02     0.00
  MONTH TO DATE    T                         0.08  -0.08     0.00
  SINCE OCT 1      9.02                      9.63  -0.61     7.64
  SINCE JAN 1      7.56                      7.06   0.50     6.34

SNOWFALL (IN)
  YESTERDAY       MM
  MONTH TO DATE   MM
  SINCE SEP 1     MM
  SINCE JUL 1     MM
  SNOW DEPTH      MM

DEGREE DAYS
 HEATING
  YESTERDAY        0                         4     -4        6
  MONTH TO DATE    0                        11    -11       16
  SINCE SEP 1      0                        11    -11       16
  SINCE JUL 1     70                        76     -6       71

 COOLING
  YESTERDAY        4                         1      3        0
  MONTH TO DATE   11                         3      8        0
  SINCE SEP 1     11                         3      8        0
  SINCE JAN 1    313                       255     58      282
..................................................................


WIND (MPH)
  HIGHEST WIND SPEED    25   HIGHEST WIND DIRECTION     S (190)
  HIGHEST GUST SPEED    33   HIGHEST GUST DIRECTION     S (190)
  AVERAGE WIND SPEED    11.8


SKY COVER
  POSSIBLE SUNSHINE  MM
  AVERAGE SKY COVER 0.4


WEATHER CONDITIONS
 THE FOLLOWING WEATHER WAS RECORDED YESTERDAY.
  HAZE


RELATIVE HUMIDITY (PERCENT)
 HIGHEST    67          1200 AM
 LOWEST     19           500 PM
 AVERAGE    43

..........................................................


THE IDAHO FALLS ID CLIMATE NORMALS FOR TODAY
                         NORMAL    RECORD    YEAR
 MAXIMUM TEMPERATURE (F)   80        93      1950
 MINIMUM TEMPERATURE (F)   44        31      1965


SUNRISE AND SUNSET
SEPTEMBER  4 2015.....SUNRISE   655 AM MDT   SUNSET   759 PM MDT
SEPTEMBER  5 2015.....SUNRISE   656 AM MDT   SUNSET   757 PM MDT


-  INDICATES NEGATIVE NUMBERS.
R  INDICATES RECORD WAS SET OR TIED.
MM INDICATES DATA IS MISSING.
T  INDICATES TRACE AMOUNT.




$$
