000
CDUS45 KPIH 222356
CLIIDA


CLIMATE REPORT
NATIONAL WEATHER SERVICE POCATELLO ID
553 PM MDT SUN OCT 22 2017


...................................

...THE IDAHO FALLS ID CLIMATE SUMMARY FOR OCTOBER 22 2017...
VALID TODAY AS OF 0500 PM LOCAL TIME.

CLIMATE NORMAL PERIOD 1981 TO 2010
CLIMATE RECORD PERIOD 1948 TO 2017


WEATHER ITEM   OBSERVED TIME   RECORD YEAR NORMAL DEPARTURE LAST
                VALUE   (LST)  VALUE       VALUE  FROM      YEAR
                                                  NORMAL
..................................................................
TEMPERATURE (F)
 TODAY
  MAXIMUM         59    319 PM  79    2003  57      2       61
  MINIMUM         38   1232 AM  17    2008  30      8       28
  AVERAGE         49                        43      6       45

PRECIPITATION (IN)
  TODAY            0.00          0.62 1975   0.03  -0.03     0.00
  MONTH TO DATE    0.88                      0.60   0.28     1.56
  SINCE OCT 1      0.88                      0.60   0.28     1.56
  SINCE JAN 1      9.87                      8.42   1.45     8.78

SNOWFALL (IN)
  TODAY           MM
  MONTH TO DATE   MM
  SINCE SEP 1     MM
  SINCE JUL 1     MM
  SNOW DEPTH      MM

DEGREE DAYS
 HEATING
  TODAY           16                        22     -6       20
  MONTH TO DATE  495                       400     95      404
  SINCE SEP 1    770                       643    127      644
  SINCE JUL 1    779                       708     71      721

 COOLING
  TODAY            0                         0      0        0
  MONTH TO DATE    0                         0      0        0
  SINCE SEP 1     40                        12     28       16
  SINCE JAN 1    362                       264     98      260
..................................................................


WIND (MPH)
  HIGHEST WIND SPEED    40   HIGHEST WIND DIRECTION    SW (220)
  HIGHEST GUST SPEED    49   HIGHEST GUST DIRECTION    SW (230)
  AVERAGE WIND SPEED    22.9


SKY COVER
  POSSIBLE SUNSHINE  MM
  AVERAGE SKY COVER 0.6


WEATHER CONDITIONS
 THE FOLLOWING WEATHER WAS RECORDED TODAY.
  NO SIGNIFICANT WEATHER WAS OBSERVED.


RELATIVE HUMIDITY (PERCENT)
 HIGHEST    85           100 AM
 LOWEST     43           400 PM
 AVERAGE    64

..........................................................


THE IDAHO FALLS ID CLIMATE NORMALS FOR TOMORROW
                         NORMAL    RECORD    YEAR
 MAXIMUM TEMPERATURE (F)   56        71      1952
 MINIMUM TEMPERATURE (F)   29        16      1980


SUNRISE AND SUNSET
OCTOBER 22 2017.......SUNRISE   751 AM MDT   SUNSET   633 PM MDT
OCTOBER 23 2017.......SUNRISE   753 AM MDT   SUNSET   632 PM MDT


-  INDICATES NEGATIVE NUMBERS.
R  INDICATES RECORD WAS SET OR TIED.
MM INDICATES DATA IS MISSING.
T  INDICATES TRACE AMOUNT.




$$
