837
CDUS45 KPIH 010734
CLIIDA


CLIMATE REPORT
NATIONAL WEATHER SERVICE POCATELLO ID
133 AM MDT SAT OCT 1 2016


...................................

...THE IDAHO FALLS ID CLIMATE SUMMARY FOR SEPTEMBER 30 2016...

CLIMATE NORMAL PERIOD 1981 TO 2010
CLIMATE RECORD PERIOD 1948 TO 2016


WEATHER ITEM   OBSERVED TIME   RECORD YEAR NORMAL DEPARTURE LAST
                VALUE   (LST)  VALUE       VALUE  FROM      YEAR
                                                  NORMAL
..................................................................
TEMPERATURE (F)
 YESTERDAY
  MAXIMUM         76    406 PM  90    1957  67      9       82
  MINIMUM         44    702 AM  18    1985  35      9       41
  AVERAGE         60                        51      9       62

PRECIPITATION (IN)
  YESTERDAY        0.00          0.77 1971   0.03  -0.03      T
  MONTH TO DATE    1.78                      0.84   0.94     0.52
  SINCE OCT 1      9.54                     10.39  -0.85     9.54
  SINCE JAN 1      7.22                      7.82  -0.60     8.08

SNOWFALL (IN)
  YESTERDAY       MM
  MONTH TO DATE   MM
  SINCE SEP 1     MM
  SINCE JUL 1     MM
  SNOW DEPTH      MM

DEGREE DAYS
 HEATING
  YESTERDAY        5                        14     -9        3
  MONTH TO DATE  240                       242     -2      146
  SINCE SEP 1    240                       243     -3      146
  SINCE JUL 1    317                       308      9      216

 COOLING
  YESTERDAY        0                         0      0        0
  MONTH TO DATE   16                        12      4       22
  SINCE SEP 1     16                        12      4       22
  SINCE JAN 1    260                       264     -4      324
..................................................................


WIND (MPH)
  HIGHEST WIND SPEED    12   HIGHEST WIND DIRECTION    SW (240)
  HIGHEST GUST SPEED    15   HIGHEST GUST DIRECTION    SW (240)
  AVERAGE WIND SPEED     3.8


SKY COVER
  POSSIBLE SUNSHINE  MM
  AVERAGE SKY COVER 0.2


WEATHER CONDITIONS
 THE FOLLOWING WEATHER WAS RECORDED YESTERDAY.
  NO SIGNIFICANT WEATHER WAS OBSERVED.


RELATIVE HUMIDITY (PERCENT)
 HIGHEST    93           200 AM
 LOWEST     31           400 PM
 AVERAGE    62

..........................................................


THE IDAHO FALLS ID CLIMATE NORMALS FOR TODAY
                         NORMAL    RECORD    YEAR
 MAXIMUM TEMPERATURE (F)   67        87      1992
 MINIMUM TEMPERATURE (F)   35        21      1985


SUNRISE AND SUNSET
OCTOBER  1 2016.......SUNRISE   726 AM MDT   SUNSET   708 PM MDT
OCTOBER  2 2016.......SUNRISE   728 AM MDT   SUNSET   706 PM MDT


-  INDICATES NEGATIVE NUMBERS.
R  INDICATES RECORD WAS SET OR TIED.
MM INDICATES DATA IS MISSING.
T  INDICATES TRACE AMOUNT.




$$
