006
CDUS43 KUNR 210832
CLIIEN


CLIMATE REPORT
NATIONAL WEATHER SERVICE RAPID CITY SD
131 AM MST TUE NOV 21 2017


...................................

...THE PINE RIDGE SD CLIMATE SUMMARY FOR NOVEMBER 20 2017...

CLIMATE NORMAL PERIOD 1981 TO 2010
CLIMATE RECORD PERIOD 9999 TO 9999


WEATHER ITEM   OBSERVED TIME   NORMAL DEPARTURE LAST
                VALUE   (LST)  VALUE  FROM      YEAR
                                      NORMAL
......................................................
TEMPERATURE (F)
 YESTERDAY
  MAXIMUM         63   1206 PM  45     18       58
  MINIMUM         29    240 AM  18     11       20
  AVERAGE         46            31     15       39

PRECIPITATION (IN)
  YESTERDAY        0.00          0.01  -0.01     0.00
  MONTH TO DATE    0.28          0.47  -0.19     0.13
  SINCE SEP 1      2.02          3.28  -1.26     1.35
  SINCE JAN 1     15.19         17.07  -1.88    14.27

DEGREE DAYS
 HEATING
  YESTERDAY       19            34    -15       26
  MONTH TO DATE  534           572    -38      396
  SINCE SEP 1   1252          1290    -38      842
  SINCE JUL 1   1264          1327    -63      875

 COOLING
  YESTERDAY        0             0      0        0
  MONTH TO DATE    0             0      0        0
  SINCE SEP 1    107            69     38       62
  SINCE JAN 1    780           717     63      774
......................................................


WIND (MPH)
  HIGHEST WIND SPEED    25   HIGHEST WIND DIRECTION     W (280)
  HIGHEST GUST SPEED    33   HIGHEST GUST DIRECTION     W (280)
  AVERAGE WIND SPEED     8.9


SKY COVER
  AVERAGE SKY COVER 0.0


WEATHER CONDITIONS
 THE FOLLOWING WEATHER WAS RECORDED YESTERDAY.
  NO SIGNIFICANT WEATHER WAS OBSERVED.


RELATIVE HUMIDITY (PERCENT)
 HIGHEST    69          1100 PM
 LOWEST     14          1200 PM
 AVERAGE    42

..........................................................




SUNRISE AND SUNSET
NOVEMBER 21 2017......SUNRISE   650 AM MST   SUNSET   421 PM MST
NOVEMBER 22 2017......SUNRISE   652 AM MST   SUNSET   421 PM MST


-  INDICATES NEGATIVE NUMBERS.
R  INDICATES RECORD WAS SET OR TIED.
MM INDICATES DATA IS MISSING.
T  INDICATES TRACE AMOUNT.




$$
