000
CDUS43 KUNR 040903
CLIIEN


CLIMATE REPORT
NATIONAL WEATHER SERVICE RAPID CITY SD
303 AM MDT SAT JUL 4 2015


...................................

...THE PINE RIDGE SD CLIMATE SUMMARY FOR JULY 3 2015...

CLIMATE NORMAL PERIOD 1981 TO 2010
CLIMATE RECORD PERIOD 9999 TO 9999


WEATHER ITEM   OBSERVED TIME   NORMAL DEPARTURE LAST
                VALUE   (LST)  VALUE  FROM      YEAR
                                      NORMAL
......................................................
TEMPERATURE (F)
 YESTERDAY
  MAXIMUM         83    402 PM  86     -3       85
  MINIMUM         53    438 AM  56     -3       52
  AVERAGE         68            71     -3       69

PRECIPITATION (IN)
  YESTERDAY        0.00          0.08  -0.08     0.00
  MONTH TO DATE    1.10          0.27   0.83      T
  SINCE JUN 1      4.87          3.70   1.17     4.54
  SINCE JAN 1     14.55          9.94   4.61    12.14

DEGREE DAYS
 HEATING
  YESTERDAY        0             1     -1        0
  MONTH TO DATE    0             3     -3       11
  SINCE JUN 1     10            90    -80      119
  SINCE JUL 1      0             3     -3       11

 COOLING
  YESTERDAY        3             7     -4        4
  MONTH TO DATE   17            21     -4        4
  SINCE JUN 1    138           131      7       61
  SINCE JAN 1    138           148    -10       86
......................................................


WIND (MPH)
  HIGHEST WIND SPEED    18   HIGHEST WIND DIRECTION     S (170)
  HIGHEST GUST SPEED    24   HIGHEST GUST DIRECTION     S (180)
  AVERAGE WIND SPEED     3.8


SKY COVER
  AVERAGE SKY COVER 0.0


WEATHER CONDITIONS
 THE FOLLOWING WEATHER WAS RECORDED YESTERDAY.
  FOG
  HAZE


RELATIVE HUMIDITY (PERCENT)
 HIGHEST    93           200 AM
 LOWEST     40           200 PM
 AVERAGE    67

..........................................................




SUNRISE AND SUNSET
JULY  4 2015..........SUNRISE   516 AM MDT   SUNSET   832 PM MDT
JULY  5 2015..........SUNRISE   517 AM MDT   SUNSET   832 PM MDT


-  INDICATES NEGATIVE NUMBERS.
R  INDICATES RECORD WAS SET OR TIED.
MM INDICATES DATA IS MISSING.
T  INDICATES TRACE AMOUNT.




$$
