000
CDUS43 KUNR 040834
CLIIEN


CLIMATE REPORT
NATIONAL WEATHER SERVICE RAPID CITY SD
233 AM MDT TUE AUG 4 2015


...................................

...THE PINE RIDGE SD CLIMATE SUMMARY FOR AUGUST 3 2015...

CLIMATE NORMAL PERIOD 1981 TO 2010
CLIMATE RECORD PERIOD 9999 TO 9999


WEATHER ITEM   OBSERVED TIME   NORMAL DEPARTURE LAST
                VALUE   (LST)  VALUE  FROM      YEAR
                                      NORMAL
......................................................
TEMPERATURE (F)
 YESTERDAY
  MAXIMUM         89    429 PM  90     -1       89
  MINIMUM         61    350 AM  59      2       51
  AVERAGE         75            75      0       70

PRECIPITATION (IN)
  YESTERDAY        0.00          0.07  -0.07     0.00
  MONTH TO DATE    0.05          0.21  -0.16     0.00
  SINCE JUN 1      6.46          5.91   0.55     7.10
  SINCE JAN 1     16.14         12.15   3.99    14.70

DEGREE DAYS
 HEATING
  YESTERDAY        0             0      0        0
  MONTH TO DATE    0             0      0        0
  SINCE JUN 1     18            99    -81      136
  SINCE JUL 1      8            12     -4       28

 COOLING
  YESTERDAY       10            10      0        5
  MONTH TO DATE   26            30     -4       15
  SINCE JUN 1    343           421    -78      248
  SINCE JAN 1    343           438    -95      273
......................................................


WIND (MPH)
  HIGHEST WIND SPEED    17   HIGHEST WIND DIRECTION     E (90)
  HIGHEST GUST SPEED    24   HIGHEST GUST DIRECTION    SE (150)
  AVERAGE WIND SPEED    10.4


SKY COVER
  AVERAGE SKY COVER 0.0


WEATHER CONDITIONS
 THE FOLLOWING WEATHER WAS RECORDED YESTERDAY.
  NO SIGNIFICANT WEATHER WAS OBSERVED.


RELATIVE HUMIDITY (PERCENT)
 HIGHEST    78          1200 AM
 LOWEST     40           100 PM
 AVERAGE    59

..........................................................




SUNRISE AND SUNSET
AUGUST  4 2015........SUNRISE   544 AM MDT   SUNSET   808 PM MDT
AUGUST  5 2015........SUNRISE   545 AM MDT   SUNSET   807 PM MDT


-  INDICATES NEGATIVE NUMBERS.
R  INDICATES RECORD WAS SET OR TIED.
MM INDICATES DATA IS MISSING.
T  INDICATES TRACE AMOUNT.




$$
