000
CDUS43 KUNR 150833
CLIIEN


CLIMATE REPORT
NATIONAL WEATHER SERVICE RAPID CITY SD
232 AM MDT TUE APR 15 2014


...................................

...THE PINE RIDGE SD CLIMATE SUMMARY FOR APRIL 14 2014...

CLIMATE NORMAL PERIOD 1981 TO 2010
CLIMATE RECORD PERIOD 9999 TO 9999


WEATHER ITEM   OBSERVED TIME   NORMAL DEPARTURE LAST
                VALUE   (LST)  VALUE  FROM      YEAR
                                      NORMAL
......................................................
TEMPERATURE (F)
 YESTERDAY
  MAXIMUM         43    414 PM  59    -16       44
  MINIMUM         15    317 AM  31    -16       22
  AVERAGE         29            45    -16       33

PRECIPITATION (IN)
  YESTERDAY        0.00          0.07  -0.07      T
  MONTH TO DATE    0.32          0.75  -0.43     0.02
  SINCE MAR 1      0.66          1.62  -0.96     0.33
  SINCE JAN 1      0.93          2.41  -1.48     1.27

DEGREE DAYS
 HEATING
  YESTERDAY       36            20     16       32
  MONTH TO DATE  366           304     62      380
  SINCE MAR 1   1299          1192    107     1281
  SINCE JUL 1   6781          6542    239     6382

 COOLING
  YESTERDAY        0             0      0        0
  MONTH TO DATE    0             0      0        0
  SINCE MAR 1      0             0      0        0
  SINCE JAN 1      0             0      0        0
......................................................


WIND (MPH)
  HIGHEST WIND SPEED    20   HIGHEST WIND DIRECTION     N (360)
  HIGHEST GUST SPEED    28   HIGHEST GUST DIRECTION     N (360)
  AVERAGE WIND SPEED     7.6


SKY COVER
  AVERAGE SKY COVER 0.2


WEATHER CONDITIONS
 THE FOLLOWING WEATHER WAS RECORDED YESTERDAY.
  HAZE


RELATIVE HUMIDITY (PERCENT)
 HIGHEST    84           200 AM
 LOWEST     29           300 PM
 AVERAGE    57

..........................................................




SUNRISE AND SUNSET
APRIL 15 2014.........SUNRISE   608 AM MDT   SUNSET   733 PM MDT
APRIL 16 2014.........SUNRISE   607 AM MDT   SUNSET   734 PM MDT


-  INDICATES NEGATIVE NUMBERS.
R  INDICATES RECORD WAS SET OR TIED.
MM INDICATES DATA IS MISSING.
T  INDICATES TRACE AMOUNT.




$$
