000
CDUS43 KUNR 230835
CLIIEN


CLIMATE REPORT
NATIONAL WEATHER SERVICE RAPID CITY SD
133 AM MST FRI FEB 23 2018


...................................

...THE PINE RIDGE SD CLIMATE SUMMARY FOR FEBRUARY 22 2018...

CLIMATE NORMAL PERIOD 1981 TO 2010
CLIMATE RECORD PERIOD 9999 TO 9999


WEATHER ITEM   OBSERVED TIME   NORMAL DEPARTURE LAST
                VALUE   (LST)  VALUE  FROM      YEAR
                                      NORMAL
......................................................
TEMPERATURE (F)
 YESTERDAY
  MAXIMUM         25    217 PM  42    -17       58
  MINIMUM          7   1034 PM  15     -8       32
  AVERAGE         16            28    -12       45

PRECIPITATION (IN)
  YESTERDAY        T             0.02  -0.02      T
  MONTH TO DATE    0.64          0.36   0.28     0.41
  SINCE DEC 1      1.33          1.03   0.30     1.65
  SINCE JAN 1      1.01          0.68   0.33     0.82

DEGREE DAYS
 HEATING
  YESTERDAY       49            37     12       20
  MONTH TO DATE 1091           861    230      697
  SINCE DEC 1   3551          3448    103     3724
  SINCE JUL 1   5048          5138    -90     4897

 COOLING
  YESTERDAY        0             0      0        0
  MONTH TO DATE    0             0      0        0
  SINCE DEC 1      0             0      0        0
  SINCE JAN 1      0             0      0        0
......................................................


WIND (MPH)
  HIGHEST WIND SPEED    21   HIGHEST WIND DIRECTION     S (180)
  HIGHEST GUST SPEED    26   HIGHEST GUST DIRECTION     S (180)
  AVERAGE WIND SPEED     7.1


SKY COVER
  AVERAGE SKY COVER 0.7


WEATHER CONDITIONS
 THE FOLLOWING WEATHER WAS RECORDED YESTERDAY.
  LIGHT SNOW
  FOG
  HAZE


RELATIVE HUMIDITY (PERCENT)
 HIGHEST   100          1100 PM
 LOWEST     62           100 AM
 AVERAGE    81

..........................................................




SUNRISE AND SUNSET
FEBRUARY 23 2018......SUNRISE   636 AM MST   SUNSET   532 PM MST
FEBRUARY 24 2018......SUNRISE   634 AM MST   SUNSET   533 PM MST


-  INDICATES NEGATIVE NUMBERS.
R  INDICATES RECORD WAS SET OR TIED.
MM INDICATES DATA IS MISSING.
T  INDICATES TRACE AMOUNT.




$$
