000
CDUS45 KVEF 070027
CLIIGM


CLIMATE REPORT
NATIONAL WEATHER SERVICE LAS VEGAS, NV
527 PM PDT FRI MAY 6 2016


...................................

...THE KINGMAN AZ CLIMATE SUMMARY FOR MAY 6 2016...
VALID TODAY AS OF 0500 PM LOCAL TIME.

CLIMATE NORMAL PERIOD 1981 TO 2010
CLIMATE RECORD PERIOD 1901 TO 2016


WEATHER ITEM   OBSERVED TIME   RECORD YEAR NORMAL DEPARTURE LAST
                VALUE   (LST)  VALUE       VALUE  FROM      YEAR
                                                  NORMAL
..................................................................
TEMPERATURE (F)
 TODAY
  MAXIMUM         63   1241 AM  98    1947  81    -18       78
  MINIMUM         48    207 PM  32    1978  50     -2       47
  AVERAGE         56                        66    -10       63

PRECIPITATION (IN)
  TODAY            0.14          0.46 1992   0.00   0.14     0.00
  MONTH TO DATE    0.14                      0.06   0.08     0.08
  SINCE OCT 1      4.37                      5.49  -1.12     5.02
  SINCE JAN 1      2.85                      3.39  -0.54     2.89

DEGREE DAYS
 HEATING
  TODAY            9                         3      6        2
  MONTH TO DATE   18                        19     -1        4
  SINCE MAR 1    447                       652   -205      466
  SINCE JUL 1   2799                      3065   -266     2446

 COOLING
  TODAY            0                         3     -3        0
  MONTH TO DATE   17                        17      0       21
  SINCE MAR 1     37                        48    -11       39
  SINCE JAN 1     37                        48    -11       39
..................................................................


WIND (MPH)
  RESULTANT WIND SPEED   9   RESULTANT WIND DIRECTION  SE (140)
  HIGHEST WIND SPEED    31   HIGHEST WIND DIRECTION    SE (120)
  HIGHEST GUST SPEED    37   HIGHEST GUST DIRECTION    SE (120)
  AVERAGE WIND SPEED    12.7


SKY COVER
  POSSIBLE SUNSHINE  MM
  AVERAGE SKY COVER 0.6


WEATHER CONDITIONS
 THE FOLLOWING WEATHER WAS RECORDED TODAY.
  THUNDERSTORM
  RAIN
  LIGHT RAIN


RELATIVE HUMIDITY (PERCENT)
 HIGHEST    77           200 PM
 LOWEST     23          1200 AM
 AVERAGE    50

..........................................................


THE KINGMAN AZ CLIMATE NORMALS FOR TOMORROW
                         NORMAL    RECORD    YEAR
 MAXIMUM TEMPERATURE (F)   82        96      1947
 MINIMUM TEMPERATURE (F)   50        32      1995


SUNRISE AND SUNSET
MAY  6 2016...........SUNRISE   539 AM MST   SUNSET   726 PM MST
MAY  7 2016...........SUNRISE   538 AM MST   SUNSET   727 PM MST


-  INDICATES NEGATIVE NUMBERS.
R  INDICATES RECORD WAS SET OR TIED.
MM INDICATES DATA IS MISSING.
T  INDICATES TRACE AMOUNT.




$$
