000
CDUS45 KVEF 280827
CLIIGM


CLIMATE REPORT
NATIONAL WEATHER SERVICE LAS VEGAS, NV
126 AM PDT TUE MAR 28 2017


...................................

...THE KINGMAN AZ CLIMATE SUMMARY FOR MARCH 27 2017...

CLIMATE NORMAL PERIOD 1981 TO 2010
CLIMATE RECORD PERIOD 1901 TO 2017


WEATHER ITEM   OBSERVED TIME   RECORD YEAR NORMAL DEPARTURE LAST
                VALUE   (LST)  VALUE       VALUE  FROM      YEAR
                                                  NORMAL
..................................................................
TEMPERATURE (F)
 YESTERDAY
  MAXIMUM         68    314 PM  84    1986  68      0       74
  MINIMUM         45    204 AM  24    2009  39      6       31
  AVERAGE         57                        54      3       53

PRECIPITATION (IN)
  YESTERDAY        T             0.41 1924   0.02  -0.02     0.00
  MONTH TO DATE    0.24                      0.68  -0.44     0.16
  SINCE OCT 1      6.26                      4.94   1.32     2.86
  SINCE JAN 1      2.70                      2.84  -0.14     1.34

DEGREE DAYS
 HEATING
  YESTERDAY        8                        12     -4       12
  MONTH TO DATE  196                       375   -179      221
  SINCE MAR 1    196                       375   -179      221
  SINCE JUL 1   2193                      2788   -595     2573

 COOLING
  YESTERDAY        0                         0      0        0
  MONTH TO DATE    6                         0      6        2
  SINCE MAR 1      6                         0      6        2
  SINCE JAN 1      6                         0      6        2
..................................................................


WIND (MPH)
  RESULTANT WIND SPEED   8   RESULTANT WIND DIRECTION  SW (210)
  HIGHEST WIND SPEED    30   HIGHEST WIND DIRECTION    SW (220)
  HIGHEST GUST SPEED    37   HIGHEST GUST DIRECTION    SW (220)
  AVERAGE WIND SPEED    14.0


SKY COVER
  POSSIBLE SUNSHINE  MM
  AVERAGE SKY COVER 0.2


WEATHER CONDITIONS
 THE FOLLOWING WEATHER WAS RECORDED YESTERDAY.
  THUNDERSTORM
  LIGHT RAIN


RELATIVE HUMIDITY (PERCENT)
 HIGHEST    53           200 AM
 LOWEST     12           200 PM
 AVERAGE    33

..........................................................


THE KINGMAN AZ CLIMATE NORMALS FOR TODAY
                         NORMAL    RECORD    YEAR
 MAXIMUM TEMPERATURE (F)   68        85      2015
 MINIMUM TEMPERATURE (F)   39        20      1975


SUNRISE AND SUNSET
MARCH 28 2017.........SUNRISE   628 AM MST   SUNSET   654 PM MST
MARCH 29 2017.........SUNRISE   626 AM MST   SUNSET   655 PM MST


-  INDICATES NEGATIVE NUMBERS.
R  INDICATES RECORD WAS SET OR TIED.
MM INDICATES DATA IS MISSING.
T  INDICATES TRACE AMOUNT.




$$
