000
CDUS45 KVEF 070827
CLIIGM


CLIMATE REPORT
NATIONAL WEATHER SERVICE LAS VEGAS, NV
1226 AM PST SUN FEB 7 2016


...................................

...THE KINGMAN AZ CLIMATE SUMMARY FOR FEBRUARY 6 2016...

CLIMATE NORMAL PERIOD 1981 TO 2010
CLIMATE RECORD PERIOD 1901 TO 2016


WEATHER ITEM   OBSERVED TIME   RECORD YEAR NORMAL DEPARTURE LAST
                VALUE   (LST)  VALUE       VALUE  FROM      YEAR
                                                  NORMAL
..................................................................
TEMPERATURE (F)
 YESTERDAY
  MAXIMUM         60    414 PM  79    1963  59      1       75
  MINIMUM         29    704 AM  12    1989  33     -4       43
  AVERAGE         45                        46     -1       59

PRECIPITATION (IN)
  YESTERDAY        0.00          1.30 1935   0.05  -0.05     0.00
  MONTH TO DATE    T                         0.26  -0.26     0.00
  SINCE OCT 1      2.70                      3.38  -0.68     2.95
  SINCE JAN 1      1.18                      1.28  -0.10     0.82

DEGREE DAYS
 HEATING
  YESTERDAY       20                        19      1        6
  MONTH TO DATE  163                       117     46       66
  SINCE DEC 1   1545                      1456     89     1303
  SINCE JUL 1   2121                      2022     99     1717

 COOLING
  YESTERDAY        0                         0      0        0
  MONTH TO DATE    0                         0      0        0
  SINCE DEC 1      0                         0      0        0
  SINCE JAN 1      0                         0      0        0
..................................................................


WIND (MPH)
  RESULTANT WIND SPEED   6   RESULTANT WIND DIRECTION  NE (50)
  HIGHEST WIND SPEED    15   HIGHEST WIND DIRECTION    NE (30)
  HIGHEST GUST SPEED    19   HIGHEST GUST DIRECTION     N (20)
  AVERAGE WIND SPEED     7.7


SKY COVER
  POSSIBLE SUNSHINE  MM
  AVERAGE SKY COVER 0.0


WEATHER CONDITIONS
 THE FOLLOWING WEATHER WAS RECORDED YESTERDAY.
  NO SIGNIFICANT WEATHER WAS OBSERVED.


RELATIVE HUMIDITY (PERCENT)
 HIGHEST    59          1100 PM
 LOWEST     19           300 PM
 AVERAGE    39

..........................................................


THE KINGMAN AZ CLIMATE NORMALS FOR TODAY
                         NORMAL    RECORD    YEAR
 MAXIMUM TEMPERATURE (F)   59        77      1963
 MINIMUM TEMPERATURE (F)   33        13      1989


SUNRISE AND SUNSET
FEBRUARY  7 2016......SUNRISE   730 AM MST   SUNSET   610 PM MST
FEBRUARY  8 2016......SUNRISE   729 AM MST   SUNSET   611 PM MST


-  INDICATES NEGATIVE NUMBERS.
R  INDICATES RECORD WAS SET OR TIED.
MM INDICATES DATA IS MISSING.
T  INDICATES TRACE AMOUNT.




$$
