000
CDUS45 KVEF 220829
CLIIGM


CLIMATE REPORT
NATIONAL WEATHER SERVICE LAS VEGAS, NV
1228 AM PST MON JAN 22 2018


...................................

...THE KINGMAN AZ CLIMATE SUMMARY FOR JANUARY 21 2018...

CLIMATE NORMAL PERIOD 1981 TO 2010
CLIMATE RECORD PERIOD 1901 TO 2018


WEATHER ITEM   OBSERVED TIME   RECORD YEAR NORMAL DEPARTURE LAST
                VALUE   (LST)  VALUE       VALUE  FROM      YEAR
                                                  NORMAL
..................................................................
TEMPERATURE (F)
 YESTERDAY
  MAXIMUM         MM        MM  72    1912  57     MM       49
  MINIMUM         MM        MM   8    1937  32     MM       35
  AVERAGE         MM                        44     MM       42

PRECIPITATION (IN)
  YESTERDAY        0.00          1.61 1917   0.03  -0.03     0.05
  MONTH TO DATE    0.59                      0.66  -0.07     1.25
  SINCE OCT 1      0.59                      2.76  -2.17     4.81
  SINCE JAN 1      0.59                      0.66  -0.07     1.25

DEGREE DAYS
 HEATING
  YESTERDAY       MM                        21     MM       23
  MONTH TO DATE  272                       454   -182      409
  SINCE DEC 1    849                      1137   -288     1050
  SINCE JUL 1   1140                      1703   -563     1372

 COOLING
  YESTERDAY       MM                         0     MM        0
  MONTH TO DATE    0                         0      0        0
  SINCE DEC 1      0                         0      0        0
  SINCE JAN 1      0                         0      0        0
..................................................................


WIND (MPH)
  RESULTANT WIND SPEED   5   RESULTANT WIND DIRECTION   N (10)
  HIGHEST WIND SPEED    18   HIGHEST WIND DIRECTION     N (340)
  HIGHEST GUST SPEED    24   HIGHEST GUST DIRECTION     N (350)
  AVERAGE WIND SPEED     7.5


SKY COVER
  POSSIBLE SUNSHINE  MM
  AVERAGE SKY COVER 0.0


WEATHER CONDITIONS
 THE FOLLOWING WEATHER WAS RECORDED YESTERDAY.
  NO SIGNIFICANT WEATHER WAS OBSERVED.


RELATIVE HUMIDITY (PERCENT)
 HIGHEST    MM
 LOWEST     MM
 AVERAGE    MM

..........................................................


THE KINGMAN AZ CLIMATE NORMALS FOR TODAY
                         NORMAL    RECORD    YEAR
 MAXIMUM TEMPERATURE (F)   57        74      1910
 MINIMUM TEMPERATURE (F)   32         6      1937


SUNRISE AND SUNSET
JANUARY 22 2018.......SUNRISE   741 AM MST   SUNSET   554 PM MST
JANUARY 23 2018.......SUNRISE   741 AM MST   SUNSET   555 PM MST


-  INDICATES NEGATIVE NUMBERS.
R  INDICATES RECORD WAS SET OR TIED.
MM INDICATES DATA IS MISSING.
T  INDICATES TRACE AMOUNT.




$$
