000
CDUS45 KIGM 180827
CLIIGM


CLIMATE REPORT
NATIONAL WEATHER SERVICE LAS VEGAS, NV
127 AM PDT FRI APR 18 2014


...................................

...THE KINGMAN AZ CLIMATE SUMMARY FOR APRIL 17 2014...

CLIMATE NORMAL PERIOD 1981 TO 2010
CLIMATE RECORD PERIOD 1901 TO 2014


WEATHER ITEM   OBSERVED TIME   RECORD YEAR NORMAL DEPARTURE LAST
                VALUE   (LST)  VALUE       VALUE  FROM      YEAR
                                                  NORMAL
..................................................................
TEMPERATURE (F)
 YESTERDAY
  MAXIMUM         85    311 PM  92    1936  74     11       60
  MINIMUM         51    202 AM  28    2008  44      7       38
  AVERAGE         68                        59      9       49

PRECIPITATION (IN)
  YESTERDAY        0.00          0.80 1917   0.01  -0.01     0.00
  MONTH TO DATE    T                         0.28  -0.28     0.05
  SINCE OCT 1      1.43                      5.30  -3.87     2.35
  SINCE JAN 1      0.55                      3.20  -2.65     1.18

DEGREE DAYS
 HEATING
  YESTERDAY        0                         7     -7       16
  MONTH TO DATE  106                       149    -43      106
  SINCE MAR 1    412                       567   -155      364
  SINCE JUL 1   2734                      2980   -246     2831

 COOLING
  YESTERDAY        3                         1      2        0
  MONTH TO DATE   19                        10      9        2
  SINCE MAR 1     19                        13      6        8
  SINCE JAN 1     19                        13      6        8
..................................................................


WIND (MPH)
  RESULTANT WIND SPEED  11   RESULTANT WIND DIRECTION   S (200)
  HIGHEST WIND SPEED    30   HIGHEST WIND DIRECTION    SW (220)
  HIGHEST GUST SPEED    36   HIGHEST GUST DIRECTION    SW (230)
  AVERAGE WIND SPEED    14.5


SKY COVER
  POSSIBLE SUNSHINE  MM
  AVERAGE SKY COVER 0.0


WEATHER CONDITIONS
 THE FOLLOWING WEATHER WAS RECORDED YESTERDAY.
  NO SIGNIFICANT WEATHER WAS OBSERVED.


RELATIVE HUMIDITY (PERCENT)
 HIGHEST    20           300 AM
 LOWEST      7           300 PM
 AVERAGE    14

..........................................................


THE KINGMAN AZ CLIMATE NORMALS FOR TODAY
                         NORMAL    RECORD    YEAR
 MAXIMUM TEMPERATURE (F)   74        95      1938
 MINIMUM TEMPERATURE (F)   45        29      1976


SUNRISE AND SUNSET
APRIL 18 2014.........SUNRISE   600 AM MST   SUNSET   711 PM MST
APRIL 19 2014.........SUNRISE   558 AM MST   SUNSET   712 PM MST


-  INDICATES NEGATIVE NUMBERS.
R  INDICATES RECORD WAS SET OR TIED.
MM INDICATES DATA IS MISSING.
T  INDICATES TRACE AMOUNT.




$$
