000
CDUS45 KVEF 280827
CLIIGM


CLIMATE REPORT
NATIONAL WEATHER SERVICE LAS VEGAS, NV
126 AM PDT FRI AUG 28 2015


...................................

...THE KINGMAN AZ CLIMATE SUMMARY FOR AUGUST 27 2015...

CLIMATE NORMAL PERIOD 1981 TO 2010
CLIMATE RECORD PERIOD 1901 TO 2015


WEATHER ITEM   OBSERVED TIME   RECORD YEAR NORMAL DEPARTURE LAST
                VALUE   (LST)  VALUE       VALUE  FROM      YEAR
                                                  NORMAL
..................................................................
TEMPERATURE (F)
 YESTERDAY
  MAXIMUM         98    334 PM 103    2009  95      3       91
  MINIMUM         67    618 AM  49    1921  68     -1       66
  AVERAGE         83                        81      2       79

PRECIPITATION (IN)
  YESTERDAY        0.00          0.72 1953   0.04  -0.04     0.00
  MONTH TO DATE    1.08                      0.75   0.33     2.05
  SINCE OCT 1      8.61                      7.15   1.46     4.97
  SINCE JAN 1      6.48                      5.05   1.43     4.09

DEGREE DAYS
 HEATING
  YESTERDAY        0                         0      0        0
  MONTH TO DATE    0                         0      0        0
  SINCE JUN 1      0                         3     -3        0
  SINCE JUL 1      0                         0      0        0

 COOLING
  YESTERDAY       18                        16      2       14
  MONTH TO DATE  509                       480     29      367
  SINCE JUN 1   1499                      1441     58     1392
  SINCE JAN 1   1605                      1639    -34     1617
..................................................................


WIND (MPH)
  RESULTANT WIND SPEED   2   RESULTANT WIND DIRECTION  NE (40)
  HIGHEST WIND SPEED    17   HIGHEST WIND DIRECTION    NW (300)
  HIGHEST GUST SPEED    22   HIGHEST GUST DIRECTION    NW (310)
  AVERAGE WIND SPEED     6.1


SKY COVER
  POSSIBLE SUNSHINE  MM
  AVERAGE SKY COVER 0.0


WEATHER CONDITIONS
 THE FOLLOWING WEATHER WAS RECORDED YESTERDAY.
  THUNDERSTORM


RELATIVE HUMIDITY (PERCENT)
 HIGHEST    73           600 AM
 LOWEST     22           400 PM
 AVERAGE    48

..........................................................


THE KINGMAN AZ CLIMATE NORMALS FOR TODAY
                         NORMAL    RECORD    YEAR
 MAXIMUM TEMPERATURE (F)   95       107      2009
 MINIMUM TEMPERATURE (F)   68        50      1920


SUNRISE AND SUNSET
AUGUST 28 2015........SUNRISE   605 AM MST   SUNSET   708 PM MST
AUGUST 29 2015........SUNRISE   606 AM MST   SUNSET   707 PM MST


-  INDICATES NEGATIVE NUMBERS.
R  INDICATES RECORD WAS SET OR TIED.
MM INDICATES DATA IS MISSING.
T  INDICATES TRACE AMOUNT.




$$
