000
CDUS45 KVEF 270827
CLIIGM


CLIMATE REPORT
NATIONAL WEATHER SERVICE LAS VEGAS, NV
127 AM PDT SAT MAY 27 2017


...................................

...THE KINGMAN AZ CLIMATE SUMMARY FOR MAY 26 2017...

CLIMATE NORMAL PERIOD 1981 TO 2010
CLIMATE RECORD PERIOD 1901 TO 2017


WEATHER ITEM   OBSERVED TIME   RECORD YEAR NORMAL DEPARTURE LAST
                VALUE   (LST)  VALUE       VALUE  FROM      YEAR
                                                  NORMAL
..................................................................
TEMPERATURE (F)
 YESTERDAY
  MAXIMUM         84    422 PM 101    1951  88     -4       79
  MINIMUM         56   1143 PM  34    1911  55      1       46
  AVERAGE         70                        72     -2       63

PRECIPITATION (IN)
  YESTERDAY        0.00          0.48 1964   0.01  -0.01     0.00
  MONTH TO DATE    0.19                      0.12   0.07     0.38
  SINCE OCT 1      6.45                      5.55   0.90     4.61
  SINCE JAN 1      2.89                      3.45  -0.56     3.09

DEGREE DAYS
 HEATING
  YESTERDAY        0                         1     -1        2
  MONTH TO DATE   85                        51     34       47
  SINCE MAR 1    494                       684   -190      476
  SINCE JUL 1   2491                      3097   -606     2828

 COOLING
  YESTERDAY        5                         8     -3        0
  MONTH TO DATE  100                       127    -27       83
  SINCE MAR 1    115                       158    -43      103
  SINCE JAN 1    115                       158    -43      103
..................................................................


WIND (MPH)
  RESULTANT WIND SPEED  14   RESULTANT WIND DIRECTION   S (200)
  HIGHEST WIND SPEED    29   HIGHEST WIND DIRECTION    SW (230)
  HIGHEST GUST SPEED    36   HIGHEST GUST DIRECTION    SW (230)
  AVERAGE WIND SPEED    15.7


SKY COVER
  POSSIBLE SUNSHINE  MM
  AVERAGE SKY COVER 0.0


WEATHER CONDITIONS
 THE FOLLOWING WEATHER WAS RECORDED YESTERDAY.
  NO SIGNIFICANT WEATHER WAS OBSERVED.


RELATIVE HUMIDITY (PERCENT)
 HIGHEST    28           500 AM
 LOWEST     10           300 PM
 AVERAGE    19

..........................................................


THE KINGMAN AZ CLIMATE NORMALS FOR TODAY
                         NORMAL    RECORD    YEAR
 MAXIMUM TEMPERATURE (F)   88       105      2003
 MINIMUM TEMPERATURE (F)   56        36      1942


SUNRISE AND SUNSET
MAY 27 2017...........SUNRISE   524 AM MST   SUNSET   742 PM MST
MAY 28 2017...........SUNRISE   524 AM MST   SUNSET   743 PM MST


-  INDICATES NEGATIVE NUMBERS.
R  INDICATES RECORD WAS SET OR TIED.
MM INDICATES DATA IS MISSING.
T  INDICATES TRACE AMOUNT.




$$
