000
CDUS45 KVEF 180845
CLIIGM


CLIMATE REPORT
NATIONAL WEATHER SERVICE LAS VEGAS, NV
1245 AM PST SAT NOV 18 2017


...................................

...THE KINGMAN AZ CLIMATE SUMMARY FOR NOVEMBER 17 2017...

CLIMATE NORMAL PERIOD 1981 TO 2010
CLIMATE RECORD PERIOD 1901 TO 2017


WEATHER ITEM   OBSERVED TIME   RECORD YEAR NORMAL DEPARTURE LAST
                VALUE   (LST)  VALUE       VALUE  FROM      YEAR
                                                  NORMAL
..................................................................
TEMPERATURE (F)
 YESTERDAY
  MAXIMUM         68    323 PM  80    2008  64      4       56
  MINIMUM         55   1159 PM  18    1958  37     18       35
  AVERAGE         62                        50     12       46

PRECIPITATION (IN)
  YESTERDAY        T             0.76 1972   0.02  -0.02     0.00
  MONTH TO DATE    T                         0.37  -0.37      T
  SINCE OCT 1      T                         1.08  -1.08     0.50
  SINCE JAN 1      7.97                      7.37   0.60     7.93

DEGREE DAYS
 HEATING
  YESTERDAY        3                        15    -12       19
  MONTH TO DATE  108                       201    -93       67
  SINCE SEP 1    176                       340   -164       97
  SINCE JUL 1    176                       340   -164       97

 COOLING
  YESTERDAY        0                         0      0        0
  MONTH TO DATE    0                         0      0        2
  SINCE SEP 1    313                       391    -78      368
  SINCE JAN 1   2183                      2092     91     2244
..................................................................


WIND (MPH)
  RESULTANT WIND SPEED  13   RESULTANT WIND DIRECTION  SW (220)
  HIGHEST WIND SPEED    31   HIGHEST WIND DIRECTION    SW (220)
  HIGHEST GUST SPEED    52   HIGHEST GUST DIRECTION     W (250)
  AVERAGE WIND SPEED    16.1


SKY COVER
  POSSIBLE SUNSHINE  MM
  AVERAGE SKY COVER 0.2


WEATHER CONDITIONS
 THE FOLLOWING WEATHER WAS RECORDED YESTERDAY.
  LIGHT RAIN


RELATIVE HUMIDITY (PERCENT)
 HIGHEST    47           900 PM
 LOWEST     29           100 AM
 AVERAGE    38

..........................................................


THE KINGMAN AZ CLIMATE NORMALS FOR TODAY
                         NORMAL    RECORD    YEAR
 MAXIMUM TEMPERATURE (F)   63        80      2008
 MINIMUM TEMPERATURE (F)   36        23      1958


SUNRISE AND SUNSET
NOVEMBER 18 2017......SUNRISE   714 AM MST   SUNSET   528 PM MST
NOVEMBER 19 2017......SUNRISE   715 AM MST   SUNSET   527 PM MST


-  INDICATES NEGATIVE NUMBERS.
R  INDICATES RECORD WAS SET OR TIED.
MM INDICATES DATA IS MISSING.
T  INDICATES TRACE AMOUNT.




$$
