000
CDUS45 KIGM 220826
CLIIGM


CLIMATE REPORT
NATIONAL WEATHER SERVICE LAS VEGAS, NV
126 AM PDT TUE JUL 22 2014


...................................

...THE KINGMAN AZ CLIMATE SUMMARY FOR JULY 21 2014...

CLIMATE NORMAL PERIOD 1981 TO 2010
CLIMATE RECORD PERIOD 1901 TO 2014


WEATHER ITEM   OBSERVED TIME   RECORD YEAR NORMAL DEPARTURE LAST
                VALUE   (LST)  VALUE       VALUE  FROM      YEAR
                                                  NORMAL
..................................................................
TEMPERATURE (F)
 YESTERDAY
  MAXIMUM         98    254 PM 110    1910  98      0       83
  MINIMUM         67    559 AM  56    1958  71     -4       70
  AVERAGE         83                        84     -1       77

PRECIPITATION (IN)
  YESTERDAY        0.00          0.66 1971   0.03  -0.03      T
  MONTH TO DATE    1.10                      0.46   0.64     0.14
  SINCE OCT 1      2.77                      6.11  -3.34     2.50
  SINCE JAN 1      1.89                      4.01  -2.12     1.33

DEGREE DAYS
 HEATING
  YESTERDAY        0                         0      0        0
  MONTH TO DATE    0                         0      0        0
  SINCE JUN 1      0                         3     -3        0
  SINCE JUL 1      0                         0      0        0

 COOLING
  YESTERDAY       18                        19     -1       12
  MONTH TO DATE  381                       385     -4      444
  SINCE JUN 1    821                       770     51      944
  SINCE JAN 1   1046                       968     78     1166
..................................................................


WIND (MPH)
  RESULTANT WIND SPEED  10   RESULTANT WIND DIRECTION   S (200)
  HIGHEST WIND SPEED    29   HIGHEST WIND DIRECTION    SW (210)
  HIGHEST GUST SPEED    35   HIGHEST GUST DIRECTION    SW (220)
  AVERAGE WIND SPEED    13.0


SKY COVER
  POSSIBLE SUNSHINE  MM
  AVERAGE SKY COVER 0.0


WEATHER CONDITIONS
 THE FOLLOWING WEATHER WAS RECORDED YESTERDAY.
  NO SIGNIFICANT WEATHER WAS OBSERVED.


RELATIVE HUMIDITY (PERCENT)
 HIGHEST    34           200 AM
 LOWEST      8           200 PM
 AVERAGE    21

..........................................................


THE KINGMAN AZ CLIMATE NORMALS FOR TODAY
                         NORMAL    RECORD    YEAR
 MAXIMUM TEMPERATURE (F)   98       105      1937
 MINIMUM TEMPERATURE (F)   71        57      1958


SUNRISE AND SUNSET
JULY 22 2014..........SUNRISE   537 AM MST   SUNSET   747 PM MST
JULY 23 2014..........SUNRISE   538 AM MST   SUNSET   746 PM MST


-  INDICATES NEGATIVE NUMBERS.
R  INDICATES RECORD WAS SET OR TIED.
MM INDICATES DATA IS MISSING.
T  INDICATES TRACE AMOUNT.




$$
