000
CDUS45 KVEF 280028
CLIIGM


CLIMATE REPORT
NATIONAL WEATHER SERVICE LAS VEGAS, NV
528 PM PDT SAT AUG 27 2016


...................................

...THE KINGMAN AZ CLIMATE SUMMARY FOR AUGUST 27 2016...
VALID TODAY AS OF 0500 PM LOCAL TIME.

CLIMATE NORMAL PERIOD 1981 TO 2010
CLIMATE RECORD PERIOD 1901 TO 2016


WEATHER ITEM   OBSERVED TIME   RECORD YEAR NORMAL DEPARTURE LAST
                VALUE   (LST)  VALUE       VALUE  FROM      YEAR
                                                  NORMAL
..................................................................
TEMPERATURE (F)
 TODAY
  MAXIMUM         77    459 PM 103    2009  95    -18       98
  MINIMUM         63    310 AM  49    1921  68     -5       67
  AVERAGE         70                        81    -11       83

PRECIPITATION (IN)
  TODAY            0.06          0.72 1953   0.04   0.02     0.00
  MONTH TO DATE    3.06                      0.75   2.31     1.08
  SINCE OCT 1      8.66                      7.15   1.51     8.61
  SINCE JAN 1      7.14                      5.05   2.09     6.48

DEGREE DAYS
 HEATING
  TODAY            0                         0      0        0
  MONTH TO DATE    0                         0      0        0
  SINCE JUN 1      0                         3     -3        0
  SINCE JUL 1      0                         0      0        0

 COOLING
  TODAY            5                        16    -11       18
  MONTH TO DATE  452                       480    -28      509
  SINCE JUN 1   1679                      1441    238     1499
  SINCE JAN 1   1819                      1639    180     1605
..................................................................


WIND (MPH)
  RESULTANT WIND SPEED   8   RESULTANT WIND DIRECTION   E (110)
  HIGHEST WIND SPEED    35   HIGHEST WIND DIRECTION    SE (130)
  HIGHEST GUST SPEED    40   HIGHEST GUST DIRECTION    SE (130)
  AVERAGE WIND SPEED    10.8


SKY COVER
  POSSIBLE SUNSHINE  MM
  AVERAGE SKY COVER 0.5


WEATHER CONDITIONS
 THE FOLLOWING WEATHER WAS RECORDED TODAY.
  THUNDERSTORM
  LIGHT RAIN


RELATIVE HUMIDITY (PERCENT)
 HIGHEST    73           600 AM
 LOWEST     46           400 PM
 AVERAGE    60

..........................................................


THE KINGMAN AZ CLIMATE NORMALS FOR TOMORROW
                         NORMAL    RECORD    YEAR
 MAXIMUM TEMPERATURE (F)   95       107      2009
 MINIMUM TEMPERATURE (F)   68        50      1920


SUNRISE AND SUNSET
AUGUST 27 2016........SUNRISE   605 AM MST   SUNSET   709 PM MST
AUGUST 28 2016........SUNRISE   606 AM MST   SUNSET   707 PM MST


-  INDICATES NEGATIVE NUMBERS.
R  INDICATES RECORD WAS SET OR TIED.
MM INDICATES DATA IS MISSING.
T  INDICATES TRACE AMOUNT.




$$
