000
CDUS45 KIGM 190025
CLIIGM


CLIMATE REPORT
NATIONAL WEATHER SERVICE LAS VEGAS, NV
525 PM PDT THU SEP 18 2014


...................................

...THE KINGMAN AZ CLIMATE SUMMARY FOR SEPTEMBER 18 2014...
VALID TODAY AS OF 0500 PM LOCAL TIME.

CLIMATE NORMAL PERIOD 1981 TO 2010
CLIMATE RECORD PERIOD 1901 TO 2014


WEATHER ITEM   OBSERVED TIME   RECORD YEAR NORMAL DEPARTURE LAST
                VALUE   (LST)  VALUE       VALUE  FROM      YEAR
                                                  NORMAL
..................................................................
TEMPERATURE (F)
 TODAY
  MAXIMUM         90    427 PM 105    1922  89      1       89
  MINIMUM         65    639 AM  42    1908  61      4       55
  AVERAGE         78                        75      3       72

PRECIPITATION (IN)
  TODAY            0.00          1.60 1963   0.03  -0.03     0.00
  MONTH TO DATE    1.52                      0.78   0.74     1.80
  SINCE OCT 1      6.49                      8.15  -1.66     7.01
  SINCE JAN 1      5.61                      6.05  -0.44     5.84

DEGREE DAYS
 HEATING
  TODAY            0                         0      0        0
  MONTH TO DATE    0                         0      0        0
  SINCE SEP 1      0                         0      0        0
  SINCE JUL 1      0                         0      0        0

 COOLING
  TODAY           13                        10      3        7
  MONTH TO DATE  244                       233     11      193
  SINCE SEP 1    244                       233     11      193
  SINCE JAN 1   1926                      1934     -8     2067
..................................................................


WIND (MPH)
  RESULTANT WIND SPEED   4   RESULTANT WIND DIRECTION   S (200)
  HIGHEST WIND SPEED    17   HIGHEST WIND DIRECTION     W (250)
  HIGHEST GUST SPEED    25   HIGHEST GUST DIRECTION    SW (220)
  AVERAGE WIND SPEED     6.6


SKY COVER
  POSSIBLE SUNSHINE  MM
  AVERAGE SKY COVER 0.2


WEATHER CONDITIONS
 THE FOLLOWING WEATHER WAS RECORDED TODAY.
  NO SIGNIFICANT WEATHER WAS OBSERVED.


RELATIVE HUMIDITY (PERCENT)
 HIGHEST    87           600 AM
 LOWEST     24           400 PM
 AVERAGE    56

..........................................................


THE KINGMAN AZ CLIMATE NORMALS FOR TOMORROW
                         NORMAL    RECORD    YEAR
 MAXIMUM TEMPERATURE (F)   89       104      1922
 MINIMUM TEMPERATURE (F)   60        40      1955


SUNRISE AND SUNSET
SEPTEMBER 18 2014.....SUNRISE   621 AM MST   SUNSET   638 PM MST
SEPTEMBER 19 2014.....SUNRISE   622 AM MST   SUNSET   637 PM MST


-  INDICATES NEGATIVE NUMBERS.
R  INDICATES RECORD WAS SET OR TIED.
MM INDICATES DATA IS MISSING.
T  INDICATES TRACE AMOUNT.




$$
