000
CDUS41 KPHI 270628
CLIILG


CLIMATE REPORT
NATIONAL WEATHER SERVICE MOUNT HOLLY NJ
227 AM EDT THU APR 27 2017


...................................

...THE WILMINGTON DE CLIMATE SUMMARY FOR APRIL 26 2017...

CLIMATE NORMAL PERIOD 1981 TO 2010
CLIMATE RECORD PERIOD 1894 TO 2017


WEATHER ITEM   OBSERVED TIME   RECORD YEAR NORMAL DEPARTURE LAST
                VALUE   (LST)  VALUE       VALUE  FROM      YEAR
                                                  NORMAL
..................................................................
TEMPERATURE (F)
 YESTERDAY
  MAXIMUM         66    459 PM  92    1990  67     -1       85
  MINIMUM         56    427 AM  32    1919  46     10       54
  AVERAGE         61                        57      4       70

PRECIPITATION (IN)
  YESTERDAY        0.08          1.67 1939   0.11  -0.03     0.06
  MONTH TO DATE    2.30                      3.05  -0.75     1.66
  SINCE MAR 1      7.28                      6.97   0.31     3.46
  SINCE JAN 1     11.30                     12.66  -1.36    10.19

SNOWFALL (IN)
  YESTERDAY        0.0           T    1919   0.0    0.0      0.0
  MONTH TO DATE    0.0                       0.3   -0.3       T
  SINCE MAR 1      3.4                       2.2    1.2      2.7
  SINCE JUL 1      9.0                      20.2  -11.2     25.4
  SNOW DEPTH       0

DEGREE DAYS
 HEATING
  YESTERDAY        4                         9     -5        0
  MONTH TO DATE  210                       330   -120      322
  SINCE MAR 1    927                      1013    -86      824
  SINCE JUL 1   3929                      4636   -707     3832

 COOLING
  YESTERDAY        0                         1     -1        5
  MONTH TO DATE   10                         6      4       12
  SINCE MAR 1     10                         7      3       14
  SINCE JAN 1     10                         7      3       14
..................................................................


WIND (MPH)
  HIGHEST WIND SPEED    21   HIGHEST WIND DIRECTION    NE (50)
  HIGHEST GUST SPEED    26   HIGHEST GUST DIRECTION    NE (50)
  AVERAGE WIND SPEED     6.9


SKY COVER
  POSSIBLE SUNSHINE  MM
  AVERAGE SKY COVER 1.0


WEATHER CONDITIONS
 THE FOLLOWING WEATHER WAS RECORDED YESTERDAY.
  RAIN
  LIGHT RAIN
  FOG


RELATIVE HUMIDITY (PERCENT)
 HIGHEST   100           100 AM
 LOWEST     78           400 PM
 AVERAGE    89

..........................................................


THE WILMINGTON DE CLIMATE NORMALS FOR TODAY
                         NORMAL    RECORD    YEAR
 MAXIMUM TEMPERATURE (F)   68        92      1915
 MINIMUM TEMPERATURE (F)   47        32      1933


SUNRISE AND SUNSET
APRIL 27 2017.........SUNRISE   608 AM EDT   SUNSET   753 PM EDT
APRIL 28 2017.........SUNRISE   607 AM EDT   SUNSET   754 PM EDT


-  INDICATES NEGATIVE NUMBERS.
R  INDICATES RECORD WAS SET OR TIED.
MM INDICATES DATA IS MISSING.
T  INDICATES TRACE AMOUNT.




$$
