000
CDUS41 KPHI 250635
CLIILG


CLIMATE REPORT
NATIONAL WEATHER SERVICE MOUNT HOLLY NJ
233 AM EDT MON JUL 25 2016


...................................

...THE WILMINGTON DE CLIMATE SUMMARY FOR JULY 24 2016...

CLIMATE NORMAL PERIOD 1981 TO 2010
CLIMATE RECORD PERIOD 1894 TO 2016


WEATHER ITEM   OBSERVED TIME   RECORD YEAR NORMAL DEPARTURE LAST
                VALUE   (LST)  VALUE       VALUE  FROM      YEAR
                                                  NORMAL
..................................................................
TEMPERATURE (F)
 YESTERDAY
  MAXIMUM         92    156 PM  98    2011  86      6       86
  MINIMUM         68    524 AM  56    1985  68      0       60
  AVERAGE         80                        77      3       73

PRECIPITATION (IN)
  YESTERDAY        0.00          2.51 1958   0.14  -0.14     0.00
  MONTH TO DATE    3.08                      3.56  -0.48     1.61
  SINCE JUN 1      6.77                      7.44  -0.67    14.13
  SINCE JAN 1     24.44                     24.50  -0.06    32.81

SNOWFALL (IN)
  YESTERDAY        0.0           0.0  1894   0.0    0.0      0.0
  MONTH TO DATE    0.0                       0.0    0.0      0.0
  SINCE JUN 1      0.0                       0.0    0.0      0.0
  SINCE JUL 1      0.0                       0.0    0.0      0.0
  SNOW DEPTH       0

DEGREE DAYS
 HEATING
  YESTERDAY        0                         0      0        0
  MONTH TO DATE    0                         0      0        0
  SINCE JUN 1      5                        15    -10       18
  SINCE JUL 1      0                         0      0        0

 COOLING
  YESTERDAY       15                        12      3        8
  MONTH TO DATE  332                       284     48      278
  SINCE JUN 1    560                       515     45      546
  SINCE JAN 1    652                       594     58      714
..................................................................


WIND (MPH)
  HIGHEST WIND SPEED    14   HIGHEST WIND DIRECTION     S (180)
  HIGHEST GUST SPEED    17   HIGHEST GUST DIRECTION     S (170)
  AVERAGE WIND SPEED     6.3


SKY COVER
  POSSIBLE SUNSHINE  MM
  AVERAGE SKY COVER 0.0


WEATHER CONDITIONS
 THE FOLLOWING WEATHER WAS RECORDED YESTERDAY.
  NO SIGNIFICANT WEATHER WAS OBSERVED.


RELATIVE HUMIDITY (PERCENT)
 HIGHEST    90           200 AM
 LOWEST     41          1200 PM
 AVERAGE    66

..........................................................


THE WILMINGTON DE CLIMATE NORMALS FOR TODAY
                         NORMAL    RECORD    YEAR
 MAXIMUM TEMPERATURE (F)   86        96      1987
                                             1910
 MINIMUM TEMPERATURE (F)   68        56      1953
                                             1932


SUNRISE AND SUNSET
JULY 25 2016..........SUNRISE   556 AM EDT   SUNSET   822 PM EDT
JULY 26 2016..........SUNRISE   557 AM EDT   SUNSET   821 PM EDT


-  INDICATES NEGATIVE NUMBERS.
R  INDICATES RECORD WAS SET OR TIED.
MM INDICATES DATA IS MISSING.
T  INDICATES TRACE AMOUNT.




$$
