000
CDUS41 KPHI 312129
CLIILG


CLIMATE REPORT
NATIONAL WEATHER SERVICE MOUNT HOLLY NJ
528 PM EDT WED AUG 31 2016


...................................

...THE WILMINGTON DE CLIMATE SUMMARY FOR AUGUST 31 2016...
VALID TODAY AS OF 0500 PM LOCAL TIME.

CLIMATE NORMAL PERIOD 1981 TO 2010
CLIMATE RECORD PERIOD 1894 TO 2016


WEATHER ITEM   OBSERVED TIME   RECORD YEAR NORMAL DEPARTURE LAST
                VALUE   (LST)  VALUE       VALUE  FROM      YEAR
                                                  NORMAL
..................................................................
TEMPERATURE (F)
 TODAY
  MAXIMUM         88    353 PM 101    1953  82      6       90
  MINIMUM         64    603 AM  47    1934  64      0       74
  AVERAGE         76                        73      3       82

PRECIPITATION (IN)
  TODAY            0.00          3.95 1911   0.10  -0.10      T
  MONTH TO DATE    1.44                      3.25  -1.81     1.52
  SINCE JUN 1     11.48                     11.70  -0.22    16.36
  SINCE JAN 1     29.15                     28.76   0.39    35.04

SNOWFALL (IN)
  TODAY            0.0           0.0  1894   0.0    0.0      0.0
  MONTH TO DATE    0.0                       0.0    0.0      0.0
  SINCE JUN 1      0.0                       0.0    0.0      0.0
  SINCE JUL 1      0.0                       0.0    0.0      0.0
  SNOW DEPTH       0

DEGREE DAYS
 HEATING
  TODAY            0                         0      0        0
  MONTH TO DATE    0                         0      0        0
  SINCE JUN 1      5                        17    -12       18
  SINCE JUL 1      0                         2     -2        0

 COOLING
  TODAY           11                         8      3       17
  MONTH TO DATE  448                       316    132      338
  SINCE JUN 1   1129                       914    215      979
  SINCE JAN 1   1221                       993    228     1147
..................................................................


WIND (MPH)
  HIGHEST WIND SPEED    16   HIGHEST WIND DIRECTION    SE (150)
  HIGHEST GUST SPEED    20   HIGHEST GUST DIRECTION    SE (150)
  AVERAGE WIND SPEED     5.3


SKY COVER
  POSSIBLE SUNSHINE  MM
  AVERAGE SKY COVER 0.1


WEATHER CONDITIONS
 THE FOLLOWING WEATHER WAS RECORDED TODAY.
  LIGHT RAIN


RELATIVE HUMIDITY (PERCENT)
 HIGHEST    93           300 AM
 LOWEST     50           200 PM
 AVERAGE    72

..........................................................


THE WILMINGTON DE CLIMATE NORMALS FOR TOMORROW
                         NORMAL    RECORD    YEAR
 MAXIMUM TEMPERATURE (F)   82        97      1953
                                             1932
 MINIMUM TEMPERATURE (F)   63        47      1934


SUNRISE AND SUNSET
AUGUST 31 2016........SUNRISE   630 AM EDT   SUNSET   734 PM EDT
SEPTEMBER  1 2016.....SUNRISE   631 AM EDT   SUNSET   733 PM EDT


-  INDICATES NEGATIVE NUMBERS.
R  INDICATES RECORD WAS SET OR TIED.
MM INDICATES DATA IS MISSING.
T  INDICATES TRACE AMOUNT.




$$
