000
CDUS41 KPHI 212138
CLIILG


CLIMATE REPORT
NATIONAL WEATHER SERVICE MOUNT HOLLY NJ
436 PM EST WED FEB 21 2018


...................................

...THE WILMINGTON DE CLIMATE SUMMARY FOR FEBRUARY 21 2018...
VALID TODAY AS OF 0400 PM LOCAL TIME.

CLIMATE NORMAL PERIOD 1981 TO 2010
CLIMATE RECORD PERIOD 1894 TO 2018


WEATHER ITEM   OBSERVED TIME   RECORD YEAR NORMAL DEPARTURE LAST
                VALUE   (LST)  VALUE       VALUE  FROM      YEAR
                                                  NORMAL
..................................................................
TEMPERATURE (F)
 TODAY
  MAXIMUM         78R   357 PM  70    1953  45     33       48
  MINIMUM         49    357 AM   3    2015  28     21       35
  AVERAGE         64                        36     28       42

PRECIPITATION (IN)
  TODAY            T             2.00 1898   0.09  -0.09     0.00
  MONTH TO DATE    4.90                      1.99   2.91     0.86
  SINCE DEC 1      8.57                      8.48   0.09     6.12
  SINCE JAN 1      7.34                      5.00   2.34     3.53

SNOWFALL (IN)
  TODAY            0.0           8.0  1929   0.3   -0.3      0.0
  MONTH TO DATE    2.5                       6.7   -4.2      1.1
  SINCE DEC 1     13.8                      16.0   -2.2      5.6
  SINCE JUL 1     13.8                      16.4   -2.6      5.6
  SNOW DEPTH       0

DEGREE DAYS
 HEATING
  TODAY            1                        29    -28       23
  MONTH TO DATE  540                       643   -103      509
  SINCE DEC 1   2501                      2532    -31     2181
  SINCE JUL 1   3229                      3430   -201     2905

 COOLING
  TODAY            0                         0      0        0
  MONTH TO DATE    0                         0      0        0
  SINCE DEC 1      0                         0      0        0
  SINCE JAN 1      0                         0      0        0
..................................................................


WIND (MPH)
  HIGHEST WIND SPEED    22   HIGHEST WIND DIRECTION    SW (230)
  HIGHEST GUST SPEED    30   HIGHEST GUST DIRECTION    SW (240)
  AVERAGE WIND SPEED    10.9


SKY COVER
  POSSIBLE SUNSHINE  MM
  AVERAGE SKY COVER 0.8


WEATHER CONDITIONS
 THE FOLLOWING WEATHER WAS RECORDED TODAY.
  LIGHT RAIN
  FOG
  FOG W/VISIBILITY <= 1/4 MILE


RELATIVE HUMIDITY (PERCENT)
 HIGHEST   100          1200 AM
 LOWEST     58           300 PM
 AVERAGE    79

..........................................................


THE WILMINGTON DE CLIMATE NORMALS FOR TOMORROW
                         NORMAL    RECORD    YEAR
 MAXIMUM TEMPERATURE (F)   45        69      1997
                                             1974
 MINIMUM TEMPERATURE (F)   28         7      1968


SUNRISE AND SUNSET
FEBRUARY 21 2018......SUNRISE   647 AM EST   SUNSET   546 PM EST
FEBRUARY 22 2018......SUNRISE   645 AM EST   SUNSET   547 PM EST


-  INDICATES NEGATIVE NUMBERS.
R  INDICATES RECORD WAS SET OR TIED.
MM INDICATES DATA IS MISSING.
T  INDICATES TRACE AMOUNT.




$$
