366
CDUS41 KPHI 260627
CLIILG


CLIMATE REPORT
NATIONAL WEATHER SERVICE MOUNT HOLLY NJ
227 AM EDT MON SEP 26 2016


...................................

...THE WILMINGTON DE CLIMATE SUMMARY FOR SEPTEMBER 25 2016...

CLIMATE NORMAL PERIOD 1981 TO 2010
CLIMATE RECORD PERIOD 1894 TO 2016


WEATHER ITEM   OBSERVED TIME   RECORD YEAR NORMAL DEPARTURE LAST
                VALUE   (LST)  VALUE       VALUE  FROM      YEAR
                                                  NORMAL
..................................................................
TEMPERATURE (F)
 YESTERDAY
  MAXIMUM         74    335 PM  93    1970  74      0       78
  MINIMUM         49    603 AM  37    1997  54     -5       59
  AVERAGE         62                        64     -2       69

PRECIPITATION (IN)
  YESTERDAY        0.00          2.03 1991   0.16  -0.16     0.00
  MONTH TO DATE    1.19                      3.53  -2.34     0.95
  SINCE SEP 1      1.19                      3.53  -2.34     0.95
  SINCE JAN 1     30.45                     32.29  -1.84    35.99

SNOWFALL (IN)
  YESTERDAY        0.0           0.0  1894   0.0    0.0      0.0
  MONTH TO DATE    0.0                       0.0    0.0      0.0
  SINCE SEP 1      0.0                       0.0    0.0      0.0
  SINCE JUL 1      0.0                       0.0    0.0      0.0
  SNOW DEPTH       0

DEGREE DAYS
 HEATING
  YESTERDAY        3                         3      0        0
  MONTH TO DATE    5                        30    -25        0
  SINCE SEP 1      5                        30    -25        0
  SINCE JUL 1      5                        32    -27        0

 COOLING
  YESTERDAY        0                         2     -2        4
  MONTH TO DATE  232                       124    108      205
  SINCE SEP 1    232                       124    108      205
  SINCE JAN 1   1453                      1117    336     1352
..................................................................


WIND (MPH)
  HIGHEST WIND SPEED    12   HIGHEST WIND DIRECTION     N (20)
  HIGHEST GUST SPEED    15   HIGHEST GUST DIRECTION     N (20)
  AVERAGE WIND SPEED     5.5


SKY COVER
  POSSIBLE SUNSHINE  MM
  AVERAGE SKY COVER 0.0


WEATHER CONDITIONS
 THE FOLLOWING WEATHER WAS RECORDED YESTERDAY.
  NO SIGNIFICANT WEATHER WAS OBSERVED.


RELATIVE HUMIDITY (PERCENT)
 HIGHEST    83          1200 AM
 LOWEST     29           300 PM
 AVERAGE    56

..........................................................


THE WILMINGTON DE CLIMATE NORMALS FOR TODAY
                         NORMAL    RECORD    YEAR
 MAXIMUM TEMPERATURE (F)   74        92      2007
                                             1895
 MINIMUM TEMPERATURE (F)   54        35      1940


SUNRISE AND SUNSET
SEPTEMBER 26 2016.....SUNRISE   654 AM EDT   SUNSET   652 PM EDT
SEPTEMBER 27 2016.....SUNRISE   655 AM EDT   SUNSET   650 PM EDT


-  INDICATES NEGATIVE NUMBERS.
R  INDICATES RECORD WAS SET OR TIED.
MM INDICATES DATA IS MISSING.
T  INDICATES TRACE AMOUNT.




$$
