000
CDUS41 KPHI 260630
CLIILG


CLIMATE REPORT
NATIONAL WEATHER SERVICE MOUNT HOLLY NJ
226 AM EDT SAT JUL 26 2014


...................................

...THE WILMINGTON DE CLIMATE SUMMARY FOR JULY 25 2014...

CLIMATE NORMAL PERIOD 1981 TO 2010
CLIMATE RECORD PERIOD 1894 TO 2014


WEATHER ITEM   OBSERVED TIME   RECORD YEAR NORMAL DEPARTURE LAST
                VALUE   (LST)  VALUE       VALUE  FROM      YEAR
                                                  NORMAL
..................................................................
TEMPERATURE (F)
 YESTERDAY
  MAXIMUM         83    103 PM  96    1987  86     -3       76
  MINIMUM         58    527 AM  56    1953  68    -10       62
                                      1932
  AVERAGE         71                        77     -6       69

PRECIPITATION (IN)
  YESTERDAY        0.00          0.99 1931   0.15  -0.15     0.00
  MONTH TO DATE    3.98                      3.71   0.27     2.33
  SINCE JUN 1      9.01                      7.59   1.42    15.99
  SINCE JAN 1     31.34                     24.65   6.69    29.39

SNOWFALL (IN)
  YESTERDAY        0.0           0.0  1894   0.0    0.0      0.0
  MONTH TO DATE    0.0                       0.0    0.0      0.0
  SINCE JUN 1      0.0                       0.0    0.0      0.0
  SINCE JUL 1      0.0                       0.0    0.0      0.0
  SNOW DEPTH       0

DEGREE DAYS
 HEATING
  YESTERDAY        0                         0      0        0
  MONTH TO DATE    0                         0      0        0
  SINCE JUN 1      2                        15    -13        0
  SINCE JUL 1      0                         0      0        0

 COOLING
  YESTERDAY        6                        12     -6        4
  MONTH TO DATE  304                       296      8      405
  SINCE JUN 1    544                       527     17      658
  SINCE JAN 1    611                       606      5      765
..................................................................


WIND (MPH)
  HIGHEST WIND SPEED    14   HIGHEST WIND DIRECTION     S (170)
  HIGHEST GUST SPEED    16   HIGHEST GUST DIRECTION     S (180)
  AVERAGE WIND SPEED     5.6


SKY COVER
  POSSIBLE SUNSHINE  MM
  AVERAGE SKY COVER 0.0


WEATHER CONDITIONS
 THE FOLLOWING WEATHER WAS RECORDED YESTERDAY.
  NO SIGNIFICANT WEATHER WAS OBSERVED.


RELATIVE HUMIDITY (PERCENT)
 HIGHEST    78           300 AM
 LOWEST     39           100 PM
 AVERAGE    59

..........................................................


THE WILMINGTON DE CLIMATE NORMALS FOR TODAY
                         NORMAL    RECORD    YEAR
 MAXIMUM TEMPERATURE (F)   86        99      1894
 MINIMUM TEMPERATURE (F)   68        51      1920


SUNRISE AND SUNSET
JULY 26 2014..........SUNRISE   556 AM EDT   SUNSET   821 PM EDT
JULY 27 2014..........SUNRISE   557 AM EDT   SUNSET   820 PM EDT


-  INDICATES NEGATIVE NUMBERS.
R  INDICATES RECORD WAS SET OR TIED.
MM INDICATES DATA IS MISSING.
T  INDICATES TRACE AMOUNT.




$$
