000
CDUS41 KPHI 242130
CLIILG


CLIMATE REPORT
NATIONAL WEATHER SERVICE MOUNT HOLLY NJ
530 PM EDT SUN MAY 24 2015


...................................

...THE WILMINGTON DE CLIMATE SUMMARY FOR MAY 24 2015...
VALID TODAY AS OF 0500 PM LOCAL TIME.

CLIMATE NORMAL PERIOD 1981 TO 2010
CLIMATE RECORD PERIOD 1894 TO 2015


WEATHER ITEM   OBSERVED TIME   RECORD YEAR NORMAL DEPARTURE LAST
                VALUE   (LST)  VALUE       VALUE  FROM      YEAR
                                                  NORMAL
..................................................................
TEMPERATURE (F)
 TODAY
  MAXIMUM         79    358 PM  94    1925  75      4       75
  MINIMUM         46    455 AM  36    1963  55     -9       52
  AVERAGE         63                        65     -2       64

PRECIPITATION (IN)
  TODAY            0.00          2.23 1999   0.13  -0.13     0.00
  MONTH TO DATE    1.84                      3.02  -1.18     2.63
  SINCE MAR 1     11.52                     10.44   1.08    13.29
  SINCE JAN 1     18.13                     16.13   2.00    21.87

SNOWFALL (IN)
  TODAY            0.0           0.0  1894   0.0    0.0      0.0
  MONTH TO DATE    0.0                       0.0    0.0      0.0
  SINCE MAR 1      8.6                       2.2    6.4      7.7
  SINCE JUL 1     23.4                      20.2    3.2     56.1
  SNOW DEPTH       0

DEGREE DAYS
 HEATING
  TODAY            2                         3     -1        1
  MONTH TO DATE   56                       118    -62       67
  SINCE MAR 1   1218                      1164     54     1261
  SINCE JUL 1   5057                      4787    270     5116

 COOLING
  TODAY            0                         3     -3        0
  MONTH TO DATE   84                        41     43       36
  SINCE MAR 1     88                        53     35       43
  SINCE JAN 1     88                        53     35       43
..................................................................


WIND (MPH)
  HIGHEST WIND SPEED    15   HIGHEST WIND DIRECTION    SW (230)
  HIGHEST GUST SPEED    20   HIGHEST GUST DIRECTION     W (250)
  AVERAGE WIND SPEED     5.8


SKY COVER
  POSSIBLE SUNSHINE  MM
  AVERAGE SKY COVER 0.0


WEATHER CONDITIONS
 THE FOLLOWING WEATHER WAS RECORDED TODAY.
  NO SIGNIFICANT WEATHER WAS OBSERVED.


RELATIVE HUMIDITY (PERCENT)
 HIGHEST    86           500 AM
 LOWEST     32           400 PM
 AVERAGE    59

..........................................................


THE WILMINGTON DE CLIMATE NORMALS FOR TOMORROW
                         NORMAL    RECORD    YEAR
 MAXIMUM TEMPERATURE (F)   76        92      1991
 MINIMUM TEMPERATURE (F)   56        39      1956


SUNRISE AND SUNSET
MAY 24 2015...........SUNRISE   541 AM EDT   SUNSET   818 PM EDT
MAY 25 2015...........SUNRISE   540 AM EDT   SUNSET   819 PM EDT


-  INDICATES NEGATIVE NUMBERS.
R  INDICATES RECORD WAS SET OR TIED.
MM INDICATES DATA IS MISSING.
T  INDICATES TRACE AMOUNT.




$$
