762
CDUS41 KPHI 122128
CLIILG


CLIMATE REPORT
NATIONAL WEATHER SERVICE MOUNT HOLLY NJ
427 PM EST TUE DEC 12 2017


...................................

...THE WILMINGTON DE CLIMATE SUMMARY FOR DECEMBER 12 2017...
VALID TODAY AS OF 0400 PM LOCAL TIME.

CLIMATE NORMAL PERIOD 1981 TO 2010
CLIMATE RECORD PERIOD 1894 TO 2017


WEATHER ITEM   OBSERVED TIME   RECORD YEAR NORMAL DEPARTURE LAST
                VALUE   (LST)  VALUE       VALUE  FROM      YEAR
                                                  NORMAL
..................................................................
TEMPERATURE (F)
 TODAY
  MAXIMUM         46    212 PM  68    2015  46      0       50
  MINIMUM         39   1211 AM   8    1988  30      9       35
  AVERAGE         43                        38      5       43

PRECIPITATION (IN)
  TODAY            0.00          1.85 1983   0.12  -0.12     0.31
  MONTH TO DATE    0.52                      1.49  -0.97     1.12
  SINCE DEC 1      0.52                      1.49  -0.97     1.12
  SINCE JAN 1     39.19                     41.09  -1.90    39.31

SNOWFALL (IN)
  TODAY            0.0           5.2  1982   0.1   -0.1      0.0
  MONTH TO DATE    4.1                       1.1    3.0       T
  SINCE DEC 1      4.1                       1.1    3.0       T
  SINCE JUL 1      4.1                       1.5    2.6       T
  SNOW DEPTH       0

DEGREE DAYS
 HEATING
  TODAY           22                        27     -5       22
  MONTH TO DATE  285                       308    -23      292
  SINCE DEC 1    285                       308    -23      292
  SINCE JUL 1   1013                      1206   -193     1016

 COOLING
  TODAY            0                         0      0        0
  MONTH TO DATE    0                         0      0        0
  SINCE DEC 1      0                         0      0        0
  SINCE JAN 1   1304                      1145    159     1489
..................................................................


WIND (MPH)
  HIGHEST WIND SPEED    23   HIGHEST WIND DIRECTION     S (170)
  HIGHEST GUST SPEED    31   HIGHEST GUST DIRECTION     S (170)
  AVERAGE WIND SPEED    11.4


SKY COVER
  POSSIBLE SUNSHINE  MM
  AVERAGE SKY COVER 0.6


WEATHER CONDITIONS
 THE FOLLOWING WEATHER WAS RECORDED TODAY.
  NO SIGNIFICANT WEATHER WAS OBSERVED.


RELATIVE HUMIDITY (PERCENT)
 HIGHEST    76           500 AM
 LOWEST     60           200 PM
 AVERAGE    68

..........................................................


THE WILMINGTON DE CLIMATE NORMALS FOR TOMORROW
                         NORMAL    RECORD    YEAR
 MAXIMUM TEMPERATURE (F)   45        67      2015
 MINIMUM TEMPERATURE (F)   29         7      1960


SUNRISE AND SUNSET
DECEMBER 12 2017......SUNRISE   714 AM EST   SUNSET   438 PM EST
DECEMBER 13 2017......SUNRISE   715 AM EST   SUNSET   439 PM EST


-  INDICATES NEGATIVE NUMBERS.
R  INDICATES RECORD WAS SET OR TIED.
MM INDICATES DATA IS MISSING.
T  INDICATES TRACE AMOUNT.




$$
