000
CDUS42 KILM 191320
CLIILM


CLIMATE REPORT
NATIONAL WEATHER SERVICE WILMINGTON NC
820 AM EST MON FEB 19 2018


...................................

...THE WILMINGTON NORTH CAROLINA CLIMATE SUMMARY FOR FEBRUARY 18 2018...

CLIMATE NORMAL PERIOD 1981 TO 2010
CLIMATE RECORD PERIOD 1871 TO 2018


WEATHER ITEM   OBSERVED TIME   RECORD YEAR NORMAL DEPARTURE LAST
                VALUE   (LST)  VALUE       VALUE  FROM      YEAR
                                                  NORMAL
..................................................................
TEMPERATURE (F)
 YESTERDAY
  MAXIMUM         66   1238 PM  80    1891  60      6       74
  MINIMUM         50   1159 PM  11    1958  38     12       46
  AVERAGE         58                        49      9       60

PRECIPITATION (IN)
  YESTERDAY        0.00          1.92 1964   0.14  -0.14     0.00
  MONTH TO DATE    1.68                      2.30  -0.62     1.32
  SINCE DEC 1     12.36                      9.68   2.68    10.90
  SINCE JAN 1      8.50                      6.06   2.44     5.54

SNOWFALL (IN)
  YESTERDAY        0.0          11.1  1896   0.0    0.0      0.0
  MONTH TO DATE    0.0                       0.2   -0.2      0.0
  SINCE DEC 1      3.8                       1.4    2.4       T
  SINCE JUL 1      3.8                       1.4    2.4       T
  SNOW DEPTH       0

DEGREE DAYS
 HEATING
  YESTERDAY        7                        16     -9        5
  MONTH TO DATE  209                       306    -97      212
  SINCE DEC 1   1433                      1412     21     1099
  SINCE JUL 1   1771                      1781    -10     1458

 COOLING
  YESTERDAY        0                         0      0        0
  MONTH TO DATE   14                         0     14        5
  SINCE DEC 1     15                         7      8        8
  SINCE JAN 1     15                         2     13        5
..................................................................


WIND (MPH)
  RESULTANT WIND SPEED   7   RESULTANT WIND DIRECTION   E (70)
  HIGHEST WIND SPEED    21   HIGHEST WIND DIRECTION     E (100)
  HIGHEST GUST SPEED    27   HIGHEST GUST DIRECTION     E (80)
  AVERAGE WIND SPEED    11.2


SKY COVER
  POSSIBLE SUNSHINE  MM
  AVERAGE SKY COVER 0.9


WEATHER CONDITIONS
 THE FOLLOWING WEATHER WAS RECORDED YESTERDAY.
  FOG


RELATIVE HUMIDITY (PERCENT)
 HIGHEST   100          1200 AM
 LOWEST     48          1200 PM
 AVERAGE    74

..........................................................


THE WILMINGTON NORTH CAROLINA CLIMATE NORMALS FOR TODAY
                         NORMAL    RECORD    YEAR
 MAXIMUM TEMPERATURE (F)   61        78      1976
 MINIMUM TEMPERATURE (F)   38        17      1958


SUNRISE AND SUNSET
FEBRUARY 19 2018......SUNRISE   652 AM EST   SUNSET   559 PM EST
FEBRUARY 20 2018......SUNRISE   651 AM EST   SUNSET   600 PM EST


-  INDICATES NEGATIVE NUMBERS.
R  INDICATES RECORD WAS SET OR TIED.
MM INDICATES DATA IS MISSING.
T  INDICATES TRACE AMOUNT.




$$
