000
CDUS42 KILM 210841
CLIILM


CLIMATE REPORT
NATIONAL WEATHER SERVICE WILMINGTON NC
441 AM EDT MON APR 21 2014


...................................

...THE WILMINGTON NC CLIMATE SUMMARY FOR APRIL 20 2014...

CLIMATE NORMAL PERIOD 1981 TO 2010
CLIMATE RECORD PERIOD 1871 TO 2014


WEATHER ITEM   OBSERVED TIME   RECORD YEAR NORMAL DEPARTURE LAST
                VALUE   (LST)  VALUE       VALUE  FROM      YEAR
                                                  NORMAL
..................................................................
TEMPERATURE (F)
 YESTERDAY
  MAXIMUM         59    357 PM  91    1995  75    -16       68
  MINIMUM         52   1209 AM  30    1983  53     -1       47
  AVERAGE         56                        64     -8       58

PRECIPITATION (IN)
  YESTERDAY        0.16          1.30 1918   0.09   0.07     0.24
  MONTH TO DATE    4.44                      1.87   2.57     4.29
  SINCE MAR 1     10.83                      6.08   4.75     6.73
  SINCE JAN 1     16.29                     13.46   2.83    14.00

SNOWFALL (IN)
  YESTERDAY        0.0          MM      MM   0.0    0.0      0.0
  MONTH TO DATE    0.0                       0.0    0.0      0.0
  SINCE MAR 1      0.0                       0.2   -0.2      0.0
  SINCE JUL 1      1.0                       1.7   -0.7       T
  SNOW DEPTH       0

DEGREE DAYS
 HEATING
  YESTERDAY        9                         3      6        7
  MONTH TO DATE   77                       104    -27       91
  SINCE MAR 1    490                       427     63      561
  SINCE JUL 1   2424                      2356     68     2368

 COOLING
  YESTERDAY        0                         3     -3        0
  MONTH TO DATE   58                        35     23       43
  SINCE MAR 1     60                        51      9       45
  SINCE JAN 1     65                        56      9       57
..................................................................


WIND (MPH)
  HIGHEST WIND SPEED    36   HIGHEST WIND DIRECTION     N (20)
  HIGHEST GUST SPEED    47   HIGHEST GUST DIRECTION     N (20)
  AVERAGE WIND SPEED    18.6


SKY COVER
  POSSIBLE SUNSHINE  MM
  AVERAGE SKY COVER 1.0


WEATHER CONDITIONS
 THE FOLLOWING WEATHER WAS RECORDED YESTERDAY.
  RAIN
  LIGHT RAIN
  FOG


RELATIVE HUMIDITY (PERCENT)
 HIGHEST    93           300 AM
 LOWEST     61          1100 PM
 AVERAGE    77

..........................................................


THE WILMINGTON NC CLIMATE NORMALS FOR TODAY
                         NORMAL    RECORD    YEAR
 MAXIMUM TEMPERATURE (F)   76        93      2002
 MINIMUM TEMPERATURE (F)   53        32      1983


SUNRISE AND SUNSET
APRIL 21 2014.........SUNRISE   633 AM EDT   SUNSET   748 PM EDT
APRIL 22 2014.........SUNRISE   632 AM EDT   SUNSET   749 PM EDT


-  INDICATES NEGATIVE NUMBERS.
R  INDICATES RECORD WAS SET OR TIED.
MM INDICATES DATA IS MISSING.
T  INDICATES TRACE AMOUNT.




$$
