000
CDUS42 KILM 280846
CLIILM


CLIMATE REPORT
NATIONAL WEATHER SERVICE WILMINGTON NC
444 AM EDT SAT MAR 28 2015


...................................

...THE WILMINGTON NC CLIMATE SUMMARY FOR MARCH 27 2015...

CLIMATE NORMAL PERIOD 1981 TO 2010
CLIMATE RECORD PERIOD 1871 TO 2015


WEATHER ITEM   OBSERVED TIME   RECORD YEAR NORMAL DEPARTURE LAST
                VALUE   (LST)  VALUE       VALUE  FROM      YEAR
                                                  NORMAL
..................................................................
TEMPERATURE (F)
 YESTERDAY
  MAXIMUM         73   1133 AM  85    2007  69      4       58
  MINIMUM         43   1159 PM  24    1955  47     -4       26
  AVERAGE         58                        58      0       42

PRECIPITATION (IN)
  YESTERDAY        0.75          4.75 1882   0.14   0.61     0.00
  MONTH TO DATE    3.39                      3.70  -0.31     3.46
  SINCE MAR 1      3.39                      3.70  -0.31     3.46
  SINCE JAN 1     12.71                     11.08   1.63     8.92

SNOWFALL (IN)
  YESTERDAY        0.0          MM      MM   0.0    0.0      0.0
  MONTH TO DATE    0.0                       0.2   -0.2      0.0
  SINCE MAR 1      0.0                       0.2   -0.2      0.0
  SINCE JUL 1      0.3                       1.7   -1.4      1.0
  SNOW DEPTH       0

DEGREE DAYS
 HEATING
  YESTERDAY        7                         8     -1       23
  MONTH TO DATE  247                       293    -46      396
  SINCE MAR 1    247                       293    -46      396
  SINCE JUL 1   2430                      2222    208     2330

 COOLING
  YESTERDAY        0                         1     -1        0
  MONTH TO DATE   20                        12      8        0
  SINCE MAR 1     20                        12      8        0
  SINCE JAN 1     26                        17      9        5
..................................................................


WIND (MPH)
  HIGHEST WIND SPEED    23   HIGHEST WIND DIRECTION     N (340)
  HIGHEST GUST SPEED    33   HIGHEST GUST DIRECTION     N (350)
  AVERAGE WIND SPEED     8.6


SKY COVER
  POSSIBLE SUNSHINE  MM
  AVERAGE SKY COVER 0.9


WEATHER CONDITIONS
 THE FOLLOWING WEATHER WAS RECORDED YESTERDAY.
  THUNDERSTORM
  HEAVY RAIN
  RAIN
  LIGHT RAIN
  FOG


RELATIVE HUMIDITY (PERCENT)
 HIGHEST   100           400 AM
 LOWEST     73          1100 AM
 AVERAGE    87

..........................................................


THE WILMINGTON NC CLIMATE NORMALS FOR TODAY
                         NORMAL    RECORD    YEAR
 MAXIMUM TEMPERATURE (F)   70        90      1907
 MINIMUM TEMPERATURE (F)   47        29      1955


SUNRISE AND SUNSET
MARCH 28 2015.........SUNRISE   705 AM EDT   SUNSET   729 PM EDT
MARCH 29 2015.........SUNRISE   703 AM EDT   SUNSET   730 PM EDT


-  INDICATES NEGATIVE NUMBERS.
R  INDICATES RECORD WAS SET OR TIED.
MM INDICATES DATA IS MISSING.
T  INDICATES TRACE AMOUNT.




$$
