000
CDUS42 KILM 210941
CLIILM


CLIMATE REPORT
NATIONAL WEATHER SERVICE WILMINGTON NC
440 AM EST TUE FEB 21 2017


...................................

...THE WILMINGTON NC CLIMATE SUMMARY FOR FEBRUARY 20 2017...

CLIMATE NORMAL PERIOD 1981 TO 2010
CLIMATE RECORD PERIOD 1871 TO 2017


WEATHER ITEM   OBSERVED TIME   RECORD YEAR NORMAL DEPARTURE LAST
                VALUE   (LST)  VALUE       VALUE  FROM      YEAR
                                                  NORMAL
..................................................................
TEMPERATURE (F)
 YESTERDAY
  MAXIMUM         73   1211 PM  81    1991  61     12       70
  MINIMUM         45    209 AM  13    2015  39      6       39
  AVERAGE         59                        50      9       55

PRECIPITATION (IN)
  YESTERDAY        0.00          1.92 1914   0.13  -0.13     0.00
  MONTH TO DATE    1.32                      2.56  -1.24     6.95
  SINCE DEC 1     10.90                      9.94   0.96    16.90
  SINCE JAN 1      5.54                      6.32  -0.78    11.40

SNOWFALL (IN)
  YESTERDAY        0.0           T    1993   0.0    0.0      0.0
  MONTH TO DATE    0.0                       0.2   -0.2       T
  SINCE DEC 1      T                         1.4   -1.4       T
  SINCE JUL 1      T                         1.4   -1.4       T
  SNOW DEPTH       0

DEGREE DAYS
 HEATING
  YESTERDAY        6                        15     -9       10
  MONTH TO DATE  222                       337   -115      372
  SINCE DEC 1   1109                      1443   -334     1175
  SINCE JUL 1   1468                      1812   -344     1405

 COOLING
  YESTERDAY        0                         0      0        0
  MONTH TO DATE    5                         0      5        0
  SINCE DEC 1      8                         7      1       76
  SINCE JAN 1      5                         2      3        0
..................................................................


WIND (MPH)
  HIGHEST WIND SPEED    13   HIGHEST WIND DIRECTION     E (100)
  HIGHEST GUST SPEED    17   HIGHEST GUST DIRECTION     E (110)
  AVERAGE WIND SPEED     5.5


SKY COVER
  POSSIBLE SUNSHINE  MM
  AVERAGE SKY COVER 0.0


WEATHER CONDITIONS
 THE FOLLOWING WEATHER WAS RECORDED YESTERDAY.
  NO SIGNIFICANT WEATHER WAS OBSERVED.


RELATIVE HUMIDITY (PERCENT)
 HIGHEST    93           100 AM
 LOWEST     38          1200 PM
 AVERAGE    66

..........................................................


THE WILMINGTON NC CLIMATE NORMALS FOR TODAY
                         NORMAL    RECORD    YEAR
 MAXIMUM TEMPERATURE (F)   61        78      2014
 MINIMUM TEMPERATURE (F)   39        12      1896


SUNRISE AND SUNSET
FEBRUARY 21 2017......SUNRISE   650 AM EST   SUNSET   601 PM EST
FEBRUARY 22 2017......SUNRISE   649 AM EST   SUNSET   602 PM EST


-  INDICATES NEGATIVE NUMBERS.
R  INDICATES RECORD WAS SET OR TIED.
MM INDICATES DATA IS MISSING.
T  INDICATES TRACE AMOUNT.




$$
