000
CDUS43 KILX 240649
CLIILX


CLIMATE REPORT
NATIONAL WEATHER SERVICE LINCOLN IL
1248 AM CST SAT FEB 24 2018


...................................

...THE LINCOLN IL CLIMATE SUMMARY FOR FEBRUARY 23 2018...

CLIMATE NORMAL PERIOD 1981 TO 2010
CLIMATE RECORD PERIOD 1905 TO 2018


WEATHER ITEM   OBSERVED TIME   RECORD YEAR NORMAL DEPARTURE LAST
                VALUE   (LST)  VALUE       VALUE  FROM      YEAR
                                                  NORMAL
..................................................................
TEMPERATURE (F)
 YESTERDAY
  MAXIMUM         45        MM  68    1983  42      3       58
  MINIMUM         35        MM  -7    2015  25     10       39
  AVERAGE         40                        33      7       49

PRECIPITATION (IN)
  YESTERDAY        0.08          1.30 1914   0.07   0.01     0.02
  MONTH TO DATE    4.06                      1.45   2.61     0.47
  SINCE DEC 1      5.25                      6.02  -0.77     3.59
  SINCE JAN 1      4.79                      3.38   1.41     2.23

SNOWFALL (IN)
  YESTERDAY        0.0          13.0  1914   0.2   -0.2      0.0
  MONTH TO DATE    2.8                       5.0   -2.2      3.4
  SINCE DEC 1      9.9                      17.1   -7.2      7.2
  SINCE JUL 1      9.9                      17.7   -7.8      7.2
  SNOW DEPTH       0

DEGREE DAYS
 HEATING
  YESTERDAY       25                        32     -7       16
  MONTH TO DATE  846                       814     32      577
  SINCE DEC 1   3247                      3125    122     2715
  SINCE JUL 1   4300                      4268     32     3492

 COOLING
  YESTERDAY        0                         0      0        0
  MONTH TO DATE    0                         0      0        0
  SINCE DEC 1      0                         0      0        0
  SINCE JAN 1      0                         0      0        0
..................................................................


WIND (MPH)
  HIGHEST WIND SPEED    MM   HIGHEST WIND DIRECTION    MM
  HIGHEST GUST SPEED    MM   HIGHEST GUST DIRECTION    MM
  AVERAGE WIND SPEED    MM


SKY COVER
  POSSIBLE SUNSHINE  MM


WEATHER CONDITIONS
 THE FOLLOWING WEATHER WAS RECORDED YESTERDAY.
  LIGHT RAIN
  FOG


..........................................................


THE LINCOLN IL CLIMATE NORMALS FOR TODAY
                         NORMAL    RECORD    YEAR
 MAXIMUM TEMPERATURE (F)   42        74      1930
 MINIMUM TEMPERATURE (F)   25        -8      1989


SUNRISE AND SUNSET
FEBRUARY 24 2018......SUNRISE   638 AM CST   SUNSET   543 PM CST
FEBRUARY 25 2018......SUNRISE   637 AM CST   SUNSET   545 PM CST


-  INDICATES NEGATIVE NUMBERS.
R  INDICATES RECORD WAS SET OR TIED.
MM INDICATES DATA IS MISSING.
T  INDICATES TRACE AMOUNT.




$$
