000
CDUS43 KILX 270645
CLIILX


CLIMATE REPORT
NATIONAL WEATHER SERVICE LINCOLN IL
140 AM CDT WED MAY 27 2015


...................................

...THE LINCOLN IL CLIMATE SUMMARY FOR MAY 26 2015...

CLIMATE NORMAL PERIOD 1981 TO 2010
CLIMATE RECORD PERIOD 1905 TO 2015


WEATHER ITEM   OBSERVED TIME   RECORD YEAR NORMAL DEPARTURE LAST
                VALUE   (LST)  VALUE       VALUE  FROM      YEAR
                                                  NORMAL
..................................................................
TEMPERATURE (F)
 YESTERDAY
  MAXIMUM         77        MM  94    1926  77      0       89
  MINIMUM         64        MM  29    1925  55      9       60
  AVERAGE         71                        66      5       75

PRECIPITATION (IN)
  YESTERDAY        0.26          1.45 1956   0.13   0.13     0.00
  MONTH TO DATE    5.61                      3.49   2.12     1.48
  SINCE MAR 1      9.40                      9.70  -0.30     6.36
  SINCE JAN 1     12.16                     13.45  -1.29    11.02

SNOWFALL (IN)
  YESTERDAY        0.0           0.0    MM   0.0    0.0      0.0
  MONTH TO DATE    0.0                       0.0    0.0      0.0
  SINCE MAR 1      3.7                       2.0    1.7      4.7
  SINCE JUL 1     21.9                      20.5    1.4     46.3
  SNOW DEPTH       0

DEGREE DAYS
 HEATING
  YESTERDAY        0                         3     -3        0
  MONTH TO DATE   91                       127    -36      136
  SINCE MAR 1   1243                      1259    -16     1425
  SINCE JUL 1   6180                      5682    498     6669

 COOLING
  YESTERDAY        6                         4      2       10
  MONTH TO DATE   92                        54     38       80
  SINCE MAR 1     93                        69     24       81
  SINCE JAN 1     93                        69     24       81
..................................................................


WIND (MPH)
  HIGHEST WIND SPEED    MM   HIGHEST WIND DIRECTION    MM
  HIGHEST GUST SPEED    MM   HIGHEST GUST DIRECTION    MM
  AVERAGE WIND SPEED    MM


SKY COVER
  POSSIBLE SUNSHINE  MM


WEATHER CONDITIONS
 THE FOLLOWING WEATHER WAS RECORDED YESTERDAY.
  HEAVY RAIN
  RAIN
  LIGHT RAIN


..........................................................


THE LINCOLN IL CLIMATE NORMALS FOR TODAY
                         NORMAL    RECORD    YEAR
 MAXIMUM TEMPERATURE (F)   78        94      1985
 MINIMUM TEMPERATURE (F)   55        33      1961


SUNRISE AND SUNSET
MAY 27 2015...........SUNRISE   533 AM CDT   SUNSET   817 PM CDT
MAY 28 2015...........SUNRISE   532 AM CDT   SUNSET   817 PM CDT


-  INDICATES NEGATIVE NUMBERS.
R  INDICATES RECORD WAS SET OR TIED.
MM INDICATES DATA IS MISSING.
T  INDICATES TRACE AMOUNT.




$$
