000
CDUS43 KILX 280635
CLIILX


CLIMATE REPORT
NATIONAL WEATHER SERVICE LINCOLN IL
133 AM CDT SUN MAY 28 2017


...................................

...THE LINCOLN IL CLIMATE SUMMARY FOR MAY 27 2017...

CLIMATE NORMAL PERIOD 1981 TO 2010
CLIMATE RECORD PERIOD 1905 TO 2017


WEATHER ITEM   OBSERVED TIME   RECORD YEAR NORMAL DEPARTURE LAST
                VALUE   (LST)  VALUE       VALUE  FROM      YEAR
                                                  NORMAL
..................................................................
TEMPERATURE (F)
 YESTERDAY
  MAXIMUM         80        MM  94    1985  78      2       80
  MINIMUM         60        MM  33    1961  55      5       66
  AVERAGE         70                        66      4       73

PRECIPITATION (IN)
  YESTERDAY        0.00          2.05 1916   0.14  -0.14      T
  MONTH TO DATE    3.30                      3.63  -0.33     3.04
  SINCE MAR 1     13.31                      9.84   3.47     9.50
  SINCE JAN 1     15.96                     13.59   2.37    11.74

SNOWFALL (IN)
  YESTERDAY        0.0           0.0    MM   0.0    0.0      0.0
  MONTH TO DATE    0.0                       0.0    0.0      0.0
  SINCE MAR 1      3.7                       2.0    1.7       T
  SINCE JUL 1     10.9                      20.5   -9.6     12.3
  SNOW DEPTH       0

DEGREE DAYS
 HEATING
  YESTERDAY        0                         2     -2        0
  MONTH TO DATE  152                       129     23      155
  SINCE MAR 1   1105                      1261   -156     1078
  SINCE JUL 1   4713                      5684   -971     4873

 COOLING
  YESTERDAY        5                         4      1        8
  MONTH TO DATE   62                        58      4       43
  SINCE MAR 1     76                        73      3       51
  SINCE JAN 1     76                        73      3       51
..................................................................


WIND (MPH)
  HIGHEST WIND SPEED    MM   HIGHEST WIND DIRECTION    MM
  HIGHEST GUST SPEED    MM   HIGHEST GUST DIRECTION    MM
  AVERAGE WIND SPEED    MM


SKY COVER
  POSSIBLE SUNSHINE  MM


WEATHER CONDITIONS
 THE FOLLOWING WEATHER WAS RECORDED YESTERDAY.
  NO SIGNIFICANT WEATHER WAS OBSERVED.


..........................................................


THE LINCOLN IL CLIMATE NORMALS FOR TODAY
                         NORMAL    RECORD    YEAR
 MAXIMUM TEMPERATURE (F)   78        94      2006
 MINIMUM TEMPERATURE (F)   56        37      1928


SUNRISE AND SUNSET
MAY 28 2017...........SUNRISE   532 AM CDT   SUNSET   818 PM CDT
MAY 29 2017...........SUNRISE   531 AM CDT   SUNSET   819 PM CDT


-  INDICATES NEGATIVE NUMBERS.
R  INDICATES RECORD WAS SET OR TIED.
MM INDICATES DATA IS MISSING.
T  INDICATES TRACE AMOUNT.




$$
