000
CDUS43 KILX 020651
CLIILX


CLIMATE REPORT
NATIONAL WEATHER SERVICE LINCOLN IL
1240 AM CST MON MAR 2 2015


...................................

...THE LINCOLN IL CLIMATE SUMMARY FOR MARCH 1 2015...

CLIMATE NORMAL PERIOD 1981 TO 2010
CLIMATE RECORD PERIOD 1905 TO 2015


WEATHER ITEM   OBSERVED TIME   RECORD YEAR NORMAL DEPARTURE LAST
                VALUE   (LST)  VALUE       VALUE  FROM      YEAR
                                                  NORMAL
..................................................................
TEMPERATURE (F)
 YESTERDAY
  MAXIMUM         27        MM  69    1909  44    -17       34
  MINIMUM         20        MM  -2    1960  27     -7       15
  AVERAGE         24                        35    -11       25

PRECIPITATION (IN)
  YESTERDAY        0.24          0.62 1987   0.07   0.17     0.01
  MONTH TO DATE    0.24                      0.07   0.17     0.01
  SINCE MAR 1      0.24                      0.07   0.17     0.01
  SINCE JAN 1      3.00                      3.82  -0.82     4.67

SNOWFALL (IN)
  YESTERDAY        3.7           3.8  1916   0.1    3.6      0.2
  MONTH TO DATE    3.7                       0.1    3.6      0.2
  SINCE MAR 1      3.7                       0.1    3.6      0.2
  SINCE JUL 1     21.9                      18.6    3.3     41.8
  SNOW DEPTH       5

DEGREE DAYS
 HEATING
  YESTERDAY       41                        30     11       40
  MONTH TO DATE   41                        30     11       40
  SINCE MAR 1     41                        30     11       40
  SINCE JUL 1   4978                      4453    525     5284

 COOLING
  YESTERDAY        0                         0      0        0
  MONTH TO DATE    0                         0      0        0
  SINCE MAR 1      0                         0      0        0
  SINCE JAN 1      0                         0      0        0
..................................................................


WIND (MPH)
  HIGHEST WIND SPEED    MM   HIGHEST WIND DIRECTION    MM
  HIGHEST GUST SPEED    MM   HIGHEST GUST DIRECTION    MM
  AVERAGE WIND SPEED    MM


SKY COVER
  POSSIBLE SUNSHINE  MM


WEATHER CONDITIONS
 THE FOLLOWING WEATHER WAS RECORDED YESTERDAY.
  SNOW
  LIGHT SNOW
  FOG


..........................................................


THE LINCOLN IL CLIMATE NORMALS FOR TODAY
                         NORMAL    RECORD    YEAR
 MAXIMUM TEMPERATURE (F)   45        75      1976
 MINIMUM TEMPERATURE (F)   27        -2      1913


SUNRISE AND SUNSET
MARCH  2 2015.........SUNRISE   630 AM CST   SUNSET   550 PM CST
MARCH  3 2015.........SUNRISE   628 AM CST   SUNSET   551 PM CST


-  INDICATES NEGATIVE NUMBERS.
R  INDICATES RECORD WAS SET OR TIED.
MM INDICATES DATA IS MISSING.
T  INDICATES TRACE AMOUNT.




$$
