000
CDUS43 KILX 160631
CLIILX


CLIMATE REPORT
NATIONAL WEATHER SERVICE LINCOLN IL
130 AM CDT TUE SEP 16 2014


...................................

...THE LINCOLN IL CLIMATE SUMMARY FOR SEPTEMBER 15 2014...

CLIMATE NORMAL PERIOD 1981 TO 2010
CLIMATE RECORD PERIOD 1905 TO 2014


WEATHER ITEM   OBSERVED TIME   RECORD YEAR NORMAL DEPARTURE LAST
                VALUE   (LST)  VALUE       VALUE  FROM      YEAR
                                                  NORMAL
..................................................................
TEMPERATURE (F)
 YESTERDAY
  MAXIMUM         59        MM 100    1939  79    -20       74
  MINIMUM         45        MM  37    2011  54     -9       50
                                      2007
  AVERAGE         52                        66    -14       62

PRECIPITATION (IN)
  YESTERDAY        1.07          2.55 1915   0.11   0.96     0.27
  MONTH TO DATE    7.04                      1.68   5.36     0.41
  SINCE SEP 1      7.04                      1.68   5.36     0.41
  SINCE JAN 1     35.69                     29.10   6.59    29.55

SNOWFALL (IN)
  YESTERDAY        0.0           0.0    MM   0.0    0.0      0.0
  MONTH TO DATE    0.0                       0.0    0.0      0.0
  SINCE SEP 1      0.0                       0.0    0.0      0.0
  SINCE JUL 1      0.0                       0.0    0.0       T
  SNOW DEPTH       0

DEGREE DAYS
 HEATING
  YESTERDAY       13                         2     11        3
  MONTH TO DATE   67                        19     48       19
  SINCE SEP 1     67                        19     48       19
  SINCE JUL 1     77                        28     49       41

 COOLING
  YESTERDAY        0                         4     -4        0
  MONTH TO DATE   59                        79    -20      105
  SINCE SEP 1     59                        79    -20      105
  SINCE JAN 1    813                       968   -155      876
..................................................................


WIND (MPH)
  HIGHEST WIND SPEED    MM   HIGHEST WIND DIRECTION    MM
  HIGHEST GUST SPEED    MM   HIGHEST GUST DIRECTION    MM
  AVERAGE WIND SPEED    MM


SKY COVER
  POSSIBLE SUNSHINE  MM


WEATHER CONDITIONS
 THE FOLLOWING WEATHER WAS RECORDED YESTERDAY.
  THUNDERSTORM
  HEAVY RAIN
  RAIN
  LIGHT RAIN
  FOG


..........................................................


THE LINCOLN IL CLIMATE NORMALS FOR TODAY
                         NORMAL    RECORD    YEAR
 MAXIMUM TEMPERATURE (F)   79        98      1939
 MINIMUM TEMPERATURE (F)   54        31      1916


SUNRISE AND SUNSET
SEPTEMBER 16 2014.....SUNRISE   639 AM CDT   SUNSET   704 PM CDT
SEPTEMBER 17 2014.....SUNRISE   640 AM CDT   SUNSET   703 PM CDT


-  INDICATES NEGATIVE NUMBERS.
R  INDICATES RECORD WAS SET OR TIED.
MM INDICATES DATA IS MISSING.
T  INDICATES TRACE AMOUNT.




$$
