000
CDUS43 KILX 190644
CLIILX


CLIMATE REPORT
NATIONAL WEATHER SERVICE LINCOLN IL
1233 AM CST FRI DEC 19 2014


...................................

...THE LINCOLN IL CLIMATE SUMMARY FOR DECEMBER 18 2014...

CLIMATE NORMAL PERIOD 1981 TO 2010
CLIMATE RECORD PERIOD 1905 TO 2014


WEATHER ITEM   OBSERVED TIME   RECORD YEAR NORMAL DEPARTURE LAST
                VALUE   (LST)  VALUE       VALUE  FROM      YEAR
                                                  NORMAL
..................................................................
TEMPERATURE (F)
 YESTERDAY
  MAXIMUM         28        MM  63    1939  36     -8       39
  MINIMUM         19        MM  -8    1922  21     -2        5
  AVERAGE         24                        28     -4       22

PRECIPITATION (IN)
  YESTERDAY        0.02          2.18 1924   0.07  -0.05     0.00
  MONTH TO DATE    0.73                      1.63  -0.90     0.57
  SINCE DEC 1      0.73                      1.63  -0.90     0.57
  SINCE JAN 1     43.66                     38.59   5.07    35.36

SNOWFALL (IN)
  YESTERDAY        0.4           5.0  1929   0.3    0.1      0.0
  MONTH TO DATE    0.4                       3.1   -2.7      6.4
  SINCE DEC 1      0.4                       3.1   -2.7      6.4
  SINCE JUL 1      1.4                       3.7   -2.3      6.9
  SNOW DEPTH       0

DEGREE DAYS
 HEATING
  YESTERDAY       41                        36      5       43
  MONTH TO DATE  592                       606    -14      723
  SINCE DEC 1    592                       606    -14      723
  SINCE JUL 1   1990                      1749    241     2001

 COOLING
  YESTERDAY        0                         0      0        0
  MONTH TO DATE    0                         0      0        0
  SINCE DEC 1      0                         0      0        0
  SINCE JAN 1    838                      1017   -179      947
..................................................................


WIND (MPH)
  HIGHEST WIND SPEED    MM   HIGHEST WIND DIRECTION    MM
  HIGHEST GUST SPEED    MM   HIGHEST GUST DIRECTION    MM
  AVERAGE WIND SPEED    MM


SKY COVER
  POSSIBLE SUNSHINE  MM


WEATHER CONDITIONS
 THE FOLLOWING WEATHER WAS RECORDED YESTERDAY.
  LIGHT SNOW


..........................................................


THE LINCOLN IL CLIMATE NORMALS FOR TODAY
                         NORMAL    RECORD    YEAR
 MAXIMUM TEMPERATURE (F)   36        60      1957
 MINIMUM TEMPERATURE (F)   21       -15      1983


SUNRISE AND SUNSET
DECEMBER 19 2014......SUNRISE   715 AM CST   SUNSET   434 PM CST
DECEMBER 20 2014......SUNRISE   716 AM CST   SUNSET   434 PM CST


-  INDICATES NEGATIVE NUMBERS.
R  INDICATES RECORD WAS SET OR TIED.
MM INDICATES DATA IS MISSING.
T  INDICATES TRACE AMOUNT.




$$
