000
CDUS43 KILX 240634
CLIILX


CLIMATE REPORT
NATIONAL WEATHER SERVICE LINCOLN IL
133 AM CDT SUN SEP 24 2017


...................................

...THE LINCOLN IL CLIMATE SUMMARY FOR SEPTEMBER 23 2017...

CLIMATE NORMAL PERIOD 1981 TO 2010
CLIMATE RECORD PERIOD 1905 TO 2017


WEATHER ITEM   OBSERVED TIME   RECORD YEAR NORMAL DEPARTURE LAST
                VALUE   (LST)  VALUE       VALUE  FROM      YEAR
                                                  NORMAL
..................................................................
TEMPERATURE (F)
 YESTERDAY
  MAXIMUM         93R       MM  92    2007  76     17       91
                                      1937
  MINIMUM         63        MM  28    1995  50     13       61
  AVERAGE         78                        63     15       76

PRECIPITATION (IN)
  YESTERDAY        0.00          1.16 1970   0.10  -0.10     0.00
  MONTH TO DATE    0.71                      2.49  -1.78     3.92
  SINCE SEP 1      0.71                      2.49  -1.78     3.92
  SINCE JAN 1     25.83                     29.91  -4.08    33.36

SNOWFALL (IN)
  YESTERDAY        0.0           0.0    MM   0.0    0.0      0.0
  MONTH TO DATE    0.0                       0.0    0.0      0.0
  SINCE SEP 1      0.0                       0.0    0.0      0.0
  SINCE JUL 1      T                         0.0    0.0      0.0
  SNOW DEPTH       0

DEGREE DAYS
 HEATING
  YESTERDAY        0                         4     -4        0
  MONTH TO DATE   52                        45      7        1
  SINCE SEP 1     52                        45      7        1
  SINCE JUL 1     58                        54      4       10

 COOLING
  YESTERDAY       13                         2     11       11
  MONTH TO DATE  106                       102      4      170
  SINCE SEP 1    106                       102      4      170
  SINCE JAN 1    905                       991    -86     1161
..................................................................


WIND (MPH)
  HIGHEST WIND SPEED    MM   HIGHEST WIND DIRECTION    MM
  HIGHEST GUST SPEED    MM   HIGHEST GUST DIRECTION    MM
  AVERAGE WIND SPEED    MM


SKY COVER
  POSSIBLE SUNSHINE  MM


WEATHER CONDITIONS
 THE FOLLOWING WEATHER WAS RECORDED YESTERDAY.
  NO SIGNIFICANT WEATHER WAS OBSERVED.


..........................................................


THE LINCOLN IL CLIMATE NORMALS FOR TODAY
                         NORMAL    RECORD    YEAR
 MAXIMUM TEMPERATURE (F)   75        93      1935
 MINIMUM TEMPERATURE (F)   50        28      1928


SUNRISE AND SUNSET
SEPTEMBER 24 2017.....SUNRISE   647 AM CDT   SUNSET   651 PM CDT
SEPTEMBER 25 2017.....SUNRISE   648 AM CDT   SUNSET   649 PM CDT


-  INDICATES NEGATIVE NUMBERS.
R  INDICATES RECORD WAS SET OR TIED.
MM INDICATES DATA IS MISSING.
T  INDICATES TRACE AMOUNT.




$$
