000
CDUS43 KILX 260646
CLIILX


CLIMATE REPORT
NATIONAL WEATHER SERVICE LINCOLN IL
137 AM CDT WED JUL 26 2017


...................................

...THE LINCOLN IL CLIMATE SUMMARY FOR JULY 25 2017...

CLIMATE NORMAL PERIOD 1981 TO 2010
CLIMATE RECORD PERIOD 1905 TO 2017


WEATHER ITEM   OBSERVED TIME   RECORD YEAR NORMAL DEPARTURE LAST
                VALUE   (LST)  VALUE       VALUE  FROM      YEAR
                                                  NORMAL
..................................................................
TEMPERATURE (F)
 YESTERDAY
  MAXIMUM         83        MM 105    1934  85     -2       84
  MINIMUM         59        MM  48    1913  64     -5       69
  AVERAGE         71                        74     -3       77

PRECIPITATION (IN)
  YESTERDAY        0.00          1.19 1979   0.16  -0.16     0.06
  MONTH TO DATE    4.39                      4.20   0.19     7.81
  SINCE JUN 1      5.37                      8.52  -3.15    10.17
  SINCE JAN 1     21.50                     22.64  -1.14    22.12

SNOWFALL (IN)
  YESTERDAY        0.0           0.0    MM   0.0    0.0      0.0
  MONTH TO DATE    T                         0.0    0.0      0.0
  SINCE JUN 1      T                         0.0    0.0      0.0
  SINCE JUL 1      T                         0.0    0.0      0.0
  SNOW DEPTH       0

DEGREE DAYS
 HEATING
  YESTERDAY        0                         0      0        0
  MONTH TO DATE    0                         0      0        9
  SINCE JUN 1      7                        17    -10       11
  SINCE JUL 1      0                         0      0        9

 COOLING
  YESTERDAY        6                        10     -4       12
  MONTH TO DATE  288                       257     31      254
  SINCE JUN 1    560                       489     71      536
  SINCE JAN 1    650                       580     70      623
..................................................................


WIND (MPH)
  HIGHEST WIND SPEED    MM   HIGHEST WIND DIRECTION    MM
  HIGHEST GUST SPEED    MM   HIGHEST GUST DIRECTION    MM
  AVERAGE WIND SPEED    MM


SKY COVER
  POSSIBLE SUNSHINE  MM


WEATHER CONDITIONS
 THE FOLLOWING WEATHER WAS RECORDED YESTERDAY.
  NO SIGNIFICANT WEATHER WAS OBSERVED.


..........................................................


THE LINCOLN IL CLIMATE NORMALS FOR TODAY
                         NORMAL    RECORD    YEAR
 MAXIMUM TEMPERATURE (F)   85       104      1930
 MINIMUM TEMPERATURE (F)   64        44      1911


SUNRISE AND SUNSET
JULY 26 2017..........SUNRISE   550 AM CDT   SUNSET   817 PM CDT
JULY 27 2017..........SUNRISE   551 AM CDT   SUNSET   816 PM CDT


-  INDICATES NEGATIVE NUMBERS.
R  INDICATES RECORD WAS SET OR TIED.
MM INDICATES DATA IS MISSING.
T  INDICATES TRACE AMOUNT.




$$
