000
CDUS43 KILX 260634
CLIILX


CLIMATE REPORT
NATIONAL WEATHER SERVICE LINCOLN IL
1234 AM CST SUN FEB 26 2017


...................................

...THE LINCOLN IL CLIMATE SUMMARY FOR FEBRUARY 25 2017...

CLIMATE NORMAL PERIOD 1981 TO 2010
CLIMATE RECORD PERIOD 1905 TO 2017


WEATHER ITEM   OBSERVED TIME   RECORD YEAR NORMAL DEPARTURE LAST
                VALUE   (LST)  VALUE       VALUE  FROM      YEAR
                                                  NORMAL
..................................................................
TEMPERATURE (F)
 YESTERDAY
  MAXIMUM         34        MM  72    1930  43     -9       41
  MINIMUM         19        MM  -9    1914  25     -6       33
  AVERAGE         27                        34     -7       37

PRECIPITATION (IN)
  YESTERDAY        T             0.80 1926   0.08  -0.08     0.00
  MONTH TO DATE    0.50                      1.60  -1.10     1.25
  SINCE DEC 1      3.62                      6.17  -2.55     9.05
  SINCE JAN 1      2.26                      3.53  -1.27     2.24

SNOWFALL (IN)
  YESTERDAY        T             3.5  1934   0.1   -0.1      0.0
  MONTH TO DATE    3.4                       5.3   -1.9      5.7
  SINCE DEC 1      7.2                      17.4  -10.2     11.3
  SINCE JUL 1      7.2                      18.0  -10.8     12.3
  SNOW DEPTH       0

DEGREE DAYS
 HEATING
  YESTERDAY       38                        31      7       28
  MONTH TO DATE  631                       877   -246      819
  SINCE DEC 1   2769                      3188   -419     2779
  SINCE JUL 1   3546                      4331   -785     3706

 COOLING
  YESTERDAY        0                         0      0        0
  MONTH TO DATE    0                         0      0        0
  SINCE DEC 1      0                         0      0        0
  SINCE JAN 1      0                         0      0        0
..................................................................


WIND (MPH)
  HIGHEST WIND SPEED    MM   HIGHEST WIND DIRECTION    MM
  HIGHEST GUST SPEED    MM   HIGHEST GUST DIRECTION    MM
  AVERAGE WIND SPEED    MM


SKY COVER
  POSSIBLE SUNSHINE  MM


WEATHER CONDITIONS
 THE FOLLOWING WEATHER WAS RECORDED YESTERDAY.
  LIGHT SNOW


..........................................................


THE LINCOLN IL CLIMATE NORMALS FOR TODAY
                         NORMAL    RECORD    YEAR
 MAXIMUM TEMPERATURE (F)   43        71      1996
 MINIMUM TEMPERATURE (F)   26       -16      1963


SUNRISE AND SUNSET
FEBRUARY 26 2017......SUNRISE   635 AM CST   SUNSET   546 PM CST
FEBRUARY 27 2017......SUNRISE   633 AM CST   SUNSET   547 PM CST


-  INDICATES NEGATIVE NUMBERS.
R  INDICATES RECORD WAS SET OR TIED.
MM INDICATES DATA IS MISSING.
T  INDICATES TRACE AMOUNT.




$$
