000
CDUS43 KILX 290703
CLIILX


CLIMATE REPORT
NATIONAL WEATHER SERVICE LINCOLN IL
202 AM CDT SAT AUG 29 2015


...................................

...THE LINCOLN IL CLIMATE SUMMARY FOR AUGUST 28 2015...

CLIMATE NORMAL PERIOD 1981 TO 2010
CLIMATE RECORD PERIOD 1905 TO 2015


WEATHER ITEM   OBSERVED TIME   RECORD YEAR NORMAL DEPARTURE LAST
                VALUE   (LST)  VALUE       VALUE  FROM      YEAR
                                                  NORMAL
..................................................................
TEMPERATURE (F)
 YESTERDAY
  MAXIMUM         80        MM  98    1953  84     -4       86
  MINIMUM         55        MM  40    1916  61     -6       65
  AVERAGE         68                        72     -4       76

PRECIPITATION (IN)
  YESTERDAY        0.00          3.22 1949   0.12  -0.12     0.78
  MONTH TO DATE    1.04                      3.57  -2.53     4.33
  SINCE JUN 1     16.64                     12.95   3.69    15.53
  SINCE JAN 1     31.03                     27.07   3.96    26.85

SNOWFALL (IN)
  YESTERDAY        0.0           0.0    MM   0.0    0.0      0.0
  MONTH TO DATE    0.0                       0.0    0.0      0.0
  SINCE JUN 1      0.0                       0.0    0.0      0.0
  SINCE JUL 1      0.0                       0.0    0.0      0.0
  SNOW DEPTH       0

DEGREE DAYS
 HEATING
  YESTERDAY        0                         0      0        0
  MONTH TO DATE    3                         0      3        1
  SINCE JUN 1     17                        19     -2       17
  SINCE JUL 1      9                         2      7       10

 COOLING
  YESTERDAY        3                         7     -4       11
  MONTH TO DATE  179                       235    -56      220
  SINCE JUN 1    665                       778   -113      586
  SINCE JAN 1    776                       869    -93      715
..................................................................


WIND (MPH)
  HIGHEST WIND SPEED    MM   HIGHEST WIND DIRECTION    MM
  HIGHEST GUST SPEED    MM   HIGHEST GUST DIRECTION    MM
  AVERAGE WIND SPEED    MM


SKY COVER
  POSSIBLE SUNSHINE  MM


WEATHER CONDITIONS
 THE FOLLOWING WEATHER WAS RECORDED YESTERDAY.
  NO SIGNIFICANT WEATHER WAS OBSERVED.


..........................................................


THE LINCOLN IL CLIMATE NORMALS FOR TODAY
                         NORMAL    RECORD    YEAR
 MAXIMUM TEMPERATURE (F)   83        99      1953
 MINIMUM TEMPERATURE (F)   60        39      1986


SUNRISE AND SUNSET
AUGUST 29 2015........SUNRISE   622 AM CDT   SUNSET   734 PM CDT
AUGUST 30 2015........SUNRISE   623 AM CDT   SUNSET   732 PM CDT


-  INDICATES NEGATIVE NUMBERS.
R  INDICATES RECORD WAS SET OR TIED.
MM INDICATES DATA IS MISSING.
T  INDICATES TRACE AMOUNT.




$$
