000
CDUS43 KIND 300533
CLIIND


CLIMATE REPORT
NATIONAL WEATHER SERVICE INDIANAPOLIS IN
132 AM EDT SAT AUG 30 2014


...................................

...THE INDIANAPOLIS IN CLIMATE SUMMARY FOR AUGUST 29 2014...

CLIMATE NORMAL PERIOD 1981 TO 2010
CLIMATE RECORD PERIOD 1871 TO 2014


WEATHER ITEM   OBSERVED TIME   RECORD YEAR NORMAL DEPARTURE LAST
                VALUE   (LST)  VALUE       VALUE  FROM      YEAR
                                                  NORMAL
..................................................................
TEMPERATURE (F)
 YESTERDAY
  MAXIMUM         87    420 PM  97    1953  83      4       90
  MINIMUM         68    647 AM  41    1965  63      5       72
  AVERAGE         78                        73      5       81

PRECIPITATION (IN)
  YESTERDAY        T             1.38 1985   0.10  -0.10     0.00
  MONTH TO DATE    2.92                      2.93  -0.01     0.85
  SINCE JUN 1     13.06                     11.73   1.33     7.80
  SINCE JAN 1     30.49                     29.13   1.36    29.63

SNOWFALL (IN)
  YESTERDAY        0.0           0.0    MM   0.0    0.0      0.0
  MONTH TO DATE    0.0                       0.0    0.0      0.0
  SINCE JUN 1      0.0                       0.0    0.0      0.0
  SINCE JUL 1      0.0                       0.0    0.0      0.0
  SNOW DEPTH       0

DEGREE DAYS
 HEATING
  YESTERDAY        0                         0      0        0
  MONTH TO DATE    2                         0      2        5
  SINCE JUN 1      8                        17     -9       17
  SINCE JUL 1      6                         1      5        8

 COOLING
  YESTERDAY       13                         8      5       16
  MONTH TO DATE  262                       274    -12      284
  SINCE JUN 1    672                       823   -151      795
  SINCE JAN 1    776                       907   -131      924
..................................................................


WIND (MPH)
  HIGHEST WIND SPEED    15   HIGHEST WIND DIRECTION    SE (140)
  HIGHEST GUST SPEED    19   HIGHEST GUST DIRECTION     S (160)
  AVERAGE WIND SPEED     8.9


SKY COVER
  AVERAGE SKY COVER 0.7


WEATHER CONDITIONS
 THE FOLLOWING WEATHER WAS RECORDED YESTERDAY.
  THUNDERSTORM
  LIGHT RAIN


RELATIVE HUMIDITY (PERCENT)
 HIGHEST    81           500 AM
 LOWEST     57           300 PM
 AVERAGE    69

..........................................................


THE INDIANAPOLIS IN CLIMATE NORMALS FOR TODAY
                         NORMAL    RECORD    YEAR
 MAXIMUM TEMPERATURE (F)   83        95      1964
                                             1953
                                             1881
 MINIMUM TEMPERATURE (F)   63        42      1986
                                             1946


SUNRISE AND SUNSET
AUGUST 30 2014........SUNRISE   711 AM EDT   SUNSET   819 PM EDT
AUGUST 31 2014........SUNRISE   712 AM EDT   SUNSET   818 PM EDT


-  INDICATES NEGATIVE NUMBERS.
R  INDICATES RECORD WAS SET OR TIED.
MM INDICATES DATA IS MISSING.
T  INDICATES TRACE AMOUNT.




$$
