000
CDUS43 KIND 290533
CLIIND


CLIMATE REPORT
NATIONAL WEATHER SERVICE INDIANAPOLIS IN
1233 AM EST MON DEC 29 2014


...................................

...THE INDIANAPOLIS IN CLIMATE SUMMARY FOR DECEMBER 28 2014...

CLIMATE NORMAL PERIOD 1981 TO 2010
CLIMATE RECORD PERIOD 1871 TO 2014


WEATHER ITEM   OBSERVED TIME   RECORD YEAR NORMAL DEPARTURE LAST
                VALUE   (LST)  VALUE       VALUE  FROM      YEAR
                                                  NORMAL
..................................................................
TEMPERATURE (F)
 YESTERDAY
  MAXIMUM         33    124 AM  65    1984  36     -3       53
  MINIMUM         22   1140 PM -13    1924  22      0       31
  AVERAGE         28                        29     -1       42

PRECIPITATION (IN)
  YESTERDAY        T             2.02 1874   0.10  -0.10     0.00
  MONTH TO DATE    2.55                      2.87  -0.32     4.44
  SINCE DEC 1      2.55                      2.87  -0.32     4.44
  SINCE JAN 1     41.57                     42.14  -0.57    45.92

SNOWFALL (IN)
  YESTERDAY        0.0           5.3  1988   0.3   -0.3      0.0
  MONTH TO DATE    0.1                       6.1   -6.0      8.8
  SINCE DEC 1      0.1                       6.1   -6.0      8.8
  SINCE JUL 1      2.8                       7.2   -4.4      8.9
  SNOW DEPTH       0

DEGREE DAYS
 HEATING
  YESTERDAY       37                        36      1       23
  MONTH TO DATE  847                       925    -78      965
  SINCE DEC 1    847                       925    -78      965
  SINCE JUL 1   2126                      1967    159     2109

 COOLING
  YESTERDAY        0                         0      0        0
  MONTH TO DATE    0                         0      0        0
  SINCE DEC 1      0                         0      0        0
  SINCE JAN 1    900                      1066   -166     1160
..................................................................


WIND (MPH)
  HIGHEST WIND SPEED    16   HIGHEST WIND DIRECTION    NW (320)
  HIGHEST GUST SPEED    18   HIGHEST GUST DIRECTION    NW (330)
  AVERAGE WIND SPEED     7.5


SKY COVER
  AVERAGE SKY COVER 0.9


WEATHER CONDITIONS
 THE FOLLOWING WEATHER WAS RECORDED YESTERDAY.
  LIGHT RAIN


RELATIVE HUMIDITY (PERCENT)
 HIGHEST    96          1200 AM
 LOWEST     78           200 PM
 AVERAGE    87

..........................................................


THE INDIANAPOLIS IN CLIMATE NORMALS FOR TODAY
                         NORMAL    RECORD    YEAR
 MAXIMUM TEMPERATURE (F)   36        66      1889
 MINIMUM TEMPERATURE (F)   22       -13      1880


SUNRISE AND SUNSET
DECEMBER 29 2014......SUNRISE   806 AM EST   SUNSET   529 PM EST
DECEMBER 30 2014......SUNRISE   806 AM EST   SUNSET   530 PM EST


-  INDICATES NEGATIVE NUMBERS.
R  INDICATES RECORD WAS SET OR TIED.
MM INDICATES DATA IS MISSING.
T  INDICATES TRACE AMOUNT.




$$
