000
CDUS43 KIND 290534
CLIIND


CLIMATE REPORT
NATIONAL WEATHER SERVICE INDIANAPOLIS IN
1234 AM EST THU JAN 29 2015


...................................

...THE INDIANAPOLIS IN CLIMATE SUMMARY FOR JANUARY 28 2015...

CLIMATE NORMAL PERIOD 1981 TO 2010
CLIMATE RECORD PERIOD 1871 TO 2015


WEATHER ITEM   OBSERVED TIME   RECORD YEAR NORMAL DEPARTURE LAST
                VALUE   (LST)  VALUE       VALUE  FROM      YEAR
                                                  NORMAL
..................................................................
TEMPERATURE (F)
 YESTERDAY
  MAXIMUM         34    450 PM  65    2002  36     -2       12
                                      1914
  MINIMUM         15    817 AM -18    1963  21     -6       -6
  AVERAGE         25                        28     -3        3

PRECIPITATION (IN)
  YESTERDAY        0.00          2.00 1876   0.08  -0.08     0.00
  MONTH TO DATE    1.67                      2.42  -0.75     2.33
  SINCE DEC 1      4.22                      5.59  -1.37     6.77
  SINCE JAN 1      1.67                      2.42  -0.75     2.33

SNOWFALL (IN)
  YESTERDAY        0.0           8.0  2009   0.3   -0.3      0.0
  MONTH TO DATE    2.4                       7.7   -5.3     26.7
  SINCE DEC 1      2.5                      14.6  -12.1     35.5
  SINCE JUL 1      5.2                      15.7  -10.5     35.6
  SNOW DEPTH       0

DEGREE DAYS
 HEATING
  YESTERDAY       40                        37      3       62
  MONTH TO DATE 1119                      1036     83     1261
  SINCE DEC 1   2093                      2070     23     2340
  SINCE JUL 1   3372                      3112    260     3484

 COOLING
  YESTERDAY        0                         0      0        0
  MONTH TO DATE    0                         0      0        0
  SINCE DEC 1      0                         0      0        0
  SINCE JAN 1      0                         0      0        0
..................................................................


WIND (MPH)
  HIGHEST WIND SPEED    21   HIGHEST WIND DIRECTION    SE (150)
  HIGHEST GUST SPEED    27   HIGHEST GUST DIRECTION    SE (150)
  AVERAGE WIND SPEED     9.2


SKY COVER
  AVERAGE SKY COVER 0.5


WEATHER CONDITIONS
 THE FOLLOWING WEATHER WAS RECORDED YESTERDAY.
  FOG
  HAZE


RELATIVE HUMIDITY (PERCENT)
 HIGHEST    88           600 AM
 LOWEST     45           200 PM
 AVERAGE    67

..........................................................


THE INDIANAPOLIS IN CLIMATE NORMALS FOR TODAY
                         NORMAL    RECORD    YEAR
 MAXIMUM TEMPERATURE (F)   36        66      2002
 MINIMUM TEMPERATURE (F)   21       -13      1873


SUNRISE AND SUNSET
JANUARY 29 2015.......SUNRISE   756 AM EST   SUNSET   601 PM EST
JANUARY 30 2015.......SUNRISE   755 AM EST   SUNSET   602 PM EST


-  INDICATES NEGATIVE NUMBERS.
R  INDICATES RECORD WAS SET OR TIED.
MM INDICATES DATA IS MISSING.
T  INDICATES TRACE AMOUNT.




$$
