000
CDUS43 KIND 280540
CLIIND


CLIMATE REPORT
NATIONAL WEATHER SERVICE INDIANAPOLIS IN
1240 AM EST SAT FEB 28 2015


...................................

...THE INDIANAPOLIS IN CLIMATE SUMMARY FOR FEBRUARY 27 2015...

CLIMATE NORMAL PERIOD 1981 TO 2010
CLIMATE RECORD PERIOD 1871 TO 2015


WEATHER ITEM   OBSERVED TIME   RECORD YEAR NORMAL DEPARTURE LAST
                VALUE   (LST)  VALUE       VALUE  FROM      YEAR
                                                  NORMAL
..................................................................
TEMPERATURE (F)
 YESTERDAY
  MAXIMUM         18    501 PM  73    1996  45    -27       20
  MINIMUM          2    836 AM  -7    1963  27    -25        9
  AVERAGE         10                        36    -26       15

PRECIPITATION (IN)
  YESTERDAY        0.00          1.11 2011   0.09  -0.09     0.00
  MONTH TO DATE    1.11                      2.23  -1.12     2.45
  SINCE DEC 1      5.47                      8.06  -2.59     9.23
  SINCE JAN 1      2.92                      4.89  -1.97     4.79

SNOWFALL (IN)
  YESTERDAY        0.0           6.8  1984   0.1   -0.1      0.0
  MONTH TO DATE   11.8                       6.3    5.5     16.5
  SINCE DEC 1     15.0                      21.8   -6.8     52.2
  SINCE JUL 1     17.7                      22.9   -5.2     52.3
  SNOW DEPTH       4

DEGREE DAYS
 HEATING
  YESTERDAY       55                        29     26       50
  MONTH TO DATE 1200                       893    307     1144
  SINCE DEC 1   3398                      3072    326     3610
  SINCE JUL 1   4677                      4114    563     4754

 COOLING
  YESTERDAY        0                         0      0        0
  MONTH TO DATE    0                         0      0        0
  SINCE DEC 1      0                         0      0        0
  SINCE JAN 1      0                         0      0        0
..................................................................


WIND (MPH)
  HIGHEST WIND SPEED    13   HIGHEST WIND DIRECTION     W (290)
  HIGHEST GUST SPEED    16   HIGHEST GUST DIRECTION     W (290)
  AVERAGE WIND SPEED     6.0


SKY COVER
  AVERAGE SKY COVER 0.3


WEATHER CONDITIONS
 THE FOLLOWING WEATHER WAS RECORDED YESTERDAY.
  FOG


RELATIVE HUMIDITY (PERCENT)
 HIGHEST    91           500 AM
 LOWEST     43           500 PM
 AVERAGE    67

..........................................................


THE INDIANAPOLIS IN CLIMATE NORMALS FOR TODAY
                         NORMAL    RECORD    YEAR
 MAXIMUM TEMPERATURE (F)   45        68      1895
 MINIMUM TEMPERATURE (F)   28         2      1993


SUNRISE AND SUNSET
FEBRUARY 28 2015......SUNRISE   720 AM EST   SUNSET   636 PM EST
MARCH  1 2015.........SUNRISE   719 AM EST   SUNSET   637 PM EST


-  INDICATES NEGATIVE NUMBERS.
R  INDICATES RECORD WAS SET OR TIED.
MM INDICATES DATA IS MISSING.
T  INDICATES TRACE AMOUNT.




$$
