000
CDUS43 KIND 280537
CLIIND


CLIMATE REPORT
NATIONAL WEATHER SERVICE INDIANAPOLIS IN
135 AM EDT TUE JUL 28 2015


...................................

...THE INDIANAPOLIS IN CLIMATE SUMMARY FOR JULY 27 2015...

CLIMATE NORMAL PERIOD 1981 TO 2010
CLIMATE RECORD PERIOD 1871 TO 2015


WEATHER ITEM   OBSERVED TIME   RECORD YEAR NORMAL DEPARTURE LAST
                VALUE   (LST)  VALUE       VALUE  FROM      YEAR
                                                  NORMAL
..................................................................
TEMPERATURE (F)
 YESTERDAY
  MAXIMUM         89    504 PM 100    1916  85      4       85
  MINIMUM         71    513 AM  51    1962  66      5       66
  AVERAGE         80                        75      5       76

PRECIPITATION (IN)
  YESTERDAY        0.01          1.86 1981   0.12  -0.11     0.22
  MONTH TO DATE   13.14                      4.05   9.09     2.87
  SINCE JUN 1     21.50                      8.30  13.20     9.91
  SINCE JAN 1     34.63                     25.70   8.93    27.34

SNOWFALL (IN)
  YESTERDAY        0.0           0.0    MM   0.0    0.0      0.0
  MONTH TO DATE    0.0                       0.0    0.0      0.0
  SINCE JUN 1      T                         0.0    0.0      0.0
  SINCE JUL 1      0.0                       0.0    0.0      0.0
  SNOW DEPTH       0

DEGREE DAYS
 HEATING
  YESTERDAY        0                         0      0        0
  MONTH TO DATE    0                         0      0        3
  SINCE JUN 1     16                        16      0        5
  SINCE JUL 1      0                         0      0        3

 COOLING
  YESTERDAY       15                        10      5       11
  MONTH TO DATE  248                       285    -37      164
  SINCE JUN 1    499                       511    -12      402
  SINCE JAN 1    647                       595     52      506
..................................................................


WIND (MPH)
  HIGHEST WIND SPEED    15   HIGHEST WIND DIRECTION    NE (40)
  HIGHEST GUST SPEED    17   HIGHEST GUST DIRECTION    NE (40)
  AVERAGE WIND SPEED     5.3


SKY COVER
  AVERAGE SKY COVER 0.8


WEATHER CONDITIONS
 THE FOLLOWING WEATHER WAS RECORDED YESTERDAY.
  LIGHT RAIN
  FOG
  HAZE


RELATIVE HUMIDITY (PERCENT)
 HIGHEST    93           100 AM
 LOWEST     55           400 PM
 AVERAGE    74

..........................................................


THE INDIANAPOLIS IN CLIMATE NORMALS FOR TODAY
                         NORMAL    RECORD    YEAR
 MAXIMUM TEMPERATURE (F)   85       101      1930
 MINIMUM TEMPERATURE (F)   66        51      2013


SUNRISE AND SUNSET
JULY 28 2015..........SUNRISE   640 AM EDT   SUNSET   902 PM EDT
JULY 29 2015..........SUNRISE   641 AM EDT   SUNSET   901 PM EDT


-  INDICATES NEGATIVE NUMBERS.
R  INDICATES RECORD WAS SET OR TIED.
MM INDICATES DATA IS MISSING.
T  INDICATES TRACE AMOUNT.




$$
