000
CDUS43 KIND 142333
CLIIND


CLIMATE REPORT
NATIONAL WEATHER SERVICE INDIANAPOLIS IN
733 PM EDT SUN SEP 14 2014


...................................

...THE INDIANAPOLIS IN CLIMATE SUMMARY FOR SEPTEMBER 14 2014...
VALID AS OF 0700 PM LOCAL TIME.

CLIMATE NORMAL PERIOD 1981 TO 2010
CLIMATE RECORD PERIOD 1871 TO 2014


WEATHER ITEM   OBSERVED TIME   RECORD YEAR NORMAL DEPARTURE LAST
                VALUE   (LST)  VALUE       VALUE  FROM      YEAR
                                                  NORMAL
..................................................................
TEMPERATURE (F)
 TODAY
  MAXIMUM         68    531 PM 100    1939  79    -11       72
  MINIMUM         46    704 AM  37    1964  57    -11       48
  AVERAGE         57                        68    -11       60

PRECIPITATION (IN)
  TODAY            0.00          2.93 1989   0.11  -0.11     0.00
  MONTH TO DATE    1.92                      1.45   0.47     0.26
  SINCE SEP 1      1.92                      1.45   0.47     0.26
  SINCE JAN 1     32.44                     30.78   1.66    30.19

SNOWFALL (IN)
  TODAY            0.0           0.0    MM   0.0    0.0      0.0
  MONTH TO DATE    0.0                       0.0    0.0      0.0
  SINCE SEP 1      0.0                       0.0    0.0      0.0
  SINCE JUL 1      0.0                       0.0    0.0      0.0
  SNOW DEPTH       0

..................................................................


WIND (MPH)
  HIGHEST WIND SPEED     8   HIGHEST WIND DIRECTION     S (200)
  HIGHEST GUST SPEED    11   HIGHEST GUST DIRECTION     S (180)
  AVERAGE WIND SPEED     4.2


SKY COVER
  AVERAGE SKY COVER 0.3


WEATHER CONDITIONS
 THE FOLLOWING WEATHER WAS RECORDED TODAY.
  NO SIGNIFICANT WEATHER WAS OBSERVED.


RELATIVE HUMIDITY (PERCENT)
 HIGHEST    86           500 AM
 LOWEST     42           600 PM

..........................................................


THE INDIANAPOLIS IN CLIMATE NORMALS FOR TOMORROW
                         NORMAL    RECORD    YEAR
 MAXIMUM TEMPERATURE (F)   78       100      1939
 MINIMUM TEMPERATURE (F)   57        42      1974


SUNRISE AND SUNSET
SEPTEMBER 14 2014.....SUNRISE   725 AM EDT   SUNSET   755 PM EDT
SEPTEMBER 15 2014.....SUNRISE   726 AM EDT   SUNSET   754 PM EDT


-  INDICATES NEGATIVE NUMBERS.
R  INDICATES RECORD WAS SET OR TIED.
MM INDICATES DATA IS MISSING.
T  INDICATES TRACE AMOUNT.




$$
