000
CDUS43 KIND 220546
CLIIND


CLIMATE REPORT
NATIONAL WEATHER SERVICE INDIANAPOLIS IN
1246 AM EST WED FEB 22 2017


...................................

...THE INDIANAPOLIS IN CLIMATE SUMMARY FOR FEBRUARY 21 2017...

CLIMATE NORMAL PERIOD 1981 TO 2010
CLIMATE RECORD PERIOD 1871 TO 2017


WEATHER ITEM   OBSERVED TIME   RECORD YEAR NORMAL DEPARTURE LAST
                VALUE   (LST)  VALUE       VALUE  FROM      YEAR
                                                  NORMAL
..................................................................
TEMPERATURE (F)
 YESTERDAY
  MAXIMUM         65    301 PM  68    1930  42     23       56
  MINIMUM         50    707 AM  -4    1963  26     24       35
  AVERAGE         58                        34     24       46

PRECIPITATION (IN)
  YESTERDAY        T             1.53 1874   0.08  -0.08     0.00
  MONTH TO DATE    0.41                      1.71  -1.30     0.46
  SINCE DEC 1      6.28                      7.54  -1.26     7.51
  SINCE JAN 1      4.76                      4.37   0.39     1.92

SNOWFALL (IN)
  YESTERDAY        0.0           9.7  1912   0.2   -0.2      0.0
  MONTH TO DATE    2.1                       5.2   -3.1      3.6
  SINCE DEC 1      8.7                      20.7  -12.0     10.0
  SINCE JUL 1      8.7                      21.8  -13.1     11.3
  SNOW DEPTH       0

DEGREE DAYS
 HEATING
  YESTERDAY        7                        31    -24       19
  MONTH TO DATE  494                       713   -219      675
  SINCE DEC 1   2486                      2892   -406     2472
  SINCE JUL 1   3179                      3934   -755     3259

 COOLING
  YESTERDAY        0                         0      0        0
  MONTH TO DATE    0                         0      0        0
  SINCE DEC 1      0                         0      0        0
  SINCE JAN 1      0                         0      0        0
..................................................................


WIND (MPH)
  HIGHEST WIND SPEED    14   HIGHEST WIND DIRECTION     S (170)
  HIGHEST GUST SPEED    20   HIGHEST GUST DIRECTION    SE (150)
  AVERAGE WIND SPEED     7.3


SKY COVER
  AVERAGE SKY COVER 1.0


WEATHER CONDITIONS
 THE FOLLOWING WEATHER WAS RECORDED YESTERDAY.
  LIGHT RAIN


RELATIVE HUMIDITY (PERCENT)
 HIGHEST    93          1100 PM
 LOWEST     52           200 PM
 AVERAGE    73

..........................................................


THE INDIANAPOLIS IN CLIMATE NORMALS FOR TODAY
                         NORMAL    RECORD    YEAR
 MAXIMUM TEMPERATURE (F)   43        70      1922
 MINIMUM TEMPERATURE (F)   26        -9      1963


SUNRISE AND SUNSET
FEBRUARY 22 2017......SUNRISE   728 AM EST   SUNSET   630 PM EST
FEBRUARY 23 2017......SUNRISE   727 AM EST   SUNSET   631 PM EST


-  INDICATES NEGATIVE NUMBERS.
R  INDICATES RECORD WAS SET OR TIED.
MM INDICATES DATA IS MISSING.
T  INDICATES TRACE AMOUNT.




$$
