000
CDUS43 KIND 250532
CLIIND


CLIMATE REPORT
NATIONAL WEATHER SERVICE INDIANAPOLIS IN
1231 AM EST SAT NOV 25 2017


...................................

...THE INDIANAPOLIS IN CLIMATE SUMMARY FOR NOVEMBER 24 2017...

CLIMATE NORMAL PERIOD 1981 TO 2010
CLIMATE RECORD PERIOD 1871 TO 2017


WEATHER ITEM   OBSERVED TIME   RECORD YEAR NORMAL DEPARTURE LAST
                VALUE   (LST)  VALUE       VALUE  FROM      YEAR
                                                  NORMAL
..................................................................
TEMPERATURE (F)
 YESTERDAY
  MAXIMUM         59    358 PM  65    1973  48     11       49
  MINIMUM         30    718 AM  -1    1950  32     -2       38
  AVERAGE         45                        40      5       44

PRECIPITATION (IN)
  YESTERDAY        0.00          1.23 1908   0.13  -0.13     0.01
  MONTH TO DATE    3.87                      2.98   0.89     1.63
  SINCE SEP 1      7.48                      9.22  -1.74     8.26
  SINCE JAN 1     46.24                     38.55   7.69    43.28

SNOWFALL (IN)
  YESTERDAY        0.0           0.5  1971   0.0    0.0      0.0
  MONTH TO DATE    T                         0.4   -0.4       T
  SINCE SEP 1      T                         0.8   -0.8       T
  SINCE JUL 1      T                         0.8   -0.8       T
  SNOW DEPTH       0

DEGREE DAYS
 HEATING
  YESTERDAY       20                        25     -5       21
  MONTH TO DATE  517                       479     38      381
  SINCE SEP 1    797                       876    -79      569
  SINCE JUL 1    797                       880    -83      571

 COOLING
  YESTERDAY        0                         0      0        0
  MONTH TO DATE    0                         0      0        5
  SINCE SEP 1    224                       144     80      263
  SINCE JAN 1   1164                      1065     99     1443
..................................................................


WIND (MPH)
  HIGHEST WIND SPEED    22   HIGHEST WIND DIRECTION     S (200)
  HIGHEST GUST SPEED    27   HIGHEST GUST DIRECTION     S (200)
  AVERAGE WIND SPEED    11.9


SKY COVER
  AVERAGE SKY COVER 0.3


WEATHER CONDITIONS
 THE FOLLOWING WEATHER WAS RECORDED YESTERDAY.
  NO SIGNIFICANT WEATHER WAS OBSERVED.


RELATIVE HUMIDITY (PERCENT)
 HIGHEST    78           600 AM
 LOWEST     36           400 PM
 AVERAGE    57

..........................................................


THE INDIANAPOLIS IN CLIMATE NORMALS FOR TODAY
                         NORMAL    RECORD    YEAR
 MAXIMUM TEMPERATURE (F)   47        69      1908
 MINIMUM TEMPERATURE (F)   31        -2      1950


SUNRISE AND SUNSET
NOVEMBER 25 2017......SUNRISE   741 AM EST   SUNSET   523 PM EST
NOVEMBER 26 2017......SUNRISE   742 AM EST   SUNSET   523 PM EST


-  INDICATES NEGATIVE NUMBERS.
R  INDICATES RECORD WAS SET OR TIED.
MM INDICATES DATA IS MISSING.
T  INDICATES TRACE AMOUNT.




$$
