000
CDUS43 KDLH 252225
CLIINL


CLIMATE REPORT
NATIONAL WEATHER SERVICE DULUTH MN
525 PM CDT MON JUL 25 2016


...................................

...THE INTERNATIONAL FALLS MN CLIMATE SUMMARY FOR JULY 25 2016...
VALID TODAY AS OF 0520 PM LOCAL TIME.

CLIMATE NORMAL PERIOD 1981 TO 2010
CLIMATE RECORD PERIOD 1895 TO 2016


WEATHER ITEM   OBSERVED TIME   RECORD YEAR NORMAL DEPARTURE LAST
                VALUE   (LST)  VALUE       VALUE  FROM      YEAR
                                                  NORMAL
..................................................................
TEMPERATURE (F)
 TODAY
  MAXIMUM         82    407 PM  92    1949  78      4       85
  MINIMUM         57    455 AM  39    1911  53      4       49
  AVERAGE         70                        66      4       67

PRECIPITATION (IN)
  TODAY            0.00                      0.11  -0.11      T
  MONTH TO DATE    2.42                      3.11  -0.69     1.38
  SINCE JUN 1      9.34                      7.03   2.31     4.58
  SINCE JAN 1     17.14                     13.56   3.58    12.75

SNOWFALL (IN)
  TODAY            0.0                       0.0    0.0      0.0
  MONTH TO DATE    0.0                       0.0    0.0      0.0
  SINCE JUL 1      0.0                       0.0    0.0      0.0
  SNOW DEPTH       0

DEGREE DAYS
 HEATING
  TODAY            0                         2     -2        0
  MONTH TO DATE   40                        57    -17       47
  SINCE JUN 1    207                       221    -14      196
  SINCE JUL 1     40                        57    -17       47

 COOLING
  TODAY            5                         2      3        2
  MONTH TO DATE   64                        61      3       62
  SINCE JUN 1     83                        99    -16       66
  SINCE JAN 1     85                       108    -23       66
..................................................................


WIND (MPH)
  HIGHEST WIND SPEED    15   HIGHEST WIND DIRECTION     W (290)
  HIGHEST GUST SPEED    20   HIGHEST GUST DIRECTION     W (270)


SKY COVER
  AVERAGE SKY COVER 0.1


WEATHER CONDITIONS
 THE FOLLOWING WEATHER WAS RECORDED TODAY.
  NO SIGNIFICANT WEATHER WAS OBSERVED.


RELATIVE HUMIDITY (PERCENT)
 HIGHEST    97           600 AM
 LOWEST     43           300 PM
 AVERAGE    70

..........................................................


THE INTERNATIONAL FALLS MN CLIMATE NORMALS FOR TOMORROW
                         NORMAL    RECORD    YEAR
 MAXIMUM TEMPERATURE (F)   78        93      1914
 MINIMUM TEMPERATURE (F)   53        41      1980


SUNRISE AND SUNSET
JULY 25 2016..........SUNRISE   540 AM CDT   SUNSET   900 PM CDT
JULY 26 2016..........SUNRISE   541 AM CDT   SUNSET   859 PM CDT


-  INDICATES NEGATIVE NUMBERS.
R  INDICATES RECORD WAS SET OR TIED.
MM INDICATES DATA IS MISSING.
T  INDICATES TRACE AMOUNT.




$$
