000
CDUS43 KDLH 250621
CLIINL


CLIMATE REPORT
NATIONAL WEATHER SERVICE DULUTH MN
121 AM CDT SAT OCT 25 2014


...................................

...THE INTERNATIONAL FALLS MN CLIMATE SUMMARY FOR OCTOBER 24 2014...

CLIMATE NORMAL PERIOD 1981 TO 2010
CLIMATE RECORD PERIOD 1895 TO 2014


WEATHER ITEM   OBSERVED TIME   RECORD YEAR NORMAL DEPARTURE LAST
                VALUE   (LST)  VALUE       VALUE  FROM      YEAR
                                                  NORMAL
..................................................................
TEMPERATURE (F)
 YESTERDAY
  MAXIMUM         70    259 PM  74    1989  47     23       39
  MINIMUM         46    702 AM  12    2002  29     17       27
  AVERAGE         58                        38     20       33

PRECIPITATION (IN)
  YESTERDAY        0.00          0.59 1975   0.06  -0.06     0.04
                                      1918
  MONTH TO DATE    0.62                      1.68  -1.06     1.99
  SINCE SEP 1      3.72                      4.67  -0.95     4.00
  SINCE JAN 1     28.26                     21.63   6.63    29.11

SNOWFALL (IN)
  YESTERDAY        0.0           2.1  1981   0.1   -0.1      0.1
  MONTH TO DATE    T                         1.3   -1.3      1.4
  SINCE SEP 1      T                         1.4   -1.4      1.4
  SINCE JUL 1      T                         1.4   -1.4      1.4
  SNOW DEPTH       0

DEGREE DAYS
 HEATING
  YESTERDAY        7                        27    -20       32
  MONTH TO DATE  500                       539    -39      500
  SINCE SEP 1    822                       892    -70      722
  SINCE JUL 1   1036                      1073    -37      942

 COOLING
  YESTERDAY        0                         0      0        0
  MONTH TO DATE    0                         0      0        0
  SINCE SEP 1     10                        11     -1       11
  SINCE JAN 1    121                       192    -71      224
..................................................................


WIND (MPH)
  HIGHEST WIND SPEED    20   HIGHEST WIND DIRECTION     W (280)
  HIGHEST GUST SPEED    30   HIGHEST GUST DIRECTION     W (280)
  AVERAGE WIND SPEED     9.1


SKY COVER
  AVERAGE SKY COVER 0.0


WEATHER CONDITIONS
 THE FOLLOWING WEATHER WAS RECORDED YESTERDAY.
  NO SIGNIFICANT WEATHER WAS OBSERVED.


RELATIVE HUMIDITY (PERCENT)
 HIGHEST    82           700 AM
 LOWEST     33           200 PM
 AVERAGE    58

..........................................................


THE INTERNATIONAL FALLS MN CLIMATE NORMALS FOR TODAY
                         NORMAL    RECORD    YEAR
 MAXIMUM TEMPERATURE (F)   47        76      1989
 MINIMUM TEMPERATURE (F)   28        10      2002
                                             1981


SUNRISE AND SUNSET
OCTOBER 25 2014.......SUNRISE   749 AM CDT   SUNSET   606 PM CDT
OCTOBER 26 2014.......SUNRISE   750 AM CDT   SUNSET   604 PM CDT


-  INDICATES NEGATIVE NUMBERS.
R  INDICATES RECORD WAS SET OR TIED.
MM INDICATES DATA IS MISSING.
T  INDICATES TRACE AMOUNT.




$$
