000
CDUS43 KDLH 020623
CLIINL


CLIMATE REPORT
NATIONAL WEATHER SERVICE DULUTH MN
122 AM CDT TUE JUN 2 2015


...................................

...THE INTERNATIONAL FALLS MN CLIMATE SUMMARY FOR JUNE 1 2015...

CLIMATE NORMAL PERIOD 1981 TO 2010
CLIMATE RECORD PERIOD 1895 TO 2015


WEATHER ITEM   OBSERVED TIME   RECORD YEAR NORMAL DEPARTURE LAST
                VALUE   (LST)  VALUE       VALUE  FROM      YEAR
                                                  NORMAL
..................................................................
TEMPERATURE (F)
 YESTERDAY
  MAXIMUM         71    502 PM  91    1988  70      1       70
  MINIMUM         30    459 AM  23    1964  44    -14       61
  AVERAGE         51                        57     -6       66

PRECIPITATION (IN)
  YESTERDAY        0.00          0.93 1981   0.11  -0.11     0.05
  MONTH TO DATE    0.00                      0.11  -0.11     0.05
  SINCE JUN 1      0.00                      0.11  -0.11     0.05
  SINCE JAN 1      8.17                      6.64   1.53     8.87

SNOWFALL (IN)
  YESTERDAY        0.0           T    1969   0.0    0.0      0.0
  MONTH TO DATE    0.0                       0.0    0.0      0.0
  SINCE JUN 1      0.0                       0.0    0.0      0.0
  SINCE JUL 1     64.5                      71.0   -6.5    101.2
  SNOW DEPTH       0

DEGREE DAYS
 HEATING
  YESTERDAY       14                         9      5        0
  MONTH TO DATE   14                         9      5        0
  SINCE JUN 1     14                         9      5        0
  SINCE JUL 1  10148                     10066     82    11382

 COOLING
  YESTERDAY        0                         1     -1        1
  MONTH TO DATE    0                         1     -1        1
  SINCE JUN 1      0                         1     -1        1
  SINCE JAN 1      0                        10    -10       24
..................................................................


WIND (MPH)
  HIGHEST WIND SPEED    18   HIGHEST WIND DIRECTION    SE (140)
  HIGHEST GUST SPEED    30   HIGHEST GUST DIRECTION    SE (150)
  AVERAGE WIND SPEED     6.9


SKY COVER
  AVERAGE SKY COVER 0.3


WEATHER CONDITIONS
 THE FOLLOWING WEATHER WAS RECORDED YESTERDAY.
  NO SIGNIFICANT WEATHER WAS OBSERVED.


RELATIVE HUMIDITY (PERCENT)
 HIGHEST    85           500 AM
 LOWEST     25           500 PM
 AVERAGE    55

..........................................................


THE INTERNATIONAL FALLS MN CLIMATE NORMALS FOR TODAY
                         NORMAL    RECORD    YEAR
 MAXIMUM TEMPERATURE (F)   70        92      1948
 MINIMUM TEMPERATURE (F)   44        30      2013


SUNRISE AND SUNSET
JUNE  2 2015..........SUNRISE   515 AM CDT   SUNSET   908 PM CDT
JUNE  3 2015..........SUNRISE   515 AM CDT   SUNSET   909 PM CDT


-  INDICATES NEGATIVE NUMBERS.
R  INDICATES RECORD WAS SET OR TIED.
MM INDICATES DATA IS MISSING.
T  INDICATES TRACE AMOUNT.




$$
