000
CDUS45 KFGZ 240735
CLIINW
CLIMATE REPORT
NATIONAL WEATHER SERVICE FLAGSTAFF, AZ
1233 AM MST FRI NOV 24 2017


...................................

...THE WINSLOW AZ AIRPORT CLIMATE SUMMARY FOR NOVEMBER 23 2017...

CLIMATE NORMAL PERIOD 1981 TO 2010
CLIMATE RECORD PERIOD 1915 TO 2017


WEATHER ITEM   OBSERVED TIME   RECORD YEAR NORMAL DEPARTURE LAST
                VALUE   (LST)  VALUE       VALUE  FROM      YEAR
                                                  NORMAL
..................................................................
TEMPERATURE (F)
 YESTERDAY
  MAXIMUM         70    318 PM  74    1998  56     14       61
  MINIMUM         28    609 AM   7    1931  25      3       23
  AVERAGE         49                        41      8       42

PRECIPITATION (IN)
  YESTERDAY        0.00          0.42 2013   0.02  -0.02     0.00
  MONTH TO DATE    0.00                      0.39  -0.39     0.98
  SINCE SEP 1      0.22                      1.80  -1.58     1.96
  SINCE JAN 1      4.25                      6.33  -2.08     5.58

DEGREE DAYS
 HEATING
  YESTERDAY       16                        24     -8       23
  MONTH TO DATE  305                       449   -144      348
  SINCE JUL 1    583                       755   -172      487

 COOLING
  YESTERDAY        0                         0      0        0
  MONTH TO DATE    0                         0      0        0
  SINCE JAN 1   1443                      1208    235     1278
..................................................................


WIND (MPH)
  HIGHEST WIND SPEED    12   HIGHEST WIND DIRECTION     W (250)
  HIGHEST GUST SPEED    12   HIGHEST GUST DIRECTION     W (250)
  AVERAGE WIND SPEED     4.4


SKY COVER
  POSSIBLE SUNSHINE  MM
  AVERAGE SKY COVER 0.0


WEATHER CONDITIONS
 THE FOLLOWING WEATHER WAS RECORDED YESTERDAY.
  NO SIGNIFICANT WEATHER WAS OBSERVED.


RELATIVE HUMIDITY (PERCENT)
 HIGHEST    69           400 AM
 LOWEST     23           300 PM
 AVERAGE    46

..........................................................


THE WINSLOW AZ AIRPORT CLIMATE NORMALS FOR TODAY
                         NORMAL    RECORD    YEAR
 MAXIMUM TEMPERATURE (F)   56        77      1981
 MINIMUM TEMPERATURE (F)   25         2      1931


SUNRISE AND SUNSET
NOVEMBER 24 2017......SUNRISE   706 AM MST   SUNSET   513 PM MST
NOVEMBER 25 2017......SUNRISE   707 AM MST   SUNSET   512 PM MST


-  INDICATES NEGATIVE NUMBERS.
R  INDICATES RECORD WAS SET OR TIED.
MM INDICATES DATA IS MISSING.
T  INDICATES TRACE AMOUNT.




$$
