000
CDUS45 KFGZ 040856
CLIINW
CLIMATE REPORT
NATIONAL WEATHER SERVICE FLAGSTAFF, AZ
153 AM MST WED MAR 4 2015


...................................

...THE WINSLOW AZ AIRPORT CLIMATE SUMMARY FOR MARCH 3 2015...

CLIMATE NORMAL PERIOD 1981 TO 2010
CLIMATE RECORD PERIOD 1915 TO 2015


WEATHER ITEM   OBSERVED TIME   RECORD YEAR NORMAL DEPARTURE LAST
                VALUE   (LST)  VALUE       VALUE  FROM      YEAR
                                                  NORMAL
..................................................................
TEMPERATURE (F)
 YESTERDAY
  MAXIMUM         53    149 PM  79    1921  60     -7       59
  MINIMUM         30   1157 PM  -2    2002  28      2       37
  AVERAGE         42                        44     -2       48

PRECIPITATION (IN)
  YESTERDAY        0.00          0.40 1948   0.02  -0.02     0.00
  MONTH TO DATE    0.17                      0.05   0.12     0.99
  SINCE SEP 1      5.09                      3.51   1.58     4.82
  SINCE JAN 1      2.24                      1.03   1.21     1.01

DEGREE DAYS
 HEATING
  YESTERDAY       23                        21      2       17
  MONTH TO DATE   65                        63      2       58
  SINCE JUL 1   3004                      3558   -554     3425

 COOLING
  YESTERDAY        0                         0      0        0
  MONTH TO DATE    0                         0      0        0
  SINCE JAN 1      0                         0      0        0
..................................................................


WIND (MPH)
  HIGHEST WIND SPEED    22   HIGHEST WIND DIRECTION    SW (240)
  HIGHEST GUST SPEED    29   HIGHEST GUST DIRECTION    SW (220)
  AVERAGE WIND SPEED     7.4


SKY COVER
  POSSIBLE SUNSHINE  MM
  AVERAGE SKY COVER 0.7


WEATHER CONDITIONS
 THE FOLLOWING WEATHER WAS RECORDED YESTERDAY.
  NO SIGNIFICANT WEATHER WAS OBSERVED.


RELATIVE HUMIDITY (PERCENT)
 HIGHEST    89           500 AM
 LOWEST     34           500 PM
 AVERAGE    62

..........................................................


THE WINSLOW AZ AIRPORT CLIMATE NORMALS FOR TODAY
                         NORMAL    RECORD    YEAR
 MAXIMUM TEMPERATURE (F)   61        77      1972
 MINIMUM TEMPERATURE (F)   29         6      1948


SUNRISE AND SUNSET
MARCH  4 2015.........SUNRISE   649 AM MST   SUNSET   621 PM MST
MARCH  5 2015.........SUNRISE   647 AM MST   SUNSET   622 PM MST


-  INDICATES NEGATIVE NUMBERS.
R  INDICATES RECORD WAS SET OR TIED.
MM INDICATES DATA IS MISSING.
T  INDICATES TRACE AMOUNT.




$$
