000
CDUS45 KFGZ 250055
CLIINW
CLIMATE REPORT
NATIONAL WEATHER SERVICE FLAGSTAFF, AZ
554 PM MST FRI FEB 24 2017


...................................

...THE WINSLOW AZ AIRPORT CLIMATE SUMMARY FOR FEBRUARY 24 2017...
VALID TODAY AS OF 0500 PM LOCAL TIME.

CLIMATE NORMAL PERIOD 1981 TO 2010
CLIMATE RECORD PERIOD 1915 TO 2017


WEATHER ITEM   OBSERVED TIME   RECORD YEAR NORMAL DEPARTURE LAST
                VALUE   (LST)  VALUE       VALUE  FROM      YEAR
                                                  NORMAL
..................................................................
TEMPERATURE (F)
 TODAY
  MAXIMUM         50    405 PM  75    2009  58     -8       57
                                      1989
  MINIMUM         19    629 AM   5    1974  27     -8       17
  AVERAGE         35                        43     -8       37

PRECIPITATION (IN)
  TODAY            0.00          0.67 1977   0.02  -0.02     0.00
  MONTH TO DATE    0.15                      0.40  -0.25     0.22
  SINCE SEP 1      4.04                      3.40   0.64     4.59
  SINCE JAN 1      0.96                      0.92   0.04     0.57

DEGREE DAYS
 HEATING
  TODAY           30                        22      8       28
  MONTH TO DATE  420                       603   -183      567
  SINCE JUL 1   2707                      3406   -699     3255

 COOLING
  TODAY            0                         0      0        0
  MONTH TO DATE    0                         0      0        0
  SINCE JAN 1      0                         0      0        0
..................................................................


WIND (MPH)
  HIGHEST WIND SPEED    14   HIGHEST WIND DIRECTION    NW (300)
  HIGHEST GUST SPEED    19   HIGHEST GUST DIRECTION    NW (320)
  AVERAGE WIND SPEED     4.9


SKY COVER
  POSSIBLE SUNSHINE  MM
  AVERAGE SKY COVER 0.0


WEATHER CONDITIONS
 THE FOLLOWING WEATHER WAS RECORDED TODAY.
  NO SIGNIFICANT WEATHER WAS OBSERVED.


RELATIVE HUMIDITY (PERCENT)
 HIGHEST    73           700 AM
 LOWEST     15           300 PM
 AVERAGE    44

..........................................................


THE WINSLOW AZ AIRPORT CLIMATE NORMALS FOR TOMORROW
                         NORMAL    RECORD    YEAR
 MAXIMUM TEMPERATURE (F)   59        75      1989
 MINIMUM TEMPERATURE (F)   27         7      1974


SUNRISE AND SUNSET
FEBRUARY 24 2017......SUNRISE   658 AM MST   SUNSET   614 PM MST
FEBRUARY 25 2017......SUNRISE   657 AM MST   SUNSET   615 PM MST


-  INDICATES NEGATIVE NUMBERS.
R  INDICATES RECORD WAS SET OR TIED.
MM INDICATES DATA IS MISSING.
T  INDICATES TRACE AMOUNT.




$$
