120
CDUS45 KFGZ 230815
CLIINW
CLIMATE REPORT
NATIONAL WEATHER SERVICE FLAGSTAFF, AZ
108 AM MST SAT SEP 23 2017


...................................

...THE WINSLOW AZ AIRPORT CLIMATE SUMMARY FOR SEPTEMBER 22 2017...

CLIMATE NORMAL PERIOD 1981 TO 2010
CLIMATE RECORD PERIOD 1915 TO 2017


WEATHER ITEM   OBSERVED TIME   RECORD YEAR NORMAL DEPARTURE LAST
                VALUE   (LST)  VALUE       VALUE  FROM      YEAR
                                                  NORMAL
..................................................................
TEMPERATURE (F)
 YESTERDAY
  MAXIMUM         79    326 PM  93    1982  83     -4       87
  MINIMUM         43    559 AM  32    1924  50     -7       55
  AVERAGE         61                        66     -5       71

PRECIPITATION (IN)
  YESTERDAY        0.00          0.29 2010   0.03  -0.03     0.00
  MONTH TO DATE    0.21                      0.69  -0.48     0.25
  SINCE SEP 1      0.21                      0.69  -0.48     0.25
  SINCE JAN 1      4.24                      5.22  -0.98     3.87

DEGREE DAYS
 HEATING
  YESTERDAY        4                         1      3        0
  MONTH TO DATE    4                         9     -5        2
  SINCE JUL 1      4                         9     -5        2

 COOLING
  YESTERDAY        0                         3     -3        6
  MONTH TO DATE  179                       128     51      123
  SINCE JAN 1   1429                      1186    243     1269
..................................................................


WIND (MPH)
  HIGHEST WIND SPEED    33   HIGHEST WIND DIRECTION    SW (210)
  HIGHEST GUST SPEED    45   HIGHEST GUST DIRECTION     S (200)
  AVERAGE WIND SPEED    13.4


SKY COVER
  POSSIBLE SUNSHINE  MM
  AVERAGE SKY COVER 0.0


WEATHER CONDITIONS
 THE FOLLOWING WEATHER WAS RECORDED YESTERDAY.
  NO SIGNIFICANT WEATHER WAS OBSERVED.


RELATIVE HUMIDITY (PERCENT)
 HIGHEST    51          1100 PM
 LOWEST     18           300 PM
 AVERAGE    35

..........................................................


THE WINSLOW AZ AIRPORT CLIMATE NORMALS FOR TODAY
                         NORMAL    RECORD    YEAR
 MAXIMUM TEMPERATURE (F)   83        93      1928
 MINIMUM TEMPERATURE (F)   49        36      2004
                                             1970
                                             1930


SUNRISE AND SUNSET
SEPTEMBER 23 2017.....SUNRISE   612 AM MST   SUNSET   618 PM MST
SEPTEMBER 24 2017.....SUNRISE   613 AM MST   SUNSET   616 PM MST


-  INDICATES NEGATIVE NUMBERS.
R  INDICATES RECORD WAS SET OR TIED.
MM INDICATES DATA IS MISSING.
T  INDICATES TRACE AMOUNT.




$$
