000
CDUS45 KFGZ 300051
CLIINW
CLIMATE REPORT
NATIONAL WEATHER SERVICE FLAGSTAFF, AZ
550 PM MST FRI AUG 29 2014


...................................

...THE WINSLOW AZ AIRPORT CLIMATE SUMMARY FOR AUGUST 29 2014...
VALID TODAY AS OF 0500 PM LOCAL TIME.

CLIMATE NORMAL PERIOD 1981 TO 2010
CLIMATE RECORD PERIOD 1898 TO 2014


WEATHER ITEM   OBSERVED TIME   RECORD YEAR NORMAL DEPARTURE LAST
                VALUE   (LST)  VALUE       VALUE  FROM      YEAR
                                                  NORMAL
..................................................................
TEMPERATURE (F)
 TODAY
  MAXIMUM         88    332 PM 100    1996  90     -2       88
  MINIMUM         53    619 AM  45    1978  58     -5       67
  AVERAGE         71                        74     -3       78

PRECIPITATION (IN)
  TODAY            0.00          0.63 1961   0.03  -0.03     0.09
  MONTH TO DATE    2.68                      1.12   1.56     2.28
  SINCE SEP 1      7.99                      6.93   1.06     6.67
  SINCE JAN 1      4.18                      4.45  -0.27     5.40

DEGREE DAYS
 HEATING
  TODAY            0                         0      0        0
  MONTH TO DATE    0                         0      0        0
  SINCE JUL 1      0                         0      0        0

 COOLING
  TODAY            6                         9     -3       13
  MONTH TO DATE  275                       323    -48      307
  SINCE JAN 1   1094                      1040     54     1205
..................................................................


WIND (MPH)
  HIGHEST WIND SPEED    14   HIGHEST WIND DIRECTION     W (280)
  HIGHEST GUST SPEED    16   HIGHEST GUST DIRECTION     W (280)
  AVERAGE WIND SPEED     3.8


SKY COVER
  POSSIBLE SUNSHINE  MM
  AVERAGE SKY COVER 0.0


WEATHER CONDITIONS
 THE FOLLOWING WEATHER WAS RECORDED TODAY.
  NO SIGNIFICANT WEATHER WAS OBSERVED.


RELATIVE HUMIDITY (PERCENT)
 HIGHEST    93           400 AM
 LOWEST     18           300 PM
 AVERAGE    56

..........................................................


THE WINSLOW AZ AIRPORT CLIMATE NORMALS FOR TOMORROW
                         NORMAL    RECORD    YEAR
 MAXIMUM TEMPERATURE (F)   90       100      2011
 MINIMUM TEMPERATURE (F)   58        46      1942


SUNRISE AND SUNSET
AUGUST 29 2014........SUNRISE   553 AM MST   SUNSET   654 PM MST
AUGUST 30 2014........SUNRISE   554 AM MST   SUNSET   652 PM MST


-  INDICATES NEGATIVE NUMBERS.
R  INDICATES RECORD WAS SET OR TIED.
MM INDICATES DATA IS MISSING.
T  INDICATES TRACE AMOUNT.




$$
