000
CDUS45 KFGZ 020757
CLIINW
CLIMATE REPORT
NATIONAL WEATHER SERVICE FLAGSTAFF, AZ
1247 AM MST WED SEP 2 2015


...................................

...THE WINSLOW AZ AIRPORT CLIMATE SUMMARY FOR SEPTEMBER 1 2015...

CLIMATE NORMAL PERIOD 1981 TO 2010
CLIMATE RECORD PERIOD 1915 TO 2015


WEATHER ITEM   OBSERVED TIME   RECORD YEAR NORMAL DEPARTURE LAST
                VALUE   (LST)  VALUE       VALUE  FROM      YEAR
                                                  NORMAL
..................................................................
TEMPERATURE (F)
 YESTERDAY
  MAXIMUM         85    426 PM  99    1950  89     -4       93
  MINIMUM         59    607 AM  46    1962  58      1       59
  AVERAGE         72                        74     -2       76

PRECIPITATION (IN)
  YESTERDAY        0.00          0.62 1938   0.04  -0.04     0.00
  MONTH TO DATE    0.00                      0.04  -0.04     0.00
  SINCE SEP 1      0.00                      0.04  -0.04     0.00
  SINCE JAN 1      8.90                      4.57   4.33     4.18

DEGREE DAYS
 HEATING
  YESTERDAY        0                         0      0        0
  MONTH TO DATE    0                         0      0        0
  SINCE JUL 1      0                         0      0        0

 COOLING
  YESTERDAY        7                         9     -2       11
  MONTH TO DATE    7                         9     -2       11
  SINCE JAN 1   1116                      1067     49     1127
..................................................................


WIND (MPH)
  HIGHEST WIND SPEED    18   HIGHEST WIND DIRECTION     S (200)
  HIGHEST GUST SPEED    22   HIGHEST GUST DIRECTION    SW (210)
  AVERAGE WIND SPEED     5.7


SKY COVER
  POSSIBLE SUNSHINE  MM
  AVERAGE SKY COVER 0.1


WEATHER CONDITIONS
 THE FOLLOWING WEATHER WAS RECORDED YESTERDAY.
  NO SIGNIFICANT WEATHER WAS OBSERVED.


RELATIVE HUMIDITY (PERCENT)
 HIGHEST    90           700 AM
 LOWEST     32           500 PM
 AVERAGE    61

..........................................................


THE WINSLOW AZ AIRPORT CLIMATE NORMALS FOR TODAY
                         NORMAL    RECORD    YEAR
 MAXIMUM TEMPERATURE (F)   89        99      1948
 MINIMUM TEMPERATURE (F)   57        46      1932


SUNRISE AND SUNSET
SEPTEMBER  2 2015.....SUNRISE   556 AM MST   SUNSET   648 PM MST
SEPTEMBER  3 2015.....SUNRISE   557 AM MST   SUNSET   647 PM MST


-  INDICATES NEGATIVE NUMBERS.
R  INDICATES RECORD WAS SET OR TIED.
MM INDICATES DATA IS MISSING.
T  INDICATES TRACE AMOUNT.




$$
