000
CDUS45 KFGZ 290834
CLIINW
CLIMATE REPORT
NATIONAL WEATHER SERVICE FLAGSTAFF, AZ
128 AM MST FRI MAY 29 2015


...................................

...THE WINSLOW AZ AIRPORT CLIMATE SUMMARY FOR MAY 28 2015...

CLIMATE NORMAL PERIOD 1981 TO 2010
CLIMATE RECORD PERIOD 1915 TO 2015


WEATHER ITEM   OBSERVED TIME   RECORD YEAR NORMAL DEPARTURE LAST
                VALUE   (LST)  VALUE       VALUE  FROM      YEAR
                                                  NORMAL
..................................................................
TEMPERATURE (F)
 YESTERDAY
  MAXIMUM         87    444 PM 100    1958  86      1       92
  MINIMUM         41    513 AM  35    1929  48     -7       55
  AVERAGE         64                        67     -3       74

PRECIPITATION (IN)
  YESTERDAY        0.00          0.42 1981   0.01  -0.01     0.00
  MONTH TO DATE    0.82                      0.30   0.52      T
  SINCE SEP 1      6.26                      4.56   1.70     4.99
  SINCE JAN 1      3.41                      2.08   1.33     1.18

DEGREE DAYS
 HEATING
  YESTERDAY        1                         2     -1        0
  MONTH TO DATE  154                       104     50      130
  SINCE JUL 1   3828                      4483   -655     4298

 COOLING
  YESTERDAY        0                         4     -4        9
  MONTH TO DATE    3                        52    -49       35
  SINCE JAN 1      3                        56    -53       36
..................................................................


WIND (MPH)
  HIGHEST WIND SPEED    22   HIGHEST WIND DIRECTION     W (250)
  HIGHEST GUST SPEED    29   HIGHEST GUST DIRECTION     W (250)
  AVERAGE WIND SPEED     6.9


SKY COVER
  POSSIBLE SUNSHINE  MM
  AVERAGE SKY COVER 0.0


WEATHER CONDITIONS
 THE FOLLOWING WEATHER WAS RECORDED YESTERDAY.
  NO SIGNIFICANT WEATHER WAS OBSERVED.


RELATIVE HUMIDITY (PERCENT)
 HIGHEST    60           500 AM
 LOWEST      6           500 PM
 AVERAGE    33

..........................................................


THE WINSLOW AZ AIRPORT CLIMATE NORMALS FOR TODAY
                         NORMAL    RECORD    YEAR
 MAXIMUM TEMPERATURE (F)   86       100      2000
 MINIMUM TEMPERATURE (F)   49        32      1929


SUNRISE AND SUNSET
MAY 29 2015...........SUNRISE   511 AM MST   SUNSET   730 PM MST
MAY 30 2015...........SUNRISE   511 AM MST   SUNSET   730 PM MST


-  INDICATES NEGATIVE NUMBERS.
R  INDICATES RECORD WAS SET OR TIED.
MM INDICATES DATA IS MISSING.
T  INDICATES TRACE AMOUNT.




$$
