000
CDUS45 KFGZ 290801
CLIINW
CLIMATE REPORT
NATIONAL WEATHER SERVICE FLAGSTAFF, AZ
100 AM MST SAT APR 29 2017


...................................

...THE WINSLOW AZ AIRPORT CLIMATE SUMMARY FOR APRIL 28 2017...

CLIMATE NORMAL PERIOD 1981 TO 2010
CLIMATE RECORD PERIOD 1915 TO 2017


WEATHER ITEM   OBSERVED TIME   RECORD YEAR NORMAL DEPARTURE LAST
                VALUE   (LST)  VALUE       VALUE  FROM      YEAR
                                                  NORMAL
..................................................................
TEMPERATURE (F)
 YESTERDAY
  MAXIMUM         62    118 PM  87    2000  76    -14       63
                                      1949
  MINIMUM         40   1159 PM  25    2008  41     -1       39
  AVERAGE         51                        58     -7       51

PRECIPITATION (IN)
  YESTERDAY        T             0.44 1953   0.01  -0.01      T
  MONTH TO DATE    0.11                      0.25  -0.14     0.22
  SINCE SEP 1      4.82                      4.25   0.57     4.85
  SINCE JAN 1      1.74                      1.77  -0.03     0.83

DEGREE DAYS
 HEATING
  YESTERDAY       14                         7      7       14
  MONTH TO DATE  261                       313    -52      299
  SINCE JUL 1   3467                      4366   -899     4095

 COOLING
  YESTERDAY        0                         0      0        0
  MONTH TO DATE    0                         0      0        0
  SINCE JAN 1      0                         0      0        0
..................................................................


WIND (MPH)
  HIGHEST WIND SPEED    30   HIGHEST WIND DIRECTION    NW (320)
  HIGHEST GUST SPEED    38   HIGHEST GUST DIRECTION    NW (310)
  AVERAGE WIND SPEED    12.2


SKY COVER
  POSSIBLE SUNSHINE  MM
  AVERAGE SKY COVER 0.5


WEATHER CONDITIONS
 THE FOLLOWING WEATHER WAS RECORDED YESTERDAY.
  LIGHT RAIN


RELATIVE HUMIDITY (PERCENT)
 HIGHEST    41          1000 AM
 LOWEST     13           400 PM
 AVERAGE    27

..........................................................


THE WINSLOW AZ AIRPORT CLIMATE NORMALS FOR TODAY
                         NORMAL    RECORD    YEAR
 MAXIMUM TEMPERATURE (F)   76        89      2013
 MINIMUM TEMPERATURE (F)   41        21      1996


SUNRISE AND SUNSET
APRIL 29 2017.........SUNRISE   534 AM MST   SUNSET   707 PM MST
APRIL 30 2017.........SUNRISE   533 AM MST   SUNSET   708 PM MST


-  INDICATES NEGATIVE NUMBERS.
R  INDICATES RECORD WAS SET OR TIED.
MM INDICATES DATA IS MISSING.
T  INDICATES TRACE AMOUNT.




$$
