000
CDUS45 KFGZ 190747
CLIINW
CLIMATE REPORT
NATIONAL WEATHER SERVICE FLAGSTAFF, AZ
1246 AM MST MON FEB 19 2018


...................................

...THE WINSLOW AZ AIRPORT CLIMATE SUMMARY FOR FEBRUARY 18 2018...

CLIMATE NORMAL PERIOD 1981 TO 2010
CLIMATE RECORD PERIOD 1915 TO 2018


WEATHER ITEM   OBSERVED TIME   RECORD YEAR NORMAL DEPARTURE LAST
                VALUE   (LST)  VALUE       VALUE  FROM      YEAR
                                                  NORMAL
..................................................................
TEMPERATURE (F)
 YESTERDAY
  MAXIMUM         65    243 PM  73    2016  57      8       63
                                      1958
  MINIMUM         31    605 AM  12    1942  26      5       44
  AVERAGE         48                        41      7       54

PRECIPITATION (IN)
  YESTERDAY        0.00          0.46 1957   0.01  -0.01     0.04
  MONTH TO DATE    0.01                      0.30  -0.29     0.15
  SINCE SEP 1      0.27                      3.30  -3.03     4.04
  SINCE JAN 1      0.04                      0.82  -0.78     0.96

DEGREE DAYS
 HEATING
  YESTERDAY       17                        24     -7       11
  MONTH TO DATE  369                       465    -96      305
  SINCE JUL 1   2736                      3268   -532     2592

 COOLING
  YESTERDAY        0                         0      0        0
  MONTH TO DATE    0                         0      0        0
  SINCE JAN 1      0                         0      0        0
..................................................................


WIND (MPH)
  HIGHEST WIND SPEED    32   HIGHEST WIND DIRECTION    SW (240)
  HIGHEST GUST SPEED    41   HIGHEST GUST DIRECTION    SW (240)
  AVERAGE WIND SPEED    14.5


SKY COVER
  POSSIBLE SUNSHINE  MM
  AVERAGE SKY COVER 0.0


WEATHER CONDITIONS
 THE FOLLOWING WEATHER WAS RECORDED YESTERDAY.
  NO SIGNIFICANT WEATHER WAS OBSERVED.


RELATIVE HUMIDITY (PERCENT)
 HIGHEST    75           800 AM
 LOWEST     18           200 PM
 AVERAGE    47

..........................................................


THE WINSLOW AZ AIRPORT CLIMATE NORMALS FOR TODAY
                         NORMAL    RECORD    YEAR
 MAXIMUM TEMPERATURE (F)   57        74      1981
 MINIMUM TEMPERATURE (F)   26        10      1955


SUNRISE AND SUNSET
FEBRUARY 19 2018......SUNRISE   704 AM MST   SUNSET   610 PM MST
FEBRUARY 20 2018......SUNRISE   703 AM MST   SUNSET   610 PM MST


-  INDICATES NEGATIVE NUMBERS.
R  INDICATES RECORD WAS SET OR TIED.
MM INDICATES DATA IS MISSING.
T  INDICATES TRACE AMOUNT.




$$
