000
CDUS43 KDVN 140925
CLIIOW


CLIMATE REPORT
NATIONAL WEATHER SERVICE QUAD CITIES IA IL
423 AM CDT MON JUL 14 2014


...................................

...THE IOWA CITY IA CLIMATE SUMMARY FOR JULY 13 2014...

CLIMATE NORMAL PERIOD 1981 TO 2010
CLIMATE RECORD PERIOD 9999 TO 9999


WEATHER ITEM   OBSERVED TIME   RECORD YEAR NORMAL DEPARTURE LAST
                VALUE   (LST)  VALUE       VALUE  FROM      YEAR
                                                  NORMAL
..................................................................
TEMPERATURE (F)
 YESTERDAY
  MAXIMUM         84    304 PM  MM      MM  85     -1       79
  MINIMUM         66   1159 PM  MM      MM  65      1       59
  AVERAGE         75                        75      0       69

PRECIPITATION (IN)
  YESTERDAY        0.02         MM      MM   0.18  -0.16     0.00
  MONTH TO DATE    2.49                      2.33   0.16     0.30
  SINCE JUN 1     12.29                      6.94   5.35     5.13
  SINCE JAN 1     23.34                     19.03   4.31    26.37

DEGREE DAYS
 HEATING
  YESTERDAY        0                         0      0        0
  MONTH TO DATE    7                         0      7        0
  SINCE JUN 1     11                        17     -6       21
  SINCE JUL 1      7                         0      7        0

 COOLING
  YESTERDAY       10                        10      0        4
  MONTH TO DATE   75                       130    -55      113
  SINCE JUN 1    289                       341    -52      318
  SINCE JAN 1    378                       402    -24      405
..................................................................


WIND (MPH)
  HIGHEST WIND SPEED    17   HIGHEST WIND DIRECTION    NW (330)
  HIGHEST GUST SPEED    23   HIGHEST GUST DIRECTION    NW (320)
  AVERAGE WIND SPEED     5.7


SKY COVER
  POSSIBLE SUNSHINE  MM
  AVERAGE SKY COVER 0.5


WEATHER CONDITIONS
 THE FOLLOWING WEATHER WAS RECORDED YESTERDAY.
  LIGHT RAIN


RELATIVE HUMIDITY (PERCENT)
 HIGHEST   100          1200 AM
 LOWEST     55           300 PM
 AVERAGE    78

..........................................................


THE IOWA CITY IA CLIMATE NORMALS FOR TODAY
                         NORMAL    RECORD    YEAR
 MAXIMUM TEMPERATURE (F)   85        MM        MM
 MINIMUM TEMPERATURE (F)   65        MM        MM


SUNRISE AND SUNSET
JULY 14 2014..........SUNRISE   544 AM CDT   SUNSET   839 PM CDT
JULY 15 2014..........SUNRISE   545 AM CDT   SUNSET   839 PM CDT


-  INDICATES NEGATIVE NUMBERS.
R  INDICATES RECORD WAS SET OR TIED.
MM INDICATES DATA IS MISSING.
T  INDICATES TRACE AMOUNT.




$$
