923
CDUS43 KDVN 201008
CLIIOW


CLIMATE REPORT
NATIONAL WEATHER SERVICE QUAD CITIES IA IL
407 AM CST MON NOV 20 2017


...................................

...THE IOWA CITY IA CLIMATE SUMMARY FOR NOVEMBER 19 2017...

CLIMATE NORMAL PERIOD 1981 TO 2010
CLIMATE RECORD PERIOD 9999 TO 9999


WEATHER ITEM   OBSERVED TIME   RECORD YEAR NORMAL DEPARTURE LAST
                VALUE   (LST)  VALUE       VALUE  FROM      YEAR
                                                  NORMAL
..................................................................
TEMPERATURE (F)
 YESTERDAY
  MAXIMUM         41    349 PM  MM      MM  46     -5       39
  MINIMUM         23    735 AM  MM      MM  29     -6       25
  AVERAGE         32                        37     -5       32

PRECIPITATION (IN)
  YESTERDAY        0.00         MM      MM   0.06  -0.06     0.00
  MONTH TO DATE    0.83                      1.57  -0.74     0.05
  SINCE SEP 1      5.05                      7.83  -2.78     5.04
  SINCE JAN 1     30.58                     33.98  -3.40    30.68

DEGREE DAYS
 HEATING
  YESTERDAY       33                        28      5       33
  MONTH TO DATE  509                       442     67      258
  SINCE SEP 1    837                       959   -122      507
  SINCE JUL 1    837                       967   -130      509

 COOLING
  YESTERDAY        0                         0      0        0
  MONTH TO DATE    0                         0      0        0
  SINCE SEP 1    201                        90    111      216
  SINCE JAN 1   1073                       912    161     1192
..................................................................


WIND (MPH)
  HIGHEST WIND SPEED    21   HIGHEST WIND DIRECTION    NW (300)
  HIGHEST GUST SPEED    29   HIGHEST GUST DIRECTION    NW (330)
  AVERAGE WIND SPEED     9.2


SKY COVER
  POSSIBLE SUNSHINE  MM
  AVERAGE SKY COVER 0.0


WEATHER CONDITIONS
 THE FOLLOWING WEATHER WAS RECORDED YESTERDAY.
  NO SIGNIFICANT WEATHER WAS OBSERVED.


RELATIVE HUMIDITY (PERCENT)
 HIGHEST    72          1000 PM
 LOWEST     43          1100 AM
 AVERAGE    58

..........................................................


THE IOWA CITY IA CLIMATE NORMALS FOR TODAY
                         NORMAL    RECORD    YEAR
 MAXIMUM TEMPERATURE (F)   45        MM        MM
 MINIMUM TEMPERATURE (F)   28        MM        MM


SUNRISE AND SUNSET
NOVEMBER 20 2017......SUNRISE   702 AM CST   SUNSET   442 PM CST
NOVEMBER 21 2017......SUNRISE   703 AM CST   SUNSET   441 PM CST


-  INDICATES NEGATIVE NUMBERS.
R  INDICATES RECORD WAS SET OR TIED.
MM INDICATES DATA IS MISSING.
T  INDICATES TRACE AMOUNT.




$$
