000
CDUS43 KDVN 300911
CLIIOW


CLIMATE REPORT
NATIONAL WEATHER SERVICE QUAD CITIES IA IL
410 AM CDT TUE AUG 30 2016


...................................

...THE IOWA CITY IA CLIMATE SUMMARY FOR AUGUST 29 2016...

CLIMATE NORMAL PERIOD 1981 TO 2010
CLIMATE RECORD PERIOD 9999 TO 9999


WEATHER ITEM   OBSERVED TIME   RECORD YEAR NORMAL DEPARTURE LAST
                VALUE   (LST)  VALUE       VALUE  FROM      YEAR
                                                  NORMAL
..................................................................
TEMPERATURE (F)
 YESTERDAY
  MAXIMUM         88    221 PM  MM      MM  81      7       77
  MINIMUM         70    606 AM  MM      MM  60     10       61
  AVERAGE         79                        70      9       69

PRECIPITATION (IN)
  YESTERDAY        0.04         MM      MM   0.14  -0.10     0.09
  MONTH TO DATE    6.84                      4.19   2.65     3.59
  SINCE JUN 1     16.84                     13.75   3.09    12.15
  SINCE JAN 1     25.45                     25.84  -0.39    22.00

DEGREE DAYS
 HEATING
  YESTERDAY        0                         0      0        0
  MONTH TO DATE    0                         0      0       11
  SINCE JUN 1      4                        19    -15       20
  SINCE JUL 1      2                         2      0       13

 COOLING
  YESTERDAY       14                         6      8        4
  MONTH TO DATE  292                       233     59      186
  SINCE JUN 1    884                       750    134      668
  SINCE JAN 1    956                       811    145      731
..................................................................


WIND (MPH)
  HIGHEST WIND SPEED    16   HIGHEST WIND DIRECTION     E (70)
  HIGHEST GUST SPEED    22   HIGHEST GUST DIRECTION     E (70)
  AVERAGE WIND SPEED     3.7


SKY COVER
  POSSIBLE SUNSHINE  MM
  AVERAGE SKY COVER 0.1


WEATHER CONDITIONS
 THE FOLLOWING WEATHER WAS RECORDED YESTERDAY.
  THUNDERSTORM
  RAIN
  LIGHT RAIN


RELATIVE HUMIDITY (PERCENT)
 HIGHEST    97           100 AM
 LOWEST     65           300 PM
 AVERAGE    81

..........................................................


THE IOWA CITY IA CLIMATE NORMALS FOR TODAY
                         NORMAL    RECORD    YEAR
 MAXIMUM TEMPERATURE (F)   81        MM        MM
 MINIMUM TEMPERATURE (F)   60        MM        MM


SUNRISE AND SUNSET
AUGUST 30 2016........SUNRISE   631 AM CDT   SUNSET   742 PM CDT
AUGUST 31 2016........SUNRISE   632 AM CDT   SUNSET   740 PM CDT


-  INDICATES NEGATIVE NUMBERS.
R  INDICATES RECORD WAS SET OR TIED.
MM INDICATES DATA IS MISSING.
T  INDICATES TRACE AMOUNT.




$$
