000
CDUS41 KCTP 010633
CLIIPT


CLIMATE REPORT
NATIONAL WEATHER SERVICE STATE COLLEGE PA
233 AM EDT SAT AUG 1 2015


...................................

...THE WILLIAMSPORT PA CLIMATE SUMMARY FOR JULY 31 2015...

CLIMATE NORMAL PERIOD 1981 TO 2010
CLIMATE RECORD PERIOD 1895 TO 2015


WEATHER ITEM   OBSERVED TIME   RECORD YEAR NORMAL DEPARTURE LAST
                VALUE   (LST)  VALUE       VALUE  FROM      YEAR
                                                  NORMAL
..................................................................
TEMPERATURE (F)
 YESTERDAY
  MAXIMUM         87    314 PM 100    1933  83      4       79
  MINIMUM         60    525 AM  47    1936  62     -2       60
  AVERAGE         74                        73      1       70

PRECIPITATION (IN)
  YESTERDAY        0.00          1.89 2004   0.14  -0.14     0.03
  MONTH TO DATE    3.93                      4.34  -0.41     4.02
  SINCE JUN 1     11.74                      8.26   3.48     7.48
  SINCE JAN 1     24.16                     23.17   0.99    22.23

DEGREE DAYS
 HEATING
  YESTERDAY        0                         0      0        0
  MONTH TO DATE    2                         0      2        0
  SINCE JUN 1     23                        41    -18        8
  SINCE JUL 1      2                         4     -2        0

 COOLING
  YESTERDAY        9                         8      1        5
  MONTH TO DATE  256                       244     12      238
  SINCE JUN 1    428                       390     38      407
  SINCE JAN 1    556                       433    123      459
..................................................................


WIND (MPH)
  HIGHEST WIND SPEED    15   HIGHEST WIND DIRECTION    SW (240)
  HIGHEST GUST SPEED    19   HIGHEST GUST DIRECTION     W (260)
  AVERAGE WIND SPEED     5.4


SKY COVER
  POSSIBLE SUNSHINE  MM
  AVERAGE SKY COVER 0.1


WEATHER CONDITIONS
 THE FOLLOWING WEATHER WAS RECORDED YESTERDAY.
  NO SIGNIFICANT WEATHER WAS OBSERVED.


RELATIVE HUMIDITY (PERCENT)
 HIGHEST    90           400 AM
 LOWEST     23           300 PM
 AVERAGE    57

..........................................................


THE WILLIAMSPORT PA CLIMATE NORMALS FOR TODAY
                         NORMAL    RECORD    YEAR
 MAXIMUM TEMPERATURE (F)   83        99      1955
 MINIMUM TEMPERATURE (F)   62        48      1903


SUNRISE AND SUNSET
AUGUST  1 2015........SUNRISE   603 AM EDT   SUNSET   825 PM EDT
AUGUST  2 2015........SUNRISE   604 AM EDT   SUNSET   824 PM EDT


-  INDICATES NEGATIVE NUMBERS.
R  INDICATES RECORD WAS SET OR TIED.
MM INDICATES DATA IS MISSING.
T  INDICATES TRACE AMOUNT.




$$
