000
CDUS41 KCTP 292117
CLIIPT


CLIMATE REPORT
NATIONAL WEATHER SERVICE STATE COLLEGE PA
517 PM EDT MON JUN 29 2015


...................................

...THE WILLIAMSPORT PA CLIMATE SUMMARY FOR JUNE 29 2015...
VALID TODAY AS OF 0500 PM LOCAL TIME.

CLIMATE NORMAL PERIOD 1981 TO 2010
CLIMATE RECORD PERIOD 1895 TO 2015


WEATHER ITEM   OBSERVED TIME   RECORD YEAR NORMAL DEPARTURE LAST
                VALUE   (LST)  VALUE       VALUE  FROM      YEAR
                                                  NORMAL
..................................................................
TEMPERATURE (F)
 TODAY
  MAXIMUM         81    326 PM 101    1934  83     -2       81
  MINIMUM         56   1221 AM  45    1930  61     -5       62
  AVERAGE         69                        72     -3       72

PRECIPITATION (IN)
  TODAY            0.00          1.92 2008   0.13  -0.13      T
  MONTH TO DATE    7.14                      3.79   3.35     3.46
  SINCE JUN 1      7.14                      3.79   3.35     3.46
  SINCE JAN 1     19.56                     18.70   0.86    18.21

SNOWFALL (IN)
  TODAY            0.0           0.0  2002   0.0    0.0      0.0
                                      2001
  MONTH TO DATE    0.0                       0.0    0.0      0.0
  SINCE JUN 1      0.0                       0.0    0.0      0.0
  SINCE JUL 1     44.4                      36.0    8.4     45.9
  SNOW DEPTH       0

DEGREE DAYS
 HEATING
  TODAY            0                         0      0        0
  MONTH TO DATE   21                        36    -15        8
  SINCE JUN 1     21                        36    -15        8
  SINCE JUL 1   6175                      5994    181     6467

 COOLING
  TODAY            4                         7     -3        7
  MONTH TO DATE  165                       140     25      156
  SINCE JUN 1    165                       140     25      156
  SINCE JAN 1    293                       183    110      208
..................................................................


WIND (MPH)
  HIGHEST WIND SPEED    15   HIGHEST WIND DIRECTION     W (250)
  HIGHEST GUST SPEED    19   HIGHEST GUST DIRECTION    SW (240)
  AVERAGE WIND SPEED     6.8


SKY COVER
  POSSIBLE SUNSHINE  MM
  AVERAGE SKY COVER 0.7


WEATHER CONDITIONS
 THE FOLLOWING WEATHER WAS RECORDED TODAY.
  NO SIGNIFICANT WEATHER WAS OBSERVED.


RELATIVE HUMIDITY (PERCENT)
 HIGHEST    84           400 AM
 LOWEST     45           300 PM
 AVERAGE    65

..........................................................


THE WILLIAMSPORT PA CLIMATE NORMALS FOR TOMORROW
                         NORMAL    RECORD    YEAR
 MAXIMUM TEMPERATURE (F)   83       100      1931
 MINIMUM TEMPERATURE (F)   61        46      1988
                                             1938
                                             1923


SUNRISE AND SUNSET
JUNE 29 2015..........SUNRISE   537 AM EDT   SUNSET   845 PM EDT
JUNE 30 2015..........SUNRISE   538 AM EDT   SUNSET   845 PM EDT


-  INDICATES NEGATIVE NUMBERS.
R  INDICATES RECORD WAS SET OR TIED.
MM INDICATES DATA IS MISSING.
T  INDICATES TRACE AMOUNT.




$$
