000
CDUS41 KCTP 242119
CLIIPT


CLIMATE REPORT
NATIONAL WEATHER SERVICE STATE COLLEGE PA
519 PM EDT TUE MAY 24 2016


...................................

...THE WILLIAMSPORT PA CLIMATE SUMMARY FOR MAY 24 2016...
VALID TODAY AS OF 0500 PM LOCAL TIME.

CLIMATE NORMAL PERIOD 1981 TO 2010
CLIMATE RECORD PERIOD 1895 TO 2016


WEATHER ITEM   OBSERVED TIME   RECORD YEAR NORMAL DEPARTURE LAST
                VALUE   (LST)  VALUE       VALUE  FROM      YEAR
                                                  NORMAL
..................................................................
TEMPERATURE (F)
 TODAY
  MAXIMUM         85    359 PM  90    1964  74     11       83
  MINIMUM         53    530 AM  31    1963  50      3       39
  AVERAGE         69                        62      7       61

PRECIPITATION (IN)
  TODAY            0.00          1.48 1979   0.13  -0.13     0.00
  MONTH TO DATE    2.22                      2.82  -0.60     1.66
  SINCE MAR 1      4.92                      9.03  -4.11     8.22
  SINCE JAN 1     11.34                     14.07  -2.73    11.01

SNOWFALL (IN)
  TODAY            0.0           0.0  2002   0.0    0.0      0.0
                                      2001
  MONTH TO DATE    T                         0.0    0.0      0.0
  SINCE MAR 1      2.0                       8.0   -6.0     11.4
  SINCE JUL 1      7.7                      36.0  -28.3     44.4
  SNOW DEPTH       0

DEGREE DAYS
 HEATING
  TODAY            0                         5     -5        4
  MONTH TO DATE  207                       176     31       93
  SINCE MAR 1   1264                      1464   -200     1517
  SINCE JUL 1   4907                      5931  -1024     6154

 COOLING
  TODAY            4                         2      2        0
  MONTH TO DATE    7                        22    -15       75
  SINCE MAR 1      7                        27    -20       75
  SINCE JAN 1      7                        27    -20       75
..................................................................


WIND (MPH)
  HIGHEST WIND SPEED    17   HIGHEST WIND DIRECTION     W (280)
  HIGHEST GUST SPEED    23   HIGHEST GUST DIRECTION    NW (320)
  AVERAGE WIND SPEED     9.6


SKY COVER
  POSSIBLE SUNSHINE  MM
  AVERAGE SKY COVER 0.3


WEATHER CONDITIONS
 THE FOLLOWING WEATHER WAS RECORDED TODAY.
  NO SIGNIFICANT WEATHER WAS OBSERVED.


RELATIVE HUMIDITY (PERCENT)
 HIGHEST    83           300 AM
 LOWEST     20           200 PM
 AVERAGE    52

..........................................................


THE WILLIAMSPORT PA CLIMATE NORMALS FOR TOMORROW
                         NORMAL    RECORD    YEAR
 MAXIMUM TEMPERATURE (F)   74        92      1991
 MINIMUM TEMPERATURE (F)   51        31      1956


SUNRISE AND SUNSET
MAY 24 2016...........SUNRISE   541 AM EDT   SUNSET   828 PM EDT
MAY 25 2016...........SUNRISE   541 AM EDT   SUNSET   829 PM EDT


-  INDICATES NEGATIVE NUMBERS.
R  INDICATES RECORD WAS SET OR TIED.
MM INDICATES DATA IS MISSING.
T  INDICATES TRACE AMOUNT.




$$
