000
CDUS41 KCTP 182217
CLIIPT


CLIMATE REPORT
NATIONAL WEATHER SERVICE STATE COLLEGE PA
517 PM EST SUN FEB 18 2018


...................................

...THE WILLIAMSPORT PA CLIMATE SUMMARY FOR FEBRUARY 18 2018...
VALID TODAY AS OF 0500 PM LOCAL TIME.

CLIMATE NORMAL PERIOD 1981 TO 2010
CLIMATE RECORD PERIOD 1895 TO 2018


WEATHER ITEM   OBSERVED TIME   RECORD YEAR NORMAL DEPARTURE LAST
                VALUE   (LST)  VALUE       VALUE  FROM      YEAR
                                                  NORMAL
..................................................................
TEMPERATURE (F)
 TODAY
  MAXIMUM         45    403 PM  66    2011  39      6       61
  MINIMUM         25    606 AM -12    1979  22      3       26
  AVERAGE         35                        30      5       44

PRECIPITATION (IN)
  TODAY            0.01          1.49 1998   0.08  -0.07     0.00
  MONTH TO DATE    2.20                      1.49   0.71     1.50
  SINCE DEC 1      7.04                      7.12  -0.08     7.89
  SINCE JAN 1      5.85                      4.19   1.66     4.93

SNOWFALL (IN)
  TODAY            0.2           4.5  2000   0.3   -0.1      0.0
  MONTH TO DATE    7.9                       5.7    2.2      6.2
  SINCE DEC 1     18.9                      23.1   -4.2     18.4
  SINCE JUL 1     19.0                      24.9   -5.9     18.5
  SNOW DEPTH       2

DEGREE DAYS
 HEATING
  TODAY           30                        35     -5       21
  MONTH TO DATE  612                       653    -41      554
  SINCE DEC 1   2849                      2887    -38     2510
  SINCE JUL 1   3833                      4132   -299     3444

 COOLING
  TODAY            0                         0      0        0
  MONTH TO DATE    0                         0      0        0
  SINCE DEC 1      0                         0      0        0
  SINCE JAN 1      0                         0      0        0
..................................................................


WIND (MPH)
  HIGHEST WIND SPEED    14   HIGHEST WIND DIRECTION     W (280)
  HIGHEST GUST SPEED    17   HIGHEST GUST DIRECTION     W (290)
  AVERAGE WIND SPEED     5.7


SKY COVER
  POSSIBLE SUNSHINE  MM
  AVERAGE SKY COVER 0.6


WEATHER CONDITIONS
 THE FOLLOWING WEATHER WAS RECORDED TODAY.
  LIGHT SNOW
  FOG


RELATIVE HUMIDITY (PERCENT)
 HIGHEST   100           300 AM
 LOWEST     41           400 PM
 AVERAGE    71

..........................................................


THE WILLIAMSPORT PA CLIMATE NORMALS FOR TOMORROW
                         NORMAL    RECORD    YEAR
 MAXIMUM TEMPERATURE (F)   39        69      2017
 MINIMUM TEMPERATURE (F)   22        -4      1903


SUNRISE AND SUNSET
FEBRUARY 18 2018......SUNRISE   658 AM EST   SUNSET   545 PM EST
FEBRUARY 19 2018......SUNRISE   657 AM EST   SUNSET   547 PM EST


-  INDICATES NEGATIVE NUMBERS.
R  INDICATES RECORD WAS SET OR TIED.
MM INDICATES DATA IS MISSING.
T  INDICATES TRACE AMOUNT.




$$
