000
CDUS41 KCTP 050643
CLIIPT


CLIMATE REPORT
NATIONAL WEATHER SERVICE STATE COLLEGE PA
242 AM EDT THU MAY 5 2016


...................................

...THE WILLIAMSPORT PA CLIMATE SUMMARY FOR MAY 4 2016...

CLIMATE NORMAL PERIOD 1981 TO 2010
CLIMATE RECORD PERIOD 1895 TO 2016


WEATHER ITEM   OBSERVED TIME   RECORD YEAR NORMAL DEPARTURE LAST
                VALUE   (LST)  VALUE       VALUE  FROM      YEAR
                                                  NORMAL
..................................................................
TEMPERATURE (F)
 YESTERDAY
  MAXIMUM         62    335 PM  93    1928  68     -6       86
  MINIMUM         52   1159 PM  30    2002  44      8       47
                                      1931
  AVERAGE         57                        56      1       67

PRECIPITATION (IN)
  YESTERDAY        0.11          1.39 1975   0.12  -0.01     0.00
  MONTH TO DATE    0.99                      0.44   0.55      T
  SINCE MAR 1      3.69                      6.65  -2.96     6.56
  SINCE JAN 1     10.11                     11.69  -1.58     9.35

SNOWFALL (IN)
  YESTERDAY        0.0           T    1957   0.0    0.0      0.0
  MONTH TO DATE    0.0                       0.0    0.0      0.0
  SINCE MAR 1      2.0                       8.0   -6.0     11.4
  SINCE JUL 1      7.7                      36.0  -28.3     44.4
  SNOW DEPTH       0

DEGREE DAYS
 HEATING
  YESTERDAY        8                         9     -1        0
  MONTH TO DATE   43                        39      4       15
  SINCE MAR 1   1100                      1327   -227     1439
  SINCE JUL 1   4743                      5794  -1051     6076

 COOLING
  YESTERDAY        0                         0      0        2
  MONTH TO DATE    0                         0      0        2
  SINCE MAR 1      0                         5     -5        2
  SINCE JAN 1      0                         5     -5        2
..................................................................


WIND (MPH)
  HIGHEST WIND SPEED    15   HIGHEST WIND DIRECTION     E (80)
  HIGHEST GUST SPEED    19   HIGHEST GUST DIRECTION     E (100)
  AVERAGE WIND SPEED     6.3


SKY COVER
  POSSIBLE SUNSHINE  MM
  AVERAGE SKY COVER 0.9


WEATHER CONDITIONS
 THE FOLLOWING WEATHER WAS RECORDED YESTERDAY.
  HEAVY RAIN
  LIGHT RAIN
  FOG


RELATIVE HUMIDITY (PERCENT)
 HIGHEST    89           300 AM
 LOWEST     64           400 PM
 AVERAGE    77

..........................................................


THE WILLIAMSPORT PA CLIMATE NORMALS FOR TODAY
                         NORMAL    RECORD    YEAR
 MAXIMUM TEMPERATURE (F)   68        94      1949
 MINIMUM TEMPERATURE (F)   45        28      1966


SUNRISE AND SUNSET
MAY  5 2016...........SUNRISE   600 AM EDT   SUNSET   810 PM EDT
MAY  6 2016...........SUNRISE   558 AM EDT   SUNSET   811 PM EDT


-  INDICATES NEGATIVE NUMBERS.
R  INDICATES RECORD WAS SET OR TIED.
MM INDICATES DATA IS MISSING.
T  INDICATES TRACE AMOUNT.




$$
