000
CDUS41 KCTP 200619
CLIIPT


CLIMATE REPORT
NATIONAL WEATHER SERVICE STATE COLLEGE PA
219 AM EDT SUN AUG 20 2017


...................................

...THE WILLIAMSPORT PA CLIMATE SUMMARY FOR AUGUST 19 2017...

CLIMATE NORMAL PERIOD 1981 TO 2010
CLIMATE RECORD PERIOD 1895 TO 2017


WEATHER ITEM   OBSERVED TIME   RECORD YEAR NORMAL DEPARTURE LAST
                VALUE   (LST)  VALUE       VALUE  FROM      YEAR
                                                  NORMAL
..................................................................
TEMPERATURE (F)
 YESTERDAY
  MAXIMUM         85    353 PM  94    1899  81      4       87
  MINIMUM         65   1159 PM  47    1963  61      4       67
                                      1953
                                      1907
  AVERAGE         75                        71      4       77

PRECIPITATION (IN)
  YESTERDAY        0.01          2.07 1989   0.12  -0.11     0.00
  MONTH TO DATE    4.83                      2.40   2.43     2.94
  SINCE JUN 1     15.98                     10.66   5.32    10.50
  SINCE JAN 1     35.10                     25.57   9.53    21.84

DEGREE DAYS
 HEATING
  YESTERDAY        0                         0      0        0
  MONTH TO DATE    0                         0      0        0
  SINCE JUN 1     21                        41    -20        9
  SINCE JUL 1      0                         4     -4        0

 COOLING
  YESTERDAY       10                         6      4       12
  MONTH TO DATE  148                       136     12      248
  SINCE JUN 1    644                       526    118      796
  SINCE JAN 1    694                       569    125      869
..................................................................


WIND (MPH)
  HIGHEST WIND SPEED    25   HIGHEST WIND DIRECTION     W (270)
  HIGHEST GUST SPEED    32   HIGHEST GUST DIRECTION     W (260)
  AVERAGE WIND SPEED     6.9


SKY COVER
  POSSIBLE SUNSHINE  MM
  AVERAGE SKY COVER 0.4


WEATHER CONDITIONS
 THE FOLLOWING WEATHER WAS RECORDED YESTERDAY.
  THUNDERSTORM
  LIGHT RAIN
  FOG
  FOG W/VISIBILITY <= 1/4 MILE


RELATIVE HUMIDITY (PERCENT)
 HIGHEST   100           100 AM
 LOWEST     55          1200 PM
 AVERAGE    78

..........................................................


THE WILLIAMSPORT PA CLIMATE NORMALS FOR TODAY
                         NORMAL    RECORD    YEAR
 MAXIMUM TEMPERATURE (F)   81        95      1962
                                             1955
 MINIMUM TEMPERATURE (F)   61        42      1944


SUNRISE AND SUNSET
AUGUST 20 2017........SUNRISE   622 AM EDT   SUNSET   759 PM EDT
AUGUST 21 2017........SUNRISE   623 AM EDT   SUNSET   757 PM EDT


-  INDICATES NEGATIVE NUMBERS.
R  INDICATES RECORD WAS SET OR TIED.
MM INDICATES DATA IS MISSING.
T  INDICATES TRACE AMOUNT.




$$
