000
CDUS41 KCTP 240620
CLIIPT


CLIMATE REPORT
NATIONAL WEATHER SERVICE STATE COLLEGE PA
120 AM EST FRI FEB 24 2017


...................................

...THE WILLIAMSPORT PA CLIMATE SUMMARY FOR FEBRUARY 23 2017...

CLIMATE NORMAL PERIOD 1981 TO 2010
CLIMATE RECORD PERIOD 1895 TO 2017


WEATHER ITEM   OBSERVED TIME   RECORD YEAR NORMAL DEPARTURE LAST
                VALUE   (LST)  VALUE       VALUE  FROM      YEAR
                                                  NORMAL
..................................................................
TEMPERATURE (F)
 YESTERDAY
  MAXIMUM         68    442 PM  70    1985  40     28       40
  MINIMUM         35    526 AM  -6    1972  23     12       26
  AVERAGE         52                        31     21       33

PRECIPITATION (IN)
  YESTERDAY        T             2.18 1981   0.08  -0.08     0.08
  MONTH TO DATE    1.50                      1.91  -0.41     3.14
  SINCE DEC 1      7.89                      7.54   0.35     8.56
  SINCE JAN 1      4.93                      4.61   0.32     5.20

SNOWFALL (IN)
  YESTERDAY        0.0           9.0  1935   0.3   -0.3      0.0
  MONTH TO DATE    6.2                       7.3   -1.1      4.3
  SINCE DEC 1     18.4                      24.7   -6.3      5.6
  SINCE JUL 1     18.5                      26.5   -8.0      5.6
  SNOW DEPTH       0

DEGREE DAYS
 HEATING
  YESTERDAY       13                        34    -21       32
  MONTH TO DATE  646                       824   -178      770
  SINCE DEC 1   2602                      3058   -456     2570
  SINCE JUL 1   3536                      4303   -767     3497

 COOLING
  YESTERDAY        0                         0      0        0
  MONTH TO DATE    0                         0      0        0
  SINCE DEC 1      0                         0      0        0
  SINCE JAN 1      0                         0      0        0
..................................................................


WIND (MPH)
  HIGHEST WIND SPEED     6   HIGHEST WIND DIRECTION    SE (120)
  HIGHEST GUST SPEED     8   HIGHEST GUST DIRECTION     E (110)
  AVERAGE WIND SPEED     0.9


SKY COVER
  POSSIBLE SUNSHINE  MM
  AVERAGE SKY COVER 0.6


WEATHER CONDITIONS
 THE FOLLOWING WEATHER WAS RECORDED YESTERDAY.
  LIGHT RAIN
  FOG


RELATIVE HUMIDITY (PERCENT)
 HIGHEST    96           900 PM
 LOWEST     48           300 PM
 AVERAGE    72

..........................................................


THE WILLIAMSPORT PA CLIMATE NORMALS FOR TODAY
                         NORMAL    RECORD    YEAR
 MAXIMUM TEMPERATURE (F)   41        71      1985
 MINIMUM TEMPERATURE (F)   23        -9      2015


SUNRISE AND SUNSET
FEBRUARY 24 2017......SUNRISE   649 AM EST   SUNSET   553 PM EST
FEBRUARY 25 2017......SUNRISE   648 AM EST   SUNSET   554 PM EST


-  INDICATES NEGATIVE NUMBERS.
R  INDICATES RECORD WAS SET OR TIED.
MM INDICATES DATA IS MISSING.
T  INDICATES TRACE AMOUNT.




$$
