000
CDUS41 KCTP 210627
CLIIPT


CLIMATE REPORT
NATIONAL WEATHER SERVICE STATE COLLEGE PA
227 AM EDT SUN SEP 21 2014


...................................

...THE WILLIAMSPORT PA CLIMATE SUMMARY FOR SEPTEMBER 20 2014...

CLIMATE NORMAL PERIOD 1981 TO 2010
CLIMATE RECORD PERIOD 1895 TO 2014


WEATHER ITEM   OBSERVED TIME   RECORD YEAR NORMAL DEPARTURE LAST
                VALUE   (LST)  VALUE       VALUE  FROM      YEAR
                                                  NORMAL
..................................................................
TEMPERATURE (F)
 YESTERDAY
  MAXIMUM         76    431 PM  90    1895  72      4       80
  MINIMUM         61    505 AM  34    1929  52      9       51
  AVERAGE         69                        62      7       66

PRECIPITATION (IN)
  YESTERDAY        0.00          1.62 1977   0.14  -0.14     0.00
  MONTH TO DATE    0.69                      2.78  -2.09     1.30
  SINCE SEP 1      0.69                      2.78  -2.09     1.30
  SINCE JAN 1     29.50                     29.81  -0.31    22.92

DEGREE DAYS
 HEATING
  YESTERDAY        0                         5     -5        0
  MONTH TO DATE   51                        50      1       70
  SINCE SEP 1     51                        50      1       70
  SINCE JUL 1     56                        64     -8       75

 COOLING
  YESTERDAY        4                         1      3        1
  MONTH TO DATE   80                        54     26       74
  SINCE SEP 1     80                        54     26       74
  SINCE JAN 1    697                       688      9      833
..................................................................


WIND (MPH)
  HIGHEST WIND SPEED    26   HIGHEST WIND DIRECTION     S (160)
  HIGHEST GUST SPEED    36   HIGHEST GUST DIRECTION     S (180)
  AVERAGE WIND SPEED    14.5


SKY COVER
  POSSIBLE SUNSHINE  MM
  AVERAGE SKY COVER 0.6


WEATHER CONDITIONS
 THE FOLLOWING WEATHER WAS RECORDED YESTERDAY.
  NO SIGNIFICANT WEATHER WAS OBSERVED.


RELATIVE HUMIDITY (PERCENT)
 HIGHEST    84           500 AM
 LOWEST     54           300 PM
 AVERAGE    69

..........................................................


THE WILLIAMSPORT PA CLIMATE NORMALS FOR TODAY
                         NORMAL    RECORD    YEAR
 MAXIMUM TEMPERATURE (F)   72        94      1931
 MINIMUM TEMPERATURE (F)   51        33      1956


SUNRISE AND SUNSET
SEPTEMBER 21 2014.....SUNRISE   654 AM EDT   SUNSET   707 PM EDT
SEPTEMBER 22 2014.....SUNRISE   655 AM EDT   SUNSET   705 PM EDT


-  INDICATES NEGATIVE NUMBERS.
R  INDICATES RECORD WAS SET OR TIED.
MM INDICATES DATA IS MISSING.
T  INDICATES TRACE AMOUNT.




$$
