000
CDUS41 KCTP 012218
CLIIPT


CLIMATE REPORT
NATIONAL WEATHER SERVICE STATE COLLEGE PA
517 PM EST SUN FEB 1 2015


...................................

...THE WILLIAMSPORT PA CLIMATE SUMMARY FOR FEBRUARY 1 2015...
VALID TODAY AS OF 0500 PM LOCAL TIME.

CLIMATE NORMAL PERIOD 1981 TO 2010
CLIMATE RECORD PERIOD 1895 TO 2015


WEATHER ITEM   OBSERVED TIME   RECORD YEAR NORMAL DEPARTURE LAST
                VALUE   (LST)  VALUE       VALUE  FROM      YEAR
                                                  NORMAL
..................................................................
TEMPERATURE (F)
 TODAY
  MAXIMUM         31    103 PM  67    1989  35     -4       46
  MINIMUM         17   1216 AM -13    1971  20     -3       23
  AVERAGE         24                        27     -3       35

PRECIPITATION (IN)
  TODAY            0.01          1.41 2008   0.09  -0.08     0.03
  MONTH TO DATE    0.01                      0.09  -0.08     0.03
  SINCE DEC 1      4.32                      5.72  -1.40     4.92
  SINCE JAN 1      1.72                      2.79  -1.07     1.28

SNOWFALL (IN)
  TODAY            0.1           8.0  1908   0.3   -0.2       T
  MONTH TO DATE    0.1                       0.3   -0.2       T
  SINCE DEC 1     18.8                      17.7    1.1     22.0
  SINCE JUL 1     23.9                      19.5    4.4     24.2
  SNOW DEPTH       5

DEGREE DAYS
 HEATING
  TODAY           41                        38      3       30
  MONTH TO DATE   41                        38      3       30
  SINCE DEC 1   2201                      2272    -71     2457
  SINCE JUL 1   3371                      3517   -146     3700

 COOLING
  TODAY            0                         0      0        0
  MONTH TO DATE    0                         0      0        0
  SINCE DEC 1      0                         0      0        0
  SINCE JAN 1      0                         0      0        0
..................................................................


WIND (MPH)
  HIGHEST WIND SPEED    10   HIGHEST WIND DIRECTION     E (90)
  HIGHEST GUST SPEED    14   HIGHEST GUST DIRECTION     W (290)
  AVERAGE WIND SPEED     4.1


SKY COVER
  POSSIBLE SUNSHINE  MM
  AVERAGE SKY COVER 1.0


WEATHER CONDITIONS
 THE FOLLOWING WEATHER WAS RECORDED TODAY.
  LIGHT SNOW
  FOG


RELATIVE HUMIDITY (PERCENT)
 HIGHEST    85           400 PM
 LOWEST     62           200 AM
 AVERAGE    74

..........................................................


THE WILLIAMSPORT PA CLIMATE NORMALS FOR TOMORROW
                         NORMAL    RECORD    YEAR
 MAXIMUM TEMPERATURE (F)   35        57      1983
 MINIMUM TEMPERATURE (F)   20       -11      1918


SUNRISE AND SUNSET
FEBRUARY  1 2015......SUNRISE   719 AM EST   SUNSET   524 PM EST
FEBRUARY  2 2015......SUNRISE   718 AM EST   SUNSET   525 PM EST


-  INDICATES NEGATIVE NUMBERS.
R  INDICATES RECORD WAS SET OR TIED.
MM INDICATES DATA IS MISSING.
T  INDICATES TRACE AMOUNT.




$$
