000
CDUS43 KEAX 020634
CLIIRK


CLIMATE REPORT
NATIONAL WEATHER SERVICE KANSAS CITY/PLEASANT HILL MO
133 AM CDT MON MAY 2 2016


...................................

...THE KIRKSVILLE MO CLIMATE SUMMARY FOR MAY 1 2016...

CLIMATE NORMAL PERIOD 1981 TO 2010
CLIMATE RECORD PERIOD 9999 TO 9999


WEATHER ITEM   OBSERVED TIME   NORMAL DEPARTURE LAST
                VALUE   (LST)  VALUE  FROM      YEAR
                                      NORMAL
......................................................
TEMPERATURE (F)
 YESTERDAY
  MAXIMUM         54    253 PM  68    -14       72
  MINIMUM         48   1159 PM  46      2       37
  AVERAGE         51            57     -6       55

PRECIPITATION (IN)
  YESTERDAY        0.07          0.19  -0.12      T
  MONTH TO DATE    0.07          0.19  -0.12      T
  SINCE MAR 1      5.05          6.58  -1.53     4.53
  SINCE JAN 1      7.64          9.38  -1.74     6.58

DEGREE DAYS
 HEATING
  YESTERDAY       14             9      5       10
  MONTH TO DATE   14             9      5       10
  SINCE MAR 1    875          1166   -291      978
  SINCE JUL 1   4582          5699  -1117     5657

 COOLING
  YESTERDAY        0             0      0        0
  MONTH TO DATE    0             0      0        0
  SINCE MAR 1      8             7      1        3
  SINCE JAN 1      8             7      1        3
......................................................


WIND (MPH)
  HIGHEST WIND SPEED    13   HIGHEST WIND DIRECTION     N (340)
  HIGHEST GUST SPEED    17   HIGHEST GUST DIRECTION    NW (330)
  AVERAGE WIND SPEED     7.1


SKY COVER
  AVERAGE SKY COVER 1.0


WEATHER CONDITIONS
 THE FOLLOWING WEATHER WAS RECORDED YESTERDAY.
  RAIN
  LIGHT RAIN
  FOG
  FOG W/VISIBILITY <= 1/4 MILE


RELATIVE HUMIDITY (PERCENT)
 HIGHEST   100           300 AM
 LOWEST     83           400 PM
 AVERAGE    92

..........................................................


THE KIRKSVILLE MO CLIMATE NORMALS FOR TODAY
                         NORMAL
 MAXIMUM TEMPERATURE (F)   68
 MINIMUM TEMPERATURE (F)   47


SUNRISE AND SUNSET
MAY  2 2016...........SUNRISE   608 AM CDT   SUNSET   807 PM CDT
MAY  3 2016...........SUNRISE   607 AM CDT   SUNSET   808 PM CDT


-  INDICATES NEGATIVE NUMBERS.
R  INDICATES RECORD WAS SET OR TIED.
MM INDICATES DATA IS MISSING.
T  INDICATES TRACE AMOUNT.




$$
