000
CDUS43 KEAX 260034
CLIIRK


CLIMATE REPORT
NATIONAL WEATHER SERVICE KANSAS CITY/PLEASANT HILL MO
633 PM CST SUN JAN 25 2015


...................................

...THE KIRKSVILLE MO CLIMATE SUMMARY FOR JANUARY 25 2015...
VALID TODAY AS OF 0600 PM LOCAL TIME.

CLIMATE NORMAL PERIOD 1981 TO 2010
CLIMATE RECORD PERIOD 9999 TO 9999


WEATHER ITEM   OBSERVED TIME   NORMAL DEPARTURE LAST
                VALUE   (LST)  VALUE  FROM      YEAR
                                      NORMAL
......................................................
TEMPERATURE (F)
 TODAY
  MAXIMUM         46   1200 AM  36     10       44
  MINIMUM         30    559 PM  17     13       21
  AVERAGE         38            26     12       33

PRECIPITATION (IN)
  TODAY            0.20          0.05   0.15     0.02
  MONTH TO DATE    0.60          0.90  -0.30     0.74
  SINCE DEC 1      1.50          2.65  -1.15     2.05
  SINCE JAN 1      0.60          0.90  -0.30     0.74

DEGREE DAYS
 HEATING
  TODAY           27            39    -12       32
  MONTH TO DATE  963           975    -12      919
  SINCE DEC 1   1933          2097   -164     2143
  SINCE JUL 1   3254          3318    -64     3410

 COOLING
  TODAY            0             0      0        0
  MONTH TO DATE    0             0      0        0
  SINCE DEC 1      0             0      0        0
  SINCE JAN 1      0             0      0        0
......................................................


WIND (MPH)
  HIGHEST WIND SPEED    26   HIGHEST WIND DIRECTION    NE (30)
  HIGHEST GUST SPEED    34   HIGHEST GUST DIRECTION    NE (30)
  AVERAGE WIND SPEED    10.3


SKY COVER
  AVERAGE SKY COVER 1.0


WEATHER CONDITIONS
 THE FOLLOWING WEATHER WAS RECORDED TODAY.
  LIGHT RAIN
  LIGHT SNOW
  FOG


RELATIVE HUMIDITY (PERCENT)
 HIGHEST   100           500 AM
 LOWEST     53          1200 AM
 AVERAGE    77

..........................................................


THE KIRKSVILLE MO CLIMATE NORMALS FOR TOMORROW
                         NORMAL
 MAXIMUM TEMPERATURE (F)   36
 MINIMUM TEMPERATURE (F)   17


SUNRISE AND SUNSET
JANUARY 25 2015.......SUNRISE   725 AM CST   SUNSET   520 PM CST
JANUARY 26 2015.......SUNRISE   724 AM CST   SUNSET   522 PM CST


-  INDICATES NEGATIVE NUMBERS.
R  INDICATES RECORD WAS SET OR TIED.
MM INDICATES DATA IS MISSING.
T  INDICATES TRACE AMOUNT.




$$
