000
CDUS43 KEAX 190633
CLIIRK


CLIMATE REPORT
NATIONAL WEATHER SERVICE KANSAS CITY/PLEASANT HILL MO
1233 AM CST SUN NOV 19 2017


...................................

...THE KIRKSVILLE MO CLIMATE SUMMARY FOR NOVEMBER 18 2017...

CLIMATE NORMAL PERIOD 1981 TO 2010
CLIMATE RECORD PERIOD 9999 TO 9999


WEATHER ITEM   OBSERVED TIME   NORMAL DEPARTURE LAST
                VALUE   (LST)  VALUE  FROM      YEAR
                                      NORMAL
......................................................
TEMPERATURE (F)
 YESTERDAY
  MAXIMUM         56    101 AM  49      7       66
  MINIMUM         32   1159 PM  30      2       35
  AVERAGE         44            39      5       51

PRECIPITATION (IN)
  YESTERDAY        0.28          0.07   0.21     0.00
  MONTH TO DATE    0.49          1.82  -1.33     1.38
  SINCE SEP 1      7.29          9.25  -1.96     6.22
  SINCE JAN 1     31.56         36.66  -5.10    29.36

DEGREE DAYS
 HEATING
  YESTERDAY       21            26     -5       14
  MONTH TO DATE  438           389     49      205
  SINCE SEP 1    761           871   -110      426
  SINCE JUL 1    762           878   -116      432

 COOLING
  YESTERDAY        0             0      0        0
  MONTH TO DATE    0             0      0        7
  SINCE SEP 1    196            95    101      235
  SINCE JAN 1   1121           939    182     1313
......................................................


WIND (MPH)
  HIGHEST WIND SPEED    29   HIGHEST WIND DIRECTION     N (360)
  HIGHEST GUST SPEED    37   HIGHEST GUST DIRECTION     N (20)
  AVERAGE WIND SPEED    16.3


SKY COVER
  AVERAGE SKY COVER 0.5


WEATHER CONDITIONS
 THE FOLLOWING WEATHER WAS RECORDED YESTERDAY.
  THUNDERSTORM
  HEAVY RAIN
  LIGHT RAIN
  FOG


RELATIVE HUMIDITY (PERCENT)
 HIGHEST   100          1200 AM
 LOWEST     62           400 PM
 AVERAGE    81

..........................................................


THE KIRKSVILLE MO CLIMATE NORMALS FOR TODAY
                         NORMAL
 MAXIMUM TEMPERATURE (F)   49
 MINIMUM TEMPERATURE (F)   29


SUNRISE AND SUNSET
NOVEMBER 19 2017......SUNRISE   700 AM CST   SUNSET   450 PM CST
NOVEMBER 20 2017......SUNRISE   702 AM CST   SUNSET   450 PM CST


-  INDICATES NEGATIVE NUMBERS.
R  INDICATES RECORD WAS SET OR TIED.
MM INDICATES DATA IS MISSING.
T  INDICATES TRACE AMOUNT.




$$
