124
CDUS43 KEAX 190632
CLIIRK


CLIMATE REPORT
NATIONAL WEATHER SERVICE KANSAS CITY/PLEASANT HILL MO
132 AM CDT TUE SEP 19 2017


...................................

...THE KIRKSVILLE MO CLIMATE SUMMARY FOR SEPTEMBER 18 2017...

CLIMATE NORMAL PERIOD 1981 TO 2010
CLIMATE RECORD PERIOD 9999 TO 9999


WEATHER ITEM   OBSERVED TIME   NORMAL DEPARTURE LAST
                VALUE   (LST)  VALUE  FROM      YEAR
                                      NORMAL
......................................................
TEMPERATURE (F)
 YESTERDAY
  MAXIMUM         76    255 PM  75      1       82
  MINIMUM         54    547 AM  52      2       52
  AVERAGE         65            63      2       67

PRECIPITATION (IN)
  YESTERDAY        T             0.14  -0.14     0.00
  MONTH TO DATE    0.22          2.65  -2.43     2.12
  SINCE SEP 1      0.22          2.65  -2.43     2.12
  SINCE JAN 1     24.49         30.06  -5.57    25.26

DEGREE DAYS
 HEATING
  YESTERDAY        0             3     -3        0
  MONTH TO DATE   21            32    -11        4
  SINCE SEP 1     21            32    -11        4
  SINCE JUL 1     22            39    -17       10

 COOLING
  YESTERDAY        0             2     -2        2
  MONTH TO DATE   59            66     -7      105
  SINCE SEP 1     59            66     -7      105
  SINCE JAN 1    984           910     74     1183
......................................................


WIND (MPH)
  HIGHEST WIND SPEED    12   HIGHEST WIND DIRECTION    SE (150)
  HIGHEST GUST SPEED    15   HIGHEST GUST DIRECTION    SE (120)
  AVERAGE WIND SPEED     3.4


SKY COVER
  AVERAGE SKY COVER 0.3


WEATHER CONDITIONS
 THE FOLLOWING WEATHER WAS RECORDED YESTERDAY.
  FOG
  FOG W/VISIBILITY <= 1/4 MILE


RELATIVE HUMIDITY (PERCENT)
 HIGHEST   100           500 AM
 LOWEST     73          1000 AM
 AVERAGE    87

..........................................................


THE KIRKSVILLE MO CLIMATE NORMALS FOR TODAY
                         NORMAL
 MAXIMUM TEMPERATURE (F)   75
 MINIMUM TEMPERATURE (F)   52


SUNRISE AND SUNSET
SEPTEMBER 19 2017.....SUNRISE   655 AM CDT   SUNSET   712 PM CDT
SEPTEMBER 20 2017.....SUNRISE   656 AM CDT   SUNSET   710 PM CDT


-  INDICATES NEGATIVE NUMBERS.
R  INDICATES RECORD WAS SET OR TIED.
MM INDICATES DATA IS MISSING.
T  INDICATES TRACE AMOUNT.




$$
