000
CDUS43 KEAX 270040
CLIIRK


CLIMATE REPORT
NATIONAL WEATHER SERVICE KANSAS CITY/PLEASANT HILL MO
739 PM CDT THU MAR 26 2015


...................................

...THE KIRKSVILLE MO CLIMATE SUMMARY FOR MARCH 26 2015...
VALID TODAY AS OF 0700 PM LOCAL TIME.

CLIMATE NORMAL PERIOD 1981 TO 2010
CLIMATE RECORD PERIOD 9999 TO 9999


WEATHER ITEM   OBSERVED TIME   NORMAL DEPARTURE LAST
                VALUE   (LST)  VALUE  FROM      YEAR
                                      NORMAL
......................................................
TEMPERATURE (F)
 TODAY
  MAXIMUM         51    407 PM  56     -5       53
  MINIMUM         31    645 AM  34     -3       18
  AVERAGE         41            45     -4       36

PRECIPITATION (IN)
  TODAY            0.00          0.07  -0.07     0.05
  MONTH TO DATE    0.81          2.15  -1.34     0.84
  SINCE MAR 1      0.81          2.15  -1.34     0.84
  SINCE JAN 1      2.86          4.95  -2.09     4.39

DEGREE DAYS
 HEATING
  TODAY           24            20      4       29
  MONTH TO DATE  590           658    -68      817
  SINCE MAR 1    590           658    -68      817
  SINCE JUL 1   5269          5191     78     5787

 COOLING
  TODAY            0             0      0        0
  MONTH TO DATE    1             0      1        0
  SINCE MAR 1      1             0      1        0
  SINCE JAN 1      1             0      1        0
......................................................


WIND (MPH)
  HIGHEST WIND SPEED    20   HIGHEST WIND DIRECTION    NW (310)
  HIGHEST GUST SPEED    29   HIGHEST GUST DIRECTION     N (10)
  AVERAGE WIND SPEED    10.5


SKY COVER
  AVERAGE SKY COVER 0.0


WEATHER CONDITIONS
 THE FOLLOWING WEATHER WAS RECORDED TODAY.
  NO SIGNIFICANT WEATHER WAS OBSERVED.


RELATIVE HUMIDITY (PERCENT)
 HIGHEST    89           200 AM
 LOWEST     32           300 PM
 AVERAGE    61

..........................................................


THE KIRKSVILLE MO CLIMATE NORMALS FOR TOMORROW
                         NORMAL
 MAXIMUM TEMPERATURE (F)   56
 MINIMUM TEMPERATURE (F)   34


SUNRISE AND SUNSET
MARCH 26 2015.........SUNRISE   704 AM CDT   SUNSET   728 PM CDT
MARCH 27 2015.........SUNRISE   703 AM CDT   SUNSET   729 PM CDT


-  INDICATES NEGATIVE NUMBERS.
R  INDICATES RECORD WAS SET OR TIED.
MM INDICATES DATA IS MISSING.
T  INDICATES TRACE AMOUNT.




$$
