000
CDUS43 KEAX 260641
CLIIRK


CLIMATE REPORT
NATIONAL WEATHER SERVICE KANSAS CITY/PLEASANT HILL MO
1240 AM CST SUN FEB 26 2017


...................................

...THE KIRKSVILLE MO CLIMATE SUMMARY FOR FEBRUARY 25 2017...

CLIMATE NORMAL PERIOD 1981 TO 2010
CLIMATE RECORD PERIOD 9999 TO 9999


WEATHER ITEM   OBSERVED TIME   NORMAL DEPARTURE LAST
                VALUE   (LST)  VALUE  FROM      YEAR
                                      NORMAL
......................................................
TEMPERATURE (F)
 YESTERDAY
  MAXIMUM         38    353 PM  42     -4       40
  MINIMUM         18    706 AM  24     -6       29
  AVERAGE         28            33     -5       35

PRECIPITATION (IN)
  YESTERDAY        0.00          0.05  -0.05      T
  MONTH TO DATE    0.17          1.36  -1.19     1.50
  SINCE DEC 1      3.03          4.38  -1.35     6.95
  SINCE JAN 1      1.80          2.63  -0.83     2.59

DEGREE DAYS
 HEATING
  YESTERDAY       37            32      5       30
  MONTH TO DATE  594           892   -298      809
  SINCE DEC 1   2752          3218   -466     2752
  SINCE JUL 1   3474          4439   -965     3634

 COOLING
  YESTERDAY        0             0      0        0
  MONTH TO DATE    0             0      0        0
  SINCE DEC 1      0             0      0        0
  SINCE JAN 1      0             0      0        0
......................................................


WIND (MPH)
  HIGHEST WIND SPEED    20   HIGHEST WIND DIRECTION    NW (300)
  HIGHEST GUST SPEED    28   HIGHEST GUST DIRECTION    NW (300)
  AVERAGE WIND SPEED    10.3


SKY COVER
  AVERAGE SKY COVER 0.3


WEATHER CONDITIONS
 THE FOLLOWING WEATHER WAS RECORDED YESTERDAY.
  FOG


RELATIVE HUMIDITY (PERCENT)
 HIGHEST    88          1200 AM
 LOWEST     32           400 PM
 AVERAGE    60

..........................................................


THE KIRKSVILLE MO CLIMATE NORMALS FOR TODAY
                         NORMAL
 MAXIMUM TEMPERATURE (F)   43
 MINIMUM TEMPERATURE (F)   24


SUNRISE AND SUNSET
FEBRUARY 26 2017......SUNRISE   648 AM CST   SUNSET   559 PM CST
FEBRUARY 27 2017......SUNRISE   646 AM CST   SUNSET   600 PM CST


-  INDICATES NEGATIVE NUMBERS.
R  INDICATES RECORD WAS SET OR TIED.
MM INDICATES DATA IS MISSING.
T  INDICATES TRACE AMOUNT.




$$
