000
CDUS43 KEAX 270642
CLIIRK


CLIMATE REPORT
NATIONAL WEATHER SERVICE KANSAS CITY/PLEASANT HILL MO
142 AM CDT SAT MAY 27 2017


...................................

...THE KIRKSVILLE MO CLIMATE SUMMARY FOR MAY 26 2017...

CLIMATE NORMAL PERIOD 1981 TO 2010
CLIMATE RECORD PERIOD 9999 TO 9999


WEATHER ITEM   OBSERVED TIME   NORMAL DEPARTURE LAST
                VALUE   (LST)  VALUE  FROM      YEAR
                                      NORMAL
......................................................
TEMPERATURE (F)
 YESTERDAY
  MAXIMUM         83    212 PM  76      7       80
  MINIMUM         58    343 AM  55      3       63
  AVERAGE         71            65      6       72

PRECIPITATION (IN)
  YESTERDAY        0.11          0.15  -0.04     0.42
  MONTH TO DATE    1.79          4.13  -2.34     3.46
  SINCE MAR 1     11.56         10.52   1.04     8.44
  SINCE JAN 1     13.42         13.32   0.10    11.03

DEGREE DAYS
 HEATING
  YESTERDAY        0             2     -2        0
  MONTH TO DATE  152           141     11      170
  SINCE MAR 1   1080          1298   -218     1031
  SINCE JUL 1   4609          5831  -1222     4738

 COOLING
  YESTERDAY        6             3      3        7
  MONTH TO DATE   62            40     22       29
  SINCE MAR 1     86            47     39       37
  SINCE JAN 1     86            47     39       37
......................................................


WIND (MPH)
  HIGHEST WIND SPEED    21   HIGHEST WIND DIRECTION     E (90)
  HIGHEST GUST SPEED    24   HIGHEST GUST DIRECTION     E (100)
  AVERAGE WIND SPEED     6.9


SKY COVER
  AVERAGE SKY COVER 0.4


WEATHER CONDITIONS
 THE FOLLOWING WEATHER WAS RECORDED YESTERDAY.
  THUNDERSTORM
  LIGHT RAIN
  FOG


RELATIVE HUMIDITY (PERCENT)
 HIGHEST    93           900 PM
 LOWEST     54           500 PM
 AVERAGE    74

..........................................................


THE KIRKSVILLE MO CLIMATE NORMALS FOR TODAY
                         NORMAL
 MAXIMUM TEMPERATURE (F)   76
 MINIMUM TEMPERATURE (F)   56


SUNRISE AND SUNSET
MAY 27 2017...........SUNRISE   545 AM CDT   SUNSET   830 PM CDT
MAY 28 2017...........SUNRISE   545 AM CDT   SUNSET   830 PM CDT


-  INDICATES NEGATIVE NUMBERS.
R  INDICATES RECORD WAS SET OR TIED.
MM INDICATES DATA IS MISSING.
T  INDICATES TRACE AMOUNT.




$$
