000
CDUS43 KBIS 010727
CLIISN


CLIMATE REPORT
NATIONAL WEATHER SERVICE BISMARCK ND
126 AM CST SUN FEB 1 2015


...................................

...THE WILLISTON ND CLIMATE SUMMARY FOR JANUARY 31 2015...

CLIMATE NORMAL PERIOD 1981 TO 2010
CLIMATE RECORD PERIOD 1894 TO 2015


WEATHER ITEM   OBSERVED TIME   RECORD YEAR NORMAL DEPARTURE LAST
                VALUE   (LST)  VALUE       VALUE  FROM      YEAR
                                                  NORMAL
..................................................................
TEMPERATURE (F)
 YESTERDAY
  MAXIMUM         24    446 AM  54    1931  24      0       20
  MINIMUM         -3   1159 PM -36    1917   2     -5       -7
  AVERAGE         11                        13     -2        7

PRECIPITATION (IN)
  YESTERDAY        0.14          0.43 1939   0.01   0.13      T
  MONTH TO DATE    0.48                      0.59  -0.11     0.18
  SINCE DEC 1      0.51                      1.21  -0.70     1.25
  SINCE JAN 1      0.48                      0.59  -0.11     0.18

SNOWFALL (IN)
  YESTERDAY       MM             4.0  1939   0.2   MM       MM
  MONTH TO DATE    0.0                      10.0  -10.0     MM
  SINCE DEC 1      0.0                      19.5  -19.5     MM
  SINCE JUL 1      0.0                      28.4  -28.4     MM
  SNOW DEPTH      MM

DEGREE DAYS
 HEATING
  YESTERDAY       54                        52      2       58
  MONTH TO DATE 1453                      1675   -222     1550
  SINCE DEC 1   2854                      3259   -405     3325
  SINCE JUL 1   5047                      5421   -374     5399

 COOLING
  YESTERDAY        0                         0      0        0
  MONTH TO DATE    0                         0      0        0
  SINCE DEC 1      0                         0      0        0
  SINCE JAN 1      0                         0      0        0
..................................................................


WIND (MPH)
  HIGHEST WIND SPEED    23   HIGHEST WIND DIRECTION     E (70)
  HIGHEST GUST SPEED    28   HIGHEST GUST DIRECTION     E (70)
  AVERAGE WIND SPEED    13.7


SKY COVER
  POSSIBLE SUNSHINE  MM
  AVERAGE SKY COVER 1.0


WEATHER CONDITIONS
 THE FOLLOWING WEATHER WAS RECORDED YESTERDAY.
  SNOW
  LIGHT SNOW
  FOG


RELATIVE HUMIDITY (PERCENT)
 HIGHEST    92          1200 AM
 LOWEST     65          1100 PM
 AVERAGE    79

..........................................................


THE WILLISTON ND CLIMATE NORMALS FOR TODAY
                         NORMAL    RECORD    YEAR
 MAXIMUM TEMPERATURE (F)   24        55      1992
 MINIMUM TEMPERATURE (F)    2       -37      1917


SUNRISE AND SUNSET
FEBRUARY  1 2015......SUNRISE   823 AM CST   SUNSET   554 PM CST
FEBRUARY  2 2015......SUNRISE   822 AM CST   SUNSET   555 PM CST


-  INDICATES NEGATIVE NUMBERS.
R  INDICATES RECORD WAS SET OR TIED.
MM INDICATES DATA IS MISSING.
T  INDICATES TRACE AMOUNT.




$$
