000
CDUS43 KBIS 270725
CLIISN


CLIMATE REPORT
NATIONAL WEATHER SERVICE BISMARCK ND
125 AM CST FRI FEB 27 2015


...................................

...THE WILLISTON ND CLIMATE SUMMARY FOR FEBRUARY 26 2015...

CLIMATE NORMAL PERIOD 1981 TO 2010
CLIMATE RECORD PERIOD 1894 TO 2015


WEATHER ITEM   OBSERVED TIME   RECORD YEAR NORMAL DEPARTURE LAST
                VALUE   (LST)  VALUE       VALUE  FROM      YEAR
                                                  NORMAL
..................................................................
TEMPERATURE (F)
 YESTERDAY
  MAXIMUM         10    509 PM  59    1988  31    -21       22
  MINIMUM        -19    806 AM -27    1962  11    -30       -5
                                      1904
  AVERAGE         -4                        21    -25        9

PRECIPITATION (IN)
  YESTERDAY        0.00          0.62 1958   0.02  -0.02     0.00
  MONTH TO DATE    0.46                      0.36   0.10     0.26
  SINCE DEC 1      0.97                      1.57  -0.60     1.51
  SINCE JAN 1      0.94                      0.95  -0.01     0.44

SNOWFALL (IN)
  YESTERDAY       MM             6.3  1958   0.2   MM       MM
  MONTH TO DATE   MM                         5.2   MM       MM
  SINCE DEC 1     MM                        24.7   MM       MM
  SINCE JUL 1     MM                        33.6   MM       MM
  SNOW DEPTH      MM

DEGREE DAYS
 HEATING
  YESTERDAY       69                        44     25       56
  MONTH TO DATE 1352                      1259     93     1429
  SINCE DEC 1   4206                      4518   -312     4754
  SINCE JUL 1   6399                      6680   -281     6828

 COOLING
  YESTERDAY        0                         0      0        0
  MONTH TO DATE    0                         0      0        0
  SINCE DEC 1      0                         0      0        0
  SINCE JAN 1      0                         0      0        0
..................................................................


WIND (MPH)
  HIGHEST WIND SPEED    16   HIGHEST WIND DIRECTION     N (340)
  HIGHEST GUST SPEED    20   HIGHEST GUST DIRECTION     N (350)
  AVERAGE WIND SPEED     3.2


SKY COVER
  POSSIBLE SUNSHINE  MM
  AVERAGE SKY COVER 0.0


WEATHER CONDITIONS
 THE FOLLOWING WEATHER WAS RECORDED YESTERDAY.
  NO SIGNIFICANT WEATHER WAS OBSERVED.


RELATIVE HUMIDITY (PERCENT)
 HIGHEST    83          1100 PM
 LOWEST     55           400 PM
 AVERAGE    69

..........................................................


THE WILLISTON ND CLIMATE NORMALS FOR TODAY
                         NORMAL    RECORD    YEAR
 MAXIMUM TEMPERATURE (F)   32        66      1992
                                             1932
 MINIMUM TEMPERATURE (F)   11       -35      1962


SUNRISE AND SUNSET
FEBRUARY 27 2015......SUNRISE   740 AM CST   SUNSET   635 PM CST
FEBRUARY 28 2015......SUNRISE   738 AM CST   SUNSET   637 PM CST


-  INDICATES NEGATIVE NUMBERS.
R  INDICATES RECORD WAS SET OR TIED.
MM INDICATES DATA IS MISSING.
T  INDICATES TRACE AMOUNT.




$$
