000
CDUS43 KBIS 260804
CLIISN


CLIMATE REPORT
NATIONAL WEATHER SERVICE BISMARCK ND
302 AM CDT TUE MAY 26 2015


...................................

...THE WILLISTON ND CLIMATE SUMMARY FOR MAY 25 2015...

CLIMATE NORMAL PERIOD 1981 TO 2010
CLIMATE RECORD PERIOD 1894 TO 2015


WEATHER ITEM   OBSERVED TIME   RECORD YEAR NORMAL DEPARTURE LAST
                VALUE   (LST)  VALUE       VALUE  FROM      YEAR
                                                  NORMAL
..................................................................
TEMPERATURE (F)
 YESTERDAY
  MAXIMUM         78    320 PM  93    1931  70      8       78
  MINIMUM         43    253 AM  27    1992  44     -1       56
  AVERAGE         61                        57      4       67

PRECIPITATION (IN)
  YESTERDAY        0.00          1.52 1965   0.07  -0.07      T
  MONTH TO DATE    1.44                      1.47  -0.03     1.20
  SINCE MAR 1      2.18                      3.18  -1.00     3.23
  SINCE JAN 1      3.12                      4.16  -1.04     3.67

SNOWFALL (IN)
  YESTERDAY       MM             0.8  1965   0.0   MM       MM
  MONTH TO DATE   MM                         1.3   MM       MM
  SINCE MAR 1     MM                        11.2   MM       MM
  SINCE JUL 1     MM                        45.3   MM       MM
  SNOW DEPTH      MM

DEGREE DAYS
 HEATING
  YESTERDAY        4                         9     -5        0
  MONTH TO DATE  335                       303     32      345
  SINCE MAR 1   1807                      2060   -253     2274
  SINCE JUL 1   8323                      8828   -505     9223

 COOLING
  YESTERDAY        0                         1     -1        2
  MONTH TO DATE    1                         1      0        8
  SINCE MAR 1      1                         2     -1        8
  SINCE JAN 1      1                         2     -1        8
..................................................................


WIND (MPH)
  HIGHEST WIND SPEED    17   HIGHEST WIND DIRECTION     W (280)
  HIGHEST GUST SPEED    21   HIGHEST GUST DIRECTION     W (280)
  AVERAGE WIND SPEED     4.3


SKY COVER
  POSSIBLE SUNSHINE  MM
  AVERAGE SKY COVER 0.5


WEATHER CONDITIONS
 THE FOLLOWING WEATHER WAS RECORDED YESTERDAY.
  NO SIGNIFICANT WEATHER WAS OBSERVED.


RELATIVE HUMIDITY (PERCENT)
 HIGHEST    89           300 AM
 LOWEST     29           400 PM
 AVERAGE    59

..........................................................


THE WILLISTON ND CLIMATE NORMALS FOR TODAY
                         NORMAL    RECORD    YEAR
 MAXIMUM TEMPERATURE (F)   71        98      1934
 MINIMUM TEMPERATURE (F)   44        26      1907


SUNRISE AND SUNSET
MAY 26 2015...........SUNRISE   603 AM CDT   SUNSET   940 PM CDT
MAY 27 2015...........SUNRISE   602 AM CDT   SUNSET   942 PM CDT


-  INDICATES NEGATIVE NUMBERS.
R  INDICATES RECORD WAS SET OR TIED.
MM INDICATES DATA IS MISSING.
T  INDICATES TRACE AMOUNT.




$$
