000
CDUS43 KBIS 200724
CLIISN


CLIMATE REPORT
NATIONAL WEATHER SERVICE BISMARCK ND
224 AM CDT MON OCT 20 2014


...................................

...THE WILLISTON ND CLIMATE SUMMARY FOR OCTOBER 19 2014...

CLIMATE NORMAL PERIOD 1981 TO 2010
CLIMATE RECORD PERIOD 1894 TO 2014


WEATHER ITEM   OBSERVED TIME   RECORD YEAR NORMAL DEPARTURE LAST
                VALUE   (LST)  VALUE       VALUE  FROM      YEAR
                                                  NORMAL
..................................................................
TEMPERATURE (F)
 YESTERDAY
  MAXIMUM         70    428 PM  82    1947  55     15       59
  MINIMUM         36   1115 PM   7    1960  29      7       37
  AVERAGE         53                        42     11       48

PRECIPITATION (IN)
  YESTERDAY        0.00          0.82 1908   0.03  -0.03     0.02
  MONTH TO DATE    0.17                      0.59  -0.42     1.96
  SINCE SEP 1      1.52                      1.65  -0.13     3.86
  SINCE JAN 1      9.95                     12.77  -2.82    19.75

SNOWFALL (IN)
  YESTERDAY        0.0           2.7  1932   0.1   -0.1     MM
  MONTH TO DATE    0.0                       1.2   -1.2     MM
  SINCE SEP 1      0.0                       1.4   -1.4     MM
  SINCE JUL 1      0.0                       1.4   -1.4     MM
  SNOW DEPTH       0

DEGREE DAYS
 HEATING
  YESTERDAY       12                        23    -11       17
  MONTH TO DATE  329                       365    -36      371
  SINCE SEP 1    579                       640    -61      511
  SINCE JUL 1    636                       711    -75      557

 COOLING
  YESTERDAY        0                         0      0        0
  MONTH TO DATE    0                         0      0        0
  SINCE SEP 1     34                        26      8       78
  SINCE JAN 1    425                       455    -30      405
..................................................................


WIND (MPH)
  HIGHEST WIND SPEED     9   HIGHEST WIND DIRECTION     S (190)
  HIGHEST GUST SPEED    11   HIGHEST GUST DIRECTION     S (190)
  AVERAGE WIND SPEED     2.6


SKY COVER
  POSSIBLE SUNSHINE  MM
  AVERAGE SKY COVER 0.0


WEATHER CONDITIONS
 THE FOLLOWING WEATHER WAS RECORDED YESTERDAY.
  NO SIGNIFICANT WEATHER WAS OBSERVED.


RELATIVE HUMIDITY (PERCENT)
 HIGHEST    92           700 AM
 LOWEST     31           300 PM
 AVERAGE    62

..........................................................


THE WILLISTON ND CLIMATE NORMALS FOR TODAY
                         NORMAL    RECORD    YEAR
 MAXIMUM TEMPERATURE (F)   54        78      1901
 MINIMUM TEMPERATURE (F)   28        12      1896


SUNRISE AND SUNSET
OCTOBER 20 2014.......SUNRISE   822 AM CDT   SUNSET   656 PM CDT
OCTOBER 21 2014.......SUNRISE   823 AM CDT   SUNSET   654 PM CDT


-  INDICATES NEGATIVE NUMBERS.
R  INDICATES RECORD WAS SET OR TIED.
MM INDICATES DATA IS MISSING.
T  INDICATES TRACE AMOUNT.




$$
