000
CDUS43 KBIS 230717
CLIISN


CLIMATE REPORT
NATIONAL WEATHER SERVICE BISMARCK ND
217 AM CDT THU OCT 23 2014


...................................

...THE WILLISTON ND CLIMATE SUMMARY FOR OCTOBER 22 2014...

CLIMATE NORMAL PERIOD 1981 TO 2010
CLIMATE RECORD PERIOD 1894 TO 2014


WEATHER ITEM   OBSERVED TIME   RECORD YEAR NORMAL DEPARTURE LAST
                VALUE   (LST)  VALUE       VALUE  FROM      YEAR
                                                  NORMAL
..................................................................
TEMPERATURE (F)
 YESTERDAY
  MAXIMUM         63    452 PM  80    1901  53     10       44
  MINIMUM         40   1157 PM   8    2002  28     12       34
  AVERAGE         52                        40     12       39

PRECIPITATION (IN)
  YESTERDAY        T             0.90 1980   0.03  -0.03     0.02
  MONTH TO DATE    0.17                      0.68  -0.51     2.03
  SINCE SEP 1      1.52                      1.74  -0.22     3.93
  SINCE JAN 1      9.95                     12.86  -2.91    19.82

SNOWFALL (IN)
  YESTERDAY       MM             1.1  1957   0.1   MM       MM
                                      1980
  MONTH TO DATE    0.0                       1.5   -1.5     MM
  SINCE SEP 1      0.0                       1.7   -1.7     MM
  SINCE JUL 1      0.0                       1.7   -1.7     MM
  SNOW DEPTH      MM

DEGREE DAYS
 HEATING
  YESTERDAY       13                        25    -12       26
  MONTH TO DATE  360                       438    -78      462
  SINCE SEP 1    610                       713   -103      602
  SINCE JUL 1    667                       784   -117      648

 COOLING
  YESTERDAY        0                         0      0        0
  MONTH TO DATE    0                         0      0        0
  SINCE SEP 1     34                        26      8       78
  SINCE JAN 1    425                       455    -30      405
..................................................................


WIND (MPH)
  HIGHEST WIND SPEED    26   HIGHEST WIND DIRECTION     W (280)
  HIGHEST GUST SPEED    35   HIGHEST GUST DIRECTION     W (280)
  AVERAGE WIND SPEED    13.3


SKY COVER
  POSSIBLE SUNSHINE  MM
  AVERAGE SKY COVER 0.2


WEATHER CONDITIONS
 THE FOLLOWING WEATHER WAS RECORDED YESTERDAY.
  LIGHT RAIN


RELATIVE HUMIDITY (PERCENT)
 HIGHEST    77           400 AM
 LOWEST     36           500 PM
 AVERAGE    57

..........................................................


THE WILLISTON ND CLIMATE NORMALS FOR TODAY
                         NORMAL    RECORD    YEAR
 MAXIMUM TEMPERATURE (F)   53        79      1901
 MINIMUM TEMPERATURE (F)   27         7      1981


SUNRISE AND SUNSET
OCTOBER 23 2014.......SUNRISE   826 AM CDT   SUNSET   651 PM CDT
OCTOBER 24 2014.......SUNRISE   828 AM CDT   SUNSET   649 PM CDT


-  INDICATES NEGATIVE NUMBERS.
R  INDICATES RECORD WAS SET OR TIED.
MM INDICATES DATA IS MISSING.
T  INDICATES TRACE AMOUNT.




$$
