000
CDUS43 KBIS 170726
CLIISN


CLIMATE REPORT
NATIONAL WEATHER SERVICE BISMARCK ND
125 AM CST WED JAN 17 2018


...................................

...THE WILLISTON ND CLIMATE SUMMARY FOR JANUARY 16 2018...

CLIMATE NORMAL PERIOD 1981 TO 2010
CLIMATE RECORD PERIOD 1894 TO 2018


WEATHER ITEM   OBSERVED TIME   RECORD YEAR NORMAL DEPARTURE LAST
                VALUE   (LST)  VALUE       VALUE  FROM      YEAR
                                                  NORMAL
..................................................................
TEMPERATURE (F)
 YESTERDAY
  MAXIMUM         13    510 PM  48    1974  22     -9       21
                                      1961
  MINIMUM        -19   1222 AM -34    1978   0    -19        3
  AVERAGE         -3                        11    -14       12

PRECIPITATION (IN)
  YESTERDAY        0.00          0.62 1995   0.02  -0.02     0.00
  MONTH TO DATE    0.18                      0.34  -0.16     0.40
  SINCE DEC 1      0.72                      0.96  -0.24     1.36
  SINCE JAN 1      0.18                      0.34  -0.16     0.40

DEGREE DAYS
 HEATING
  YESTERDAY       68                        54     14       53
  MONTH TO DATE  929                       874     55     1069
  SINCE DEC 1   2424                      2459    -35     2578
  SINCE JUL 1   4438                      4621   -183     4157

 COOLING
  YESTERDAY        0                         0      0        0
  MONTH TO DATE    0                         0      0        0
  SINCE DEC 1      0                         0      0        0
  SINCE JAN 1      0                         0      0        0
..................................................................


WIND (MPH)
  HIGHEST WIND SPEED    12   HIGHEST WIND DIRECTION    SW (220)
  HIGHEST GUST SPEED    14   HIGHEST GUST DIRECTION    SW (220)
  AVERAGE WIND SPEED     4.4


SKY COVER
  POSSIBLE SUNSHINE  MM
  AVERAGE SKY COVER 0.0


WEATHER CONDITIONS
 THE FOLLOWING WEATHER WAS RECORDED YESTERDAY.
  NO SIGNIFICANT WEATHER WAS OBSERVED.


RELATIVE HUMIDITY (PERCENT)
 HIGHEST    91           500 AM
 LOWEST     53           400 PM
 AVERAGE    72

..........................................................


THE WILLISTON ND CLIMATE NORMALS FOR TODAY
                         NORMAL    RECORD    YEAR
 MAXIMUM TEMPERATURE (F)   22        49      1923
 MINIMUM TEMPERATURE (F)    0       -35      1943


SUNRISE AND SUNSET
JANUARY 17 2018.......SUNRISE   839 AM CST   SUNSET   531 PM CST
JANUARY 18 2018.......SUNRISE   838 AM CST   SUNSET   533 PM CST


-  INDICATES NEGATIVE NUMBERS.
R  INDICATES RECORD WAS SET OR TIED.
MM INDICATES DATA IS MISSING.
T  INDICATES TRACE AMOUNT.




$$
