000
CDUS43 KBIS 270731
CLIISN


CLIMATE REPORT
NATIONAL WEATHER SERVICE BISMARCK ND
230 AM CDT SAT AUG 27 2016


...................................

...THE WILLISTON ND CLIMATE SUMMARY FOR AUGUST 26 2016...

CLIMATE NORMAL PERIOD 1981 TO 2010
CLIMATE RECORD PERIOD 1894 TO 2016


WEATHER ITEM   OBSERVED TIME   RECORD YEAR NORMAL DEPARTURE LAST
                VALUE   (LST)  VALUE       VALUE  FROM      YEAR
                                                  NORMAL
..................................................................
TEMPERATURE (F)
 YESTERDAY
  MAXIMUM         80    249 PM  99    1901  81     -1       90
  MINIMUM         46    257 AM  33    1914  51     -5       51
  AVERAGE         63                        66     -3       71

PRECIPITATION (IN)
  YESTERDAY        0.00          1.19 1903   0.05  -0.05      T
  MONTH TO DATE    0.45                      1.23  -0.78     0.82
  SINCE JUN 1      4.68                      6.29  -1.61     4.27
  SINCE JAN 1      9.75                     10.90  -1.15     7.77

SNOWFALL (IN)
  YESTERDAY       MM
  SNOW DEPTH      MM

DEGREE DAYS
 HEATING
  YESTERDAY        2                         2      0        0
  MONTH TO DATE    8                        33    -25       31
  SINCE JUN 1     25                       177   -152       93
  SINCE JUL 1      9                        57    -48       39

 COOLING
  YESTERDAY        0                         4     -4        6
  MONTH TO DATE  145                       151     -6      177
  SINCE JUN 1    450                       401     49      527
  SINCE JAN 1    460                       414     46      528
..................................................................


WIND (MPH)
  HIGHEST WIND SPEED    25   HIGHEST WIND DIRECTION    NW (310)
  HIGHEST GUST SPEED    32   HIGHEST GUST DIRECTION    NW (310)
  AVERAGE WIND SPEED     5.7


SKY COVER
  POSSIBLE SUNSHINE  MM
  AVERAGE SKY COVER 0.4


WEATHER CONDITIONS
 THE FOLLOWING WEATHER WAS RECORDED YESTERDAY.
  NO SIGNIFICANT WEATHER WAS OBSERVED.


RELATIVE HUMIDITY (PERCENT)
 HIGHEST    77           600 AM
 LOWEST     24           200 PM
 AVERAGE    51

..........................................................


THE WILLISTON ND CLIMATE NORMALS FOR TODAY
                         NORMAL    RECORD    YEAR
 MAXIMUM TEMPERATURE (F)   81       100      1991
 MINIMUM TEMPERATURE (F)   51        35      1982


SUNRISE AND SUNSET
AUGUST 27 2016........SUNRISE   706 AM CDT   SUNSET   845 PM CDT
AUGUST 28 2016........SUNRISE   708 AM CDT   SUNSET   843 PM CDT


-  INDICATES NEGATIVE NUMBERS.
R  INDICATES RECORD WAS SET OR TIED.
MM INDICATES DATA IS MISSING.
T  INDICATES TRACE AMOUNT.




$$
