000
CDUS43 KBIS 180021
CLIISN


CLIMATE REPORT
NATIONAL WEATHER SERVICE BISMARCK ND
621 PM CST FRI NOV 17 2017


...................................

...THE WILLISTON ND CLIMATE SUMMARY FOR NOVEMBER 17 2017...
VALID TODAY AS OF 0600 PM LOCAL TIME.

CLIMATE NORMAL PERIOD 1981 TO 2010
CLIMATE RECORD PERIOD 1894 TO 2017


WEATHER ITEM   OBSERVED TIME   RECORD YEAR NORMAL DEPARTURE LAST
                VALUE   (LST)  VALUE       VALUE  FROM      YEAR
                                                  NORMAL
..................................................................
TEMPERATURE (F)
 TODAY
  MAXIMUM         36    337 PM  65    1908  37     -1       36
  MINIMUM         11    841 AM -10    1959  16     -5       28
  AVERAGE         24                        26     -2       32

PRECIPITATION (IN)
  TODAY            0.00          0.35 1986   0.02  -0.02     0.00
  MONTH TO DATE    0.26                      0.41  -0.15     0.01
  SINCE SEP 1      2.46                      2.39   0.07     4.61
  SINCE JAN 1     11.74                     13.51  -1.77    14.36

SNOWFALL (IN)
  TODAY           MM

DEGREE DAYS
 HEATING
  TODAY           41                        39      2       33
  MONTH TO DATE  714                       581    133      346
  SINCE SEP 1   1589                      1537     52     1119
  SINCE JUL 1   1608                      1608      0     1129

 COOLING
  TODAY            0                         0      0        0
  MONTH TO DATE    0                         0      0        0
  SINCE SEP 1     38                        27     11       31
  SINCE JAN 1    643                       456    187      521
..................................................................


WIND (MPH)
  HIGHEST WIND SPEED    14   HIGHEST WIND DIRECTION     N (340)
  HIGHEST GUST SPEED    17   HIGHEST GUST DIRECTION    NW (330)
  AVERAGE WIND SPEED     4.1


SKY COVER
  POSSIBLE SUNSHINE  MM
  AVERAGE SKY COVER 0.0


WEATHER CONDITIONS
 THE FOLLOWING WEATHER WAS RECORDED TODAY.
  HAZE


RELATIVE HUMIDITY (PERCENT)
 HIGHEST    85           100 AM
 LOWEST     47           300 PM
 AVERAGE    66

..........................................................


THE WILLISTON ND CLIMATE NORMALS FOR TOMORROW
                         NORMAL    RECORD    YEAR
 MAXIMUM TEMPERATURE (F)   36        62      1908
 MINIMUM TEMPERATURE (F)   15       -17      1986
                                             1896


SUNRISE AND SUNSET
NOVEMBER 17 2017......SUNRISE   805 AM CST   SUNSET   514 PM CST
NOVEMBER 18 2017......SUNRISE   806 AM CST   SUNSET   513 PM CST


-  INDICATES NEGATIVE NUMBERS.
R  INDICATES RECORD WAS SET OR TIED.
MM INDICATES DATA IS MISSING.
T  INDICATES TRACE AMOUNT.




$$
