000
CDUS43 KBIS 292244
CLIISN


CLIMATE REPORT
NATIONAL WEATHER SERVICE BISMARCK ND
543 PM CDT FRI AUG 29 2014


...................................

...THE WILLISTON ND CLIMATE SUMMARY FOR AUGUST 29 2014...
VALID TODAY AS OF 0500 PM LOCAL TIME.

CLIMATE NORMAL PERIOD 1981 TO 2010
CLIMATE RECORD PERIOD 1894 TO 2014


WEATHER ITEM   OBSERVED TIME   RECORD YEAR NORMAL DEPARTURE LAST
                VALUE   (LST)  VALUE       VALUE  FROM      YEAR
                                                  NORMAL
..................................................................
TEMPERATURE (F)
 TODAY
  MAXIMUM         73    348 PM  99    2012  80     -7       90
  MINIMUM         59    719 AM  34    1988  50      9       64
  AVERAGE         66                        65      1       77

PRECIPITATION (IN)
  TODAY            0.02          0.70 1920   0.04  -0.02     0.37
  MONTH TO DATE    1.85                      1.36   0.49     2.17
  SINCE JUN 1      3.95                      6.42  -2.47     8.08
  SINCE JAN 1      8.04                     11.03  -2.99    15.89

SNOWFALL (IN)
  TODAY           MM

DEGREE DAYS
 HEATING
  TODAY            0                         3     -3        0
  MONTH TO DATE   35                        42     -7       21
  SINCE JUN 1    162                       186    -24      174
  SINCE JUL 1     52                        66    -14       46

 COOLING
  TODAY            1                         3     -2       12
  MONTH TO DATE  179                       160     19      150
  SINCE JUN 1    371                       410    -39      303
  SINCE JAN 1    392                       423    -31      311
..................................................................


WIND (MPH)
  HIGHEST WIND SPEED    28   HIGHEST WIND DIRECTION     N (350)
  HIGHEST GUST SPEED    35   HIGHEST GUST DIRECTION     N (350)
  AVERAGE WIND SPEED    12.0


SKY COVER
  POSSIBLE SUNSHINE  MM
  AVERAGE SKY COVER 0.5


WEATHER CONDITIONS
 THE FOLLOWING WEATHER WAS RECORDED TODAY.
  NO SIGNIFICANT WEATHER WAS OBSERVED.


RELATIVE HUMIDITY (PERCENT)
 HIGHEST    90           500 AM
 LOWEST     41           400 PM
 AVERAGE    66

..........................................................


THE WILLISTON ND CLIMATE NORMALS FOR TOMORROW
                         NORMAL    RECORD    YEAR
 MAXIMUM TEMPERATURE (F)   79        97      2008
                                             1983
                                             1981
 MINIMUM TEMPERATURE (F)   50        37      1935


SUNRISE AND SUNSET
AUGUST 29 2014........SUNRISE   708 AM CDT   SUNSET   842 PM CDT
AUGUST 30 2014........SUNRISE   710 AM CDT   SUNSET   840 PM CDT


-  INDICATES NEGATIVE NUMBERS.
R  INDICATES RECORD WAS SET OR TIED.
MM INDICATES DATA IS MISSING.
T  INDICATES TRACE AMOUNT.




$$
