000
CDUS43 KBIS 230743
CLIISN


CLIMATE REPORT
NATIONAL WEATHER SERVICE BISMARCK ND
242 AM CDT WED AUG 23 2017


...................................

...THE WILLISTON ND CLIMATE SUMMARY FOR AUGUST 22 2017...

CLIMATE NORMAL PERIOD 1981 TO 2010
CLIMATE RECORD PERIOD 1894 TO 2017


WEATHER ITEM   OBSERVED TIME   RECORD YEAR NORMAL DEPARTURE LAST
                VALUE   (LST)  VALUE       VALUE  FROM      YEAR
                                                  NORMAL
..................................................................
TEMPERATURE (F)
 YESTERDAY
  MAXIMUM         81    434 PM 103    1969  83     -2       99
  MINIMUM         40    504 AM  32    1911  53    -13       54
                                      1908
  AVERAGE         61                        68     -7       77

PRECIPITATION (IN)
  YESTERDAY        0.00          0.83 1946   0.05  -0.05     0.00
  MONTH TO DATE    2.18                      1.05   1.13     0.44
  SINCE JUN 1      4.26                      6.11  -1.85     4.67
  SINCE JAN 1      7.73                     10.72  -2.99     9.74

DEGREE DAYS
 HEATING
  YESTERDAY        4                         2      2        0
  MONTH TO DATE   19                        25     -6        1
  SINCE JUN 1     50                       169   -119       18
  SINCE JUL 1     19                        49    -30        2

 COOLING
  YESTERDAY        0                         4     -4       12
  MONTH TO DATE   48                       135    -87      141
  SINCE JUN 1    514                       385    129      446
  SINCE JAN 1    537                       398    139      456
..................................................................


WIND (MPH)
  HIGHEST WIND SPEED    10   HIGHEST WIND DIRECTION    SE (150)
  HIGHEST GUST SPEED    16   HIGHEST GUST DIRECTION     S (160)
  AVERAGE WIND SPEED     4.3


SKY COVER
  POSSIBLE SUNSHINE  MM
  AVERAGE SKY COVER 0.0


WEATHER CONDITIONS
 THE FOLLOWING WEATHER WAS RECORDED YESTERDAY.
  NO SIGNIFICANT WEATHER WAS OBSERVED.


RELATIVE HUMIDITY (PERCENT)
 HIGHEST    82           200 AM
 LOWEST     23           400 PM
 AVERAGE    53

..........................................................


THE WILLISTON ND CLIMATE NORMALS FOR TODAY
                         NORMAL    RECORD    YEAR
 MAXIMUM TEMPERATURE (F)   82       103      1937
 MINIMUM TEMPERATURE (F)   52        35      1928


SUNRISE AND SUNSET
AUGUST 23 2017........SUNRISE   700 AM CDT   SUNSET   853 PM CDT
AUGUST 24 2017........SUNRISE   702 AM CDT   SUNSET   851 PM CDT


-  INDICATES NEGATIVE NUMBERS.
R  INDICATES RECORD WAS SET OR TIED.
MM INDICATES DATA IS MISSING.
T  INDICATES TRACE AMOUNT.




$$
