000
CDUS43 KBIS 290723
CLIISN


CLIMATE REPORT
NATIONAL WEATHER SERVICE BISMARCK ND
222 AM CDT THU JUN 29 2017


...................................

...THE WILLISTON ND CLIMATE SUMMARY FOR JUNE 28 2017...

CLIMATE NORMAL PERIOD 1981 TO 2010
CLIMATE RECORD PERIOD 1894 TO 2017


WEATHER ITEM   OBSERVED TIME   RECORD YEAR NORMAL DEPARTURE LAST
                VALUE   (LST)  VALUE       VALUE  FROM      YEAR
                                                  NORMAL
..................................................................
TEMPERATURE (F)
 YESTERDAY
  MAXIMUM         85    227 PM 101    1931  81      4       85
  MINIMUM         50    605 AM  38    1999  53     -3       50
  AVERAGE         68                        67      1       68

PRECIPITATION (IN)
  YESTERDAY        T             1.68 1952   0.09  -0.09     0.00
  MONTH TO DATE    1.29                      2.35  -1.06     1.82
  SINCE JUN 1      1.29                      2.35  -1.06     1.82
  SINCE JAN 1      4.76                      6.96  -2.20     6.89

DEGREE DAYS
 HEATING
  YESTERDAY        0                         2     -2        0
  MONTH TO DATE   28                       116    -88       16
  SINCE JUN 1     28                       116    -88       16
  SINCE JUL 1   7958                      8990  -1032     7368

 COOLING
  YESTERDAY        3                         4     -1        3
  MONTH TO DATE   87                        59     28       89
  SINCE JUN 1     87                        59     28       89
  SINCE JAN 1    110                        72     38       99
..................................................................


WIND (MPH)
  HIGHEST WIND SPEED    22   HIGHEST WIND DIRECTION    NW (300)
  HIGHEST GUST SPEED    31   HIGHEST GUST DIRECTION     N (340)
  AVERAGE WIND SPEED     6.8


SKY COVER
  POSSIBLE SUNSHINE  MM
  AVERAGE SKY COVER 0.1


WEATHER CONDITIONS
 THE FOLLOWING WEATHER WAS RECORDED YESTERDAY.
  LIGHT RAIN


RELATIVE HUMIDITY (PERCENT)
 HIGHEST    78           100 AM
 LOWEST     20           200 PM
 AVERAGE    49

..........................................................


THE WILLISTON ND CLIMATE NORMALS FOR TODAY
                         NORMAL    RECORD    YEAR
 MAXIMUM TEMPERATURE (F)   81       101      1937
 MINIMUM TEMPERATURE (F)   53        40      2003
                                             1995


SUNRISE AND SUNSET
JUNE 29 2017..........SUNRISE   557 AM CDT   SUNSET   959 PM CDT
JUNE 30 2017..........SUNRISE   558 AM CDT   SUNSET   958 PM CDT


-  INDICATES NEGATIVE NUMBERS.
R  INDICATES RECORD WAS SET OR TIED.
MM INDICATES DATA IS MISSING.
T  INDICATES TRACE AMOUNT.




$$
