000
CDUS43 KBIS 020742
CLIISN


CLIMATE REPORT
NATIONAL WEATHER SERVICE BISMARCK ND
241 AM CDT WED SEP 2 2015


...................................

...THE WILLISTON ND CLIMATE SUMMARY FOR SEPTEMBER 1 2015...

CLIMATE NORMAL PERIOD 1981 TO 2010
CLIMATE RECORD PERIOD 1894 TO 2015


WEATHER ITEM   OBSERVED TIME   RECORD YEAR NORMAL DEPARTURE LAST
                VALUE   (LST)  VALUE       VALUE  FROM      YEAR
                                                  NORMAL
..................................................................
TEMPERATURE (F)
 YESTERDAY
  MAXIMUM         94    434 PM 104    1983  78     16       74
  MINIMUM         46    609 AM  34    1946  49     -3       46
  AVERAGE         70                        64      6       60

PRECIPITATION (IN)
  YESTERDAY        0.00          0.62 1973   0.04  -0.04      T
  MONTH TO DATE    0.00                      0.04  -0.04      T
  SINCE SEP 1      0.00                      0.04  -0.04      T
  SINCE JAN 1      7.84                     11.16  -3.32     8.43

SNOWFALL (IN)
  YESTERDAY       MM             0.0  2002   0.0   MM       MM
                                      2001
  MONTH TO DATE   MM                         0.0   MM       MM
  SINCE SEP 1     MM                         0.0   MM       MM
  SINCE JUL 1      0.0                       0.0    0.0     MM
  SNOW DEPTH      MM

DEGREE DAYS
 HEATING
  YESTERDAY        0                         4     -4        5
  MONTH TO DATE    0                         4     -4        5
  SINCE SEP 1      0                         4     -4        5
  SINCE JUL 1     39                        75    -36       62

 COOLING
  YESTERDAY        5                         2      3        0
  MONTH TO DATE    5                         2      3        0
  SINCE SEP 1      5                         2      3        0
  SINCE JAN 1    567                       431    136      391
..................................................................


WIND (MPH)
  HIGHEST WIND SPEED    17   HIGHEST WIND DIRECTION    SW (210)
  HIGHEST GUST SPEED    22   HIGHEST GUST DIRECTION    SW (230)
  AVERAGE WIND SPEED     5.5


SKY COVER
  POSSIBLE SUNSHINE  MM
  AVERAGE SKY COVER 0.0


WEATHER CONDITIONS
 THE FOLLOWING WEATHER WAS RECORDED YESTERDAY.
  NO SIGNIFICANT WEATHER WAS OBSERVED.


RELATIVE HUMIDITY (PERCENT)
 HIGHEST    86           200 AM
 LOWEST     18           600 PM
 AVERAGE    52

..........................................................


THE WILLISTON ND CLIMATE NORMALS FOR TODAY
                         NORMAL    RECORD    YEAR
 MAXIMUM TEMPERATURE (F)   78        99      1901
 MINIMUM TEMPERATURE (F)   48        32      1974


SUNRISE AND SUNSET
SEPTEMBER  2 2015.....SUNRISE   713 AM CDT   SUNSET   834 PM CDT
SEPTEMBER  3 2015.....SUNRISE   715 AM CDT   SUNSET   832 PM CDT


-  INDICATES NEGATIVE NUMBERS.
R  INDICATES RECORD WAS SET OR TIED.
MM INDICATES DATA IS MISSING.
T  INDICATES TRACE AMOUNT.




$$
