000
CDUS43 KBIS 240725
CLIISN


CLIMATE REPORT
NATIONAL WEATHER SERVICE BISMARCK ND
223 AM CDT MON APR 24 2017


...................................

...THE WILLISTON ND CLIMATE SUMMARY FOR APRIL 23 2017...

CLIMATE NORMAL PERIOD 1981 TO 2010
CLIMATE RECORD PERIOD 1894 TO 2017


WEATHER ITEM   OBSERVED TIME   RECORD YEAR NORMAL DEPARTURE LAST
                VALUE   (LST)  VALUE       VALUE  FROM      YEAR
                                                  NORMAL
..................................................................
TEMPERATURE (F)
 YESTERDAY
  MAXIMUM         38    110 AM  87    2012  61    -23       66
  MINIMUM         31   1159 PM  14    2008  32     -1       39
  AVERAGE         35                        46    -11       53

PRECIPITATION (IN)
  YESTERDAY        0.00          1.27 1961   0.04  -0.04     0.00
  MONTH TO DATE    0.38                      0.70  -0.32     0.69
  SINCE MAR 1      1.23                      1.41  -0.18     0.87
  SINCE JAN 1      2.37                      2.39  -0.02     2.00

SNOWFALL (IN)
  YESTERDAY       MM
  SNOW DEPTH      MM

DEGREE DAYS
 HEATING
  YESTERDAY       30                        19     11       12
  MONTH TO DATE  448                       531    -83      452
  SINCE MAR 1   1488                      1638   -150     1322
  SINCE JUL 1   7510                      8406   -896     6932

 COOLING
  YESTERDAY        0                         0      0        0
  MONTH TO DATE    0                         0      0        0
  SINCE MAR 1      0                         0      0        0
  SINCE JAN 1      0                         0      0        0
..................................................................


WIND (MPH)
  HIGHEST WIND SPEED    26   HIGHEST WIND DIRECTION     E (100)
  HIGHEST GUST SPEED    35   HIGHEST GUST DIRECTION     E (110)
  AVERAGE WIND SPEED    15.9


SKY COVER
  POSSIBLE SUNSHINE  MM
  AVERAGE SKY COVER 1.0


WEATHER CONDITIONS
 THE FOLLOWING WEATHER WAS RECORDED YESTERDAY.
  NO SIGNIFICANT WEATHER WAS OBSERVED.


RELATIVE HUMIDITY (PERCENT)
 HIGHEST    85          1200 AM
 LOWEST     69           800 AM
 AVERAGE    77

..........................................................


THE WILLISTON ND CLIMATE NORMALS FOR TODAY
                         NORMAL    RECORD    YEAR
 MAXIMUM TEMPERATURE (F)   61        90      2012
                                             1962
 MINIMUM TEMPERATURE (F)   33        17      1907


SUNRISE AND SUNSET
APRIL 24 2017.........SUNRISE   647 AM CDT   SUNSET   859 PM CDT
APRIL 25 2017.........SUNRISE   646 AM CDT   SUNSET   900 PM CDT


-  INDICATES NEGATIVE NUMBERS.
R  INDICATES RECORD WAS SET OR TIED.
MM INDICATES DATA IS MISSING.
T  INDICATES TRACE AMOUNT.




$$
