000
CDUS43 KBIS 140734
CLIISN


CLIMATE REPORT
NATIONAL WEATHER SERVICE BISMARCK ND
234 AM CDT MON JUL 14 2014


...................................

...THE WILLISTON ND CLIMATE SUMMARY FOR JULY 13 2014...

CLIMATE NORMAL PERIOD 1981 TO 2010
CLIMATE RECORD PERIOD 1894 TO 2014


WEATHER ITEM   OBSERVED TIME   RECORD YEAR NORMAL DEPARTURE LAST
                VALUE   (LST)  VALUE       VALUE  FROM      YEAR
                                                  NORMAL
..................................................................
TEMPERATURE (F)
 YESTERDAY
  MAXIMUM         79    337 PM  98    1925  84     -5       92
  MINIMUM         52    306 AM  41    1967  56     -4       57
  AVERAGE         66                        70     -4       75

PRECIPITATION (IN)
  YESTERDAY        0.00          0.43 2005   0.10  -0.10     0.10
  MONTH TO DATE    0.07                      1.26  -1.19     0.82
  SINCE JUN 1      1.51                      3.78  -2.27     4.98
  SINCE JAN 1      5.60                      8.39  -2.79    12.79

SNOWFALL (IN)
  YESTERDAY       MM             0.0  2002   0.0   MM       MM
                                      2001
  MONTH TO DATE   MM                         0.0   MM       MM
  SINCE JUN 1      0.0                       0.0    0.0     MM
  SINCE JUL 1     MM                         0.0   MM       MM
  SNOW DEPTH      MM

DEGREE DAYS
 HEATING
  YESTERDAY        0                         1     -1        0
  MONTH TO DATE    8                        15     -7        0
  SINCE JUN 1    118                       135    -17      128
  SINCE JUL 1      8                        15     -7        0

 COOLING
  YESTERDAY        1                         6     -5       10
  MONTH TO DATE   72                        63      9       87
  SINCE JUN 1    100                       131    -31      114
  SINCE JAN 1    121                       144    -23      122
..................................................................


WIND (MPH)
  HIGHEST WIND SPEED    26   HIGHEST WIND DIRECTION     N (340)
  HIGHEST GUST SPEED    35   HIGHEST GUST DIRECTION    NW (310)
  AVERAGE WIND SPEED    12.0


SKY COVER
  POSSIBLE SUNSHINE  MM
  AVERAGE SKY COVER 0.0


WEATHER CONDITIONS
 THE FOLLOWING WEATHER WAS RECORDED YESTERDAY.
  HAZE


RELATIVE HUMIDITY (PERCENT)
 HIGHEST    80           100 AM
 LOWEST     19           300 PM
 AVERAGE    50

..........................................................


THE WILLISTON ND CLIMATE NORMALS FOR TODAY
                         NORMAL    RECORD    YEAR
 MAXIMUM TEMPERATURE (F)   84       107      1983
 MINIMUM TEMPERATURE (F)   56        43      1993


SUNRISE AND SUNSET
JULY 14 2014..........SUNRISE   609 AM CDT   SUNSET   951 PM CDT
JULY 15 2014..........SUNRISE   610 AM CDT   SUNSET   950 PM CDT


-  INDICATES NEGATIVE NUMBERS.
R  INDICATES RECORD WAS SET OR TIED.
MM INDICATES DATA IS MISSING.
T  INDICATES TRACE AMOUNT.




$$
