671
CDUS41 KOKX 290633
CLIISP


CLIMATE REPORT
NATIONAL WEATHER SERVICE NEW YORK NY
233 AM EDT FRI JUL 29 2016


...................................

...THE ISLIP NY CLIMATE SUMMARY FOR JULY 28 2016...

CLIMATE NORMAL PERIOD 1981 TO 2010
CLIMATE RECORD PERIOD 1984 TO 2016


WEATHER ITEM   OBSERVED TIME   RECORD YEAR NORMAL DEPARTURE LAST
                VALUE   (LST)  VALUE       VALUE  FROM      YEAR
                                                  NORMAL
..................................................................
TEMPERATURE (F)
 YESTERDAY
  MAXIMUM         92   1002 AM  96    1999  82     10       88
  MINIMUM         74    521 AM  56    2001  67      7       73
  AVERAGE         83                        74      9       81

PRECIPITATION (IN)
  YESTERDAY        T             2.98 2012   0.12  -0.12     0.00
  MONTH TO DATE    2.09                      3.06  -0.97     1.41
  SINCE JUN 1      3.22                      7.33  -4.11     5.46
  SINCE JAN 1     20.41                     26.79  -6.38    20.55

SNOWFALL (IN)
  YESTERDAY        0.0          MM      MM   0.0    0.0      0.0
  MONTH TO DATE    0.0                       0.0    0.0      0.0
  SINCE OCT 1     41.4                      24.8   16.6     63.7
  SINCE JUL 1      0.0                       0.0    0.0      0.0
  SNOW DEPTH       0

DEGREE DAYS
 HEATING
  YESTERDAY        0                         0      0        0
  MONTH TO DATE    0                         0      0        0
  SINCE JUN 1      8                        38    -30       46
  SINCE JUL 1      0                         0      0        0

 COOLING
  YESTERDAY       18                         9      9       16
  MONTH TO DATE  339                       245     94      293
  SINCE JUN 1    478                       385     93      445
  SINCE JAN 1    522                       409    113      495
..................................................................


WIND (MPH)
  HIGHEST WIND SPEED    17   HIGHEST WIND DIRECTION    SE (140)
  HIGHEST GUST SPEED    22   HIGHEST GUST DIRECTION     S (170)
  AVERAGE WIND SPEED     6.1


SKY COVER
  AVERAGE SKY COVER 0.7


WEATHER CONDITIONS
 THE FOLLOWING WEATHER WAS RECORDED YESTERDAY.
  LIGHT RAIN
  FOG
  HAZE


RELATIVE HUMIDITY (PERCENT)
 HIGHEST   100           100 AM
 LOWEST     38          1000 AM
 AVERAGE    69

..........................................................


THE ISLIP NY CLIMATE NORMALS FOR TODAY
                         NORMAL    RECORD    YEAR
 MAXIMUM TEMPERATURE (F)   82        96      2002
 MINIMUM TEMPERATURE (F)   67        58      1984


SUNRISE AND SUNSET
JULY 29 2016..........SUNRISE   546 AM EDT   SUNSET   811 PM EDT
JULY 30 2016..........SUNRISE   547 AM EDT   SUNSET   810 PM EDT


-  INDICATES NEGATIVE NUMBERS.
R  INDICATES RECORD WAS SET OR TIED.
MM INDICATES DATA IS MISSING.
T  INDICATES TRACE AMOUNT.




$$
