000
CDUS41 KOKX 302103
CLIISP


CLIMATE REPORT
NATIONAL WEATHER SERVICE NEW YORK NY
503 PM EDT TUE JUN 30 2015


...................................

...THE ISLIP NY CLIMATE SUMMARY FOR JUNE 30 2015...
VALID TODAY AS OF 0500 PM LOCAL TIME.

CLIMATE NORMAL PERIOD 1981 TO 2010
CLIMATE RECORD PERIOD 1986 TO 2015


WEATHER ITEM   OBSERVED TIME   RECORD YEAR NORMAL DEPARTURE LAST
                VALUE   (LST)  VALUE       VALUE  FROM      YEAR
                                                  NORMAL
..................................................................
TEMPERATURE (F)
 TODAY
  MAXIMUM         80    158 PM  93    2012  80      0       82
  MINIMUM         64    431 AM  55    1988  64      0       68
  AVERAGE         72                        72      0       75

PRECIPITATION (IN)
  TODAY            0.00          1.08 1990   0.11  -0.11     0.00
  MONTH TO DATE    4.05                      4.27  -0.22     1.79
  SINCE JUN 1      4.05                      4.27  -0.22     1.79
  SINCE JAN 1     19.14                     23.73  -4.59    23.53

SNOWFALL (IN)
  TODAY            0.0          MM      MM   0.0    0.0      0.0
  MONTH TO DATE    0.0                       0.0    0.0      0.0
  SINCE OCT 1     63.7                      24.8   38.9     63.7
  SINCE JUL 1     63.7                      24.8   38.9     63.7
  SNOW DEPTH       0

DEGREE DAYS
 HEATING
  TODAY            0                         0      0        0
  MONTH TO DATE   46                        36     10        2
  SINCE JUN 1     46                        38      8        2
  SINCE JUL 1   5557                      5428    129     5459

 COOLING
  TODAY            7                         8     -1       10
  MONTH TO DATE  152                       140     12      171
  SINCE JUN 1    152                       140     12      171
  SINCE JAN 1    202                       164     38      200
..................................................................


WIND (MPH)
  HIGHEST WIND SPEED    18   HIGHEST WIND DIRECTION     S (160)
  HIGHEST GUST SPEED    25   HIGHEST GUST DIRECTION    SE (150)
  AVERAGE WIND SPEED     8.6


SKY COVER
  AVERAGE SKY COVER 0.3


WEATHER CONDITIONS
 THE FOLLOWING WEATHER WAS RECORDED TODAY.
  NO SIGNIFICANT WEATHER WAS OBSERVED.


RELATIVE HUMIDITY (PERCENT)
 HIGHEST    93           500 AM
 LOWEST     45           200 PM
 AVERAGE    69

..........................................................


THE ISLIP NY CLIMATE NORMALS FOR TOMORROW
                         NORMAL    RECORD    YEAR
 MAXIMUM TEMPERATURE (F)   81        89      2012
 MINIMUM TEMPERATURE (F)   65        50      1988


SUNRISE AND SUNSET
JUNE 30 2015..........SUNRISE   524 AM EDT   SUNSET   828 PM EDT
JULY  1 2015..........SUNRISE   525 AM EDT   SUNSET   828 PM EDT


-  INDICATES NEGATIVE NUMBERS.
R  INDICATES RECORD WAS SET OR TIED.
MM INDICATES DATA IS MISSING.
T  INDICATES TRACE AMOUNT.




$$
