000
CDUS41 KOKX 272037
CLIISP


CLIMATE REPORT
NATIONAL WEATHER SERVICE NEW YORK NY
436 PM EDT TUE JUN 27 2017


...................................

...THE ISLIP NY CLIMATE SUMMARY FOR JUNE 27 2017...
VALID TODAY AS OF 0400 PM LOCAL TIME.

CLIMATE NORMAL PERIOD 1981 TO 2010
CLIMATE RECORD PERIOD 1963 TO 2017


WEATHER ITEM   OBSERVED TIME   RECORD YEAR NORMAL DEPARTURE LAST
                VALUE   (LST)  VALUE       VALUE  FROM      YEAR
                                                  NORMAL
..................................................................
TEMPERATURE (F)
 TODAY
  MAXIMUM         76    230 PM  93    2003  80     -4       79
  MINIMUM         60    416 AM  48    1965  64     -4       65
  AVERAGE         68                        72     -4       72

PRECIPITATION (IN)
  TODAY            0.05          1.60 1968   0.11  -0.06     0.02
  MONTH TO DATE    3.57                      3.94  -0.37     1.06
  SINCE JUN 1      3.57                      3.94  -0.37     1.06
  SINCE JAN 1     22.51                     23.40  -0.89    18.25

SNOWFALL (IN)
  TODAY            0.0          MM      MM   0.0    0.0      0.0
  MONTH TO DATE    0.0                       0.0    0.0      0.0
  SINCE OCT 1     39.3                      24.8   14.5     41.4
  SINCE JUL 1     39.3                      24.8   14.5     41.4
  SNOW DEPTH       0

DEGREE DAYS
 HEATING
  TODAY            0                         0      0        0
  MONTH TO DATE   42                        36      6        8
  SINCE JUN 1     42                        36      6        8
  SINCE JUL 1   4769                      5426   -657     4372

 COOLING
  TODAY            3                         7     -4        7
  MONTH TO DATE  144                       118     26      111
  SINCE JUN 1    144                       118     26      111
  SINCE JAN 1    183                       142     41      155
..................................................................


WIND (MPH)
  HIGHEST WIND SPEED    14   HIGHEST WIND DIRECTION     S (180)
  HIGHEST GUST SPEED    18   HIGHEST GUST DIRECTION     S (180)
  AVERAGE WIND SPEED     5.6


SKY COVER
  AVERAGE SKY COVER 0.6


WEATHER CONDITIONS
 THE FOLLOWING WEATHER WAS RECORDED TODAY.
  THUNDERSTORM
  FOG


RELATIVE HUMIDITY (PERCENT)
 HIGHEST    93           100 AM
 LOWEST     60           200 PM
 AVERAGE    77

..........................................................


THE ISLIP NY CLIMATE NORMALS FOR TOMORROW
                         NORMAL    RECORD    YEAR
 MAXIMUM TEMPERATURE (F)   80        91      2010
 MINIMUM TEMPERATURE (F)   64        50      1995


SUNRISE AND SUNSET
JUNE 27 2017..........SUNRISE   523 AM EDT   SUNSET   828 PM EDT
JUNE 28 2017..........SUNRISE   523 AM EDT   SUNSET   828 PM EDT


-  INDICATES NEGATIVE NUMBERS.
R  INDICATES RECORD WAS SET OR TIED.
MM INDICATES DATA IS MISSING.
T  INDICATES TRACE AMOUNT.




$$
