000
CDUS41 KOKX 292041
CLIISP


CLIMATE REPORT
NATIONAL WEATHER SERVICE NEW YORK NY
441 PM EDT MON AUG 29 2016


...................................

...THE ISLIP NY CLIMATE SUMMARY FOR AUGUST 29 2016...
VALID TODAY AS OF 0400 PM LOCAL TIME.

CLIMATE NORMAL PERIOD 1981 TO 2010
CLIMATE RECORD PERIOD 1984 TO 2016


WEATHER ITEM   OBSERVED TIME   RECORD YEAR NORMAL DEPARTURE LAST
                VALUE   (LST)  VALUE       VALUE  FROM      YEAR
                                                  NORMAL
..................................................................
TEMPERATURE (F)
 TODAY
  MAXIMUM         91R   231 PM  91    2010  79     12       82
  MINIMUM         72    543 AM  46    1986  64      8       59
  AVERAGE         82                        71     11       71

PRECIPITATION (IN)
  TODAY            0.00          2.72 2002   0.12  -0.12     0.00
  MONTH TO DATE    0.89                      3.74  -2.85     1.48
  SINCE JUN 1      5.24                     11.44  -6.20     7.27
  SINCE JAN 1     22.43                     30.90  -8.47    22.36

SNOWFALL (IN)
  TODAY            0.0          MM      MM   0.0    0.0      0.0
  MONTH TO DATE    0.0                       0.0    0.0      0.0
  SINCE OCT 1     41.4                      24.8   16.6     63.7
  SINCE JUL 1      0.0                       0.0    0.0      0.0
  SNOW DEPTH       0

DEGREE DAYS
 HEATING
  TODAY            0                         0      0        0
  MONTH TO DATE    0                         0      0        0
  SINCE JUN 1      8                        40    -32       46
  SINCE JUL 1      0                         2     -2        0

 COOLING
  TODAY           17                         6     11        6
  MONTH TO DATE  367                       235    132      310
  SINCE JUN 1    879                       651    228      803
  SINCE JAN 1    923                       675    248      853
..................................................................


WIND (MPH)
  HIGHEST WIND SPEED    17   HIGHEST WIND DIRECTION     N (350)
  HIGHEST GUST SPEED    22   HIGHEST GUST DIRECTION    NW (330)
  AVERAGE WIND SPEED     8.3


SKY COVER
  AVERAGE SKY COVER 0.6


WEATHER CONDITIONS
 THE FOLLOWING WEATHER WAS RECORDED TODAY.
  NO SIGNIFICANT WEATHER WAS OBSERVED.


RELATIVE HUMIDITY (PERCENT)
 HIGHEST    84           200 AM
 LOWEST     38           300 PM
 AVERAGE    61

..........................................................


THE ISLIP NY CLIMATE NORMALS FOR TOMORROW
                         NORMAL    RECORD    YEAR
 MAXIMUM TEMPERATURE (F)   79        91      1991
 MINIMUM TEMPERATURE (F)   63        45      1986


SUNRISE AND SUNSET
AUGUST 29 2016........SUNRISE   617 AM EDT   SUNSET   729 PM EDT
AUGUST 30 2016........SUNRISE   618 AM EDT   SUNSET   727 PM EDT


-  INDICATES NEGATIVE NUMBERS.
R  INDICATES RECORD WAS SET OR TIED.
MM INDICATES DATA IS MISSING.
T  INDICATES TRACE AMOUNT.




$$
