000
CDUS41 KOKX 010618
CLIISP


CLIMATE REPORT
NATIONAL WEATHER SERVICE NEW YORK NY
218 AM EDT SUN MAY 1 2016


...................................

...THE ISLIP NY CLIMATE SUMMARY FOR APRIL 30 2016...

CLIMATE NORMAL PERIOD 1981 TO 2010
CLIMATE RECORD PERIOD 1986 TO 2016


WEATHER ITEM   OBSERVED TIME   RECORD YEAR NORMAL DEPARTURE LAST
                VALUE   (LST)  VALUE       VALUE  FROM      YEAR
                                                  NORMAL
..................................................................
TEMPERATURE (F)
 YESTERDAY
  MAXIMUM         61   1040 AM  79    2007  63     -2       61
  MINIMUM         45   1041 PM  33    1992  45      0       45
  AVERAGE         53                        54     -1       53

PRECIPITATION (IN)
  YESTERDAY        0.00          2.21 2014   0.13  -0.13     0.00
  MONTH TO DATE    2.39                      4.34  -1.95     1.66
  SINCE MAR 1      5.11                      8.78  -3.67     6.73
  SINCE JAN 1     13.58                     15.68  -2.10    14.67

SNOWFALL (IN)
  YESTERDAY        0.0          MM      MM   0.0    0.0      0.0
  MONTH TO DATE    0.2                       0.6   -0.4      0.0
  SINCE OCT 1     41.4                      24.8   16.6     63.7
  SINCE JUL 1     41.4                      24.8   16.6     63.7
  SNOW DEPTH       0

DEGREE DAYS
 HEATING
  YESTERDAY       12                        11      1       12
  MONTH TO DATE  457                       478    -21      463
  SINCE MAR 1   1056                      1276   -220     1379
  SINCE JUL 1   4138                      5171  -1033     5399

 COOLING
  YESTERDAY        0                         0      0        0
  MONTH TO DATE    0                         2     -2        0
  SINCE MAR 1      0                         2     -2        0
  SINCE JAN 1      0                         2     -2        0
..................................................................


WIND (MPH)
  HIGHEST WIND SPEED    14   HIGHEST WIND DIRECTION    SE (150)
  HIGHEST GUST SPEED    18   HIGHEST GUST DIRECTION     S (170)
  AVERAGE WIND SPEED     7.5


SKY COVER
  AVERAGE SKY COVER 0.7


WEATHER CONDITIONS
 THE FOLLOWING WEATHER WAS RECORDED YESTERDAY.
  NO SIGNIFICANT WEATHER WAS OBSERVED.


RELATIVE HUMIDITY (PERCENT)
 HIGHEST    83          1200 AM
 LOWEST     44          1000 AM
 AVERAGE    64

..........................................................


THE ISLIP NY CLIMATE NORMALS FOR TODAY
                         NORMAL    RECORD    YEAR
 MAXIMUM TEMPERATURE (F)   63        84      2001
 MINIMUM TEMPERATURE (F)   45        32      2008


SUNRISE AND SUNSET
MAY  1 2016...........SUNRISE   550 AM EDT   SUNSET   749 PM EDT
MAY  2 2016...........SUNRISE   549 AM EDT   SUNSET   750 PM EDT


-  INDICATES NEGATIVE NUMBERS.
R  INDICATES RECORD WAS SET OR TIED.
MM INDICATES DATA IS MISSING.
T  INDICATES TRACE AMOUNT.




$$
