000
CDCA42 TJSJ 260445
CLIIST


CLIMATE REPORT
NATIONAL WEATHER SERVICE SAN JUAN, PR
1245 AM AST TUE MAY 26 2015


...................................

...THE CYRIL E. KING AP/ST THOMAS  CLIMATE SUMMARY FOR MAY 25 2015...

CLIMATE NORMAL PERIOD 1981 TO 2010
CLIMATE RECORD PERIOD 1953 TO 2015


WEATHER ITEM   OBSERVED TIME   RECORD YEAR NORMAL DEPARTURE LAST
                VALUE   (LST)  VALUE       VALUE  FROM      YEAR
                                                  NORMAL
..................................................................
TEMPERATURE (F)
 YESTERDAY
  MAXIMUM         89    254 PM  96    1995  88      1       86
                                      1984
  MINIMUM         76    604 PM  72    1989  77     -1       78
  AVERAGE         83                        82      1       82

PRECIPITATION (IN)
  YESTERDAY        0.15          0.54 1987   0.08   0.07     0.00
  MONTH TO DATE    5.82                      2.58   3.24     6.35
  SINCE MAR 1      8.58                      6.74   1.84    10.33
  SINCE JAN 1     23.61                     10.55  13.06    12.91

SNOWFALL (IN)
  YESTERDAY        0.0                       0.0    0.0      0.0
  MONTH TO DATE    0.0                       0.0    0.0      0.0
  SINCE MAR 1      0.0                       0.0    0.0      0.0
  SINCE JUL 1      0.0                       0.0    0.0      0.0

DEGREE DAYS
 HEATING
  YESTERDAY        0                         0      0        0
  MONTH TO DATE    0                         0      0        0
  SINCE MAR 1      0                         0      0        0
  SINCE JUL 1      0                         0      0        0

 COOLING
  YESTERDAY       18                        17      1       17
  MONTH TO DATE  441                       417     24      395
  SINCE MAR 1   1333                      1331      2     1300
  SINCE JAN 1   2137                      2145     -8     2122
..................................................................


WIND (MPH)
  HIGHEST WIND SPEED    24   HIGHEST WIND DIRECTION    NE (40)
  HIGHEST GUST SPEED    28   HIGHEST GUST DIRECTION    NE (30)
  AVERAGE WIND SPEED     9.5


SKY COVER
  AVERAGE SKY COVER 0.9


WEATHER CONDITIONS
 THE FOLLOWING WEATHER WAS RECORDED YESTERDAY.
  NO SIGNIFICANT WEATHER WAS OBSERVED.


RELATIVE HUMIDITY (PERCENT)
 HIGHEST    85
 LOWEST     52
 AVERAGE    69

..........................................................


THE CYRIL E. KING AP/ST THOMAS  CLIMATE NORMALS FOR TODAY
                         NORMAL    RECORD    YEAR
 MAXIMUM TEMPERATURE (F)   88        94      1994
 MINIMUM TEMPERATURE (F)   77        73      2002
                                             1992


SUNRISE AND SUNSET
MAY 26 2015...........SUNRISE   544 AM AST   SUNSET   650 PM AST
MAY 27 2015...........SUNRISE   544 AM AST   SUNSET   651 PM AST


-  INDICATES NEGATIVE NUMBERS.
R  INDICATES RECORD WAS SET OR TIED.
MM INDICATES DATA IS MISSING.
T  INDICATES TRACE AMOUNT.




$$
