000
CDCA42 TJSJ 252136
CLIISX


CLIMATE REPORT
NATIONAL WEATHER SERVICE SAN JUAN, PR
525 PM AST MON JUL 25 2016


...................................

...THE HENRY E. ROHLSEN AP/ST CROIX CLIMATE SUMMARY FOR JULY 25 2016...
VALID TODAY AS OF 0500 PM LOCAL TIME.

CLIMATE NORMAL PERIOD 1981 TO 2010
CLIMATE RECORD PERIOD 1951 TO 2016


WEATHER ITEM   OBSERVED TIME   RECORD YEAR NORMAL DEPARTURE LAST
                VALUE   (LST)  VALUE       VALUE  FROM      YEAR
                                                  NORMAL
..................................................................
TEMPERATURE (F)
 TODAY
  MAXIMUM         90    152 PM  92    2014  89      1       90
                                      1995
  MINIMUM         76    453 AM  72    1999  79     -3       78
  AVERAGE         83                        84     -1       84

PRECIPITATION (IN)
  TODAY            0.07          0.75 1993   0.11  -0.04     0.01
  MONTH TO DATE    2.82                      2.38   0.44     0.77
  SINCE JUN 1      3.68                      4.69  -1.01     1.33
  SINCE JAN 1     14.47                     16.32  -1.85     6.69

SNOWFALL (IN)
  TODAY            0.0                       0.0    0.0      0.0
  MONTH TO DATE    0.0                       0.0    0.0      0.0
  SINCE JUN 1      0.0                       0.0    0.0      0.0
  SINCE JUL 1      0.0                       0.0    0.0      0.0

DEGREE DAYS
 HEATING
  TODAY            0                         0      0        0
  MONTH TO DATE    0                         0      0        0
  SINCE JUN 1      0                         0      0        0
  SINCE JUL 1      0                         0      0        0

 COOLING
  TODAY           18                        19     -1       19
  MONTH TO DATE  484                       475      9      475
  SINCE JUN 1   1057                      1015     42     1051
  SINCE JAN 1   3393                      3168    225     3295
..................................................................


WIND (MPH)
  HIGHEST WIND SPEED    22   HIGHEST WIND DIRECTION    NE (60)
  HIGHEST GUST SPEED    31   HIGHEST GUST DIRECTION     E (80)
  AVERAGE WIND SPEED    11.7


SKY COVER
  AVERAGE SKY COVER 0.4


WEATHER CONDITIONS
 THE FOLLOWING WEATHER WAS RECORDED TODAY.
  LIGHT RAIN
  FOG


RELATIVE HUMIDITY (PERCENT)
 HIGHEST    94
 LOWEST     64
 AVERAGE    79

..........................................................


THE HENRY E. ROHLSEN AP/ST CROIX CLIMATE NORMALS FOR TOMORROW
                         NORMAL    RECORD    YEAR
 MAXIMUM TEMPERATURE (F)   89        93      1978
 MINIMUM TEMPERATURE (F)   79        71      1982


SUNRISE AND SUNSET
JULY 25 2016..........SUNRISE   556 AM AST   SUNSET   655 PM AST
JULY 26 2016..........SUNRISE   556 AM AST   SUNSET   655 PM AST


-  INDICATES NEGATIVE NUMBERS.
R  INDICATES RECORD WAS SET OR TIED.
MM INDICATES DATA IS MISSING.
T  INDICATES TRACE AMOUNT.




$$
