000
CDHW43 PHFO 161245
CLIITO


CLIMATE REPORT
NATIONAL WEATHER SERVICE HONOLULU HI
245 AM HST WED APR 16 2014


...................................

...THE HILO HI CLIMATE SUMMARY FOR APRIL 15 2014...

CLIMATE NORMAL PERIOD 1981 TO 2010
CLIMATE RECORD PERIOD 1946 TO 2014


WEATHER ITEM   OBSERVED TIME   RECORD YEAR NORMAL DEPARTURE LAST
                VALUE   (LST)  VALUE       VALUE  FROM      YEAR
                                                  NORMAL
..................................................................
TEMPERATURE (F)
 YESTERDAY
  MAXIMUM         79   1203 PM  86    1957  79      0       83
  MINIMUM         66   1121 PM  61    1962  65      1       65
  AVERAGE         73                        72      1       74

PRECIPITATION (IN)
  YESTERDAY        0.40          7.56 1963   0.39   0.01     0.00
  MONTH TO DATE    8.90                      6.27   2.63     0.75
  SINCE MAR 1     27.63                     19.70   7.93     4.89
  SINCE JAN 1     35.86                     38.52  -2.66    36.39

SNOWFALL (IN)
  YESTERDAY        0.0
  MONTH TO DATE    0.0
  SINCE MAR 1      0.0
  SINCE JUL 1      0.0
  SNOW DEPTH       0

DEGREE DAYS
 HEATING
  YESTERDAY        0                         0      0        0
  MONTH TO DATE    0                         0      0        0
  SINCE MAR 1      0                         0      0        0
  SINCE JUL 1      0                         0      0        0

 COOLING
  YESTERDAY        8                         7      1        9
  MONTH TO DATE  121                       105     16      123
  SINCE MAR 1    357                       316     41      325
  SINCE JAN 1    815                       686    129      697
..................................................................


WIND (MPH)
  HIGHEST WIND SPEED    20   HIGHEST WIND DIRECTION     N (10)
  HIGHEST GUST SPEED    27   HIGHEST GUST DIRECTION     N (20)
  AVERAGE WIND SPEED     9.8


SKY COVER
  POSSIBLE SUNSHINE  MM
  AVERAGE SKY COVER 0.7


WEATHER CONDITIONS
 THE FOLLOWING WEATHER WAS RECORDED YESTERDAY.
  HEAVY RAIN
  LIGHT RAIN
  FOG


RELATIVE HUMIDITY (PERCENT)
 HIGHEST   100           800 PM
 LOWEST     67          1200 PM
 AVERAGE    84

..........................................................


THE HILO HI CLIMATE NORMALS FOR TODAY
                         NORMAL    RECORD    YEAR
 MAXIMUM TEMPERATURE (F)   79        87      1979
 MINIMUM TEMPERATURE (F)   66        59      1956


SUNRISE AND SUNSET
APRIL 16 2014.........SUNRISE   602 AM HST   SUNSET   639 PM HST
APRIL 17 2014.........SUNRISE   601 AM HST   SUNSET   639 PM HST


-  INDICATES NEGATIVE NUMBERS.
R  INDICATES RECORD WAS SET OR TIED.
MM INDICATES DATA IS MISSING.
T  INDICATES TRACE AMOUNT.




$$
