000
CDHW43 PHFO 300245
CLIITO


CLIMATE REPORT
NATIONAL WEATHER SERVICE HONOLULU HI
435 PM HST FRI AUG 29 2014


...................................

...THE HILO HI CLIMATE SUMMARY FOR AUGUST 29 2014...
VALID TODAY AS OF 0400 PM LOCAL TIME.

CLIMATE NORMAL PERIOD 1981 TO 2010
CLIMATE RECORD PERIOD 1946 TO 2014


WEATHER ITEM   OBSERVED TIME   RECORD YEAR NORMAL DEPARTURE LAST
                VALUE   (LST)  VALUE       VALUE  FROM      YEAR
                                                  NORMAL
..................................................................
TEMPERATURE (F)
 TODAY
  MAXIMUM         86    146 PM  88    2007  83      3       84
                                      1964
  MINIMUM         68    625 AM  64    1974  70     -2       68
                                      1971
  AVERAGE         77                        76      1       76

PRECIPITATION (IN)
  TODAY            T             9.24 1957   0.28  -0.28     0.24
  MONTH TO DATE   10.69                      9.27   1.42     8.87
  SINCE JUN 1     33.25                     27.45   5.80    17.67
  SINCE JAN 1     80.99                     79.36   1.63    64.71

SNOWFALL (IN)
  TODAY            0.0
  MONTH TO DATE    0.0
  SINCE JUN 1      0.0
  SINCE JUL 1      0.0
  SNOW DEPTH       0

DEGREE DAYS
 HEATING
  TODAY            0                         0      0        0
  MONTH TO DATE    0                         0      0        0
  SINCE JUN 1      0                         0      0        0
  SINCE JUL 1      0                         0      0        0

 COOLING
  TODAY           12                        11      1       11
  MONTH TO DATE  383                       319     64      338
  SINCE JUN 1    995                       968     27     1040
  SINCE JAN 1   2251                      2036    215     2193
..................................................................


WIND (MPH)
  HIGHEST WIND SPEED    14   HIGHEST WIND DIRECTION     N (20)
  HIGHEST GUST SPEED    17   HIGHEST GUST DIRECTION    NE (30)
  AVERAGE WIND SPEED     7.2


SKY COVER
  POSSIBLE SUNSHINE  MM
  AVERAGE SKY COVER 0.2


WEATHER CONDITIONS
 THE FOLLOWING WEATHER WAS RECORDED TODAY.
  NO SIGNIFICANT WEATHER WAS OBSERVED.


RELATIVE HUMIDITY (PERCENT)
 HIGHEST    84          1200 AM
 LOWEST     61           200 PM
 AVERAGE    73

..........................................................


THE HILO HI CLIMATE NORMALS FOR TOMORROW
                         NORMAL    RECORD    YEAR
 MAXIMUM TEMPERATURE (F)   83        88      2007
                                             1996
                                             1987
 MINIMUM TEMPERATURE (F)   70        65      1993


SUNRISE AND SUNSET
AUGUST 29 2014........SUNRISE   604 AM HST   SUNSET   638 PM HST
AUGUST 30 2014........SUNRISE   604 AM HST   SUNSET   637 PM HST


-  INDICATES NEGATIVE NUMBERS.
R  INDICATES RECORD WAS SET OR TIED.
MM INDICATES DATA IS MISSING.
T  INDICATES TRACE AMOUNT.




$$
