724
CDHW43 PHFO 080228
CLIITO


CLIMATE REPORT
NATIONAL WEATHER SERVICE HONOLULU HI
428 PM HST SUN FEB 7 2016


...................................

...THE HILO HI CLIMATE SUMMARY FOR FEBRUARY 7 2016...
VALID TODAY AS OF 0400 PM LOCAL TIME.

CLIMATE NORMAL PERIOD 1981 TO 2010
CLIMATE RECORD PERIOD 1946 TO 2016


WEATHER ITEM   OBSERVED TIME   RECORD YEAR NORMAL DEPARTURE LAST
                VALUE   (LST)  VALUE       VALUE  FROM      YEAR
                                                  NORMAL
..................................................................
TEMPERATURE (F)
 TODAY
  MAXIMUM         76    226 PM  90    1968  79     -3       82
  MINIMUM         69   1051 AM  56    1954  63      6       62
  AVERAGE         73                        71      2       72

PRECIPITATION (IN)
  TODAY            0.15          8.42 1950   0.33  -0.18      T
  MONTH TO DATE    1.05                      2.34  -1.29      T
  SINCE DEC 1     16.44                     23.17  -6.73     8.90
  SINCE JAN 1      2.34                     11.60  -9.26     2.80

SNOWFALL (IN)
  TODAY            0.0
  MONTH TO DATE    0.0
  SINCE DEC 1      0.0
  SINCE JUL 1      0.0
  SNOW DEPTH       0

DEGREE DAYS
 HEATING
  TODAY            0                         0      0        0
  MONTH TO DATE    0                         0      0        0
  SINCE DEC 1      0                         0      0        0
  SINCE JUL 1      0                         0      0        0

 COOLING
  TODAY            8                         6      2        7
  MONTH TO DATE   66                        42     24       69
  SINCE DEC 1    659                       465    194      568
  SINCE JAN 1    353                       240    113      327
..................................................................


WIND (MPH)
  HIGHEST WIND SPEED    25   HIGHEST WIND DIRECTION     N (350)
  HIGHEST GUST SPEED    34   HIGHEST GUST DIRECTION     N (350)
  AVERAGE WIND SPEED    13.8


SKY COVER
  POSSIBLE SUNSHINE  MM
  AVERAGE SKY COVER 0.8


WEATHER CONDITIONS
 THE FOLLOWING WEATHER WAS RECORDED TODAY.
  RAIN
  LIGHT RAIN
  FOG


RELATIVE HUMIDITY (PERCENT)
 HIGHEST    90           500 AM
 LOWEST     64           200 PM
 AVERAGE    77

..........................................................


THE HILO HI CLIMATE NORMALS FOR TOMORROW
                         NORMAL    RECORD    YEAR
 MAXIMUM TEMPERATURE (F)   79        85      1996
                                             1980
                                             1950
 MINIMUM TEMPERATURE (F)   63        57      1954


SUNRISE AND SUNSET
FEBRUARY  7 2016......SUNRISE   653 AM HST   SUNSET   616 PM HST
FEBRUARY  8 2016......SUNRISE   653 AM HST   SUNSET   616 PM HST


-  INDICATES NEGATIVE NUMBERS.
R  INDICATES RECORD WAS SET OR TIED.
MM INDICATES DATA IS MISSING.
T  INDICATES TRACE AMOUNT.




$$
