000
CDHW43 PHFO 271245
CLIITO


CLIMATE REPORT
NATIONAL WEATHER SERVICE HONOLULU HI
245 AM HST WED MAY 27 2015


...................................

...THE HILO HI CLIMATE SUMMARY FOR MAY 26 2015...

CLIMATE NORMAL PERIOD 1981 TO 2010
CLIMATE RECORD PERIOD 1946 TO 2015


WEATHER ITEM   OBSERVED TIME   RECORD YEAR NORMAL DEPARTURE LAST
                VALUE   (LST)  VALUE       VALUE  FROM      YEAR
                                                  NORMAL
..................................................................
TEMPERATURE (F)
 YESTERDAY
  MAXIMUM         76    340 PM  88    2003  81     -5       83
  MINIMUM         68    710 AM  60    2003  68      0       67
  AVERAGE         72                        74     -2       75

PRECIPITATION (IN)
  YESTERDAY        T             6.40 1970   0.21  -0.21     0.24
  MONTH TO DATE    7.05                      7.08  -0.03     5.01
  SINCE MAR 1     30.28                     32.05  -1.77    37.11
  SINCE JAN 1     38.37                     50.87 -12.50    45.34

SNOWFALL (IN)
  YESTERDAY        0.0
  MONTH TO DATE    0.0
  SINCE MAR 1      0.0
  SINCE JUL 1      0.0
  SNOW DEPTH       0

DEGREE DAYS
 HEATING
  YESTERDAY        0                         0      0        0
  MONTH TO DATE    0                         0      0        0
  SINCE MAR 1      0                         0      0        0
  SINCE JUL 1      0                         0      0        0

 COOLING
  YESTERDAY        7                         9     -2       10
  MONTH TO DATE  229                       222      7      265
  SINCE MAR 1    757                       649    108      756
  SINCE JAN 1   1283                      1019    264     1214
..................................................................


WIND (MPH)
  HIGHEST WIND SPEED    10   HIGHEST WIND DIRECTION     N (360)
  HIGHEST GUST SPEED    13   HIGHEST GUST DIRECTION     N (20)
  AVERAGE WIND SPEED     4.3


SKY COVER
  POSSIBLE SUNSHINE  MM
  AVERAGE SKY COVER 1.0


WEATHER CONDITIONS
 THE FOLLOWING WEATHER WAS RECORDED YESTERDAY.
  HAZE


RELATIVE HUMIDITY (PERCENT)
 HIGHEST    84           800 PM
 LOWEST     60           900 AM
 AVERAGE    72

..........................................................


THE HILO HI CLIMATE NORMALS FOR TODAY
                         NORMAL    RECORD    YEAR
 MAXIMUM TEMPERATURE (F)   81        88      1992
 MINIMUM TEMPERATURE (F)   68        61      2003


SUNRISE AND SUNSET
MAY 27 2015...........SUNRISE   541 AM HST   SUNSET   654 PM HST
MAY 28 2015...........SUNRISE   541 AM HST   SUNSET   654 PM HST


-  INDICATES NEGATIVE NUMBERS.
R  INDICATES RECORD WAS SET OR TIED.
MM INDICATES DATA IS MISSING.
T  INDICATES TRACE AMOUNT.




$$
