000
CDHW43 PHFO 041245
CLIITO


CLIMATE REPORT
NATIONAL WEATHER SERVICE HONOLULU HI
245 AM HST FRI SEP 4 2015


...................................

...THE HILO HI CLIMATE SUMMARY FOR SEPTEMBER 3 2015...

CLIMATE NORMAL PERIOD 1981 TO 2010
CLIMATE RECORD PERIOD 1946 TO 2015


WEATHER ITEM   OBSERVED TIME   RECORD YEAR NORMAL DEPARTURE LAST
                VALUE   (LST)  VALUE       VALUE  FROM      YEAR
                                                  NORMAL
..................................................................
TEMPERATURE (F)
 YESTERDAY
  MAXIMUM         89   1136 AM  90    1987  83      6       86
  MINIMUM         73    634 AM  64    1960  69      4       70
  AVERAGE         81                        76      5       78

PRECIPITATION (IN)
  YESTERDAY        0.00          1.19 1992   0.31  -0.31     0.36
  MONTH TO DATE    T                         0.91  -0.91     0.69
  SINCE SEP 1      T                         0.91  -0.91     0.69
  SINCE JAN 1     69.56                     80.85 -11.29    81.80

SNOWFALL (IN)
  YESTERDAY        0.0
  MONTH TO DATE    0.0
  SINCE SEP 1      0.0
  SINCE JUL 1      0.0
  SNOW DEPTH       0

DEGREE DAYS
 HEATING
  YESTERDAY        0                         0      0        0
  MONTH TO DATE    0                         0      0        0
  SINCE SEP 1      0                         0      0        0
  SINCE JUL 1      0                         0      0        0

 COOLING
  YESTERDAY       16                        11      5       13
  MONTH TO DATE   53                        33     20       42
  SINCE SEP 1     53                        33     20       42
  SINCE JAN 1   2659                      2105    554     2319
..................................................................


WIND (MPH)
  HIGHEST WIND SPEED    17   HIGHEST WIND DIRECTION     E (90)
  HIGHEST GUST SPEED    22   HIGHEST GUST DIRECTION     E (80)
  AVERAGE WIND SPEED     5.6


SKY COVER
  POSSIBLE SUNSHINE  MM
  AVERAGE SKY COVER 0.6


WEATHER CONDITIONS
 THE FOLLOWING WEATHER WAS RECORDED YESTERDAY.
  NO SIGNIFICANT WEATHER WAS OBSERVED.


RELATIVE HUMIDITY (PERCENT)
 HIGHEST    94          1200 AM
 LOWEST     68          1000 AM
 AVERAGE    81

..........................................................


THE HILO HI CLIMATE NORMALS FOR TODAY
                         NORMAL    RECORD    YEAR
 MAXIMUM TEMPERATURE (F)   83        87      1990
                                             1974
                                             1965
 MINIMUM TEMPERATURE (F)   69        64      1961


SUNRISE AND SUNSET
SEPTEMBER  4 2015.....SUNRISE   605 AM HST   SUNSET   633 PM HST
SEPTEMBER  5 2015.....SUNRISE   606 AM HST   SUNSET   632 PM HST


-  INDICATES NEGATIVE NUMBERS.
R  INDICATES RECORD WAS SET OR TIED.
MM INDICATES DATA IS MISSING.
T  INDICATES TRACE AMOUNT.




$$
