000
CDHW43 PHFO 280252
CLIITO


CLIMATE REPORT
NATIONAL WEATHER SERVICE HONOLULU HI
452 PM HST MON MAR 27 2017


...................................

...THE HILO HI CLIMATE SUMMARY FOR MARCH 27 2017...
VALID TODAY AS OF 0400 PM LOCAL TIME.

CLIMATE NORMAL PERIOD 1981 TO 2010
CLIMATE RECORD PERIOD 1946 TO 2017


WEATHER ITEM   OBSERVED TIME   RECORD YEAR NORMAL DEPARTURE LAST
                VALUE   (LST)  VALUE       VALUE  FROM      YEAR
                                                  NORMAL
..................................................................
TEMPERATURE (F)
 TODAY
  MAXIMUM         82    245 PM  88    1972  79      3       85
  MINIMUM         65    607 AM  60    2012  65      0       68
                                      1962
  AVERAGE         74                        72      2       77

PRECIPITATION (IN)
  TODAY            0.03          2.43 2005   0.44  -0.41     0.00
  MONTH TO DATE    2.02                     11.62  -9.60     4.88
  SINCE MAR 1      2.02                     11.62  -9.60     4.88
  SINCE JAN 1     20.51                     30.44  -9.93     9.45

SNOWFALL (IN)
  TODAY            0.0
  MONTH TO DATE    0.0
  SINCE MAR 1      0.0
  SINCE JUL 1      0.0
  SNOW DEPTH       0

DEGREE DAYS
 HEATING
  TODAY            0                         0      0        0
  MONTH TO DATE    0                         0      0        0
  SINCE MAR 1      0                         0      0        0
  SINCE JUL 1      0                         0      0        0

 COOLING
  TODAY            9                         7      2       12
  MONTH TO DATE  266                       186     80      265
  SINCE MAR 1    266                       186     80      265
  SINCE JAN 1    675                       556    119      829
..................................................................


WIND (MPH)
  HIGHEST WIND SPEED    17   HIGHEST WIND DIRECTION     E (110)
  HIGHEST GUST SPEED    21   HIGHEST GUST DIRECTION     E (90)
  AVERAGE WIND SPEED     8.3


SKY COVER
  POSSIBLE SUNSHINE  MM
  AVERAGE SKY COVER 0.5


WEATHER CONDITIONS
 THE FOLLOWING WEATHER WAS RECORDED TODAY.
  LIGHT RAIN
  HAZE


RELATIVE HUMIDITY (PERCENT)
 HIGHEST    81           300 AM
 LOWEST     60           900 AM
 AVERAGE    71

..........................................................


THE HILO HI CLIMATE NORMALS FOR TOMORROW
                         NORMAL    RECORD    YEAR
 MAXIMUM TEMPERATURE (F)   79        87      1974
 MINIMUM TEMPERATURE (F)   65        60      1962


SUNRISE AND SUNSET
MARCH 27 2017.........SUNRISE   618 AM HST   SUNSET   633 PM HST
MARCH 28 2017.........SUNRISE   617 AM HST   SUNSET   634 PM HST


-  INDICATES NEGATIVE NUMBERS.
R  INDICATES RECORD WAS SET OR TIED.
MM INDICATES DATA IS MISSING.
T  INDICATES TRACE AMOUNT.




$$
