000
CDUS43 KGLD 030042
CLIITR

CLIMATE REPORT
NATIONAL WEATHER SERVICE GOODLAND
637 PM MDT TUE JUN 2 2015

...................................

...THE BURLINGTON CO CLIMATE SUMMARY FOR JUNE 2 2015...
VALID TODAY AS OF 0600 PM LOCAL TIME.

CLIMATE NORMAL PERIOD 1981 TO 2010
CLIMATE RECORD PERIOD 1896 TO 2015


WEATHER ITEM   OBSERVED TIME   RECORD YEAR NORMAL DEPARTURE LAST
                VALUE   (LST)  VALUE       VALUE  FROM      YEAR
                                                  NORMAL
..................................................................
TEMPERATURE (F)
 TODAY
  MAXIMUM         89    433 PM 101    2002  79     10       83
  MINIMUM         58    437 AM  32    1951  50      8       54
  AVERAGE         74                        64     10       69

PRECIPITATION (IN)
  TODAY            0.00                      0.10  -0.10     0.16
  MONTH TO DATE    0.00                      0.20  -0.20     0.16
  SINCE JUN 1      0.00                      0.20  -0.20     0.16
  SINCE JAN 1     11.02                      5.93   5.09     3.08

..................................................................


THE BURLINGTON CO CLIMATE NORMALS FOR TOMORROW
                         NORMAL    RECORD    YEAR
 MAXIMUM TEMPERATURE (F)   79        97      2013
 MINIMUM TEMPERATURE (F)   51        34      1954



-  INDICATES NEGATIVE NUMBERS.
R  INDICATES RECORD WAS SET OR TIED.
MM INDICATES DATA IS MISSING.
T  INDICATES TRACE AMOUNT.

$$
