000
CDUS43 KGLD 230041 RRA
CLIITR

CLIMATE REPORT
NATIONAL WEATHER SERVICE GOODLAND
638 PM MDT FRI SEP 22 2017

...................................

...THE BURLINGTON CO CLIMATE SUMMARY FOR SEPTEMBER 22 2017...
VALID TODAY AS OF 0600 PM LOCAL TIME.

CLIMATE NORMAL PERIOD 1981 TO 2010
CLIMATE RECORD PERIOD 1896 TO 2017


WEATHER ITEM   OBSERVED TIME   RECORD YEAR NORMAL DEPARTURE LAST
                VALUE   (LST)  VALUE       VALUE  FROM      YEAR
                                                  NORMAL
..................................................................
TEMPERATURE (F)
 TODAY
  MAXIMUM         91   1151 AM  92    2010  76     15       85
                                      1944
  MINIMUM         54    317 AM  28    1983  46      8       53
  AVERAGE         73                        61     12       69

PRECIPITATION (IN)
  TODAY            0.00                      0.03  -0.03     0.47
  MONTH TO DATE    0.03                      0.89  -0.86     3.67
  SINCE SEP 1      0.03                      0.89  -0.86     3.67
  SINCE JAN 1     23.33                     15.04   8.29    18.60

..................................................................


THE BURLINGTON CO CLIMATE NORMALS FOR TOMORROW
                         NORMAL    RECORD    YEAR
 MAXIMUM TEMPERATURE (F)   76        92      2003
                                             1954
 MINIMUM TEMPERATURE (F)   45        24      1983



-  INDICATES NEGATIVE NUMBERS.
R  INDICATES RECORD WAS SET OR TIED.
MM INDICATES DATA IS MISSING.
T  INDICATES TRACE AMOUNT.

$$
