000
CDUS43 KGLD 120842 RRA
CLIITR

CLIMATE REPORT
NATIONAL WEATHER SERVICE GOODLAND
138 AM MST FRI FEB 12 2016


...................................

...THE BURLINGTON CO CLIMATE SUMMARY FOR FEBRUARY 11 2016...

CLIMATE NORMAL PERIOD 1981 TO 2010
CLIMATE RECORD PERIOD 1896 TO 2016


WEATHER ITEM   OBSERVED TIME   RECORD YEAR NORMAL DEPARTURE LAST
                VALUE   (LST)  VALUE       VALUE  FROM      YEAR
                                                  NORMAL
..................................................................
TEMPERATURE (F)
 YESTERDAY
  MAXIMUM         60    258 PM  82    1962  44     16       49
  MINIMUM         25    607 AM -19    1905  18      7       25
  AVERAGE         43                        31     12       37

PRECIPITATION (IN)
  YESTERDAY        0.00                      0.01  -0.01     0.00
  MONTH TO DATE    0.79                      0.13   0.66      T
  SINCE DEC 1      1.06                      0.94   0.12     2.75
  SINCE JAN 1      0.80                      0.51   0.29     0.28

..................................................................







THE BURLINGTON CO CLIMATE NORMALS FOR TODAY
                         NORMAL    RECORD    YEAR
 MAXIMUM TEMPERATURE (F)   44        76      1962
 MINIMUM TEMPERATURE (F)   18       -20      1905



-  INDICATES NEGATIVE NUMBERS.
R  INDICATES RECORD WAS SET OR TIED.
MM INDICATES DATA IS MISSING.
T  INDICATES TRACE AMOUNT.




$$
