000
CDUS44 KJAN 250703
CLIJAN


CLIMATE REPORT
NATIONAL WEATHER SERVICE JACKSON MS
159 AM CDT SUN JUN 25 2017


...................................

...THE JACKSON CLIMATE SUMMARY FOR JUNE 24 2017...

CLIMATE NORMAL PERIOD 1981 TO 2010
CLIMATE RECORD PERIOD 1896 TO 2017


WEATHER ITEM   OBSERVED TIME   RECORD YEAR NORMAL DEPARTURE LAST
                VALUE   (LST)  VALUE       VALUE  FROM      YEAR
                                                  NORMAL
..................................................................
TEMPERATURE (F)
 YESTERDAY
  MAXIMUM         88    409 PM 101    1897  91     -3       95
  MINIMUM         72    707 AM  57    1902  70      2       74
  AVERAGE         80                        80      0       85

PRECIPITATION (IN)
  YESTERDAY        T             2.67 1994   0.15  -0.15      T
  MONTH TO DATE    8.08                      3.23   4.85     1.98
  SINCE JUN 1      8.08                      3.23   4.85     1.98
  SINCE JAN 1     39.57                     27.34  12.23    34.43

SNOWFALL (IN)
  YESTERDAY        0.0           0.0         0.0    0.0      0.0
  MONTH TO DATE    0.0                       0.0    0.0      0.0
  SINCE JUN 1      0.0                       0.0    0.0      0.0
  SINCE JUL 1      0.8                       0.8    0.0       T

DEGREE DAYS
 HEATING
  YESTERDAY        0                         0      0        0
  MONTH TO DATE    0                         0      0        0
  SINCE JUN 1      0                         0      0        0
  SINCE JUL 1   1328                      2391  -1063     1587

 COOLING
  YESTERDAY       15                        15      0       20
  MONTH TO DATE  303                       325    -22      401
  SINCE JUN 1    303                       325    -22      401
  SINCE JAN 1    799                       683    116      789
..................................................................


WIND (MPH)
  HIGHEST WIND SPEED    14   HIGHEST WIND DIRECTION     N (360)
  HIGHEST GUST SPEED    16   HIGHEST GUST DIRECTION     N (360)
  AVERAGE WIND SPEED     5.2


SKY COVER
  POSSIBLE SUNSHINE  MM
  AVERAGE SKY COVER 0.6


WEATHER CONDITIONS
 THE FOLLOWING WEATHER WAS RECORDED YESTERDAY.
  LIGHT RAIN


RELATIVE HUMIDITY (PERCENT)
 HIGHEST    93           100 AM
 LOWEST     59           200 PM
 AVERAGE    76

..........................................................


THE JACKSON CLIMATE NORMALS FOR TODAY
                         NORMAL    RECORD    YEAR
 MAXIMUM TEMPERATURE (F)   91       101      1969
                                             1930
 MINIMUM TEMPERATURE (F)   70        56      1974


SUNRISE AND SUNSET
JUNE 25 2017..........SUNRISE   555 AM CDT   SUNSET   811 PM CDT
JUNE 26 2017..........SUNRISE   555 AM CDT   SUNSET   811 PM CDT


-  INDICATES NEGATIVE NUMBERS.
R  INDICATES RECORD WAS SET OR TIED.
MM INDICATES DATA IS MISSING.
T  INDICATES TRACE AMOUNT.

&&

AT 1 AM:

THE PEARL RIVER STAGE AT JACKSON WAS 25.6 FEET. THE RIVER HAS RISEN
2.2 FEET OVER THE PAST 24 HOURS.

THE MISSISSIPPI RIVER STAGE AT VICKSBURG WAS 30.7 FEET. THE RIVER
HAS FALLEN 0.6 FEET OVER THE PAST 24 HOURS.

$$

NF
