000
CDUS44 KJAN 170651
CLIJAN


CLIMATE REPORT
NATIONAL WEATHER SERVICE JACKSON MS
147 AM CDT THU AUG 17 2017


...................................

...THE JACKSON CLIMATE SUMMARY FOR AUGUST 16 2017...

CLIMATE NORMAL PERIOD 1981 TO 2010
CLIMATE RECORD PERIOD 1896 TO 2017


WEATHER ITEM   OBSERVED TIME   RECORD YEAR NORMAL DEPARTURE LAST
                VALUE   (LST)  VALUE       VALUE  FROM      YEAR
                                                  NORMAL
..................................................................
TEMPERATURE (F)
 YESTERDAY
  MAXIMUM         90    252 PM 105    1943  92     -2       90
  MINIMUM         73   1159 PM  56    2004  71      2       74
  AVERAGE         82                        82      0       82

PRECIPITATION (IN)
  YESTERDAY        0.12          3.95 1985   0.13  -0.01     0.01
  MONTH TO DATE    5.22                      2.42   2.80     5.77
  SINCE JUN 1     20.90                     11.35   9.55    17.10
  SINCE JAN 1     52.39                     35.46  16.93    49.55

SNOWFALL (IN)
  YESTERDAY        0.0           0.0  2002   0.0    0.0      0.0
                                      2001
  MONTH TO DATE    0.0                       0.0    0.0      0.0
  SINCE JUN 1      0.0                       0.0    0.0      0.0
  SINCE JUL 1      0.0                       0.0    0.0      0.0

DEGREE DAYS
 HEATING
  YESTERDAY        0                         0      0        0
  MONTH TO DATE    0                         0      0        0
  SINCE JUN 1      0                         0      0        0
  SINCE JUL 1      0                         0      0        0

 COOLING
  YESTERDAY       17                        16      1       17
  MONTH TO DATE  261                       271    -10      300
  SINCE JUN 1   1196                      1208    -12     1409
  SINCE JAN 1   1692                      1566    126     1797
..................................................................


WIND (MPH)
  HIGHEST WIND SPEED    25   HIGHEST WIND DIRECTION    SW (230)
  HIGHEST GUST SPEED    32   HIGHEST GUST DIRECTION    SW (210)
  AVERAGE WIND SPEED     6.2


SKY COVER
  POSSIBLE SUNSHINE  MM
  AVERAGE SKY COVER 0.7


WEATHER CONDITIONS
 THE FOLLOWING WEATHER WAS RECORDED YESTERDAY.
  THUNDERSTORM
  LIGHT RAIN


RELATIVE HUMIDITY (PERCENT)
 HIGHEST   100           600 PM
 LOWEST     74          1200 PM
 AVERAGE    87

..........................................................


THE JACKSON CLIMATE NORMALS FOR TODAY
                         NORMAL    RECORD    YEAR
 MAXIMUM TEMPERATURE (F)   92       104      1952
 MINIMUM TEMPERATURE (F)   71        56      2004


SUNRISE AND SUNSET
AUGUST 17 2017........SUNRISE   626 AM CDT   SUNSET   742 PM CDT
AUGUST 18 2017........SUNRISE   627 AM CDT   SUNSET   741 PM CDT


-  INDICATES NEGATIVE NUMBERS.
R  INDICATES RECORD WAS SET OR TIED.
MM INDICATES DATA IS MISSING.
T  INDICATES TRACE AMOUNT.

&&

AT 2 AM:

THE PEARL RIVER STAGE AT JACKSON WAS 10.2 FEET. THE RIVER ROSE 3.5 FEET
OVER THE PAST 24 HOURS.

THE MISSISSIPPI RIVER STAGE AT VICKSBURG WAS 18.4 FEET. THE RIVER ROSE 0.4
FEET OVER THE PAST 24 HOURS.


$$
