000
CDUS44 KJAN 270733
CLIJAN


CLIMATE REPORT
NATIONAL WEATHER SERVICE JACKSON MS
220 AM CDT MON MAR 27 2017


...................................

...THE JACKSON CLIMATE SUMMARY FOR MARCH 26 2017...

CLIMATE NORMAL PERIOD 1981 TO 2010
CLIMATE RECORD PERIOD 1896 TO 2017


WEATHER ITEM   OBSERVED TIME   RECORD YEAR NORMAL DEPARTURE LAST
                VALUE   (LST)  VALUE       VALUE  FROM      YEAR
                                                  NORMAL
..................................................................
TEMPERATURE (F)
 YESTERDAY
  MAXIMUM         84    218 PM  89    1907  71     13       80
  MINIMUM         62    212 AM  25    1955  47     15       46
  AVERAGE         73                        59     14       63

PRECIPITATION (IN)
  YESTERDAY        0.00          2.75 1946   0.17  -0.17     0.00
  MONTH TO DATE    2.90                      4.18  -1.28    10.29
  SINCE MAR 1      2.90                      4.18  -1.28    10.29
  SINCE JAN 1     13.11                     13.91  -0.80    21.89

SNOWFALL (IN)
  YESTERDAY        0.0           0.0    MM   0.0    0.0      0.0
  MONTH TO DATE    0.0                       0.1   -0.1      0.0
  SINCE MAR 1      0.0                       0.1   -0.1      0.0
  SINCE JUL 1      0.8                       0.8    0.0       T

DEGREE DAYS
 HEATING
  YESTERDAY        0                         7     -7        2
  MONTH TO DATE  163                       246    -83      137
  SINCE MAR 1    163                       246    -83      137
  SINCE JUL 1   1281                      2238   -957     1528

 COOLING
  YESTERDAY        8                         1      7        0
  MONTH TO DATE   55                        23     32       39
  SINCE MAR 1     55                        23     32       39
  SINCE JAN 1    113                        33     80       48
..................................................................


WIND (MPH)
  HIGHEST WIND SPEED    17   HIGHEST WIND DIRECTION    SW (210)
  HIGHEST GUST SPEED    28   HIGHEST GUST DIRECTION    SW (220)
  AVERAGE WIND SPEED     9.8


SKY COVER
  POSSIBLE SUNSHINE  MM
  AVERAGE SKY COVER 0.5


WEATHER CONDITIONS
 THE FOLLOWING WEATHER WAS RECORDED YESTERDAY.
  FOG


RELATIVE HUMIDITY (PERCENT)
 HIGHEST    93           400 AM
 LOWEST     37           500 PM
 AVERAGE    65

..........................................................


THE JACKSON CLIMATE NORMALS FOR TODAY
                         NORMAL    RECORD    YEAR
 MAXIMUM TEMPERATURE (F)   71        88      1935
 MINIMUM TEMPERATURE (F)   48        23      1955


SUNRISE AND SUNSET
MARCH 27 2017.........SUNRISE   655 AM CDT   SUNSET   717 PM CDT
MARCH 28 2017.........SUNRISE   653 AM CDT   SUNSET   718 PM CDT


-  INDICATES NEGATIVE NUMBERS.
R  INDICATES RECORD WAS SET OR TIED.
MM INDICATES DATA IS MISSING.
T  INDICATES TRACE AMOUNT.

&&

AT 2 AM:

THE PEARL RIVER STAGE AT JACKSON WAS 7.6 FEET. THE RIVER HAS FALLEN
1.4 FEET OVER THE PAST 24 HOURS.

THE MISSISSIPPI RIVER STAGE AT VICKSBURG WAS NOT AVAILABLE.


$$
