000
CDUS44 KJAN 250638
CLIJAN


CLIMATE REPORT
NATIONAL WEATHER SERVICE JACKSON MS
135 AM CDT FRI JUL 25 2014


...................................

...THE JACKSON CLIMATE SUMMARY FOR JULY 24 2014...

CLIMATE NORMAL PERIOD 1981 TO 2010
CLIMATE RECORD PERIOD 1896 TO 2014


WEATHER ITEM   OBSERVED TIME   RECORD YEAR NORMAL DEPARTURE LAST
                VALUE   (LST)  VALUE       VALUE  FROM      YEAR
                                                  NORMAL
..................................................................
TEMPERATURE (F)
 YESTERDAY
  MAXIMUM         92    227 PM 105    1924  92      0       84
  MINIMUM         71    557 AM  59    1915  72     -1       72
  AVERAGE         82                        82      0       78

PRECIPITATION (IN)
  YESTERDAY        0.00          1.91 1931   0.16  -0.16     0.02
  MONTH TO DATE    2.14                      3.73  -1.59     1.81
  SINCE JUN 1      8.57                      7.85   0.72     6.79
  SINCE JAN 1     40.17                     31.96   8.21    39.85

SNOWFALL (IN)
  YESTERDAY        0.0           0.0  2002   0.0    0.0      0.0
                                      2001
  MONTH TO DATE    0.0                       0.0    0.0      0.0
  SINCE JUN 1      0.0                       0.0    0.0      0.0
  SINCE JUL 1      0.0                       0.0    0.0      0.0

DEGREE DAYS
 HEATING
  YESTERDAY        0                         0      0        0
  MONTH TO DATE    0                         0      0        0
  SINCE JUN 1      0                         0      0        0
  SINCE JUL 1      0                         0      0        0

 COOLING
  YESTERDAY       17                        17      0       13
  MONTH TO DATE  338                       401    -63      362
  SINCE JUN 1    781                       823    -42      809
  SINCE JAN 1   1112                      1181    -69     1127
..................................................................


WIND (MPH)
  HIGHEST WIND SPEED    15   HIGHEST WIND DIRECTION     N (350)
  HIGHEST GUST SPEED    18   HIGHEST GUST DIRECTION     N (360)
  AVERAGE WIND SPEED     4.4


SKY COVER
  POSSIBLE SUNSHINE  MM
  AVERAGE SKY COVER 0.3


WEATHER CONDITIONS
 THE FOLLOWING WEATHER WAS RECORDED YESTERDAY.
  NO SIGNIFICANT WEATHER WAS OBSERVED.


RELATIVE HUMIDITY (PERCENT)
 HIGHEST    93          1200 AM
 LOWEST     56           100 PM
 AVERAGE    75

..........................................................


THE JACKSON CLIMATE NORMALS FOR TODAY
                         NORMAL    RECORD    YEAR
 MAXIMUM TEMPERATURE (F)   92       103      1952
 MINIMUM TEMPERATURE (F)   72        61      1904


SUNRISE AND SUNSET
JULY 25 2014..........SUNRISE   610 AM CDT   SUNSET   803 PM CDT
JULY 26 2014..........SUNRISE   611 AM CDT   SUNSET   802 PM CDT


-  INDICATES NEGATIVE NUMBERS.
R  INDICATES RECORD WAS SET OR TIED.
MM INDICATES DATA IS MISSING.
T  INDICATES TRACE AMOUNT.

&&

AT 1 AM:

THE PEARL RIVER STAGE AT JACKSON WAS 6.9 FEET. THE RIVER STAGE HAS RISEN
2.5 FEET OVER THE PAST 24 HOURS.

THE MISSISSIPPI RIVER STAGE AT VICKSBURG WAS 27.2 FEET. THE RIVER STAGE
HAS FALLEN 0.4 FEET OVER THE PAST 24 HOURS.


$$
