000
CDUS44 KJAN 272112
CLIJAN


CLIMATE REPORT
NATIONAL WEATHER SERVICE JACKSON MS
408 PM CDT THU APR 27 2017


...................................

...THE JACKSON CLIMATE SUMMARY FOR APRIL 27 2017...
VALID TODAY AS OF 0400 PM LOCAL TIME.

CLIMATE NORMAL PERIOD 1981 TO 2010
CLIMATE RECORD PERIOD 1896 TO 2017


WEATHER ITEM   OBSERVED TIME   RECORD YEAR NORMAL DEPARTURE LAST
                VALUE   (LST)  VALUE       VALUE  FROM      YEAR
                                                  NORMAL
..................................................................
TEMPERATURE (F)
 TODAY
  MAXIMUM         71    259 PM  93    1987  79     -8       79
  MINIMUM         56    848 AM  39    1992  56      0       66
  AVERAGE         64                        67     -3       73

PRECIPITATION (IN)
  TODAY            T             2.74 1921   0.14  -0.14     0.28
  MONTH TO DATE    9.77                      4.56   5.21     7.06
  SINCE MAR 1     14.29                      9.60   4.69    19.30
  SINCE JAN 1     24.50                     19.33   5.17    30.90

SNOWFALL (IN)
  TODAY            0.0           0.0    MM   0.0    0.0      0.0
  MONTH TO DATE    T                         0.0    0.0      0.0
  SINCE MAR 1      T                         0.1   -0.1      0.0
  SINCE JUL 1      0.8                       0.8    0.0       T

DEGREE DAYS
 HEATING
  TODAY            1                         2     -1        0
  MONTH TO DATE   34                       104    -70       45
  SINCE MAR 1    198                       382   -184      189
  SINCE JUL 1   1316                      2374  -1058     1580

 COOLING
  TODAY            0                         4     -4        8
  MONTH TO DATE  110                        68     42       68
  SINCE MAR 1    195                        95    100      120
  SINCE JAN 1    253                       105    148      129
..................................................................


WIND (MPH)
  HIGHEST WIND SPEED    13   HIGHEST WIND DIRECTION     W (270)
  HIGHEST GUST SPEED    19   HIGHEST GUST DIRECTION    NW (320)
  AVERAGE WIND SPEED     5.9


SKY COVER
  POSSIBLE SUNSHINE  MM
  AVERAGE SKY COVER 0.9


WEATHER CONDITIONS
 THE FOLLOWING WEATHER WAS RECORDED TODAY.
  FOG


RELATIVE HUMIDITY (PERCENT)
 HIGHEST    93           100 AM
 LOWEST     67           100 PM
 AVERAGE    80

..........................................................


THE JACKSON CLIMATE NORMALS FOR TOMORROW
                         NORMAL    RECORD    YEAR
 MAXIMUM TEMPERATURE (F)   79        92      1899
 MINIMUM TEMPERATURE (F)   56        38      1992


SUNRISE AND SUNSET
APRIL 27 2017.........SUNRISE   618 AM CDT   SUNSET   739 PM CDT
APRIL 28 2017.........SUNRISE   617 AM CDT   SUNSET   739 PM CDT


-  INDICATES NEGATIVE NUMBERS.
R  INDICATES RECORD WAS SET OR TIED.
MM INDICATES DATA IS MISSING.
T  INDICATES TRACE AMOUNT.

&&

AT 4 PM:

THE PEARL RIVER STAGE AT JACKSON WAS 13.0 FEET. THE RIVER HAS
FALLEN 5.4 FEET OVER THE PAST 24 HOURS.

THE MISSISSIPPI RIVER STAGE AT VICKSBURG WAS 32.5 FEET. THE RIVER
HAS FALLEN 0.5 FEET OVER THE PAST 24 HOURS

THE AIR QUALITY INDEX IN JACKSON WAS 45...WHICH IS GOOD.


$$
