697
CDUS44 KJAN 200729
CLIJAN


CLIMATE REPORT
NATIONAL WEATHER SERVICE JACKSON MS
228 AM CDT FRI OCT 20 2017


...................................

...THE JACKSON CLIMATE SUMMARY FOR OCTOBER 19 2017...

CLIMATE NORMAL PERIOD 1981 TO 2010
CLIMATE RECORD PERIOD 1896 TO 2017


WEATHER ITEM   OBSERVED TIME   RECORD YEAR NORMAL DEPARTURE LAST
                VALUE   (LST)  VALUE       VALUE  FROM      YEAR
                                                  NORMAL
..................................................................
TEMPERATURE (F)
 YESTERDAY
  MAXIMUM         82    309 PM  93    1921  76      6       90
  MINIMUM         47    535 AM  31    1948  52     -5       68
  AVERAGE         65                        64      1       79

PRECIPITATION (IN)
  YESTERDAY        0.00          2.36 1970   0.13  -0.13     0.10
  MONTH TO DATE    0.99                      2.35  -1.36     0.10
  SINCE SEP 1      2.16                      5.38  -3.22     0.43
  SINCE JAN 1     56.05                     42.66  13.39    53.63

SNOWFALL (IN)
  YESTERDAY        0.0           0.0  2002   0.0    0.0      0.0
                                      2001
  MONTH TO DATE    0.0                       0.0    0.0      0.0
  SINCE SEP 1      0.0                       0.0    0.0      0.0
  SINCE JUL 1      0.0                       0.0    0.0      0.0

DEGREE DAYS
 HEATING
  YESTERDAY        0                         4     -4        0
  MONTH TO DATE    1                        40    -39        0
  SINCE SEP 1      3                        47    -44        0
  SINCE JUL 1      3                        47    -44        0

 COOLING
  YESTERDAY        0                         3     -3       14
  MONTH TO DATE  177                        80     97      177
  SINCE SEP 1    521                       407    114      650
  SINCE JAN 1   2446                      2206    240     2724
..................................................................


WIND (MPH)
  HIGHEST WIND SPEED     9   HIGHEST WIND DIRECTION    NE (50)
  HIGHEST GUST SPEED    13   HIGHEST GUST DIRECTION    NE (50)
  AVERAGE WIND SPEED     2.0


SKY COVER
  POSSIBLE SUNSHINE  MM
  AVERAGE SKY COVER 0.2


WEATHER CONDITIONS
 THE FOLLOWING WEATHER WAS RECORDED YESTERDAY.
  NO SIGNIFICANT WEATHER WAS OBSERVED.


RELATIVE HUMIDITY (PERCENT)
 HIGHEST    93           500 AM
 LOWEST     42           300 PM
 AVERAGE    68

..........................................................


THE JACKSON CLIMATE NORMALS FOR TODAY
                         NORMAL    RECORD    YEAR
 MAXIMUM TEMPERATURE (F)   76        90      1941
                                             1939
 MINIMUM TEMPERATURE (F)   52        29      1989


SUNRISE AND SUNSET
OCTOBER 20 2017.......SUNRISE   708 AM CDT   SUNSET   622 PM CDT
OCTOBER 21 2017.......SUNRISE   709 AM CDT   SUNSET   621 PM CDT


-  INDICATES NEGATIVE NUMBERS.
R  INDICATES RECORD WAS SET OR TIED.
MM INDICATES DATA IS MISSING.
T  INDICATES TRACE AMOUNT.

&&

AT 2 AM:

THE PEARL RIVER STAGE AT JACKSON WAS 3.6 FEET. THE RIVER LEVEL
REMAINED STEADY OVER THE PAST 24 HOURS.

THE MISSISSIPPI RIVER STAGE AT VICKSBURG WAS 13.7 FEET. THE RIVER
LEVEL ROSE 1 FOOT OVER THE PAST 24 HOURS.

$$
