000
CDUS44 KJAN 070705
CLIJAN


CLIMATE REPORT
NATIONAL WEATHER SERVICE JACKSON MS
202 AM CDT TUE JUL 7 2015


...................................

...THE JACKSON CLIMATE SUMMARY FOR JULY 6 2015...

CLIMATE NORMAL PERIOD 1981 TO 2010
CLIMATE RECORD PERIOD 1896 TO 2015


WEATHER ITEM   OBSERVED TIME   RECORD YEAR NORMAL DEPARTURE LAST
                VALUE   (LST)  VALUE       VALUE  FROM      YEAR
                                                  NORMAL
..................................................................
TEMPERATURE (F)
 YESTERDAY
  MAXIMUM         90    400 PM 104    1902  92     -2       92
  MINIMUM         67    349 AM  59    1972  71     -4       62
  AVERAGE         79                        81     -2       77

PRECIPITATION (IN)
  YESTERDAY        0.00          3.28 1940   0.16  -0.16     0.00
  MONTH TO DATE    1.38                      0.94   0.44      T
  SINCE JUN 1      7.82                      5.06   2.76     6.43
  SINCE JAN 1     36.10                     29.17   6.93    38.03

SNOWFALL (IN)
  YESTERDAY        0.0           0.0  2002   0.0    0.0      0.0
                                      2001
  MONTH TO DATE    0.0                       0.0    0.0      0.0
  SINCE JUN 1      0.0                       0.0    0.0      0.0
  SINCE JUL 1      0.0                       0.0    0.0      0.0

DEGREE DAYS
 HEATING
  YESTERDAY        0                         0      0        0
  MONTH TO DATE    0                         0      0        0
  SINCE JUN 1      0                         0      0        0
  SINCE JUL 1      0                         0      0        0

 COOLING
  YESTERDAY       14                        16     -2       12
  MONTH TO DATE   87                        96     -9       85
  SINCE JUN 1    569                       518     51      528
  SINCE JAN 1   1022                       876    146      859
..................................................................


WIND (MPH)
  HIGHEST WIND SPEED    13   HIGHEST WIND DIRECTION     S (180)
  HIGHEST GUST SPEED    17   HIGHEST GUST DIRECTION     S (200)
  AVERAGE WIND SPEED     7.0


SKY COVER
  POSSIBLE SUNSHINE  MM
  AVERAGE SKY COVER 0.4


WEATHER CONDITIONS
 THE FOLLOWING WEATHER WAS RECORDED YESTERDAY.
  NO SIGNIFICANT WEATHER WAS OBSERVED.


RELATIVE HUMIDITY (PERCENT)
 HIGHEST   100           200 AM
 LOWEST     56           100 PM
 AVERAGE    78

..........................................................


THE JACKSON CLIMATE NORMALS FOR TODAY
                         NORMAL    RECORD    YEAR
 MAXIMUM TEMPERATURE (F)   92       105      1902
 MINIMUM TEMPERATURE (F)   71        55      1972


SUNRISE AND SUNSET
JULY  7 2015..........SUNRISE   600 AM CDT   SUNSET   811 PM CDT
JULY  8 2015..........SUNRISE   600 AM CDT   SUNSET   810 PM CDT


-  INDICATES NEGATIVE NUMBERS.
R  INDICATES RECORD WAS SET OR TIED.
MM INDICATES DATA IS MISSING.
T  INDICATES TRACE AMOUNT.

&&

AT 2 AM:

THE PEARL RIVER STAGE AT JACKSON WAS 11.0 FEET. THE RIVER HAS RISEN 4.9 FEET
DURING THE PAST 24 HOURS.

THE MISSISSIPPI RIVER STAGE AT VICKSBURG WAS 43.2 FEET. THE RIVER HAS RISEN
0.2 FEET DURING THE PAST 24 HOURS.

$$
