000
CDUS42 KJAX 250528
CLIJAX


CLIMATE REPORT
NATIONAL WEATHER SERVICE JACKSONVILLE FL
127 AM EDT TUE APR 25 2017


...................................

...THE JACKSONVILLE CLIMATE SUMMARY FOR APRIL 24 2017...

CLIMATE NORMAL PERIOD 1981 TO 2010
CLIMATE RECORD PERIOD 1871 TO 2017


WEATHER ITEM   OBSERVED TIME   RECORD YEAR NORMAL DEPARTURE LAST
                VALUE   (LST)  VALUE       VALUE  FROM      YEAR
                                                  NORMAL
..................................................................
TEMPERATURE (F)
 YESTERDAY
  MAXIMUM         78    211 PM  93    1999  81     -3       81
                                      1967
                                      1958
  MINIMUM         54   1045 PM  39    1986  56     -2       57
  AVERAGE         66                        69     -3       69

PRECIPITATION (IN)
  YESTERDAY        0.00          1.04 1933   0.07  -0.07     0.00
  MONTH TO DATE    0.74                      2.22  -1.48     2.67
  SINCE MAR 1      1.81                      6.17  -4.36     4.50
  SINCE JAN 1      7.21                     12.66  -5.45    12.15

SNOWFALL (IN)
  YESTERDAY        0.0           0.0  2002   0.0    0.0      0.0
                                      2001
  MONTH TO DATE    0.0                       0.0    0.0      0.0
  SINCE MAR 1      0.0                       T      0.0      0.0
  SINCE JUL 1      0.0                       T      0.0      0.0
  SNOW DEPTH       0

DEGREE DAYS
 HEATING
  YESTERDAY        0                         1     -1        0
  MONTH TO DATE   21                        50    -29       21
  SINCE MAR 1    179                       206    -27       95
  SINCE JUL 1    782                      1339   -557      943

 COOLING
  YESTERDAY        1                         5     -4        4
  MONTH TO DATE  111                        82     29       76
  SINCE MAR 1    190                       136     54      194
  SINCE JAN 1    262                       165     97      218
..................................................................


WIND (MPH)
  HIGHEST WIND SPEED    24   HIGHEST WIND DIRECTION     W (270)
  HIGHEST GUST SPEED    33   HIGHEST GUST DIRECTION    SW (240)
  AVERAGE WIND SPEED    10.3


SKY COVER
  POSSIBLE SUNSHINE  MM
  AVERAGE SKY COVER 0.7


WEATHER CONDITIONS
 THE FOLLOWING WEATHER WAS RECORDED YESTERDAY.
  FOG
  HAZE


RELATIVE HUMIDITY (PERCENT)
 HIGHEST   100           600 AM
 LOWEST     40           200 PM
 AVERAGE    70

..........................................................


THE JACKSONVILLE CLIMATE NORMALS FOR TODAY
                         NORMAL    RECORD    YEAR
 MAXIMUM TEMPERATURE (F)   81        92      1958
 MINIMUM TEMPERATURE (F)   57        40      2005


SUNRISE AND SUNSET
APRIL 25 2017.........SUNRISE   649 AM EDT   SUNSET   801 PM EDT
APRIL 26 2017.........SUNRISE   648 AM EDT   SUNSET   802 PM EDT


-  INDICATES NEGATIVE NUMBERS.
R  INDICATES RECORD WAS SET OR TIED.
MM INDICATES DATA IS MISSING.
T  INDICATES TRACE AMOUNT.




$$
