000
CDUS42 KJAX 260526
CLIJAX


CLIMATE REPORT
NATIONAL WEATHER SERVICE JACKSONVILLE FL
126 AM EDT SUN MAR 26 2017


...................................

...THE JACKSONVILLE CLIMATE SUMMARY FOR MARCH 25 2017...

CLIMATE NORMAL PERIOD 1981 TO 2010
CLIMATE RECORD PERIOD 1871 TO 2017


WEATHER ITEM   OBSERVED TIME   RECORD YEAR NORMAL DEPARTURE LAST
                VALUE   (LST)  VALUE       VALUE  FROM      YEAR
                                                  NORMAL
..................................................................
TEMPERATURE (F)
 YESTERDAY
  MAXIMUM         79    100 PM  90    1954  75      4       76
  MINIMUM         56    707 AM  34    2008  51      5       59
  AVERAGE         68                        63      5       68

PRECIPITATION (IN)
  YESTERDAY        0.00          2.34 1883   0.12  -0.12      T
  MONTH TO DATE    1.06                      3.22  -2.16     0.85
  SINCE MAR 1      1.06                      3.22  -2.16     0.85
  SINCE JAN 1      6.46                      9.71  -3.25     8.50

SNOWFALL (IN)
  YESTERDAY        0.0           0.0  2002   0.0    0.0      0.0
                                      2001
  MONTH TO DATE    0.0                       0.0    0.0      0.0
  SINCE MAR 1      0.0                       0.0    0.0      0.0
  SINCE JUL 1      0.0                       T      0.0      0.0
  SNOW DEPTH       0

DEGREE DAYS
 HEATING
  YESTERDAY        0                         4     -4        0
  MONTH TO DATE  158                       136     22       73
  SINCE MAR 1    158                       136     22       73
  SINCE JUL 1    761                      1269   -508      921

 COOLING
  YESTERDAY        3                         2      1        3
  MONTH TO DATE   34                        42     -8       81
  SINCE MAR 1     34                        42     -8       81
  SINCE JAN 1    106                        71     35      105
..................................................................


WIND (MPH)
  HIGHEST WIND SPEED    21   HIGHEST WIND DIRECTION     E (100)
  HIGHEST GUST SPEED    25   HIGHEST GUST DIRECTION     E (110)
  AVERAGE WIND SPEED     8.3


SKY COVER
  POSSIBLE SUNSHINE  MM
  AVERAGE SKY COVER 0.6


WEATHER CONDITIONS
 THE FOLLOWING WEATHER WAS RECORDED YESTERDAY.
  NO SIGNIFICANT WEATHER WAS OBSERVED.


RELATIVE HUMIDITY (PERCENT)
 HIGHEST   100           100 AM
 LOWEST     45           100 PM
 AVERAGE    73

..........................................................


THE JACKSONVILLE CLIMATE NORMALS FOR TODAY
                         NORMAL    RECORD    YEAR
 MAXIMUM TEMPERATURE (F)   76        88      1965
 MINIMUM TEMPERATURE (F)   51        32      1979


SUNRISE AND SUNSET
MARCH 26 2017.........SUNRISE   723 AM EDT   SUNSET   742 PM EDT
MARCH 27 2017.........SUNRISE   722 AM EDT   SUNSET   743 PM EDT


-  INDICATES NEGATIVE NUMBERS.
R  INDICATES RECORD WAS SET OR TIED.
MM INDICATES DATA IS MISSING.
T  INDICATES TRACE AMOUNT.




$$
