000
CDUS42 KJAX 230527
CLIJAX


CLIMATE REPORT
NATIONAL WEATHER SERVICE JACKSONVILLE FL
127 AM EDT FRI JUN 23 2017


...................................

...THE JACKSONVILLE CLIMATE SUMMARY FOR JUNE 22 2017...

CLIMATE NORMAL PERIOD 1981 TO 2010
CLIMATE RECORD PERIOD 1871 TO 2017


WEATHER ITEM   OBSERVED TIME   RECORD YEAR NORMAL DEPARTURE LAST
                VALUE   (LST)  VALUE       VALUE  FROM      YEAR
                                                  NORMAL
..................................................................
TEMPERATURE (F)
 YESTERDAY
  MAXIMUM         92    146 PM  99    1970  91      1       93
                                      1881
  MINIMUM         73    513 AM  62    2016  71      2       62
                                      1965
                                      1879
  AVERAGE         83                        81      2       78

PRECIPITATION (IN)
  YESTERDAY        0.01          2.11 1984   0.24  -0.23     0.00
  MONTH TO DATE    8.56                      4.58   3.98     2.47
  SINCE JUN 1      8.56                      4.58   3.98     2.47
  SINCE JAN 1     24.42                     20.14   4.28    16.93

SNOWFALL (IN)
  YESTERDAY        0.0           0.0  2002   0.0    0.0      0.0
                                      2001
  MONTH TO DATE    0.0                       0.0    0.0      0.0
  SINCE JUN 1      0.0                       0.0    0.0      0.0
  SINCE JUL 1      0.0                       T      0.0      0.0
  SNOW DEPTH       0

DEGREE DAYS
 HEATING
  YESTERDAY        0                         0      0        0
  MONTH TO DATE    0                         0      0        0
  SINCE JUN 1      0                         0      0        0
  SINCE JUL 1    782                      1349   -567      949

 COOLING
  YESTERDAY       18                        16      2       13
  MONTH TO DATE  301                       319    -18      345
  SINCE JUN 1    301                       319    -18      345
  SINCE JAN 1    957                       803    154      922
..................................................................


WIND (MPH)
  HIGHEST WIND SPEED    16   HIGHEST WIND DIRECTION    SW (230)
  HIGHEST GUST SPEED    21   HIGHEST GUST DIRECTION    SW (220)
  AVERAGE WIND SPEED     6.2


SKY COVER
  POSSIBLE SUNSHINE  MM
  AVERAGE SKY COVER 0.7


WEATHER CONDITIONS
 THE FOLLOWING WEATHER WAS RECORDED YESTERDAY.
  THUNDERSTORM
  LIGHT RAIN
  FOG


RELATIVE HUMIDITY (PERCENT)
 HIGHEST   100           200 AM
 LOWEST     59          1200 PM
 AVERAGE    80

..........................................................


THE JACKSONVILLE CLIMATE NORMALS FOR TODAY
                         NORMAL    RECORD    YEAR
 MAXIMUM TEMPERATURE (F)   91        99      1998
                                             1981
                                             1944
 MINIMUM TEMPERATURE (F)   71        63      1879


SUNRISE AND SUNSET
JUNE 23 2017..........SUNRISE   626 AM EDT   SUNSET   833 PM EDT
JUNE 24 2017..........SUNRISE   626 AM EDT   SUNSET   833 PM EDT


-  INDICATES NEGATIVE NUMBERS.
R  INDICATES RECORD WAS SET OR TIED.
MM INDICATES DATA IS MISSING.
T  INDICATES TRACE AMOUNT.




$$
