000
CDUS42 KJAX 302128
CLIJAX


CLIMATE REPORT
NATIONAL WEATHER SERVICE JACKSONVILLE FL
525 PM EDT FRI SEP 30 2016


...................................

...THE JACKSONVILLE CLIMATE SUMMARY FOR SEPTEMBER 30 2016...
VALID TODAY AS OF 0500 PM LOCAL TIME.

CLIMATE NORMAL PERIOD 1981 TO 2010
CLIMATE RECORD PERIOD 1871 TO 2016


WEATHER ITEM   OBSERVED TIME   RECORD YEAR NORMAL DEPARTURE LAST
                VALUE   (LST)  VALUE       VALUE  FROM      YEAR
                                                  NORMAL
..................................................................
TEMPERATURE (F)
 TODAY
  MAXIMUM         89    325 PM  94    1959  84      5       88
                                      1911
  MINIMUM         68    641 AM  50    1967  66      2       71
  AVERAGE         79                        75      4       80

PRECIPITATION (IN)
  TODAY            0.00          3.25 1937   0.24  -0.24      T
  MONTH TO DATE    4.36                      8.19  -3.83     8.66
  SINCE SEP 1      4.36                      8.19  -3.83     8.66
  SINCE JAN 1     26.70                     43.55 -16.85    39.86

SNOWFALL (IN)
  TODAY            0.0           0.0  2002   0.0    0.0      0.0
                                      2001
  MONTH TO DATE    0.0                       0.0    0.0      0.0
  SINCE SEP 1      0.0                       0.0    0.0      0.0
  SINCE JUL 1      0.0                       0.0    0.0      0.0
  SNOW DEPTH       0

DEGREE DAYS
 HEATING
  TODAY            0                         0      0        0
  MONTH TO DATE    0                         0      0        0
  SINCE SEP 1      0                         0      0        0
  SINCE JUL 1      0                         0      0        0

 COOLING
  TODAY           14                        10      4       15
  MONTH TO DATE  429                       396     33      408
  SINCE SEP 1    429                       396     33      408
  SINCE JAN 1   2665                      2386    279     2598
..................................................................


WIND (MPH)
  HIGHEST WIND SPEED    14   HIGHEST WIND DIRECTION     W (270)
  HIGHEST GUST SPEED    19   HIGHEST GUST DIRECTION     W (260)
  AVERAGE WIND SPEED     4.9


SKY COVER
  POSSIBLE SUNSHINE  MM
  AVERAGE SKY COVER 0.2


WEATHER CONDITIONS
 THE FOLLOWING WEATHER WAS RECORDED TODAY.
  FOG


RELATIVE HUMIDITY (PERCENT)
 HIGHEST   100          1200 AM
 LOWEST     38           300 PM
 AVERAGE    69

..........................................................


THE JACKSONVILLE CLIMATE NORMALS FOR TOMORROW
                         NORMAL    RECORD    YEAR
 MAXIMUM TEMPERATURE (F)   84        94      1959
                                             1958
 MINIMUM TEMPERATURE (F)   66        48      1920


SUNRISE AND SUNSET
SEPTEMBER 30 2016.....SUNRISE   720 AM EDT   SUNSET   713 PM EDT
OCTOBER  1 2016.......SUNRISE   721 AM EDT   SUNSET   711 PM EDT


-  INDICATES NEGATIVE NUMBERS.
R  INDICATES RECORD WAS SET OR TIED.
MM INDICATES DATA IS MISSING.
T  INDICATES TRACE AMOUNT.




$$
