000
CDUS42 KJAX 200629
CLIJAX


CLIMATE REPORT
NATIONAL WEATHER SERVICE JACKSONVILLE FL
128 AM EST SAT JAN 20 2018


...................................

...THE JACKSONVILLE CLIMATE SUMMARY FOR JANUARY 19 2018...

CLIMATE NORMAL PERIOD 1981 TO 2010
CLIMATE RECORD PERIOD 1871 TO 2018


WEATHER ITEM   OBSERVED TIME   RECORD YEAR NORMAL DEPARTURE LAST
                VALUE   (LST)  VALUE       VALUE  FROM      YEAR
                                                  NORMAL
..................................................................
TEMPERATURE (F)
 YESTERDAY
  MAXIMUM         61    431 PM  83    2001  65     -4       77
                                      1937
  MINIMUM         26    742 AM  19    1977  41    -15       53
  AVERAGE         44                        53     -9       65

PRECIPITATION (IN)
  YESTERDAY        0.00          2.90 1991   0.11  -0.11     0.00
  MONTH TO DATE    1.43                      1.91  -0.48     2.52
  SINCE DEC 1      3.85                      4.71  -0.86     4.81
  SINCE JAN 1      1.43                      1.91  -0.48     2.52

SNOWFALL (IN)
  YESTERDAY        0.0           T    1977   0.0    0.0      0.0
  MONTH TO DATE    0.0                       0.0    0.0      0.0
  SINCE DEC 1      0.0                       T      0.0      0.0
  SINCE JUL 1      0.0                       T      0.0      0.0
  SNOW DEPTH       0

DEGREE DAYS
 HEATING
  YESTERDAY       21                        12      9        0
  MONTH TO DATE  338                       241     97      103
  SINCE DEC 1    588                       564     24      283
  SINCE JUL 1    684                       737    -53      413

 COOLING
  YESTERDAY        0                         0      0        0
  MONTH TO DATE    9                         0      9       16
  SINCE DEC 1     53                        21     32       59
  SINCE JAN 1      9                         0      9       16
..................................................................


WIND (MPH)
  HIGHEST WIND SPEED     9   HIGHEST WIND DIRECTION     W (290)
  HIGHEST GUST SPEED    13   HIGHEST GUST DIRECTION     W (280)
  AVERAGE WIND SPEED     1.8


SKY COVER
  POSSIBLE SUNSHINE  MM
  AVERAGE SKY COVER 0.2


WEATHER CONDITIONS
 THE FOLLOWING WEATHER WAS RECORDED YESTERDAY.
  HAZE


RELATIVE HUMIDITY (PERCENT)
 HIGHEST    92           800 AM
 LOWEST     20           300 PM
 AVERAGE    56

..........................................................


THE JACKSONVILLE CLIMATE NORMALS FOR TODAY
                         NORMAL    RECORD    YEAR
 MAXIMUM TEMPERATURE (F)   65        83      2017
                                             1990
                                             1982
 MINIMUM TEMPERATURE (F)   41        19      1985


SUNRISE AND SUNSET
JANUARY 20 2018.......SUNRISE   723 AM EST   SUNSET   553 PM EST
JANUARY 21 2018.......SUNRISE   723 AM EST   SUNSET   554 PM EST


-  INDICATES NEGATIVE NUMBERS.
R  INDICATES RECORD WAS SET OR TIED.
MM INDICATES DATA IS MISSING.
T  INDICATES TRACE AMOUNT.




$$
