000
CDUS42 KJAX 232135
CLIJAX


CLIMATE REPORT
NATIONAL WEATHER SERVICE JACKSONVILLE FL
535 PM EDT TUE MAY 23 2017


...................................

...THE JACKSONVILLE CLIMATE SUMMARY FOR MAY 23 2017...
VALID TODAY AS OF 0500 PM LOCAL TIME.

CLIMATE NORMAL PERIOD 1981 TO 2010
CLIMATE RECORD PERIOD 1871 TO 2017


WEATHER ITEM   OBSERVED TIME   RECORD YEAR NORMAL DEPARTURE LAST
                VALUE   (LST)  VALUE       VALUE  FROM      YEAR
                                                  NORMAL
..................................................................
TEMPERATURE (F)
 TODAY
  MAXIMUM         87    222 PM  97    1960  87      0       84
  MINIMUM         69    410 AM  48    1993  65      4       57
  AVERAGE         78                        76      2       71

PRECIPITATION (IN)
  TODAY            0.00          2.87 1943   0.09  -0.09     0.00
  MONTH TO DATE    2.64                      1.61   1.03     2.26
  SINCE MAR 1      4.45                      8.20  -3.75     6.78
  SINCE JAN 1      9.85                     14.69  -4.84    14.43

SNOWFALL (IN)
  TODAY            0.0           0.0  2002   0.0    0.0      0.0
                                      2001
  MONTH TO DATE    0.0                       0.0    0.0      0.0
  SINCE MAR 1      0.0                       T      0.0      0.0
  SINCE JUL 1      0.0                       T      0.0      0.0
  SNOW DEPTH       0

DEGREE DAYS
 HEATING
  TODAY            0                         0      0        0
  MONTH TO DATE    0                         3     -3        6
  SINCE MAR 1    179                       214    -35      101
  SINCE JUL 1    782                      1347   -565      949

 COOLING
  TODAY           13                        11      2        6
  MONTH TO DATE  228                       193     35      217
  SINCE MAR 1    483                       360    123      469
  SINCE JAN 1    555                       389    166      493
..................................................................


WIND (MPH)
  HIGHEST WIND SPEED    21   HIGHEST WIND DIRECTION    SW (220)
  HIGHEST GUST SPEED    29   HIGHEST GUST DIRECTION    SW (210)
  AVERAGE WIND SPEED     9.2


SKY COVER
  POSSIBLE SUNSHINE  MM
  AVERAGE SKY COVER 0.9


WEATHER CONDITIONS
 THE FOLLOWING WEATHER WAS RECORDED TODAY.
  THUNDERSTORM
  FOG


RELATIVE HUMIDITY (PERCENT)
 HIGHEST   100           100 AM
 LOWEST     61           300 PM
 AVERAGE    81

..........................................................


THE JACKSONVILLE CLIMATE NORMALS FOR TOMORROW
                         NORMAL    RECORD    YEAR
 MAXIMUM TEMPERATURE (F)   87        98      1953
 MINIMUM TEMPERATURE (F)   65        52      2001
                                             1892


SUNRISE AND SUNSET
MAY 23 2017...........SUNRISE   628 AM EDT   SUNSET   819 PM EDT
MAY 24 2017...........SUNRISE   628 AM EDT   SUNSET   820 PM EDT


-  INDICATES NEGATIVE NUMBERS.
R  INDICATES RECORD WAS SET OR TIED.
MM INDICATES DATA IS MISSING.
T  INDICATES TRACE AMOUNT.




$$
