000
CDUS44 KMEG 120733
CLIJBR


CLIMATE REPORT
NATIONAL WEATHER SERVICE MEMPHIS TN
132 AM CST TUE DEC 12 2017


...................................

...THE JONESBORO CLIMATE SUMMARY FOR DECEMBER 11 2017...

CLIMATE NORMAL PERIOD 1981 TO 2010
CLIMATE RECORD PERIOD 1897 TO 2017


WEATHER ITEM   OBSERVED TIME   RECORD YEAR NORMAL DEPARTURE LAST
                VALUE   (LST)  VALUE       VALUE  FROM      YEAR
                                                  NORMAL
..................................................................
TEMPERATURE (F)
 YESTERDAY
  MAXIMUM         68    303 PM  75    1949  49     19       51
                                      1931
  MINIMUM         33    441 AM   0    1917  32      1       38
  AVERAGE         51                        40     11       45

PRECIPITATION (IN)
  YESTERDAY        0.00          2.80 1909   0.17  -0.17     0.20
  MONTH TO DATE    0.23                      1.98  -1.75     1.07
  SINCE DEC 1      0.23                      1.98  -1.75     1.07
  SINCE JAN 1     42.28                     45.31  -3.03    49.17

DEGREE DAYS
 HEATING
  YESTERDAY       14                        25    -11       20
  MONTH TO DATE  214                       259    -45      275
  SINCE DEC 1    214                       259    -45      275
  SINCE JUL 1    758                       909   -151      624

 COOLING
  YESTERDAY        0                         0      0        0
  MONTH TO DATE    0                         0      0        0
  SINCE DEC 1      0                         0      0        0
  SINCE JAN 1   1958                      1827    131     2285
..................................................................


WIND (MPH)
  HIGHEST WIND SPEED    26   HIGHEST WIND DIRECTION    SW (230)
  HIGHEST GUST SPEED    36   HIGHEST GUST DIRECTION    SW (230)
  AVERAGE WIND SPEED    10.7


SKY COVER
  POSSIBLE SUNSHINE  MM
  AVERAGE SKY COVER 0.0


WEATHER CONDITIONS
 THE FOLLOWING WEATHER WAS RECORDED YESTERDAY.
  NO SIGNIFICANT WEATHER WAS OBSERVED.


RELATIVE HUMIDITY (PERCENT)
 HIGHEST    82           400 AM
 LOWEST     25           600 PM
 AVERAGE    54

..........................................................


THE JONESBORO CLIMATE NORMALS FOR TODAY
                         NORMAL    RECORD    YEAR
 MAXIMUM TEMPERATURE (F)   48        72      1948
 MINIMUM TEMPERATURE (F)   31         3      1962


SUNRISE AND SUNSET
DECEMBER 12 2017......SUNRISE   703 AM CST   SUNSET   449 PM CST
DECEMBER 13 2017......SUNRISE   704 AM CST   SUNSET   450 PM CST


-  INDICATES NEGATIVE NUMBERS.
R  INDICATES RECORD WAS SET OR TIED.
MM INDICATES DATA IS MISSING.
T  INDICATES TRACE AMOUNT.




$$
