000
CDUS44 KMEG 130733
CLIJBR


CLIMATE REPORT
NATIONAL WEATHER SERVICE MEMPHIS TN
131 AM CST SAT FEB 13 2016


...................................

...THE JONESBORO CLIMATE SUMMARY FOR FEBRUARY 12 2016...

CLIMATE NORMAL PERIOD 1981 TO 2010
CLIMATE RECORD PERIOD 1897 TO 2016


WEATHER ITEM   OBSERVED TIME   RECORD YEAR NORMAL DEPARTURE LAST
                VALUE   (LST)  VALUE       VALUE  FROM      YEAR
                                                  NORMAL
..................................................................
TEMPERATURE (F)
 YESTERDAY
  MAXIMUM         51    446 PM  75    1962  50      1       35
                                      1961
  MINIMUM         28    643 AM   4    1988  31     -3       24
  AVERAGE         40                        41     -1       30

PRECIPITATION (IN)
  YESTERDAY        0.00          2.41 1950   0.13  -0.13     0.00
  MONTH TO DATE    0.14                      1.56  -1.42     0.56
  SINCE DEC 1      8.31                      9.76  -1.45     4.85
  SINCE JAN 1      1.94                      4.99  -3.05     2.06

SNOWFALL (IN)
  YESTERDAY        0.0           4.0  1982   0.1   -0.1      0.0
  MONTH TO DATE    0.0                       0.7   -0.7       T
  SINCE DEC 1      0.3                       3.5   -3.2       T
  SINCE JUL 1      0.3                       3.5   -3.2      0.3
  SNOW DEPTH       0

DEGREE DAYS
 HEATING
  YESTERDAY       25                        24      1       35
  MONTH TO DATE  296                       305     -9      313
  SINCE DEC 1   1654                      1951   -297     1878
  SINCE JUL 1   2163                      2601   -438     2637

 COOLING
  YESTERDAY        0                         0      0        0
  MONTH TO DATE    0                         0      0        0
  SINCE DEC 1      3                         0      3        0
  SINCE JAN 1      0                         0      0        0
..................................................................


WIND (MPH)
  HIGHEST WIND SPEED    16   HIGHEST WIND DIRECTION    NW (320)
  HIGHEST GUST SPEED    23   HIGHEST GUST DIRECTION    NW (310)
  AVERAGE WIND SPEED     7.1


SKY COVER
  POSSIBLE SUNSHINE  MM
  AVERAGE SKY COVER 0.1


WEATHER CONDITIONS
 THE FOLLOWING WEATHER WAS RECORDED YESTERDAY.
  NO SIGNIFICANT WEATHER WAS OBSERVED.


RELATIVE HUMIDITY (PERCENT)
 HIGHEST    85           400 AM
 LOWEST     36           500 PM
 AVERAGE    61

..........................................................


THE JONESBORO CLIMATE NORMALS FOR TODAY
                         NORMAL    RECORD    YEAR
 MAXIMUM TEMPERATURE (F)   50        82      1962
 MINIMUM TEMPERATURE (F)   31       -13      1899


SUNRISE AND SUNSET
FEBRUARY 13 2016......SUNRISE   652 AM CST   SUNSET   542 PM CST
FEBRUARY 14 2016......SUNRISE   651 AM CST   SUNSET   543 PM CST


-  INDICATES NEGATIVE NUMBERS.
R  INDICATES RECORD WAS SET OR TIED.
MM INDICATES DATA IS MISSING.
T  INDICATES TRACE AMOUNT.




$$
