000
CDUS44 KMEG 162146
CLIJBR


CLIMATE REPORT
NATIONAL WEATHER SERVICE MEMPHIS TN
446 PM CDT MON OCT 16 2017


...................................

...THE JONESBORO CLIMATE SUMMARY FOR OCTOBER 16 2017...
VALID TODAY AS OF 0400 PM LOCAL TIME.

CLIMATE NORMAL PERIOD 1981 TO 2010
CLIMATE RECORD PERIOD 1897 TO 2017


WEATHER ITEM   OBSERVED TIME   RECORD YEAR NORMAL DEPARTURE LAST
                VALUE   (LST)  VALUE       VALUE  FROM      YEAR
                                                  NORMAL
..................................................................
TEMPERATURE (F)
 TODAY
  MAXIMUM         69    232 PM  90    1917  73     -4       85
  MINIMUM         48    642 AM  33    1943  50     -2       62
  AVERAGE         59                        61     -2       74

PRECIPITATION (IN)
  TODAY            0.00          2.74 2006   0.13  -0.13     0.00
  MONTH TO DATE    0.45                      2.13  -1.68     1.25
  SINCE SEP 1      0.84                      5.19  -4.35     3.19
  SINCE JAN 1     40.46                     36.30   4.16    44.21

DEGREE DAYS
 HEATING
  TODAY            6                         5      1        0
  MONTH TO DATE   14                        60    -46        9
  SINCE SEP 1     16                        78    -62        9
  SINCE JUL 1     16                        78    -62        9

 COOLING
  TODAY            0                         1     -1        9
  MONTH TO DATE  118                        38     80       83
  SINCE SEP 1    399                       263    136      444
  SINCE JAN 1   1932                      1809    123     2197
..................................................................


WIND (MPH)
  HIGHEST WIND SPEED    17   HIGHEST WIND DIRECTION    NE (50)
  HIGHEST GUST SPEED    21   HIGHEST GUST DIRECTION     E (70)
  AVERAGE WIND SPEED     8.8


SKY COVER
  POSSIBLE SUNSHINE  MM
  AVERAGE SKY COVER 0.0


WEATHER CONDITIONS
 THE FOLLOWING WEATHER WAS RECORDED TODAY.
  NO SIGNIFICANT WEATHER WAS OBSERVED.


RELATIVE HUMIDITY (PERCENT)
 HIGHEST    86           700 AM
 LOWEST     35           200 PM
 AVERAGE    61

..........................................................


THE JONESBORO CLIMATE NORMALS FOR TOMORROW
                         NORMAL    RECORD    YEAR
 MAXIMUM TEMPERATURE (F)   73        89      1938
 MINIMUM TEMPERATURE (F)   50        32      1943


SUNRISE AND SUNSET
OCTOBER 16 2017.......SUNRISE   710 AM CDT   SUNSET   625 PM CDT
OCTOBER 17 2017.......SUNRISE   711 AM CDT   SUNSET   624 PM CDT


-  INDICATES NEGATIVE NUMBERS.
R  INDICATES RECORD WAS SET OR TIED.
MM INDICATES DATA IS MISSING.
T  INDICATES TRACE AMOUNT.




$$
