000
CDUS44 KMEG 200647
CLIJBR


CLIMATE REPORT
NATIONAL WEATHER SERVICE MEMPHIS TN
146 AM CDT SAT SEP 20 2014


...................................

...THE JONESBORO CLIMATE SUMMARY FOR SEPTEMBER 19 2014...

CLIMATE NORMAL PERIOD 1981 TO 2010
CLIMATE RECORD PERIOD 1897 TO 2014


WEATHER ITEM   OBSERVED TIME   RECORD YEAR NORMAL DEPARTURE LAST
                VALUE   (LST)  VALUE       VALUE  FROM      YEAR
                                                  NORMAL
..................................................................
TEMPERATURE (F)
 YESTERDAY
  MAXIMUM         85    347 PM 101    1921  82      3       94
  MINIMUM         62    625 AM  41    1981  59      3       71
                                      1916
                                      1903
  AVERAGE         74                        71      3       83

PRECIPITATION (IN)
  YESTERDAY        0.00          5.40 1970   0.09  -0.09     0.00
  MONTH TO DATE    1.84                      1.86  -0.02     0.24
  SINCE SEP 1      1.84                      1.86  -0.02     0.24
  SINCE JAN 1     35.52                     32.97   2.55    37.69

SNOWFALL (IN)
  YESTERDAY        0.0          MM      MM   0.0    0.0      0.0
  MONTH TO DATE    0.0                       0.0    0.0      0.0
  SINCE SEP 1      0.0                       0.0    0.0      0.0
  SINCE JUL 1      0.0                       0.0    0.0      0.0
  SNOW DEPTH       0

DEGREE DAYS
 HEATING
  YESTERDAY        0                         1     -1        0
  MONTH TO DATE    9                         2      7        0
  SINCE SEP 1      9                         2      7        0
  SINCE JUL 1      9                         2      7        0

 COOLING
  YESTERDAY        9                         6      3       18
  MONTH TO DATE  175                       173      2      272
  SINCE SEP 1    175                       173      2      272
  SINCE JAN 1   1635                      1719    -84     1872
..................................................................


WIND (MPH)
  HIGHEST WIND SPEED    10   HIGHEST WIND DIRECTION    NE (60)
  HIGHEST GUST SPEED    21   HIGHEST GUST DIRECTION    SE (150)
  AVERAGE WIND SPEED     4.6


SKY COVER
  POSSIBLE SUNSHINE  MM
  AVERAGE SKY COVER 0.2


WEATHER CONDITIONS
 THE FOLLOWING WEATHER WAS RECORDED YESTERDAY.
  NO SIGNIFICANT WEATHER WAS OBSERVED.


RELATIVE HUMIDITY (PERCENT)
 HIGHEST    93          1200 AM
 LOWEST     51           100 PM
 AVERAGE    72

..........................................................


THE JONESBORO CLIMATE NORMALS FOR TODAY
                         NORMAL    RECORD    YEAR
 MAXIMUM TEMPERATURE (F)   82        99      1954
 MINIMUM TEMPERATURE (F)   59        41      1991


SUNRISE AND SUNSET
SEPTEMBER 20 2014.....SUNRISE   649 AM CDT   SUNSET   702 PM CDT
SEPTEMBER 21 2014.....SUNRISE   650 AM CDT   SUNSET   701 PM CDT


-  INDICATES NEGATIVE NUMBERS.
R  INDICATES RECORD WAS SET OR TIED.
MM INDICATES DATA IS MISSING.
T  INDICATES TRACE AMOUNT.




$$
