000
CDUS44 KMEG 020633
CLIJBR


CLIMATE REPORT
NATIONAL WEATHER SERVICE MEMPHIS TN
133 AM CDT MON MAY 2 2016


...................................

...THE JONESBORO CLIMATE SUMMARY FOR MAY 1 2016...

CLIMATE NORMAL PERIOD 1981 TO 2010
CLIMATE RECORD PERIOD 1897 TO 2016


WEATHER ITEM   OBSERVED TIME   RECORD YEAR NORMAL DEPARTURE LAST
                VALUE   (LST)  VALUE       VALUE  FROM      YEAR
                                                  NORMAL
..................................................................
TEMPERATURE (F)
 YESTERDAY
  MAXIMUM         79    445 PM  98    1901  75      4       70
  MINIMUM         61    432 AM  35    1903  54      7       41
  AVERAGE         70                        65      5       56

PRECIPITATION (IN)
  YESTERDAY        0.00          3.33 2011   0.17  -0.17     0.00
  MONTH TO DATE    0.00                      0.17  -0.17     0.00
  SINCE MAR 1     17.68                      9.69   7.99    13.14
  SINCE JAN 1     21.61                     16.84   4.77    17.97

SNOWFALL (IN)
  YESTERDAY        0.0          MM      MM   0.0    0.0      0.0
  MONTH TO DATE    0.0                       0.0    0.0      0.0
  SINCE MAR 1      0.0                       0.7   -0.7      7.6
  SINCE JUL 1      0.3                       4.8   -4.5      9.4
  SNOW DEPTH       0

DEGREE DAYS
 HEATING
  YESTERDAY        0                         3     -3        9
  MONTH TO DATE    0                         3     -3        9
  SINCE MAR 1    466                       662   -196      726
  SINCE JUL 1   2955                      3618   -663     3974

 COOLING
  YESTERDAY        5                         2      3        0
  MONTH TO DATE    5                         2      3        0
  SINCE MAR 1     55                        49      6       28
  SINCE JAN 1     55                        49      6       28
..................................................................


WIND (MPH)
  HIGHEST WIND SPEED    13   HIGHEST WIND DIRECTION    NW (300)
  HIGHEST GUST SPEED    17   HIGHEST GUST DIRECTION     W (270)
  AVERAGE WIND SPEED     5.6


SKY COVER
  POSSIBLE SUNSHINE  MM
  AVERAGE SKY COVER 0.3


WEATHER CONDITIONS
 THE FOLLOWING WEATHER WAS RECORDED YESTERDAY.
  THUNDERSTORM


RELATIVE HUMIDITY (PERCENT)
 HIGHEST    93          1200 AM
 LOWEST     54           500 PM
 AVERAGE    74

..........................................................


THE JONESBORO CLIMATE NORMALS FOR TODAY
                         NORMAL    RECORD    YEAR
 MAXIMUM TEMPERATURE (F)   76       100      1901
 MINIMUM TEMPERATURE (F)   54        32      1909


SUNRISE AND SUNSET
MAY  2 2016...........SUNRISE   609 AM CDT   SUNSET   751 PM CDT
MAY  3 2016...........SUNRISE   608 AM CDT   SUNSET   752 PM CDT


-  INDICATES NEGATIVE NUMBERS.
R  INDICATES RECORD WAS SET OR TIED.
MM INDICATES DATA IS MISSING.
T  INDICATES TRACE AMOUNT.




$$
