000
CDUS44 KMEG 230733
CLIJBR


CLIMATE REPORT
NATIONAL WEATHER SERVICE MEMPHIS TN
133 AM CST FRI FEB 23 2018


...................................

...THE JONESBORO CLIMATE SUMMARY FOR FEBRUARY 22 2018...

CLIMATE NORMAL PERIOD 1981 TO 2010
CLIMATE RECORD PERIOD 1897 TO 2018


WEATHER ITEM   OBSERVED TIME   RECORD YEAR NORMAL DEPARTURE LAST
                VALUE   (LST)  VALUE       VALUE  FROM      YEAR
                                                  NORMAL
..................................................................
TEMPERATURE (F)
 YESTERDAY
  MAXIMUM         51   1159 PM  73    1980  53     -2       69
                                      1944
                                      1897
  MINIMUM         36   1209 AM   8    1978  34      2       54
  AVERAGE         44                        43      1       62

PRECIPITATION (IN)
  YESTERDAY        2.61R         1.70 1974   0.13   2.48     0.01
  MONTH TO DATE    9.60                      2.92   6.68     1.31
  SINCE DEC 1     17.23                     11.12   6.11     9.47
  SINCE JAN 1     12.11                      6.35   5.76     5.01

DEGREE DAYS
 HEATING
  YESTERDAY       21                        22     -1        3
  MONTH TO DATE  482                       535    -53      326
  SINCE DEC 1   2167                      2181    -14     1713
  SINCE JUL 1   2711                      2831   -120     2062

 COOLING
  YESTERDAY        0                         0      0        0
  MONTH TO DATE    5                         0      5        3
  SINCE DEC 1      5                         0      5        3
  SINCE JAN 1      5                         0      5        3
..................................................................


WIND (MPH)
  HIGHEST WIND SPEED    23   HIGHEST WIND DIRECTION     E (100)
  HIGHEST GUST SPEED    28   HIGHEST GUST DIRECTION     E (70)
  AVERAGE WIND SPEED     6.8


SKY COVER
  POSSIBLE SUNSHINE  MM
  AVERAGE SKY COVER 1.0


WEATHER CONDITIONS
 THE FOLLOWING WEATHER WAS RECORDED YESTERDAY.
  THUNDERSTORM
  HEAVY RAIN
  RAIN
  LIGHT RAIN
  FOG


RELATIVE HUMIDITY (PERCENT)
 HIGHEST   100           300 AM
 LOWEST     86           400 PM
 AVERAGE    93

..........................................................


THE JONESBORO CLIMATE NORMALS FOR TODAY
                         NORMAL    RECORD    YEAR
 MAXIMUM TEMPERATURE (F)   53        78      2012
                                             1996
 MINIMUM TEMPERATURE (F)   34        14      1989
                                             1978


SUNRISE AND SUNSET
FEBRUARY 23 2018......SUNRISE   640 AM CST   SUNSET   552 PM CST
FEBRUARY 24 2018......SUNRISE   639 AM CST   SUNSET   553 PM CST


-  INDICATES NEGATIVE NUMBERS.
R  INDICATES RECORD WAS SET OR TIED.
MM INDICATES DATA IS MISSING.
T  INDICATES TRACE AMOUNT.




$$
