000
CDUS44 KMEG 020641
CLIJBR


CLIMATE REPORT
NATIONAL WEATHER SERVICE MEMPHIS TN
140 AM CDT SUN AUG 2 2015


...................................

...THE JONESBORO CLIMATE SUMMARY FOR AUGUST 1 2015...

CLIMATE NORMAL PERIOD 1981 TO 2010
CLIMATE RECORD PERIOD 1897 TO 2015


WEATHER ITEM   OBSERVED TIME   RECORD YEAR NORMAL DEPARTURE LAST
                VALUE   (LST)  VALUE       VALUE  FROM      YEAR
                                                  NORMAL
..................................................................
TEMPERATURE (F)
 YESTERDAY
  MAXIMUM         92    414 PM 105    1980  91      1       85
  MINIMUM         68    514 AM  53    1918  71     -3       67
  AVERAGE         80                        81     -1       76

PRECIPITATION (IN)
  YESTERDAY        0.00          1.18 1943   0.09  -0.09     0.00
  MONTH TO DATE    0.00                      0.09  -0.09     0.00
  SINCE JUN 1      8.69                      7.38   1.31    10.83
  SINCE JAN 1     34.47                     28.66   5.81    32.11

SNOWFALL (IN)
  YESTERDAY        0.0          MM      MM   0.0    0.0      0.0
  MONTH TO DATE    0.0                       0.0    0.0      0.0
  SINCE JUN 1      0.0                       0.0    0.0      0.0
  SINCE JUL 1      0.0                       0.0    0.0      0.0
  SNOW DEPTH       0

DEGREE DAYS
 HEATING
  YESTERDAY        0                         0      0        0
  MONTH TO DATE    0                         0      0        0
  SINCE JUN 1      0                         1     -1        0
  SINCE JUL 1      0                         0      0        0

 COOLING
  YESTERDAY       15                        16     -1       11
  MONTH TO DATE   15                        16     -1       11
  SINCE JUN 1    977                       890     87      732
  SINCE JAN 1   1152                      1103     49      979
..................................................................


WIND (MPH)
  HIGHEST WIND SPEED     9   HIGHEST WIND DIRECTION     N (20)
  HIGHEST GUST SPEED    14   HIGHEST GUST DIRECTION    NW (330)
  AVERAGE WIND SPEED     2.7


SKY COVER
  POSSIBLE SUNSHINE  MM
  AVERAGE SKY COVER 0.0


WEATHER CONDITIONS
 THE FOLLOWING WEATHER WAS RECORDED YESTERDAY.
  NO SIGNIFICANT WEATHER WAS OBSERVED.


RELATIVE HUMIDITY (PERCENT)
 HIGHEST    97           200 AM
 LOWEST     38          1200 PM
 AVERAGE    68

..........................................................


THE JONESBORO CLIMATE NORMALS FOR TODAY
                         NORMAL    RECORD    YEAR
 MAXIMUM TEMPERATURE (F)   91       105      1901
 MINIMUM TEMPERATURE (F)   71        54      1918


SUNRISE AND SUNSET
AUGUST  2 2015........SUNRISE   611 AM CDT   SUNSET   806 PM CDT
AUGUST  3 2015........SUNRISE   612 AM CDT   SUNSET   805 PM CDT


-  INDICATES NEGATIVE NUMBERS.
R  INDICATES RECORD WAS SET OR TIED.
MM INDICATES DATA IS MISSING.
T  INDICATES TRACE AMOUNT.




$$
