000
CDUS45 KGGW 140032
CLIJDN


CLIMATE REPORT
NATIONAL WEATHER SERVICE GLASGOW MT
531 PM MST WED DEC 13 2017


...................................

...THE JORDAN  ASOS MT CLIMATE SUMMARY FOR DECEMBER 13 2017...
VALID TODAY AS OF 0500 PM LOCAL TIME.

CLIMATE NORMAL PERIOD 1981 TO 2010
CLIMATE RECORD PERIOD 9999 TO 9999


WEATHER ITEM   OBSERVED TIME   RECORD YEAR NORMAL DEPARTURE LAST
                VALUE   (LST)  VALUE       VALUE  FROM      YEAR
                                                  NORMAL
..................................................................
TEMPERATURE (F)
 TODAY
  MAXIMUM         43   1200 AM  MM      MM  32     11       18
  MINIMUM         30        MM  MM      MM   6     24       -8
  AVERAGE         37                        19     18        5

PRECIPITATION (IN)
  TODAY            0.00         MM      MM   0.01  -0.01     0.00
  MONTH TO DATE    0.04                      0.10  -0.06     0.17
  SINCE OCT 1      1.04                      1.35  -0.31     3.06
  SINCE JAN 1      6.28                     12.48  -6.20    14.78

SNOWFALL (IN)
  TODAY            0.0          MM      MM  MM     MM        0.0
  MONTH TO DATE    0.0                      MM     MM        0.0
  SINCE DEC 1      0.0                      MM     MM        0.0
  SINCE JUL 1      0.0                      MM     MM        0.0
  SNOW DEPTH       0

DEGREE DAYS
 HEATING
  TODAY           28                        46    -18       60
  MONTH TO DATE  402                       574   -172      698
  SINCE DEC 1    402                       574   -172      698
  SINCE JUL 1   2323                      2592   -269     2261

 COOLING
  TODAY            0                         0      0        0
  MONTH TO DATE    0                         0      0        0
  SINCE DEC 1      0                         0      0        0
  SINCE JAN 1    641                       421    220      473
..................................................................


WIND (MPH)
  HIGHEST WIND SPEED    25   HIGHEST WIND DIRECTION    NW (320)
  HIGHEST GUST SPEED    35   HIGHEST GUST DIRECTION    NW (320)
  AVERAGE WIND SPEED    13.9


SKY COVER
  POSSIBLE SUNSHINE  MM
  AVERAGE SKY COVER 0.0


WEATHER CONDITIONS
 THE FOLLOWING WEATHER WAS RECORDED TODAY.
  NO SIGNIFICANT WEATHER WAS OBSERVED.


RELATIVE HUMIDITY (PERCENT)
 HIGHEST    72           900 AM
 LOWEST     39          1200 AM
 AVERAGE    56

..........................................................


THE JORDAN  ASOS MT CLIMATE NORMALS FOR TOMORROW
                         NORMAL    RECORD    YEAR
 MAXIMUM TEMPERATURE (F)   32        MM        MM
 MINIMUM TEMPERATURE (F)    6        MM        MM


SUNRISE AND SUNSET
DECEMBER 13 2017......SUNRISE   746 AM MST   SUNSET   417 PM MST
DECEMBER 14 2017......SUNRISE   747 AM MST   SUNSET   417 PM MST


-  INDICATES NEGATIVE NUMBERS.
R  INDICATES RECORD WAS SET OR TIED.
MM INDICATES DATA IS MISSING.
T  INDICATES TRACE AMOUNT.




$$
