000
CDUS45 KGGW 230018
CLIJDN


CLIMATE REPORT
NATIONAL WEATHER SERVICE GLASGOW MT
517 PM MST WED FEB 22 2017


...................................

...THE JORDAN  ASOS MT CLIMATE SUMMARY FOR FEBRUARY 22 2017...
VALID TODAY AS OF 0500 PM LOCAL TIME.

CLIMATE NORMAL PERIOD 1981 TO 2010
CLIMATE RECORD PERIOD 9999 TO 9999


WEATHER ITEM   OBSERVED TIME   RECORD YEAR NORMAL DEPARTURE LAST
                VALUE   (LST)  VALUE       VALUE  FROM      YEAR
                                                  NORMAL
..................................................................
TEMPERATURE (F)
 TODAY
  MAXIMUM         35        MM  MM      MM  37     -2       48
  MINIMUM         30        MM  MM      MM  12     18       23
  AVERAGE         33                        25      8       36

PRECIPITATION (IN)
  TODAY            0.19         MM      MM   0.02   0.17     0.00
  MONTH TO DATE    0.45                      0.18   0.27     0.71
  SINCE OCT 1      4.22                      1.95   2.27     4.84
  SINCE JAN 1      1.01                      0.41   0.60     1.15

SNOWFALL (IN)
  TODAY           MM            MM      MM  MM     MM        0.0
  MONTH TO DATE    0.0                      MM     MM        0.0
  SINCE DEC 1      0.0                      MM     MM        0.0
  SINCE JUL 1      0.0                      MM     MM        0.0
  SNOW DEPTH       0

DEGREE DAYS
 HEATING
  TODAY           32                        40     -8       29
  MONTH TO DATE  786                       954   -168      669
  SINCE DEC 1   3927                      3866     61     3446
  SINCE JUL 1   5490                      5884   -394     5151

 COOLING
  TODAY            0                         0      0        0
  MONTH TO DATE    0                         0      0        0
  SINCE DEC 1      0                         0      0        0
  SINCE JAN 1      0                         0      0        0
..................................................................


WIND (MPH)
  HIGHEST WIND SPEED    13   HIGHEST WIND DIRECTION     N (10)
  HIGHEST GUST SPEED    MM   HIGHEST GUST DIRECTION    MM
  AVERAGE WIND SPEED     7.0


SKY COVER
  POSSIBLE SUNSHINE  MM
  AVERAGE SKY COVER 0.0


WEATHER CONDITIONS
 THE FOLLOWING WEATHER WAS RECORDED TODAY.
  NO SIGNIFICANT WEATHER WAS OBSERVED.


RELATIVE HUMIDITY (PERCENT)
 HIGHEST    92          1200 AM
 LOWEST     82           100 PM
 AVERAGE    87

..........................................................


THE JORDAN  ASOS MT CLIMATE NORMALS FOR TOMORROW
                         NORMAL    RECORD    YEAR
 MAXIMUM TEMPERATURE (F)   38        MM        MM
 MINIMUM TEMPERATURE (F)   12        MM        MM


SUNRISE AND SUNSET
FEBRUARY 22 2017......SUNRISE   700 AM MST   SUNSET   542 PM MST
FEBRUARY 23 2017......SUNRISE   658 AM MST   SUNSET   544 PM MST


-  INDICATES NEGATIVE NUMBERS.
R  INDICATES RECORD WAS SET OR TIED.
MM INDICATES DATA IS MISSING.
T  INDICATES TRACE AMOUNT.




$$
