000
CDUS45 KGGW 011231
CLIJDN


CLIMATE REPORT
NATIONAL WEATHER SERVICE GLASGOW MT
530 AM MST SUN FEB 1 2015


...................................

...THE JORDAN  ASOS MT CLIMATE SUMMARY FOR FEBRUARY 1 2015...
VALID AS OF 0500 AM LOCAL TIME.

CLIMATE NORMAL PERIOD 1981 TO 2010
CLIMATE RECORD PERIOD 9999 TO 9999


WEATHER ITEM   OBSERVED TIME   RECORD YEAR NORMAL DEPARTURE LAST
                VALUE   (LST)  VALUE       VALUE  FROM      YEAR
                                                  NORMAL
..................................................................
TEMPERATURE (F)
 TODAY
  MAXIMUM          4    300 AM  MM      MM  31    -27       15
  MINIMUM         -8    500 AM  MM      MM   8    -16      -13
  AVERAGE         -2                        19    -21        1

PRECIPITATION (IN)
  TODAY            0.02         MM      MM   0.01   0.01     0.00
  MONTH TO DATE    0.02                      0.01   0.01     0.00
  SINCE OCT 1      2.01                      1.78   0.23     2.63
  SINCE JAN 1      0.82                      0.24   0.58     0.22

SNOWFALL (IN)
  TODAY           MM            MM      MM  MM     MM        0.0
  MONTH TO DATE   MM                        MM     MM        0.0
  SINCE DEC 1      0.0                      MM     MM        0.0
  SINCE JUL 1      0.0                      MM     MM        0.0
  SNOW DEPTH      MM

DEGREE DAYS
 HEATING
  TODAY           67                        46     21       64
  MONTH TO DATE   67                        46     21       64
  SINCE DEC 1   2627                      2958   -331     2974
  SINCE JUL 1   4697                      4976   -279     4911

 COOLING
  TODAY            0                         0      0        0
  MONTH TO DATE    0                         0      0        0
  SINCE DEC 1      0                         0      0        0
  SINCE JAN 1      0                         0      0        0
..................................................................


WIND (MPH)
  HIGHEST WIND SPEED    MM   HIGHEST WIND DIRECTION    MM
  HIGHEST GUST SPEED    MM   HIGHEST GUST DIRECTION    MM
  AVERAGE WIND SPEED     0.0


SKY COVER
  POSSIBLE SUNSHINE  MM
  AVERAGE SKY COVER 0.0


WEATHER CONDITIONS
 THE FOLLOWING WEATHER WAS RECORDED TODAY.
  NO SIGNIFICANT WEATHER WAS OBSERVED.


RELATIVE HUMIDITY (PERCENT)
 HIGHEST    91          1200 AM
 LOWEST     86           100 AM
 AVERAGE    89

..........................................................


THE JORDAN  ASOS MT CLIMATE NORMALS FOR TOMORROW
                         NORMAL    RECORD    YEAR
 MAXIMUM TEMPERATURE (F)   31        MM        MM
 MINIMUM TEMPERATURE (F)    8        MM        MM


SUNRISE AND SUNSET
FEBRUARY  1 2015......SUNRISE   733 AM MST   SUNSET   509 PM MST
FEBRUARY  2 2015......SUNRISE   732 AM MST   SUNSET   511 PM MST


-  INDICATES NEGATIVE NUMBERS.
R  INDICATES RECORD WAS SET OR TIED.
MM INDICATES DATA IS MISSING.
T  INDICATES TRACE AMOUNT.




$$
