000
CDUS45 KBOI 290931
CLIJER


CLIMATE REPORT
NATIONAL WEATHER SERVICE BOISE ID
330 AM MDT WED MAR 29 2017


...................................

...THE JEROME ID CLIMATE SUMMARY FOR MARCH 28 2017...

CLIMATE NORMAL PERIOD 1981 TO 2010
CLIMATE RECORD PERIOD 1915 TO 2017


WEATHER ITEM   OBSERVED TIME   RECORD YEAR NORMAL DEPARTURE LAST
                VALUE   (LST)  VALUE       VALUE  FROM      YEAR
                                                  NORMAL
..................................................................
TEMPERATURE (F)
 YESTERDAY
  MAXIMUM         52    344 PM  76    1986  54     -2       46
  MINIMUM         31    659 AM  13    1975  33     -2       28
  AVERAGE         42                        43     -1       37

PRECIPITATION (IN)
  YESTERDAY        0.00          0.45 1963   0.05  -0.05     0.00
  MONTH TO DATE    0.89                      0.94  -0.05     1.43
  SINCE OCT 1      8.07                      6.40   1.67     7.43
  SINCE JAN 1      3.55                      2.88   0.67     2.84

DEGREE DAYS
 HEATING
  YESTERDAY       23                        22      1       28
  MONTH TO DATE  566                       705   -139      608
  SINCE MAR 1    566                       705   -139      608
  SINCE JUL 1   4989                      5592   -603     5147

 COOLING
  YESTERDAY        0                         0      0        0
  MONTH TO DATE    0                         0      0        0
  SINCE MAR 1      0                         0      0        0
  SINCE JAN 1      0                         0      0        0
..................................................................


WIND (MPH)
  HIGHEST WIND SPEED    24   HIGHEST WIND DIRECTION     W (250)
  HIGHEST GUST SPEED    31   HIGHEST GUST DIRECTION     W (260)
  AVERAGE WIND SPEED    13.4


SKY COVER
  AVERAGE SKY COVER 0.0


WEATHER CONDITIONS
 THE FOLLOWING WEATHER WAS RECORDED YESTERDAY.
  NO SIGNIFICANT WEATHER WAS OBSERVED.


RELATIVE HUMIDITY (PERCENT)
 HIGHEST    92           400 AM
 LOWEST     35           300 PM
 AVERAGE    64

..........................................................


THE JEROME ID CLIMATE NORMALS FOR TODAY
                         NORMAL    RECORD    YEAR
 MAXIMUM TEMPERATURE (F)   54        78      1986
 MINIMUM TEMPERATURE (F)   33        12      1926


SUNRISE AND SUNSET
MARCH 29 2017.........SUNRISE   725 AM MDT   SUNSET   801 PM MDT
MARCH 30 2017.........SUNRISE   723 AM MDT   SUNSET   802 PM MDT


-  INDICATES NEGATIVE NUMBERS.
R  INDICATES RECORD WAS SET OR TIED.
MM INDICATES DATA IS MISSING.
T  INDICATES TRACE AMOUNT.




$$
