000
CDUS45 KBOI 210931
CLIJER


CLIMATE REPORT
NATIONAL WEATHER SERVICE BOISE ID
231 AM MST SUN JAN 21 2018


...................................

...THE JEROME ID CLIMATE SUMMARY FOR JANUARY 20 2018...

CLIMATE NORMAL PERIOD 1981 TO 2010
CLIMATE RECORD PERIOD 1915 TO 2018


WEATHER ITEM   OBSERVED TIME   RECORD YEAR NORMAL DEPARTURE LAST
                VALUE   (LST)  VALUE       VALUE  FROM      YEAR
                                                  NORMAL
..................................................................
TEMPERATURE (F)
 YESTERDAY
  MAXIMUM         37    351 PM  55    1953  33      4       37
  MINIMUM         24   1040 PM -16    1922  20      4       26
  AVERAGE         31                        27      4       32

PRECIPITATION (IN)
  YESTERDAY        0.00          0.66 1999   0.02  -0.02      T
  MONTH TO DATE    1.04                      0.81   0.23     1.06
  SINCE OCT 1      3.59                      4.33  -0.74     5.58
  SINCE JAN 1      1.04                      0.81   0.23     1.06

DEGREE DAYS
 HEATING
  YESTERDAY       34                        38     -4       33
  MONTH TO DATE  579                       778   -199      805
  SINCE DEC 1   1742                      1957   -215     2094
  SINCE JUL 1   3198                      3508   -310     3320

 COOLING
  YESTERDAY        0                         0      0        0
  MONTH TO DATE    0                         0      0        0
  SINCE DEC 1      0                         0      0        0
  SINCE JAN 1      0                         0      0        0
..................................................................


WIND (MPH)
  HIGHEST WIND SPEED    14   HIGHEST WIND DIRECTION     W (250)
  HIGHEST GUST SPEED    17   HIGHEST GUST DIRECTION     W (250)
  AVERAGE WIND SPEED     7.4


SKY COVER
  AVERAGE SKY COVER 0.0


WEATHER CONDITIONS
 THE FOLLOWING WEATHER WAS RECORDED YESTERDAY.
  NO SIGNIFICANT WEATHER WAS OBSERVED.


RELATIVE HUMIDITY (PERCENT)
 HIGHEST    92          1000 PM
 LOWEST     52           400 PM
 AVERAGE    72

..........................................................


THE JEROME ID CLIMATE NORMALS FOR TODAY
                         NORMAL    RECORD    YEAR
 MAXIMUM TEMPERATURE (F)   34        55      1981
                                             1943
 MINIMUM TEMPERATURE (F)   20       -16      1922


SUNRISE AND SUNSET
JANUARY 21 2018.......SUNRISE   802 AM MST   SUNSET   537 PM MST
JANUARY 22 2018.......SUNRISE   801 AM MST   SUNSET   538 PM MST


-  INDICATES NEGATIVE NUMBERS.
R  INDICATES RECORD WAS SET OR TIED.
MM INDICATES DATA IS MISSING.
T  INDICATES TRACE AMOUNT.




$$
