000
CDUS45 KBOI 220940
CLIJER


CLIMATE REPORT
NATIONAL WEATHER SERVICE BOISE ID
239 AM MST SAT NOV 22 2014


...................................

...THE JEROME ID CLIMATE SUMMARY FOR NOVEMBER 21 2014...

CLIMATE NORMAL PERIOD 1981 TO 2010
CLIMATE RECORD PERIOD 1919 TO 2014


WEATHER ITEM   OBSERVED TIME   RECORD YEAR NORMAL DEPARTURE LAST
                VALUE   (LST)  VALUE       VALUE  FROM      YEAR
                                                  NORMAL
..................................................................
TEMPERATURE (F)
 YESTERDAY
  MAXIMUM         46    248 PM  62    1986  42      4       34
  MINIMUM         24    332 AM   0    1994  26     -2       16
  AVERAGE         35                        34      1       25

PRECIPITATION (IN)
  YESTERDAY        T             0.35 1998   0.05  -0.05     0.00
  MONTH TO DATE    0.39                      0.74  -0.35     0.25
  SINCE OCT 1      0.73                      1.55  -0.82     0.33
  SINCE JAN 1      9.80                      8.84   0.96     3.35

DEGREE DAYS
 HEATING
  YESTERDAY       30                        31     -1       40
  MONTH TO DATE  663                       554    109      507
  SINCE SEP 1   1089                      1220   -131     1198
  SINCE JUL 1   1116                      1253   -137     1198

 COOLING
  YESTERDAY        0                         0      0        0
  MONTH TO DATE    0                         0      0        0
  SINCE SEP 1     60                        45     15       86
  SINCE JAN 1    652                       510    142      904
..................................................................


WIND (MPH)
  HIGHEST WIND SPEED    15   HIGHEST WIND DIRECTION    NE (30)
  HIGHEST GUST SPEED    18   HIGHEST GUST DIRECTION     E (70)
  AVERAGE WIND SPEED     5.7


SKY COVER
  AVERAGE SKY COVER 0.2


WEATHER CONDITIONS
 THE FOLLOWING WEATHER WAS RECORDED YESTERDAY.
  LIGHT RAIN
  FOG


RELATIVE HUMIDITY (PERCENT)
 HIGHEST    92          1200 AM
 LOWEST     58           200 PM
 AVERAGE    75

..........................................................


THE JEROME ID CLIMATE NORMALS FOR TODAY
                         NORMAL    RECORD    YEAR
 MAXIMUM TEMPERATURE (F)   42        64      1954
 MINIMUM TEMPERATURE (F)   25         2      1994


SUNRISE AND SUNSET
NOVEMBER 22 2014......SUNRISE   738 AM MST   SUNSET   509 PM MST
NOVEMBER 23 2014......SUNRISE   739 AM MST   SUNSET   509 PM MST


-  INDICATES NEGATIVE NUMBERS.
R  INDICATES RECORD WAS SET OR TIED.
MM INDICATES DATA IS MISSING.
T  INDICATES TRACE AMOUNT.




$$
