000
CDUS45 KBOI 010931
CLIJER


CLIMATE REPORT
NATIONAL WEATHER SERVICE BOISE ID
330 AM MDT TUE SEP 1 2015


...................................

...THE JEROME ID CLIMATE SUMMARY FOR AUGUST 31 2015...

CLIMATE NORMAL PERIOD 1981 TO 2010
CLIMATE RECORD PERIOD 1919 TO 2015


WEATHER ITEM   OBSERVED TIME   RECORD YEAR NORMAL DEPARTURE LAST
                VALUE   (LST)  VALUE       VALUE  FROM      YEAR
                                                  NORMAL
..................................................................
TEMPERATURE (F)
 YESTERDAY
  MAXIMUM         80    459 PM  98    1996  82     -2       71
  MINIMUM         50    613 AM  35    1965  51     -1       49
  AVERAGE         65                        66     -1       60

PRECIPITATION (IN)
  YESTERDAY        0.00          0.37 1973   0.01  -0.01      T
  MONTH TO DATE    0.96                      0.26   0.70     3.52
  SINCE OCT 1      9.63                     10.38  -0.75     9.17
  SINCE JAN 1      6.73                      6.86  -0.13     8.57

DEGREE DAYS
 HEATING
  YESTERDAY        0                         2     -2        5
  MONTH TO DATE    3                        18    -15       27
  SINCE JUN 1     30                       140   -110      101
  SINCE JUL 1     15                        33    -18       27

 COOLING
  YESTERDAY        0                         4     -4        0
  MONTH TO DATE  218                       182     36      165
  SINCE JUN 1    633                       452    181      582
  SINCE JAN 1    643                       465    178      592
..................................................................


WIND (MPH)
  HIGHEST WIND SPEED    10   HIGHEST WIND DIRECTION    SW (210)
  HIGHEST GUST SPEED    14   HIGHEST GUST DIRECTION     W (280)
  AVERAGE WIND SPEED     5.5


SKY COVER
  AVERAGE SKY COVER 0.0


WEATHER CONDITIONS
 THE FOLLOWING WEATHER WAS RECORDED YESTERDAY.
  NO SIGNIFICANT WEATHER WAS OBSERVED.


RELATIVE HUMIDITY (PERCENT)
 HIGHEST    63           400 AM
 LOWEST     19           500 PM
 AVERAGE    41

..........................................................


THE JEROME ID CLIMATE NORMALS FOR TODAY
                         NORMAL    RECORD    YEAR
 MAXIMUM TEMPERATURE (F)   82        99      1987
 MINIMUM TEMPERATURE (F)   51        36      1999


SUNRISE AND SUNSET
SEPTEMBER  1 2015.....SUNRISE   702 AM MDT   SUNSET   812 PM MDT
SEPTEMBER  2 2015.....SUNRISE   703 AM MDT   SUNSET   811 PM MDT


-  INDICATES NEGATIVE NUMBERS.
R  INDICATES RECORD WAS SET OR TIED.
MM INDICATES DATA IS MISSING.
T  INDICATES TRACE AMOUNT.




$$
