000
CDUS45 KBOI 130932
CLIJER


CLIMATE REPORT
NATIONAL WEATHER SERVICE BOISE ID
231 AM MST SAT FEB 13 2016


...................................

...THE JEROME ID CLIMATE SUMMARY FOR FEBRUARY 12 2016...

CLIMATE NORMAL PERIOD 1981 TO 2010
CLIMATE RECORD PERIOD 1919 TO 2016


WEATHER ITEM   OBSERVED TIME   RECORD YEAR NORMAL DEPARTURE LAST
                VALUE   (LST)  VALUE       VALUE  FROM      YEAR
                                                  NORMAL
..................................................................
TEMPERATURE (F)
 YESTERDAY
  MAXIMUM         37    452 PM  62    1991  38     -1       59
  MINIMUM         25    805 AM   0    1982  21      4       35
  AVERAGE         31                        30      1       47

PRECIPITATION (IN)
  YESTERDAY        0.00          0.48 1958   0.04  -0.04     0.00
  MONTH TO DATE    0.01                      0.36  -0.35     0.31
  SINCE OCT 1      5.81                      4.94   0.87     4.40
  SINCE JAN 1      1.22                      1.42  -0.20     1.50

DEGREE DAYS
 HEATING
  YESTERDAY       34                        35     -1       18
  MONTH TO DATE  470                       437     33      241
  SINCE DEC 1   2807                      2811     -4     2279
  SINCE JUL 1   4140                      4362   -222     3615

 COOLING
  YESTERDAY        0                         0      0        0
  MONTH TO DATE    0                         0      0        0
  SINCE DEC 1      0                         0      0        0
  SINCE JAN 1      0                         0      0        0
..................................................................


WIND (MPH)
  HIGHEST WIND SPEED    26   HIGHEST WIND DIRECTION    NE (50)
  HIGHEST GUST SPEED    31   HIGHEST GUST DIRECTION    NE (50)
  AVERAGE WIND SPEED    17.4


SKY COVER
  AVERAGE SKY COVER 0.0


WEATHER CONDITIONS
 THE FOLLOWING WEATHER WAS RECORDED YESTERDAY.
  NO SIGNIFICANT WEATHER WAS OBSERVED.


RELATIVE HUMIDITY (PERCENT)
 HIGHEST    85          1100 PM
 LOWEST     70           200 PM
 AVERAGE    78

..........................................................


THE JEROME ID CLIMATE NORMALS FOR TODAY
                         NORMAL    RECORD    YEAR
 MAXIMUM TEMPERATURE (F)   38        63      1967
 MINIMUM TEMPERATURE (F)   22        -3      1949


SUNRISE AND SUNSET
FEBRUARY 13 2016......SUNRISE   738 AM MST   SUNSET   606 PM MST
FEBRUARY 14 2016......SUNRISE   737 AM MST   SUNSET   608 PM MST


-  INDICATES NEGATIVE NUMBERS.
R  INDICATES RECORD WAS SET OR TIED.
MM INDICATES DATA IS MISSING.
T  INDICATES TRACE AMOUNT.




$$
