000
CDUS41 KOKX 070623
CLIJFK


CLIMATE REPORT
NATIONAL WEATHER SERVICE NEW YORK NY
123 AM EST WED DEC 7 2016


...................................

...THE KENNEDY NY CLIMATE SUMMARY FOR DECEMBER 6 2016...

CLIMATE NORMAL PERIOD 1981 TO 2010
CLIMATE RECORD PERIOD 1948 TO 2016


WEATHER ITEM   OBSERVED TIME   RECORD YEAR NORMAL DEPARTURE LAST
                VALUE   (LST)  VALUE       VALUE  FROM      YEAR
                                                  NORMAL
..................................................................
TEMPERATURE (F)
 YESTERDAY
  MAXIMUM         47   1242 PM  70    2001  47      0       51
  MINIMUM         37    556 AM  21    2007  34      3       38
                                      1976
  AVERAGE         42                        41      1       45

PRECIPITATION (IN)
  YESTERDAY        0.37          1.24 2014   0.11   0.26     0.00
  MONTH TO DATE    0.62                      0.71  -0.09     0.41
  SINCE DEC 1      0.62                      0.71  -0.09     0.41
  SINCE JAN 1     33.57                     40.09  -6.52    33.93

SNOWFALL (IN)
  YESTERDAY        0.0           5.9  2003   0.1   -0.1      0.0
  MONTH TO DATE    0.0                       0.5   -0.5      0.0
  SINCE OCT 1      T                         0.7   -0.7      0.0
  SINCE JUL 1      T                         0.7   -0.7      0.0
  SNOW DEPTH       0

DEGREE DAYS
 HEATING
  YESTERDAY       23                        24     -1       20
  MONTH TO DATE  114                       141    -27      101
  SINCE DEC 1    114                       141    -27      101
  SINCE JUL 1    754                       965   -211      692

 COOLING
  YESTERDAY        0                         0      0        0
  MONTH TO DATE    0                         0      0        0
  SINCE DEC 1      0                         0      0        0
  SINCE JAN 1   1362                      1005    357     1387
..................................................................


WIND (MPH)
  HIGHEST WIND SPEED    20   HIGHEST WIND DIRECTION    NE (50)
  HIGHEST GUST SPEED    23   HIGHEST GUST DIRECTION    NE (50)
  AVERAGE WIND SPEED     8.9


SKY COVER
  POSSIBLE SUNSHINE  MM
  AVERAGE SKY COVER 0.8


WEATHER CONDITIONS
 THE FOLLOWING WEATHER WAS RECORDED YESTERDAY.
  RAIN
  LIGHT RAIN
  FOG


RELATIVE HUMIDITY (PERCENT)
 HIGHEST    82           900 PM
 LOWEST     49          1200 PM
 AVERAGE    66

..........................................................


THE KENNEDY NY CLIMATE NORMALS FOR TODAY
                         NORMAL    RECORD    YEAR
 MAXIMUM TEMPERATURE (F)   47        75      1998
 MINIMUM TEMPERATURE (F)   34        20      1964


SUNRISE AND SUNSET
DECEMBER  7 2016......SUNRISE   706 AM EST   SUNSET   428 PM EST
DECEMBER  8 2016......SUNRISE   707 AM EST   SUNSET   428 PM EST


-  INDICATES NEGATIVE NUMBERS.
R  INDICATES RECORD WAS SET OR TIED.
MM INDICATES DATA IS MISSING.
T  INDICATES TRACE AMOUNT.




$$
