000
CDUS41 KOKX 260623
CLIJFK


CLIMATE REPORT
NATIONAL WEATHER SERVICE NEW YORK NY
223 AM EDT THU MAY 26 2016


...................................

...THE KENNEDY NY CLIMATE SUMMARY FOR MAY 25 2016...

CLIMATE NORMAL PERIOD 1981 TO 2010
CLIMATE RECORD PERIOD 1949 TO 2016


WEATHER ITEM   OBSERVED TIME   RECORD YEAR NORMAL DEPARTURE LAST
                VALUE   (LST)  VALUE       VALUE  FROM      YEAR
                                                  NORMAL
..................................................................
TEMPERATURE (F)
 YESTERDAY
  MAXIMUM         87    325 PM  91    1991  71     16       77
  MINIMUM         57    442 AM  41    1967  56      1       57
  AVERAGE         72                        63      9       67

PRECIPITATION (IN)
  YESTERDAY        0.00          0.95 1997   0.14  -0.14     0.00
  MONTH TO DATE    2.65                      3.08  -0.43     0.44
  SINCE MAR 1      5.28                     10.73  -5.45     6.93
  SINCE JAN 1     13.92                     16.48  -2.56    14.59

SNOWFALL (IN)
  YESTERDAY        0.0          MM      MM   0.0    0.0      0.0
  MONTH TO DATE    0.0                       0.0    0.0      0.0
  SINCE OCT 1     41.4                      23.8   17.6     44.2
  SINCE JUL 1     41.4                      23.8   17.6     44.2
  SNOW DEPTH       0

DEGREE DAYS
 HEATING
  YESTERDAY        0                         3     -3        0
  MONTH TO DATE  192                       151     41       77
  SINCE MAR 1   1136                      1291   -155     1279
  SINCE JUL 1   3890                      4802   -912     4971

 COOLING
  YESTERDAY        7                         2      5        2
  MONTH TO DATE   11                        18     -7       32
  SINCE MAR 1     11                        21    -10       32
  SINCE JAN 1     11                        21    -10       32
..................................................................


WIND (MPH)
  HIGHEST WIND SPEED    20   HIGHEST WIND DIRECTION    SW (220)
  HIGHEST GUST SPEED    23   HIGHEST GUST DIRECTION    SW (230)
  AVERAGE WIND SPEED     9.3


SKY COVER
  POSSIBLE SUNSHINE  MM
  AVERAGE SKY COVER 0.2


WEATHER CONDITIONS
 THE FOLLOWING WEATHER WAS RECORDED YESTERDAY.
  NO SIGNIFICANT WEATHER WAS OBSERVED.


RELATIVE HUMIDITY (PERCENT)
 HIGHEST    90           100 AM
 LOWEST     21           300 PM
 AVERAGE    56

..........................................................


THE KENNEDY NY CLIMATE NORMALS FOR TODAY
                         NORMAL    RECORD    YEAR
 MAXIMUM TEMPERATURE (F)   72        91      2010
                                             1965
 MINIMUM TEMPERATURE (F)   56        42      1967


SUNRISE AND SUNSET
MAY 26 2016...........SUNRISE   529 AM EDT   SUNSET   816 PM EDT
MAY 27 2016...........SUNRISE   529 AM EDT   SUNSET   816 PM EDT


-  INDICATES NEGATIVE NUMBERS.
R  INDICATES RECORD WAS SET OR TIED.
MM INDICATES DATA IS MISSING.
T  INDICATES TRACE AMOUNT.




$$
