000
CDUS41 KOKX 250623
CLIJFK


CLIMATE REPORT
NATIONAL WEATHER SERVICE NEW YORK NY
223 AM EDT SAT OCT 25 2014


...................................

...THE KENNEDY NY CLIMATE SUMMARY FOR OCTOBER 24 2014...

CLIMATE NORMAL PERIOD 1981 TO 2010
CLIMATE RECORD PERIOD 1949 TO 2014


WEATHER ITEM   OBSERVED TIME   RECORD YEAR NORMAL DEPARTURE LAST
                VALUE   (LST)  VALUE       VALUE  FROM      YEAR
                                                  NORMAL
..................................................................
TEMPERATURE (F)
 YESTERDAY
  MAXIMUM         63    144 PM  73    2001  62      1       56
  MINIMUM         51    547 AM  32    1969  47      4       41
  AVERAGE         57                        54      3       49

PRECIPITATION (IN)
  YESTERDAY        0.00          1.14 1983   0.12  -0.12     0.00
  MONTH TO DATE    3.65                      2.86   0.79     0.28
  SINCE SEP 1      5.08                      6.36  -1.28     2.20
  SINCE JAN 1     39.19                     35.32   3.87    28.39

SNOWFALL (IN)
  YESTERDAY        0.0          MM      MM   0.0    0.0      0.0
  MONTH TO DATE    0.0                       0.0    0.0      0.0
  SINCE OCT 1      0.0                       0.0    0.0      0.0
  SINCE JUL 1      0.0                       0.0    0.0      0.0
  SNOW DEPTH       0

DEGREE DAYS
 HEATING
  YESTERDAY        8                        11     -3       16
  MONTH TO DATE  123                       177    -54       94
  SINCE SEP 1    142                       215    -73      139
  SINCE JUL 1    142                       216    -74      139

 COOLING
  YESTERDAY        0                         0      0        0
  MONTH TO DATE   23                        12     11       39
  SINCE SEP 1    187                       142     45      152
  SINCE JAN 1   1050                      1003     47     1111
..................................................................


WIND (MPH)
  HIGHEST WIND SPEED    23   HIGHEST WIND DIRECTION    NW (330)
  HIGHEST GUST SPEED    26   HIGHEST GUST DIRECTION     N (340)
  AVERAGE WIND SPEED    10.9


SKY COVER
  POSSIBLE SUNSHINE  MM
  AVERAGE SKY COVER 0.7


WEATHER CONDITIONS
 THE FOLLOWING WEATHER WAS RECORDED YESTERDAY.
  NO SIGNIFICANT WEATHER WAS OBSERVED.


RELATIVE HUMIDITY (PERCENT)
 HIGHEST    83          1200 AM
 LOWEST     52           200 PM
 AVERAGE    68

..........................................................


THE KENNEDY NY CLIMATE NORMALS FOR TODAY
                         NORMAL    RECORD    YEAR
 MAXIMUM TEMPERATURE (F)   61        77      2001
 MINIMUM TEMPERATURE (F)   47        33      1962


SUNRISE AND SUNSET
OCTOBER 25 2014.......SUNRISE   717 AM EDT   SUNSET   601 PM EDT
OCTOBER 26 2014.......SUNRISE   718 AM EDT   SUNSET   559 PM EDT


-  INDICATES NEGATIVE NUMBERS.
R  INDICATES RECORD WAS SET OR TIED.
MM INDICATES DATA IS MISSING.
T  INDICATES TRACE AMOUNT.




$$
