000
CDUS41 KOKX 200617
CLIJFK


CLIMATE REPORT
NATIONAL WEATHER SERVICE NEW YORK NY
117 AM EST SAT JAN 20 2018


...................................

...THE KENNEDY NY CLIMATE SUMMARY FOR JANUARY 19 2018...

CLIMATE NORMAL PERIOD 1981 TO 2010
CLIMATE RECORD PERIOD 1948 TO 2018


WEATHER ITEM   OBSERVED TIME   RECORD YEAR NORMAL DEPARTURE LAST
                VALUE   (LST)  VALUE       VALUE  FROM      YEAR
                                                  NORMAL
..................................................................
TEMPERATURE (F)
 YESTERDAY
  MAXIMUM         38    244 PM  58    1972  39     -1       54
                                      1949
  MINIMUM         22    608 AM   0    1994  26     -4       37
  AVERAGE         30                        32     -2       46

PRECIPITATION (IN)
  YESTERDAY        0.00          0.87 2001   0.10  -0.10     0.00
  MONTH TO DATE    1.26                      2.01  -0.75     2.41
  SINCE DEC 1      2.91                      5.40  -2.49     5.47
  SINCE JAN 1      1.26                      2.01  -0.75     2.41

SNOWFALL (IN)
  YESTERDAY        0.0           3.8  1978   0.2   -0.2      0.0
  MONTH TO DATE    8.2                       3.8    4.4     11.1
  SINCE OCT 1     14.9                       8.7    6.2     14.4
  SINCE JUL 1     14.9                       8.7    6.2     14.4
  SNOW DEPTH       0

DEGREE DAYS
 HEATING
  YESTERDAY       35                        33      2       19
  MONTH TO DATE  743                       613    130      525
  SINCE DEC 1   1667                      1458    209     1307
  SINCE JUL 1   2352                      2282     70     1947

 COOLING
  YESTERDAY        0                         0      0        0
  MONTH TO DATE    0                         0      0        0
  SINCE DEC 1      0                         0      0        0
  SINCE JAN 1      0                         0      0        0
..................................................................


WIND (MPH)
  HIGHEST WIND SPEED    16   HIGHEST WIND DIRECTION     W (260)
  HIGHEST GUST SPEED    20   HIGHEST GUST DIRECTION     W (260)
  AVERAGE WIND SPEED    10.3


SKY COVER
  POSSIBLE SUNSHINE  MM
  AVERAGE SKY COVER 0.5


WEATHER CONDITIONS
 THE FOLLOWING WEATHER WAS RECORDED YESTERDAY.
  NO SIGNIFICANT WEATHER WAS OBSERVED.


RELATIVE HUMIDITY (PERCENT)
 HIGHEST    75          1100 PM
 LOWEST     44          1200 PM
 AVERAGE    60

..........................................................


THE KENNEDY NY CLIMATE NORMALS FOR TODAY
                         NORMAL    RECORD    YEAR
 MAXIMUM TEMPERATURE (F)   39        56      2013
                                             2006
                                             1991
 MINIMUM TEMPERATURE (F)   26         3      1994
                                             1985


SUNRISE AND SUNSET
JANUARY 20 2018.......SUNRISE   714 AM EST   SUNSET   458 PM EST
JANUARY 21 2018.......SUNRISE   714 AM EST   SUNSET   500 PM EST


-  INDICATES NEGATIVE NUMBERS.
R  INDICATES RECORD WAS SET OR TIED.
MM INDICATES DATA IS MISSING.
T  INDICATES TRACE AMOUNT.




$$
