000
CDUS41 KOKX 280621
CLIJFK


CLIMATE REPORT
NATIONAL WEATHER SERVICE NEW YORK NY
220 AM EDT SUN AUG 28 2016


...................................

...THE KENNEDY NY CLIMATE SUMMARY FOR AUGUST 27 2016...

CLIMATE NORMAL PERIOD 1981 TO 2010
CLIMATE RECORD PERIOD 1948 TO 2016


WEATHER ITEM   OBSERVED TIME   RECORD YEAR NORMAL DEPARTURE LAST
                VALUE   (LST)  VALUE       VALUE  FROM      YEAR
                                                  NORMAL
..................................................................
TEMPERATURE (F)
 YESTERDAY
  MAXIMUM         87    100 PM 101    1948  81      6       83
  MINIMUM         74    600 AM  59    1989  67      7       68
                                      1969
  AVERAGE         81                        74      7       76

PRECIPITATION (IN)
  YESTERDAY        0.00          2.69 2011   0.10  -0.10     0.00
  MONTH TO DATE    0.62                      3.27  -2.65     3.63
  SINCE JUN 1      8.29                     11.21  -2.92    10.93
  SINCE JAN 1     23.27                     28.55  -5.28    25.54

SNOWFALL (IN)
  YESTERDAY        0.0          MM      MM   0.0    0.0      0.0
  MONTH TO DATE    0.0                       0.0    0.0      0.0
  SINCE OCT 1     41.4                      23.8   17.6     44.2
  SINCE JUL 1      0.0                       0.0    0.0      0.0
  SNOW DEPTH       0

DEGREE DAYS
 HEATING
  YESTERDAY        0                         0      0        0
  MONTH TO DATE    0                         0      0        0
  SINCE JUN 1      3                        21    -18       29
  SINCE JUL 1      0                         0      0        0

 COOLING
  YESTERDAY       16                         9      7       11
  MONTH TO DATE  383                       275    108      376
  SINCE JUN 1   1029                       795    234     1024
  SINCE JAN 1   1080                       830    250     1084
..................................................................


WIND (MPH)
  HIGHEST WIND SPEED    16   HIGHEST WIND DIRECTION    SE (140)
  HIGHEST GUST SPEED    22   HIGHEST GUST DIRECTION    SE (130)
  AVERAGE WIND SPEED     8.5


SKY COVER
  POSSIBLE SUNSHINE  MM
  AVERAGE SKY COVER 0.4


WEATHER CONDITIONS
 THE FOLLOWING WEATHER WAS RECORDED YESTERDAY.
  NO SIGNIFICANT WEATHER WAS OBSERVED.


RELATIVE HUMIDITY (PERCENT)
 HIGHEST    68           600 AM
 LOWEST     36           100 PM
 AVERAGE    52

..........................................................


THE KENNEDY NY CLIMATE NORMALS FOR TODAY
                         NORMAL    RECORD    YEAR
 MAXIMUM TEMPERATURE (F)   80        98      1973
                                             1948
 MINIMUM TEMPERATURE (F)   66        53      1986


SUNRISE AND SUNSET
AUGUST 28 2016........SUNRISE   619 AM EDT   SUNSET   733 PM EDT
AUGUST 29 2016........SUNRISE   620 AM EDT   SUNSET   731 PM EDT


-  INDICATES NEGATIVE NUMBERS.
R  INDICATES RECORD WAS SET OR TIED.
MM INDICATES DATA IS MISSING.
T  INDICATES TRACE AMOUNT.




$$
