000
CDUS43 KJKL 260533
CLIJKL

SDFCLIJKL 000
TTAA00 KJKL 260532

CLIMATE REPORT
NATIONAL WEATHER SERVICE JACKSON KY
132 AM EDT MON SEP 26 2016

...................................

...THE JACKSON KY CLIMATE SUMMARY FOR SEPTEMBER 25 2016...

CLIMATE NORMAL PERIOD 1981 TO 2010
CLIMATE RECORD PERIOD 1981 TO 2016


WEATHER ITEM   OBSERVED TIME   RECORD YEAR NORMAL DEPARTURE LAST
                VALUE   (LST)  VALUE       VALUE  FROM      YEAR
                                                  NORMAL
..................................................................
TEMPERATURE (F)
 YESTERDAY
  MAXIMUM         88    241 PM  89    2007  75     13       67
                                      2005
  MINIMUM         65    641 AM  42    2001  55     10       57
  AVERAGE         77                        65     12       62

PRECIPITATION (IN)
  YESTERDAY        0.00          1.10 1994   0.12  -0.12     0.40
  MONTH TO DATE    0.94                      2.88  -1.94     1.23
  SINCE SEP 1      0.94                      2.88  -1.94     1.23
  SINCE JAN 1     41.93                     36.43   5.50    47.01

SNOWFALL (IN)
  YESTERDAY        0.0                       0.0    0.0      0.0
  MONTH TO DATE    0.0                       0.0    0.0      0.0
  SINCE SEP 1      0.0                       0.0    0.0      0.0
  SINCE JUL 1      0.0                       0.0    0.0      0.0
  SNOW DEPTH       0

DEGREE DAYS
 HEATING
  YESTERDAY        0                         3     -3        3
  MONTH TO DATE    0                        30    -30       16
  SINCE SEP 1      0                        30    -30       16
  SINCE JUL 1      0                        32    -32       16

 COOLING
  YESTERDAY       12                         3      9        0
  MONTH TO DATE  244                       131    113      165
  SINCE SEP 1    244                       131    113      165
  SINCE JAN 1   1476                      1109    367     1216
..................................................................

WIND (MPH)
  HIGHEST WIND SPEED     7   HIGHEST WIND DIRECTION     W (290)
  HIGHEST GUST SPEED    10   HIGHEST GUST DIRECTION    NW (310)
  AVERAGE WIND SPEED     1.2

SKY COVER
  POSSIBLE SUNSHINE  MM
  AVERAGE SKY COVER 0.1

WEATHER CONDITIONS
 THE FOLLOWING WEATHER WAS RECORDED YESTERDAY.
  FOG

RELATIVE HUMIDITY (PERCENT)
 HIGHEST    87           500 AM
 LOWEST     43           400 PM
 AVERAGE    65

..........................................................

THE JACKSON KY CLIMATE NORMALS FOR TODAY
                         NORMAL    RECORD    YEAR
 MAXIMUM TEMPERATURE (F)   74        87      1998
                                             1986
 MINIMUM TEMPERATURE (F)   54        41      2001


SUNRISE AND SUNSET
SEPTEMBER 26 2016.....SUNRISE   725 AM EDT   SUNSET   723 PM EDT
SEPTEMBER 27 2016.....SUNRISE   726 AM EDT   SUNSET   722 PM EDT


-  INDICATES NEGATIVE NUMBERS.
R  INDICATES RECORD WAS SET OR TIED.
MM INDICATES DATA IS MISSING.
T  INDICATES TRACE AMOUNT.


$$

JVM
