000
CDUS43 KJKL 010543
CLIJKL

CLIMATE REPORT
NATIONAL WEATHER SERVICE JACKSON KY
143 AM EDT FRI AUG 1 2014

...................................

...THE JACKSON KY CLIMATE SUMMARY FOR JULY 31 2014...

CLIMATE NORMAL PERIOD 1981 TO 2010
CLIMATE RECORD PERIOD 1981 TO 2014

WEATHER ITEM   OBSERVED TIME   RECORD YEAR NORMAL DEPARTURE LAST
                VALUE   (LST)  VALUE       VALUE  FROM      YEAR
                                                  NORMAL
..................................................................
TEMPERATURE (F)
 YESTERDAY
  MAXIMUM         82    424 PM  97    1999  84     -2       72
                                      1995
  MINIMUM         59R   447 AM  59    1993  66     -7       64
  AVERAGE         71                        75     -4       68

PRECIPITATION (IN)
  YESTERDAY        0.00          1.72 1996   0.15  -0.15     0.05
  MONTH TO DATE    5.77                      4.65   1.12     6.62
  SINCE JUN 1      8.89                      9.35  -0.46    12.98
  SINCE JAN 1     29.75                     29.86  -0.11    33.18

SNOWFALL (IN)
  YESTERDAY        0.0                       0.0    0.0      0.0
  MONTH TO DATE    0.0                       0.0    0.0      0.0
  SINCE JUN 1      0.0                       0.0    0.0      0.0
  SINCE JUL 1      0.0                       0.0    0.0      0.0
  SNOW DEPTH       0

DEGREE DAYS
 HEATING
  YESTERDAY        0                         0      0        0
  MONTH TO DATE    3                         0      3        0
  SINCE JUN 1      3                        12     -9        0
  SINCE JUL 1      3                         0      3        0

 COOLING
  YESTERDAY        6                        10     -4        3
  MONTH TO DATE  249                       321    -72      273
  SINCE JUN 1    536                       544     -8      497
  SINCE JAN 1    727                       680     47      645
..................................................................

WIND (MPH)
  HIGHEST WIND SPEED     6   HIGHEST WIND DIRECTION    SE (140)
  HIGHEST GUST SPEED     9   HIGHEST GUST DIRECTION    SE (150)
  AVERAGE WIND SPEED     0.6

SKY COVER
  POSSIBLE SUNSHINE  MM
  AVERAGE SKY COVER 0.1

WEATHER CONDITIONS
 THE FOLLOWING WEATHER WAS RECORDED YESTERDAY.
  NO SIGNIFICANT WEATHER WAS OBSERVED.

RELATIVE HUMIDITY (PERCENT)
 HIGHEST    90           100 AM
 LOWEST     42           400 PM
 AVERAGE    66

..........................................................

THE JACKSON KY CLIMATE NORMALS FOR TODAY
                         NORMAL    RECORD    YEAR
 MAXIMUM TEMPERATURE (F)   84        97      1995
 MINIMUM TEMPERATURE (F)   66        57      1992

SUNRISE AND SUNSET
AUGUST  1 2014........SUNRISE   637 AM EDT   SUNSET   841 PM EDT
AUGUST  2 2014........SUNRISE   638 AM EDT   SUNSET   841 PM EDT

-  INDICATES NEGATIVE NUMBERS.
R  INDICATES RECORD WAS SET OR TIED.
MM INDICATES DATA IS MISSING.
T  INDICATES TRACE AMOUNT.

$$

CARICO
