000
CDUS43 KJKL 020925
CLIJKL

CLIMATE REPORT
NATIONAL WEATHER SERVICE JACKSON KY
525 AM EDT THU JUL 2 2015

...................................

...THE JACKSON KY CLIMATE SUMMARY FOR JULY 1 2015...

CLIMATE NORMAL PERIOD 1981 TO 2010
CLIMATE RECORD PERIOD 1981 TO 2015


WEATHER ITEM   OBSERVED TIME   RECORD YEAR NORMAL DEPARTURE LAST
                VALUE   (LST)  VALUE       VALUE  FROM      YEAR
                                                  NORMAL
..................................................................

TEMPERATURE (F)
 YESTERDAY
  MAXIMUM         79    106 PM  98    2012  84     -5       89
  MINIMUM         60    230 AM  53    1988  66     -6       71
  AVERAGE         70                        75     -5       80

PRECIPITATION (IN)
  YESTERDAY        T             1.11 2005   0.15  -0.15     0.04
  MONTH TO DATE    T                         0.15  -0.15     0.04
  SINCE JUN 1      7.42                      4.85   2.57     3.16
  SINCE JAN 1     31.89                     25.36   6.53    24.02

SNOWFALL (IN)
  YESTERDAY        0.0                       0.0    0.0      0.0
  MONTH TO DATE    0.0                       0.0    0.0      0.0
  SINCE JUN 1      0.0                       0.0    0.0      0.0
  SINCE JUL 1      0.0                       0.0    0.0      0.0
  SNOW DEPTH       0

DEGREE DAYS
 HEATING
  YESTERDAY        0                         0      0        0
  MONTH TO DATE    0                         0      0        0
  SINCE JUN 1      9                        12     -3        0
  SINCE JUL 1      0                         0      0        0

 COOLING
  YESTERDAY        5                        10     -5       15
  MONTH TO DATE    5                        10     -5       15
  SINCE JUN 1    279                       233     46      302
  SINCE JAN 1    483                       369    114      493
..................................................................

WIND (MPH)
  HIGHEST WIND SPEED    10   HIGHEST WIND DIRECTION    NW (320)
  HIGHEST GUST SPEED    16   HIGHEST GUST DIRECTION     N (340)
  AVERAGE WIND SPEED     1.0


SKY COVER
  POSSIBLE SUNSHINE  MM
  AVERAGE SKY COVER 0.6


WEATHER CONDITIONS
 THE FOLLOWING WEATHER WAS RECORDED YESTERDAY.
  THUNDERSTORM
  LIGHT RAIN
  FOG
  HAZE


RELATIVE HUMIDITY (PERCENT)
 HIGHEST   100           600 AM
 LOWEST     71          1200 PM
 AVERAGE    86
..........................................................

THE JACKSON KY CLIMATE NORMALS FOR TODAY
                         NORMAL    RECORD    YEAR
 MAXIMUM TEMPERATURE (F)   85        93      1991
 MINIMUM TEMPERATURE (F)   66        53      1988


SUNRISE AND SUNSET
JULY  2 2015..........SUNRISE   616 AM EDT   SUNSET   858 PM EDT
JULY  3 2015..........SUNRISE   616 AM EDT   SUNSET   858 PM EDT


-  INDICATES NEGATIVE NUMBERS.
R  INDICATES RECORD WAS SET OR TIED.
MM INDICATES DATA IS MISSING.
T  INDICATES TRACE AMOUNT.

$$
