000
CDUS43 KJKL 200532
CLIJKL

CLIMATE REPORT
NATIONAL WEATHER SERVICE JACKSON KY
123 AM EDT FRI OCT 20 2017

...................................

...THE JACKSON KY CLIMATE SUMMARY FOR OCTOBER 19 2017...

CLIMATE NORMAL PERIOD 1981 TO 2010
CLIMATE RECORD PERIOD 1981 TO 2017

WEATHER ITEM   OBSERVED TIME   RECORD YEAR NORMAL DEPARTURE LAST
                VALUE   (LST)  VALUE       VALUE  FROM      YEAR
                                                  NORMAL
..................................................................
TEMPERATURE (F)
 YESTERDAY
  MAXIMUM         71    312 PM  87    2016  67      4       87
  MINIMUM         44    659 AM  28    1992  47     -3       67
  AVERAGE         58                        57      1       77

PRECIPITATION (IN)
  YESTERDAY        0.00          1.88 2011   0.10  -0.10     0.00
  MONTH TO DATE    3.17                      1.89   1.28     0.19
  SINCE SEP 1      6.50                      5.35   1.15     1.51
  SINCE JAN 1     44.82                     38.90   5.92    42.50

SNOWFALL (IN)
  YESTERDAY        0.0           T    1989   0.0    0.0      0.0
  MONTH TO DATE    0.0                       0.0    0.0      0.0
  SINCE SEP 1      0.0                       0.0    0.0      0.0
  SINCE JUL 1      0.0                       0.0    0.0      0.0
  SNOW DEPTH       0

DEGREE DAYS
 HEATING
  YESTERDAY        7                         8     -1        0
  MONTH TO DATE   49                       124    -75       44
  SINCE SEP 1     83                       174    -91       60
  SINCE JUL 1     83                       176    -93       60

 COOLING
  YESTERDAY        0                         1     -1       12
  MONTH TO DATE   59                        25     34       59
  SINCE SEP 1    193                       168     25      307
  SINCE JAN 1   1195                      1146     49     1539
..................................................................

WIND (MPH)
  HIGHEST WIND SPEED     9   HIGHEST WIND DIRECTION     S (170)
  HIGHEST GUST SPEED    14   HIGHEST GUST DIRECTION     S (190)
  AVERAGE WIND SPEED     1.2

SKY COVER
  POSSIBLE SUNSHINE  MM
  AVERAGE SKY COVER 0.0

WEATHER CONDITIONS
 THE FOLLOWING WEATHER WAS RECORDED YESTERDAY.
  NO SIGNIFICANT WEATHER WAS OBSERVED.

RELATIVE HUMIDITY (PERCENT)
 HIGHEST    92           700 AM
 LOWEST     40           200 PM
 AVERAGE    66
..........................................................

THE JACKSON KY CLIMATE NORMALS FOR TODAY
                         NORMAL    RECORD    YEAR
 MAXIMUM TEMPERATURE (F)   67        84      2016
 MINIMUM TEMPERATURE (F)   47        31      1992

SUNRISE AND SUNSET
OCTOBER 20 2017.......SUNRISE   746 AM EDT   SUNSET   649 PM EDT
OCTOBER 21 2017.......SUNRISE   747 AM EDT   SUNSET   648 PM EDT

-  INDICATES NEGATIVE NUMBERS.
R  INDICATES RECORD WAS SET OR TIED.
MM INDICATES DATA IS MISSING.
T  INDICATES TRACE AMOUNT.

$$

SHALLENBERGER
