000
CDUS43 KSGF 270632
CLIJLN


CLIMATE REPORT
NATIONAL WEATHER SERVICE SPRINGFIELD MO
132 AM CDT FRI MAY 27 2016


...................................

...THE JOPLIN MO CLIMATE SUMMARY FOR MAY 26 2016...

CLIMATE NORMAL PERIOD 1981 TO 2010
CLIMATE RECORD PERIOD 1902 TO 2016


WEATHER ITEM   OBSERVED TIME   RECORD YEAR NORMAL DEPARTURE LAST
                VALUE   (LST)  VALUE       VALUE  FROM      YEAR
                                                  NORMAL
..................................................................
TEMPERATURE (F)
 YESTERDAY
  MAXIMUM         88    149 PM  94    1953  80      8       78
  MINIMUM         65   1105 PM  41    1988  59      6       62
  AVERAGE         77                        70      7       70

PRECIPITATION (IN)
  YESTERDAY        0.00          2.27 1963   0.18  -0.18     0.03
  MONTH TO DATE    5.19                      4.80   0.39     8.98
  SINCE MAR 1     12.31                     12.69  -0.38    14.76
  SINCE JAN 1     12.98                     17.04  -4.06    16.28

DEGREE DAYS
 HEATING
  YESTERDAY        0                         1     -1        0
  MONTH TO DATE  123                        61     62       63
  SINCE MAR 1    639                       810   -171      750
  SINCE JUL 1   3389                      4064   -675     4286

 COOLING
  YESTERDAY       12                         6      6        5
  MONTH TO DATE   61                        95    -34       90
  SINCE MAR 1     83                       148    -65      125
  SINCE JAN 1     84                       149    -65      125
..................................................................


WIND (MPH)
  HIGHEST WIND SPEED    31   HIGHEST WIND DIRECTION     S (180)
  HIGHEST GUST SPEED    43   HIGHEST GUST DIRECTION     S (190)
  AVERAGE WIND SPEED    12.9


SKY COVER
  AVERAGE SKY COVER 0.5


WEATHER CONDITIONS
 THE FOLLOWING WEATHER WAS RECORDED YESTERDAY.
  FOG
  HAZE


RELATIVE HUMIDITY (PERCENT)
 HIGHEST    93           500 AM
 LOWEST     58           600 PM
 AVERAGE    76

..........................................................


THE JOPLIN MO CLIMATE NORMALS FOR TODAY
                         NORMAL    RECORD    YEAR
 MAXIMUM TEMPERATURE (F)   80        92      2012
 MINIMUM TEMPERATURE (F)   59        44      1961


SUNRISE AND SUNSET
MAY 27 2016...........SUNRISE   601 AM CDT   SUNSET   829 PM CDT
MAY 28 2016...........SUNRISE   601 AM CDT   SUNSET   830 PM CDT


-  INDICATES NEGATIVE NUMBERS.
R  INDICATES RECORD WAS SET OR TIED.
MM INDICATES DATA IS MISSING.
T  INDICATES TRACE AMOUNT.




$$
