358
CDUS43 KSGF 230627
CLIJLN


CLIMATE REPORT
NATIONAL WEATHER SERVICE SPRINGFIELD MO
1226 AM CST THU NOV 23 2017


...................................

...THE JOPLIN MO CLIMATE SUMMARY FOR NOVEMBER 22 2017...

CLIMATE NORMAL PERIOD 1981 TO 2010
CLIMATE RECORD PERIOD 1902 TO 2017


WEATHER ITEM   OBSERVED TIME   RECORD YEAR NORMAL DEPARTURE LAST
                VALUE   (LST)  VALUE       VALUE  FROM      YEAR
                                                  NORMAL
..................................................................
TEMPERATURE (F)
 YESTERDAY
  MAXIMUM         46    343 PM  77    1955  56    -10       62
                                      1983
  MINIMUM         19R   721 AM  19    1964  35    -16       50
  AVERAGE         33                        45    -12       56

PRECIPITATION (IN)
  YESTERDAY        0.00          2.03 1992   0.12  -0.12     0.11
  MONTH TO DATE    0.26                      2.82  -2.56     0.86
  SINCE SEP 1      6.06                     11.80  -5.74     8.85
  SINCE JAN 1     44.74                     42.77   1.97    38.63

DEGREE DAYS
 HEATING
  YESTERDAY       32                        20     12        9
  MONTH TO DATE  326                       331     -5      211
  SINCE SEP 1    557                       582    -25      313
  SINCE JUL 1    557                       583    -26      313

 COOLING
  YESTERDAY        0                         0      0        0
  MONTH TO DATE    1                         5     -4       27
  SINCE SEP 1    318                       269     49      391
  SINCE JAN 1   1750                      1696     54     1878
..................................................................


WIND (MPH)
  HIGHEST WIND SPEED    10   HIGHEST WIND DIRECTION     N (350)
  HIGHEST GUST SPEED    13   HIGHEST GUST DIRECTION     N (10)
  AVERAGE WIND SPEED     3.4


SKY COVER
  AVERAGE SKY COVER 0.0


WEATHER CONDITIONS
 THE FOLLOWING WEATHER WAS RECORDED YESTERDAY.
  NO SIGNIFICANT WEATHER WAS OBSERVED.


RELATIVE HUMIDITY (PERCENT)
 HIGHEST    88           800 AM
 LOWEST     37           300 PM
 AVERAGE    63

..........................................................


THE JOPLIN MO CLIMATE NORMALS FOR TODAY
                         NORMAL    RECORD    YEAR
 MAXIMUM TEMPERATURE (F)   55        76      2006
                                             1966
 MINIMUM TEMPERATURE (F)   35        13      1950


SUNRISE AND SUNSET
NOVEMBER 23 2017......SUNRISE   705 AM CST   SUNSET   503 PM CST
NOVEMBER 24 2017......SUNRISE   706 AM CST   SUNSET   503 PM CST


-  INDICATES NEGATIVE NUMBERS.
R  INDICATES RECORD WAS SET OR TIED.
MM INDICATES DATA IS MISSING.
T  INDICATES TRACE AMOUNT.




$$
