000
CDUS43 KBIS 012216
CLIJMS


CLIMATE REPORT
NATIONAL WEATHER SERVICE BISMARCK ND
515 PM CDT FRI AUG 1 2014


...................................

...THE JAMESTOWN ND CLIMATE SUMMARY FOR AUGUST 1 2014...
VALID TODAY AS OF 0500 PM LOCAL TIME.

CLIMATE NORMAL PERIOD 1981 TO 2010
CLIMATE RECORD PERIOD 1891 TO 2014


WEATHER ITEM   OBSERVED TIME   RECORD YEAR NORMAL DEPARTURE LAST
                VALUE   (LST)  VALUE       VALUE  FROM      YEAR
                                                  NORMAL
..................................................................
TEMPERATURE (F)
 TODAY
  MAXIMUM         83    320 PM 100    1930  84     -1       80
  MINIMUM         59    446 AM  37    1923  57      2       51
  AVERAGE         71                        70      1       66

PRECIPITATION (IN)
  TODAY            0.00          0.56 1988   0.07  -0.07     0.00
  MONTH TO DATE    0.00                      0.07  -0.07     0.00
  SINCE JUN 1      7.18                      6.61   0.57     2.40
  SINCE JAN 1     15.62                     12.16   3.46     7.99

DEGREE DAYS
 HEATING
  TODAY            0                         0      0        0
  MONTH TO DATE    0                         0      0        0
  SINCE JUN 1     87                       119    -32      108
  SINCE JUL 1     28                        22      6       23

 COOLING
  TODAY            6                         6      0        1
  MONTH TO DATE    6                         6      0        1
  SINCE JUN 1    179                       258    -79      283
  SINCE JAN 1    233                       278    -45      294
..................................................................


WIND (MPH)
  RESULTANT WIND SPEED   1   RESULTANT WIND DIRECTION  NE (40)
  HIGHEST WIND SPEED     7   HIGHEST WIND DIRECTION     E (100)
  HIGHEST GUST SPEED    10   HIGHEST GUST DIRECTION    NE (60)
  AVERAGE WIND SPEED     2.5


SKY COVER
  POSSIBLE SUNSHINE  MM
  AVERAGE SKY COVER 0.0


WEATHER CONDITIONS
 THE FOLLOWING WEATHER WAS RECORDED TODAY.
  NO SIGNIFICANT WEATHER WAS OBSERVED.


RELATIVE HUMIDITY (PERCENT)
 HIGHEST    90           300 AM
 LOWEST     42           100 PM
 AVERAGE    66

..........................................................


THE JAMESTOWN ND CLIMATE NORMALS FOR TOMORROW
                         NORMAL    RECORD    YEAR
 MAXIMUM TEMPERATURE (F)   84       106      1982
 MINIMUM TEMPERATURE (F)   57        39      1923


SUNRISE AND SUNSET
AUGUST  1 2014........SUNRISE   614 AM CDT   SUNSET   907 PM CDT
AUGUST  2 2014........SUNRISE   616 AM CDT   SUNSET   905 PM CDT


-  INDICATES NEGATIVE NUMBERS.
R  INDICATES RECORD WAS SET OR TIED.
MM INDICATES DATA IS MISSING.
T  INDICATES TRACE AMOUNT.




$$
