000
CDUS43 KBIS 240727
CLIJMS


CLIMATE REPORT
NATIONAL WEATHER SERVICE BISMARCK ND
227 AM CDT THU APR 24 2014


...................................

...THE JAMESTOWN ND CLIMATE SUMMARY FOR APRIL 23 2014...

CLIMATE NORMAL PERIOD 1981 TO 2010
CLIMATE RECORD PERIOD 1891 TO 2014


WEATHER ITEM   OBSERVED TIME   RECORD YEAR NORMAL DEPARTURE LAST
                VALUE   (LST)  VALUE       VALUE  FROM      YEAR
                                                  NORMAL
..................................................................
TEMPERATURE (F)
 YESTERDAY
  MAXIMUM         52   1134 AM  89    1990  59     -7       45
  MINIMUM         40   1159 PM  13    1902  33      7       17
  AVERAGE         46                        46      0       31

PRECIPITATION (IN)
  YESTERDAY        0.42          1.56 1976   0.04   0.38     0.00
  MONTH TO DATE    0.53                      0.80  -0.27     0.22
  SINCE MAR 1      0.69                      1.64  -0.95     0.50
  SINCE JAN 1      1.08                      2.49  -1.41     0.99

DEGREE DAYS
 HEATING
  YESTERDAY       19                        19      0       34
  MONTH TO DATE  626                       558     68      864
  SINCE MAR 1   1897                      1719    178     2423
  SINCE JUL 1   9165                      8478    687     9170

 COOLING
  YESTERDAY        0                         0      0        0
  MONTH TO DATE    0                         0      0        0
  SINCE MAR 1      0                         0      0        0
  SINCE JAN 1      0                         0      0        0
..................................................................


WIND (MPH)
  HIGHEST WIND SPEED    38   HIGHEST WIND DIRECTION    SE (140)
  HIGHEST GUST SPEED    49   HIGHEST GUST DIRECTION    SE (130)
  AVERAGE WIND SPEED    22.9


SKY COVER
  POSSIBLE SUNSHINE  MM
  AVERAGE SKY COVER 0.8


WEATHER CONDITIONS
 THE FOLLOWING WEATHER WAS RECORDED YESTERDAY.
  HEAVY RAIN
  RAIN
  LIGHT RAIN
  FOG


RELATIVE HUMIDITY (PERCENT)
 HIGHEST    92           400 AM
 LOWEST     56          1200 AM
 AVERAGE    74

..........................................................


THE JAMESTOWN ND CLIMATE NORMALS FOR TODAY
                         NORMAL    RECORD    YEAR
 MAXIMUM TEMPERATURE (F)   60        88      1962
 MINIMUM TEMPERATURE (F)   34        16      1909


SUNRISE AND SUNSET
APRIL 24 2014.........SUNRISE   631 AM CDT   SUNSET   836 PM CDT
APRIL 25 2014.........SUNRISE   629 AM CDT   SUNSET   837 PM CDT


-  INDICATES NEGATIVE NUMBERS.
R  INDICATES RECORD WAS SET OR TIED.
MM INDICATES DATA IS MISSING.
T  INDICATES TRACE AMOUNT.




$$
