000
CDUS43 KBIS 280725
CLIJMS


CLIMATE REPORT
NATIONAL WEATHER SERVICE BISMARCK ND
225 AM CDT SUN MAY 28 2017


...................................

...THE JAMESTOWN ND CLIMATE SUMMARY FOR MAY 27 2017...

CLIMATE NORMAL PERIOD 1981 TO 2010
CLIMATE RECORD PERIOD 1891 TO 2017


WEATHER ITEM   OBSERVED TIME   RECORD YEAR NORMAL DEPARTURE LAST
                VALUE   (LST)  VALUE       VALUE  FROM      YEAR
                                                  NORMAL
..................................................................
TEMPERATURE (F)
 YESTERDAY
  MAXIMUM         75    426 PM 102    1934  71      4       73
  MINIMUM         49   1159 PM  23    1907  47      2       50
  AVERAGE         62                        59      3       62

PRECIPITATION (IN)
  YESTERDAY        T             2.25 1912   0.09  -0.09     0.00
  MONTH TO DATE    0.69                      2.27  -1.58     1.69
  SINCE MAR 1      2.17                      4.31  -2.14     4.62
  SINCE JAN 1      2.59                      5.16  -2.57     4.73

DEGREE DAYS
 HEATING
  YESTERDAY        3                         7     -4        3
  MONTH TO DATE  269                       297    -28      246
  SINCE MAR 1   2074                      2132    -58     1791
  SINCE JUL 1   8083                      8891   -808     7533

 COOLING
  YESTERDAY        0                         1     -1        0
  MONTH TO DATE    0                        16    -16       12
  SINCE MAR 1      0                        18    -18       12
  SINCE JAN 1      0                        18    -18       12
..................................................................


WIND (MPH)
  HIGHEST WIND SPEED    38   HIGHEST WIND DIRECTION    NW (320)
  HIGHEST GUST SPEED    46   HIGHEST GUST DIRECTION    NW (330)
  AVERAGE WIND SPEED    12.1


SKY COVER
  POSSIBLE SUNSHINE  MM
  AVERAGE SKY COVER 0.2


WEATHER CONDITIONS
 THE FOLLOWING WEATHER WAS RECORDED YESTERDAY.
  HAZE


RELATIVE HUMIDITY (PERCENT)
 HIGHEST    83           900 PM
 LOWEST     25           500 PM
 AVERAGE    54

..........................................................


THE JAMESTOWN ND CLIMATE NORMALS FOR TODAY
                         NORMAL    RECORD    YEAR
 MAXIMUM TEMPERATURE (F)   71        96      1900
 MINIMUM TEMPERATURE (F)   47        23      1947


SUNRISE AND SUNSET
MAY 28 2017...........SUNRISE   546 AM CDT   SUNSET   918 PM CDT
MAY 29 2017...........SUNRISE   546 AM CDT   SUNSET   919 PM CDT


-  INDICATES NEGATIVE NUMBERS.
R  INDICATES RECORD WAS SET OR TIED.
MM INDICATES DATA IS MISSING.
T  INDICATES TRACE AMOUNT.




$$
