000
CDUS43 KBIS 022224
CLIJMS


CLIMATE REPORT
NATIONAL WEATHER SERVICE BISMARCK ND
523 PM CDT MON MAY 2 2016


...................................

...THE JAMESTOWN ND CLIMATE SUMMARY FOR MAY 2 2016...
VALID TODAY AS OF 0500 PM LOCAL TIME.

CLIMATE NORMAL PERIOD 1981 TO 2010
CLIMATE RECORD PERIOD 1891 TO 2016


WEATHER ITEM   OBSERVED TIME   RECORD YEAR NORMAL DEPARTURE LAST
                VALUE   (LST)  VALUE       VALUE  FROM      YEAR
                                                  NORMAL
..................................................................
TEMPERATURE (F)
 TODAY
  MAXIMUM         61    359 PM  94    1955  63     -2       86
  MINIMUM         41   1228 AM  11    1907  37      4       40
  AVERAGE         51                        50      1       63

PRECIPITATION (IN)
  TODAY            0.03          1.24 1950   0.07  -0.04      T
  MONTH TO DATE    0.03                      0.14  -0.11      T
  SINCE MAR 1      2.96                      2.18   0.78     0.99
  SINCE JAN 1      3.07                      3.03   0.04     1.41

DEGREE DAYS
 HEATING
  TODAY           14                        15     -1        2
  MONTH TO DATE   33                        30      3        9
  SINCE MAR 1   1578                      1865   -287     1596
  SINCE JUL 1   7320                      8624  -1304     8333

 COOLING
  TODAY            0                         0      0        0
  MONTH TO DATE    0                         0      0        0
  SINCE MAR 1      0                         2     -2        0
  SINCE JAN 1      0                         2     -2        0
..................................................................


WIND (MPH)
  RESULTANT WIND SPEED   7   RESULTANT WIND DIRECTION   S (200)
  HIGHEST WIND SPEED    20   HIGHEST WIND DIRECTION     S (200)
  HIGHEST GUST SPEED    27   HIGHEST GUST DIRECTION     S (200)
  AVERAGE WIND SPEED     8.1


SKY COVER
  POSSIBLE SUNSHINE  MM
  AVERAGE SKY COVER 0.5


WEATHER CONDITIONS
 THE FOLLOWING WEATHER WAS RECORDED TODAY.
  LIGHT RAIN


RELATIVE HUMIDITY (PERCENT)
 HIGHEST    77          1000 AM
 LOWEST     46           400 PM
 AVERAGE    62

..........................................................


THE JAMESTOWN ND CLIMATE NORMALS FOR TOMORROW
                         NORMAL    RECORD    YEAR
 MAXIMUM TEMPERATURE (F)   64        92      1985
 MINIMUM TEMPERATURE (F)   37        14      1907


SUNRISE AND SUNSET
MAY  2 2016...........SUNRISE   617 AM CDT   SUNSET   847 PM CDT
MAY  3 2016...........SUNRISE   615 AM CDT   SUNSET   848 PM CDT


-  INDICATES NEGATIVE NUMBERS.
R  INDICATES RECORD WAS SET OR TIED.
MM INDICATES DATA IS MISSING.
T  INDICATES TRACE AMOUNT.




$$
