000
CDUS43 KBIS 230809
CLIJMS


CLIMATE REPORT
NATIONAL WEATHER SERVICE BISMARCK ND
208 AM CST THU FEB 23 2017


...................................

...THE JAMESTOWN ND CLIMATE SUMMARY FOR FEBRUARY 22 2017...

CLIMATE NORMAL PERIOD 1981 TO 2010
CLIMATE RECORD PERIOD 1891 TO 2017


WEATHER ITEM   OBSERVED TIME   RECORD YEAR NORMAL DEPARTURE LAST
                VALUE   (LST)  VALUE       VALUE  FROM      YEAR
                                                  NORMAL
..................................................................
TEMPERATURE (F)
 YESTERDAY
  MAXIMUM         35    340 AM  51    1958  27      8       39
  MINIMUM         25   1010 PM -29    1918   8     17       19
  AVERAGE         30                        18     12       29

PRECIPITATION (IN)
  YESTERDAY        0.11          0.68 1930   0.02   0.09     0.01
  MONTH TO DATE    0.20                      0.28  -0.08     0.08
  SINCE DEC 1      1.71                      1.13   0.58     0.22
  SINCE JAN 1      0.42                      0.73  -0.31     0.08

DEGREE DAYS
 HEATING
  YESTERDAY       35                        47    -12       36
  MONTH TO DATE  937                      1121   -184      942
  SINCE DEC 1   4188                      4399   -211     3860
  SINCE JUL 1   5749                      6483   -734     5508

 COOLING
  YESTERDAY        0                         0      0        0
  MONTH TO DATE    0                         0      0        0
  SINCE DEC 1      0                         0      0        0
  SINCE JAN 1      0                         0      0        0
..................................................................


WIND (MPH)
  HIGHEST WIND SPEED    22   HIGHEST WIND DIRECTION     N (20)
  HIGHEST GUST SPEED    28   HIGHEST GUST DIRECTION    NE (30)
  AVERAGE WIND SPEED    10.3


SKY COVER
  POSSIBLE SUNSHINE  MM
  AVERAGE SKY COVER 0.6


WEATHER CONDITIONS
 THE FOLLOWING WEATHER WAS RECORDED YESTERDAY.
  LIGHT RAIN
  LIGHT SNOW
  FOG


RELATIVE HUMIDITY (PERCENT)
 HIGHEST   100          1200 AM
 LOWEST     78           800 PM
 AVERAGE    89

..........................................................


THE JAMESTOWN ND CLIMATE NORMALS FOR TODAY
                         NORMAL    RECORD    YEAR
 MAXIMUM TEMPERATURE (F)   27        60      1905
 MINIMUM TEMPERATURE (F)    9       -26      1910


SUNRISE AND SUNSET
FEBRUARY 23 2017......SUNRISE   725 AM CST   SUNSET   612 PM CST
FEBRUARY 24 2017......SUNRISE   723 AM CST   SUNSET   613 PM CST


-  INDICATES NEGATIVE NUMBERS.
R  INDICATES RECORD WAS SET OR TIED.
MM INDICATES DATA IS MISSING.
T  INDICATES TRACE AMOUNT.




$$
