000
CDUS43 KBIS 280733
CLIJMS


CLIMATE REPORT
NATIONAL WEATHER SERVICE BISMARCK ND
232 AM CDT FRI JUL 28 2017


...................................

...THE JAMESTOWN ND CLIMATE SUMMARY FOR JULY 27 2017...

CLIMATE NORMAL PERIOD 1981 TO 2010
CLIMATE RECORD PERIOD 1891 TO 2017


WEATHER ITEM   OBSERVED TIME   RECORD YEAR NORMAL DEPARTURE LAST
                VALUE   (LST)  VALUE       VALUE  FROM      YEAR
                                                  NORMAL
..................................................................
TEMPERATURE (F)
 YESTERDAY
  MAXIMUM         83    341 PM 107    1988  84     -1       76
  MINIMUM         54    540 AM  42    2013  58     -4       60
  AVERAGE         69                        71     -2       68

PRECIPITATION (IN)
  YESTERDAY        0.00          1.80 1995   0.09  -0.09     0.00
  MONTH TO DATE    0.59                      3.03  -2.44     5.86
  SINCE JUN 1      2.67                      6.22  -3.55     8.31
  SINCE JAN 1      5.46                     11.77  -6.31    14.14

DEGREE DAYS
 HEATING
  YESTERDAY        0                         0      0        0
  MONTH TO DATE    3                        19    -16        7
  SINCE JUN 1     53                       116    -63       56
  SINCE JUL 1      3                        19    -16        7

 COOLING
  YESTERDAY        4                         6     -2        3
  MONTH TO DATE  193                       151     42      146
  SINCE JUN 1    276                       231     45      250
  SINCE JAN 1    276                       251     25      264
..................................................................


WIND (MPH)
  HIGHEST WIND SPEED    12   HIGHEST WIND DIRECTION    SE (130)
  HIGHEST GUST SPEED    15   HIGHEST GUST DIRECTION    SE (140)
  AVERAGE WIND SPEED     3.8


SKY COVER
  POSSIBLE SUNSHINE  MM
  AVERAGE SKY COVER 0.0


WEATHER CONDITIONS
 THE FOLLOWING WEATHER WAS RECORDED YESTERDAY.
  FOG


RELATIVE HUMIDITY (PERCENT)
 HIGHEST   100           200 AM
 LOWEST     39           100 PM
 AVERAGE    70

..........................................................


THE JAMESTOWN ND CLIMATE NORMALS FOR TODAY
                         NORMAL    RECORD    YEAR
 MAXIMUM TEMPERATURE (F)   84       112      1917
 MINIMUM TEMPERATURE (F)   58        42      1934


SUNRISE AND SUNSET
JULY 28 2017..........SUNRISE   610 AM CDT   SUNSET   912 PM CDT
JULY 29 2017..........SUNRISE   611 AM CDT   SUNSET   910 PM CDT


-  INDICATES NEGATIVE NUMBERS.
R  INDICATES RECORD WAS SET OR TIED.
MM INDICATES DATA IS MISSING.
T  INDICATES TRACE AMOUNT.




$$
