000
CDUS43 KBIS 272221
CLIJMS


CLIMATE REPORT
NATIONAL WEATHER SERVICE BISMARCK ND
521 PM CDT WED AUG 27 2014


...................................

...THE JAMESTOWN ND CLIMATE SUMMARY FOR AUGUST 27 2014...
VALID TODAY AS OF 0500 PM LOCAL TIME.

CLIMATE NORMAL PERIOD 1981 TO 2010
CLIMATE RECORD PERIOD 1891 TO 2014


WEATHER ITEM   OBSERVED TIME   RECORD YEAR NORMAL DEPARTURE LAST
                VALUE   (LST)  VALUE       VALUE  FROM      YEAR
                                                  NORMAL
..................................................................
TEMPERATURE (F)
 TODAY
  MAXIMUM         75    314 PM 103    1973  79     -4       93
  MINIMUM         49    619 AM  32    1982  53     -4       62
  AVERAGE         62                        66     -4       78

PRECIPITATION (IN)
  TODAY            0.00          1.19 1954   0.07  -0.07     0.01
  MONTH TO DATE    2.71                      1.80   0.91     0.95
  SINCE JUN 1      9.89                      8.34   1.55     3.35
  SINCE JAN 1     18.33                     13.89   4.44     8.94

DEGREE DAYS
 HEATING
  TODAY            3                         3      0        0
  MONTH TO DATE   22                        34    -12       21
  SINCE JUN 1    109                       153    -44      129
  SINCE JUL 1     50                        56     -6       44

 COOLING
  TODAY            0                         3     -3       13
  MONTH TO DATE  106                       133    -27      127
  SINCE JUN 1    279                       385   -106      409
  SINCE JAN 1    333                       405    -72      420
..................................................................


WIND (MPH)
  RESULTANT WIND SPEED   4   RESULTANT WIND DIRECTION  SE (150)
  HIGHEST WIND SPEED    13   HIGHEST WIND DIRECTION     S (170)
  HIGHEST GUST SPEED    16   HIGHEST GUST DIRECTION    SE (150)
  AVERAGE WIND SPEED     3.9


SKY COVER
  POSSIBLE SUNSHINE  MM
  AVERAGE SKY COVER 0.6


WEATHER CONDITIONS
 THE FOLLOWING WEATHER WAS RECORDED TODAY.
  FOG
  FOG W/VISIBILITY <= 1/4 MILE


RELATIVE HUMIDITY (PERCENT)
 HIGHEST   100           200 AM
 LOWEST     61           100 PM
 AVERAGE    81

..........................................................


THE JAMESTOWN ND CLIMATE NORMALS FOR TOMORROW
                         NORMAL    RECORD    YEAR
 MAXIMUM TEMPERATURE (F)   79       101      1905
 MINIMUM TEMPERATURE (F)   52        32      1935


SUNRISE AND SUNSET
AUGUST 27 2014........SUNRISE   648 AM CDT   SUNSET   824 PM CDT
AUGUST 28 2014........SUNRISE   649 AM CDT   SUNSET   822 PM CDT


-  INDICATES NEGATIVE NUMBERS.
R  INDICATES RECORD WAS SET OR TIED.
MM INDICATES DATA IS MISSING.
T  INDICATES TRACE AMOUNT.




$$
