000
CDAK47 PAJK 271126
CLIJNU
AKZ025-272300-
CLIMATE REPORT
NATIONAL WEATHER SERVICE JUNEAU, AK
225 AM AKST TUE JAN 27 2015

...................................

...THE JUNEAU CLIMATE SUMMARY FOR JANUARY 26 2015...

CLIMATE NORMAL PERIOD 1981 TO 2010
CLIMATE RECORD PERIOD 1943 TO 2015

WEATHER ITEM   OBSERVED TIME   RECORD YEAR NORMAL DEPARTURE LAST
                VALUE   (LST)  VALUE       VALUE  FROM      YEAR
                                                  NORMAL
..................................................................
TEMPERATURE (F)
 YESTERDAY
  MAXIMUM         37    321 PM  43    2011  33      4       33
  MINIMUM         26   1159 PM  -6    1982  24      2       28
  AVERAGE         32                        28      4       31

PRECIPITATION (IN)
  YESTERDAY        T             0.66 1992   0.17  -0.17     0.00
                                      1992
                                      2009
  MONTH TO DATE   11.34                      4.51   6.83     9.74
  SINCE DEC 1     14.63                     10.35   4.28    18.26
  SINCE JAN 1     11.34                      4.51   6.83     9.74

SNOWFALL (IN)
  YESTERDAY        T             9.1  2009   0.9   -0.9      0.0
  MONTH TO DATE    9.1                      23.2  -14.1      4.7
  SINCE DEC 1     12.6                      38.8  -26.2     44.8
  SINCE JUL 1     22.4                      52.7  -30.3     64.0
  SNOW DEPTH       0

DEGREE DAYS
 HEATING
  YESTERDAY       33                        37     -4       34
  MONTH TO DATE  748                       962   -214      714
  SINCE DEC 1   1720                      2052   -332     1866
  SINCE JUL 1   4129                      4683   -554     4339
..................................................................

WIND (MPH)
  HIGHEST WIND SPEED    12   HIGHEST WIND DIRECTION     W (280)
  HIGHEST GUST SPEED    13   HIGHEST GUST DIRECTION     W (280)
  AVERAGE WIND SPEED     1.8

SKY COVER
  POSSIBLE SUNSHINE  MM
  AVERAGE SKY COVER 0.8

WEATHER CONDITIONS
 THE FOLLOWING WEATHER WAS RECORDED YESTERDAY.
  LIGHT RAIN
  LIGHT SNOW
  FOG

RELATIVE HUMIDITY (PERCENT)
 HIGHEST   100           300 AM
 LOWEST     92          1200 AM
 AVERAGE    96
..........................................................

THE JUNEAU CLIMATE NORMALS FOR TODAY
                         NORMAL    RECORD    YEAR
 MAXIMUM TEMPERATURE (F)   33        46      1961
 MINIMUM TEMPERATURE (F)   24       -10      1969

SUNRISE AND SUNSET
JANUARY 27 2015.......SUNRISE   814 AM AKST  SUNSET   409 PM AKST
JANUARY 28 2015.......SUNRISE   812 AM AKST  SUNSET   411 PM AKST

-  INDICATES NEGATIVE NUMBERS.
R  INDICATES RECORD WAS SET OR TIED.
MM INDICATES DATA IS MISSING.
T  INDICATES TRACE AMOUNT.

$$
&&
----------------------------
AMOUNT OF DAYLIGHT TODAY  (HOUR:MIN)........ 7:55
GAIN/LOSS SINCE YESTERDAY (HOUR:MIN:SEC)....+0:04:18
