000
CDAK47 PAJK 201232
CLIJNU
CLIMATE REPORT
NATIONAL WEATHER SERVICE JUNEAU, AK
331 AM AKST SAT JAN 20 2018


...................................

...THE JUNEAU CLIMATE SUMMARY FOR JANUARY 19 2018...

CLIMATE NORMAL PERIOD 1981 TO 2010
CLIMATE RECORD PERIOD 1936 TO 2018


WEATHER ITEM   OBSERVED RECORD YEAR NORMAL DEPARTURE LAST
                VALUE   VALUE       VALUE  FROM      YEAR
                                           NORMAL
...........................................................
TEMPERATURE (F)
 YESTERDAY
  MAXIMUM         35     51    2009  33      2       39
                               1981
  MINIMUM         29     -7    1952  24      5       29
  AVERAGE         32                 28      4       34

PRECIPITATION (IN)
  YESTERDAY        0.06   1.17 1992   0.17  -0.11     0.39
  MONTH TO DATE    5.48               3.29   2.19     4.65
  SINCE JAN 1      5.48               3.29   2.19     4.65

SNOWFALL (IN)
  YESTERDAY        T      8.1  2011   1.0   -1.0      2.0
  MONTH TO DATE    9.1               16.3   -7.2      2.0
  SINCE JUL 1     35.9               45.8   -9.9     27.2
  SNOW DEPTH       0

DEGREE DAYS
 HEATING
  YESTERDAY       33                 37     -4       31
  MONTH TO DATE  640                703    -63      685
...........................................................


WIND (MPH)
  HIGHEST WIND SPEED     5   HIGHEST WIND DIRECTION     E (80)
  HIGHEST GUST SPEED     6   HIGHEST GUST DIRECTION    NE (60)
  AVERAGE WIND SPEED     0.6


SKY COVER
  AVERAGE SKY COVER 1.0


WEATHER CONDITIONS
 THE FOLLOWING WEATHER WAS RECORDED YESTERDAY.
  LIGHT RAIN
  LT FREEZING RAIN
  SNOW
  FOG


..........................................................


THE JUNEAU CLIMATE NORMALS FOR TODAY
                         NORMAL    RECORD    YEAR
 MAXIMUM TEMPERATURE (F)   33        60      1942
 MINIMUM TEMPERATURE (F)   24       -13      1969


SUNRISE AND SUNSET
JANUARY 20 2018.......SUNRISE   826 AM AKST  SUNSET   353 PM AKST
JANUARY 21 2018.......SUNRISE   825 AM AKST  SUNSET   356 PM AKST


-  INDICATES NEGATIVE NUMBERS.
R  INDICATES RECORD WAS SET OR TIED.
MM INDICATES DATA IS MISSING.
T  INDICATES TRACE AMOUNT.




$$
--------------------------------------------------------------

AMOUNT OF DAYLIGHT TODAY (HOUR:MIN)......... 7 HOURS 27 MINUTES
GAIN/LOSS SINCE YESTERDAY (HOUR:MIN:SEC).... +0:03:50

$$
