000
CDAK47 PAJK 011152
CLIJNU
AKZ025-012300-
CLIMATE REPORT
NATIONAL WEATHER SERVICE JUNEAU, AK
341 AM AKDT WED JUL 1 2015


...................................

...THE JUNEAU CLIMATE SUMMARY FOR JUNE 30 2015...

CLIMATE NORMAL PERIOD 1981 TO 2010
CLIMATE RECORD PERIOD 1943 TO 2015


WEATHER ITEM   OBSERVED TIME   RECORD YEAR NORMAL DEPARTURE LAST
                VALUE   (LST)  VALUE       VALUE  FROM      YEAR
                                                  NORMAL
..................................................................
TEMPERATURE (F)
 YESTERDAY
  MAXIMUM         66    539 PM  82    1992  63      3       59
  MINIMUM         51    321 AM  39    2000  49      2       53
  AVERAGE         59                        56      3       56

PRECIPITATION (IN)
  YESTERDAY        0.00          2.26 1996   0.12  -0.12      T
  MONTH TO DATE    4.66                      3.24   1.42     7.48
  SINCE JUN 1      4.66                      3.24   1.42     7.48
  SINCE JAN 1     32.48                     22.84   9.64    27.40

DEGREE DAYS
 HEATING
  YESTERDAY        6                         9     -3        9
  MONTH TO DATE  234                       314    -80      354
  SINCE JUN 1    234                       315    -81      354
  SINCE JUL 1   7331                      8351  -1020     8126

 COOLING
  YESTERDAY        0                         0      0        0
  MONTH TO DATE    2                         1      1        0
  SINCE JUN 1      2                         1      1        0
  SINCE JAN 1      2                         1      1        0
..................................................................


WIND (MPH)
  HIGHEST WIND SPEED    14   HIGHEST WIND DIRECTION     W (280)
  HIGHEST GUST SPEED    16   HIGHEST GUST DIRECTION     W (280)
  AVERAGE WIND SPEED     5.6


SKY COVER
  AVERAGE SKY COVER 0.9


WEATHER CONDITIONS
 THE FOLLOWING WEATHER WAS RECORDED YESTERDAY.
  NO SIGNIFICANT WEATHER WAS OBSERVED.


RELATIVE HUMIDITY (PERCENT)
 HIGHEST    86          1200 AM
 LOWEST     52          1200 PM
 AVERAGE    69

..........................................................


THE JUNEAU CLIMATE NORMALS FOR TODAY
                         NORMAL    RECORD    YEAR
 MAXIMUM TEMPERATURE (F)   63        77      1989
 MINIMUM TEMPERATURE (F)   49        41      1950


SUNRISE AND SUNSET
JULY  1 2015..........SUNRISE   357 AM AKDT  SUNSET  1007 PM AKDT
JULY  2 2015..........SUNRISE   358 AM AKDT  SUNSET  1006 PM AKDT


-  INDICATES NEGATIVE NUMBERS.
R  INDICATES RECORD WAS SET OR TIED.
MM INDICATES DATA IS MISSING.
T  INDICATES TRACE AMOUNT.




$$


&&
----------------------------
AMOUNT OF DAYLIGHT TODAY  (HOUR:MIN)........18:10
GAIN/LOSS SINCE YESTERDAY (HOUR:MIN:SEC)....-0:01:29
