000
CDAK47 PAJK 180031
CLIJNU
AKZ025-181200-
CLIMATE REPORT
NATIONAL WEATHER SERVICE JUNEAU, AK
430 PM AKDT THU APR 17 2014


...................................

...THE JUNEAU CLIMATE SUMMARY FOR APRIL 17 2014...
VALID TODAY AS OF 0300 PM LOCAL TIME.

CLIMATE NORMAL PERIOD 1981 TO 2010
CLIMATE RECORD PERIOD 1943 TO 2014


WEATHER ITEM   OBSERVED TIME   RECORD YEAR NORMAL DEPARTURE LAST
                VALUE   (LST)  VALUE       VALUE  FROM      YEAR
                                                  NORMAL
..................................................................
TEMPERATURE (F)
 TODAY
  MAXIMUM         50   1126 AM  60    1953  49      1       49
  MINIMUM         38    231 AM  21    2008  34      4       33
  AVERAGE         44                        41      3       41

PRECIPITATION (IN)
  TODAY            0.05          0.63 1983   0.09  -0.04     0.14
  MONTH TO DATE    1.96                      1.70   0.26     2.58
  SINCE MAR 1      5.41                      5.48  -0.07     4.94
  SINCE JAN 1     17.54                     14.96   2.58    19.25

SNOWFALL (IN)
  TODAY            0.0           7.5  2008   0.0    0.0       T
  MONTH TO DATE    0.3                       0.9   -0.6      6.0
  SINCE MAR 1      6.3                      12.5   -6.2     15.4
  SINCE JUL 1     97.1                      86.5   10.6     78.8

DEGREE DAYS
 HEATING
  TODAY           21                        24     -3       24
  MONTH TO DATE  439                       440     -1      480
  SINCE MAR 1   1471                      1407     64     1566
  SINCE JUL 1   7112                      7244   -132     7637

 COOLING
  TODAY            0                         0      0        0
  MONTH TO DATE    0                         0      0        0
  SINCE MAR 1      0                         0      0        0
  SINCE JAN 1      0                         0      0        0
..................................................................


WIND (MPH)
  HIGHEST WIND SPEED    18   HIGHEST WIND DIRECTION    SE (120)
  HIGHEST GUST SPEED    22   HIGHEST GUST DIRECTION    SE (120)
  AVERAGE WIND SPEED     3.3


SKY COVER
  POSSIBLE SUNSHINE  MM
  AVERAGE SKY COVER 1.0


WEATHER CONDITIONS
 THE FOLLOWING WEATHER WAS RECORDED TODAY.
  LIGHT RAIN
  FOG


RELATIVE HUMIDITY (PERCENT)
 HIGHEST    85          1200 AM
 LOWEST     56          1100 AM
 AVERAGE    71

..........................................................


THE JUNEAU CLIMATE NORMALS FOR TOMORROW
                         NORMAL    RECORD    YEAR
 MAXIMUM TEMPERATURE (F)   49        59      2012
                                             1993
 MINIMUM TEMPERATURE (F)   34        17      2008


SUNRISE AND SUNSET
APRIL 17 2014.........SUNRISE   541 AM AKDT  SUNSET   817 PM AKDT
APRIL 18 2014.........SUNRISE   538 AM AKDT  SUNSET   819 PM AKDT


-  INDICATES NEGATIVE NUMBERS.
R  INDICATES RECORD WAS SET OR TIED.
MM INDICATES DATA IS MISSING.
T  INDICATES TRACE AMOUNT.




$$


&&
----------------------------
AMOUNT OF DAYLIGHT TODAY  (HOUR:MIN)........14:36
GAIN/LOSS SINCE YESTERDAY (HOUR:MIN:SEC)....+0:05:01
