404
CDAK47 PAJK 121131
CLIJNU
AKZ025-122300-
NATIONAL WEATHER SERVICE JUNEAU, AK
228 AM AKST FRI FEB 12 2016


...................................

...THE JUNEAU CLIMATE SUMMARY FOR FEBRUARY 11 2016...

CLIMATE NORMAL PERIOD 1981 TO 2010
CLIMATE RECORD PERIOD 1936 TO 2016


WEATHER ITEM   OBSERVED TIME   RECORD YEAR NORMAL DEPARTURE LAST
                VALUE   (LST)  VALUE       VALUE  FROM      YEAR
                                                  NORMAL
..................................................................
TEMPERATURE (F)
 YESTERDAY
  MAXIMUM         47    123 PM  49    2006  35     12       36
  MINIMUM         36   1104 PM -10    1949  25     11       31
  AVERAGE         42                        30     12       34

PRECIPITATION (IN)
  YESTERDAY        0.12          0.82 1994   0.15  -0.03     0.40
  MONTH TO DATE    1.21                      1.66  -0.45     0.72
  SINCE DEC 1     10.16                     12.85  -2.69    15.99
  SINCE JAN 1      7.74                      7.01   0.73    12.70

SNOWFALL (IN)
  YESTERDAY        0.0          11.4  1994   0.6   -0.6      2.4
  MONTH TO DATE    T                         7.9   -7.9     10.3
  SINCE DEC 1     16.3                      51.2  -34.9     28.9
  SINCE JUL 1     32.9                      65.1  -32.2     38.7
  SNOW DEPTH       0

DEGREE DAYS
 HEATING
  YESTERDAY       23                        35    -12       31
  MONTH TO DATE  298                       392    -94      466
  SINCE DEC 1   2241                      2621   -380     2358
  SINCE JUL 1   4672                      5252   -580     4767
..................................................................


WIND (MPH)
  HIGHEST WIND SPEED    25   HIGHEST WIND DIRECTION    SE (120)
  HIGHEST GUST SPEED    33   HIGHEST GUST DIRECTION    SE (120)
  AVERAGE WIND SPEED    10.1


SKY COVER
  AVERAGE SKY COVER 1.0


WEATHER CONDITIONS
 THE FOLLOWING WEATHER WAS RECORDED YESTERDAY.
  LIGHT RAIN
  FOG


RELATIVE HUMIDITY (PERCENT)
 HIGHEST   100          1100 PM
 LOWEST     76           100 PM
 AVERAGE    88

..........................................................


THE JUNEAU CLIMATE NORMALS FOR TODAY
                         NORMAL    RECORD    YEAR
 MAXIMUM TEMPERATURE (F)   35        46      1998
 MINIMUM TEMPERATURE (F)   25        -8      1979


SUNRISE AND SUNSET
FEBRUARY 12 2016......SUNRISE   739 AM AKST  SUNSET   447 PM AKST
FEBRUARY 13 2016......SUNRISE   736 AM AKST  SUNSET   450 PM AKST


-  INDICATES NEGATIVE NUMBERS.
R  INDICATES RECORD WAS SET OR TIED.
MM INDICATES DATA IS MISSING.
T  INDICATES TRACE AMOUNT.




$$

&&
----------------------------
AMOUNT OF DAYLIGHT TODAY  (HOUR:MIN)........ 9:08
GAIN/LOSS SINCE YESTERDAY (HOUR:MIN:SEC)....+0:04:53
