000
CDUS41 KCTP 052223
CLIJST


CLIMATE REPORT
NATIONAL WEATHER SERVICE STATE COLLEGE PA
523 PM EST MON DEC 5 2016


...................................

...THE JOHNSTOWN CLIMATE SUMMARY FOR DECEMBER 5 2016...
VALID TODAY AS OF 0500 PM LOCAL TIME.

CLIMATE NORMAL PERIOD 1981 TO 2010
CLIMATE RECORD PERIOD 1892 TO 2016


WEATHER ITEM   OBSERVED TIME   RECORD YEAR NORMAL DEPARTURE LAST
                VALUE   (LST)  VALUE       VALUE  FROM      YEAR
                                                  NORMAL
..................................................................
TEMPERATURE (F)
 TODAY
  MAXIMUM         40    434 AM  72    1982  38      2       48
  MINIMUM         32   1204 AM   3    1966  25      7       29
  AVERAGE         36                        31      5       39

PRECIPITATION (IN)
  TODAY            0.24          1.44 1922   0.09   0.15     0.00
  MONTH TO DATE    0.35                      0.46  -0.11     1.17
  SINCE DEC 1      0.35                      0.46  -0.11     1.17
  SINCE JAN 1     33.17                     31.51   1.66    42.56

DEGREE DAYS
 HEATING
  TODAY           29                        34     -5       26
  MONTH TO DATE  151                       164    -13      129
  SINCE DEC 1    151                       164    -13      129
  SINCE JUL 1   1220                      1621   -401     1247

 COOLING
  TODAY            0                         0      0        0
  MONTH TO DATE    0                         0      0        0
  SINCE DEC 1      0                         0      0        0
  SINCE JAN 1    705                       382    323      556
..................................................................


WIND (MPH)
  HIGHEST WIND SPEED    25   HIGHEST WIND DIRECTION     W (290)
  HIGHEST GUST SPEED    33   HIGHEST GUST DIRECTION     W (260)
  AVERAGE WIND SPEED    12.2


SKY COVER
  POSSIBLE SUNSHINE  MM
  AVERAGE SKY COVER 0.9


WEATHER CONDITIONS
 THE FOLLOWING WEATHER WAS RECORDED TODAY.
  RAIN
  LIGHT RAIN
  FREEZING RAIN
  LT FREEZING RAIN
  FOG


RELATIVE HUMIDITY (PERCENT)
 HIGHEST   100           500 AM
 LOWEST     70           200 PM
 AVERAGE    85

..........................................................


THE JOHNSTOWN CLIMATE NORMALS FOR TOMORROW
                         NORMAL    RECORD    YEAR
 MAXIMUM TEMPERATURE (F)   37        67      1960
 MINIMUM TEMPERATURE (F)   25         8      2000


SUNRISE AND SUNSET
DECEMBER  5 2016......SUNRISE   723 AM EST   SUNSET   449 PM EST
DECEMBER  6 2016......SUNRISE   724 AM EST   SUNSET   449 PM EST


-  INDICATES NEGATIVE NUMBERS.
R  INDICATES RECORD WAS SET OR TIED.
MM INDICATES DATA IS MISSING.
T  INDICATES TRACE AMOUNT.




$$
