000
CDUS41 KCTP 200629
CLIJST


CLIMATE REPORT
NATIONAL WEATHER SERVICE STATE COLLEGE PA
228 AM EDT SAT SEP 20 2014


...................................

...THE JOHNSTOWN CLIMATE SUMMARY FOR SEPTEMBER 19 2014...

CLIMATE NORMAL PERIOD 1981 TO 2010
CLIMATE RECORD PERIOD 2000 TO 2014


WEATHER ITEM   OBSERVED TIME   RECORD YEAR NORMAL DEPARTURE LAST
                VALUE   (LST)  VALUE       VALUE  FROM      YEAR
                                                  NORMAL
..................................................................
TEMPERATURE (F)
 YESTERDAY
  MAXIMUM         65    213 PM  93    1906  67     -2       67
  MINIMUM         45    606 AM  32    1943  50     -5       51
  AVERAGE         55                        59     -4       59

PRECIPITATION (IN)
  YESTERDAY        0.00          1.41 1894   0.11  -0.11     0.00
  MONTH TO DATE    0.83                      2.16  -1.33     3.05
  SINCE SEP 1      0.83                      2.16  -1.33     3.05
  SINCE JAN 1     26.73                     26.45   0.28    28.00

DEGREE DAYS
 HEATING
  YESTERDAY       10                         7      3        6
  MONTH TO DATE   96                        80     16      114
  SINCE SEP 1     96                        80     16      114
  SINCE JUL 1    179                       122     57      185

 COOLING
  YESTERDAY        0                         0      0        0
  MONTH TO DATE   45                        22     23       31
  SINCE SEP 1     45                        22     23       31
  SINCE JAN 1    340                       382    -42      377
..................................................................


WIND (MPH)
  HIGHEST WIND SPEED    20   HIGHEST WIND DIRECTION     S (160)
  HIGHEST GUST SPEED    26   HIGHEST GUST DIRECTION     S (170)
  AVERAGE WIND SPEED     8.6


SKY COVER
  POSSIBLE SUNSHINE  MM
  AVERAGE SKY COVER 0.4


WEATHER CONDITIONS
 THE FOLLOWING WEATHER WAS RECORDED YESTERDAY.
  FOG
  FOG W/VISIBILITY <= 1/4 MILE


RELATIVE HUMIDITY (PERCENT)
 HIGHEST   100           500 AM
 LOWEST     56           200 PM
 AVERAGE    78

..........................................................


THE JOHNSTOWN CLIMATE NORMALS FOR TODAY
                         NORMAL    RECORD    YEAR
 MAXIMUM TEMPERATURE (F)   67        94      1925
 MINIMUM TEMPERATURE (F)   50        36      1916


SUNRISE AND SUNSET
SEPTEMBER 20 2014.....SUNRISE   701 AM EDT   SUNSET   716 PM EDT
SEPTEMBER 21 2014.....SUNRISE   702 AM EDT   SUNSET   714 PM EDT


-  INDICATES NEGATIVE NUMBERS.
R  INDICATES RECORD WAS SET OR TIED.
MM INDICATES DATA IS MISSING.
T  INDICATES TRACE AMOUNT.




$$
