140
CDUS41 KCTP 080625
CLIJST


CLIMATE REPORT
NATIONAL WEATHER SERVICE STATE COLLEGE PA
124 AM EST MON FEB 8 2016


...................................

...THE JOHNSTOWN CLIMATE SUMMARY FOR FEBRUARY 7 2016...

CLIMATE NORMAL PERIOD 1981 TO 2010
CLIMATE RECORD PERIOD 2000 TO 2016


WEATHER ITEM   OBSERVED TIME   RECORD YEAR NORMAL DEPARTURE LAST
                VALUE   (LST)  VALUE       VALUE  FROM      YEAR
                                                  NORMAL
..................................................................
TEMPERATURE (F)
 YESTERDAY
  MAXIMUM         45    325 PM  65    1925  33     12       42
  MINIMUM         26    726 AM  -9    1907  19      7       20
  AVERAGE         36                        26     10       31

PRECIPITATION (IN)
  YESTERDAY        0.00          1.03 1956   0.09  -0.09     0.00
  MONTH TO DATE    0.55                      0.59  -0.04     0.88
  SINCE DEC 1      5.15                      6.04  -0.89     5.13
  SINCE JAN 1      1.42                      3.47  -2.05     2.80

DEGREE DAYS
 HEATING
  YESTERDAY       29                        39    -10       34
  MONTH TO DATE  201                       278    -77      300
  SINCE DEC 1   2135                      2637   -502     2619
  SINCE JUL 1   3253                      4095   -842     4130

 COOLING
  YESTERDAY        0                         0      0        0
  MONTH TO DATE    0                         0      0        0
  SINCE DEC 1      0                         0      0        0
  SINCE JAN 1      0                         0      0        0
..................................................................


WIND (MPH)
  HIGHEST WIND SPEED    10   HIGHEST WIND DIRECTION    NW (330)
  HIGHEST GUST SPEED    14   HIGHEST GUST DIRECTION     W (280)
  AVERAGE WIND SPEED     4.4


SKY COVER
  POSSIBLE SUNSHINE  MM
  AVERAGE SKY COVER 0.0


WEATHER CONDITIONS
 THE FOLLOWING WEATHER WAS RECORDED YESTERDAY.
  NO SIGNIFICANT WEATHER WAS OBSERVED.


RELATIVE HUMIDITY (PERCENT)
 HIGHEST    56          1100 PM
 LOWEST     39           500 PM
 AVERAGE    48

..........................................................


THE JOHNSTOWN CLIMATE NORMALS FOR TODAY
                         NORMAL    RECORD    YEAR
 MAXIMUM TEMPERATURE (F)   33        67      1925
 MINIMUM TEMPERATURE (F)   19       -14      1977


SUNRISE AND SUNSET
FEBRUARY  8 2016......SUNRISE   718 AM EST   SUNSET   542 PM EST
FEBRUARY  9 2016......SUNRISE   717 AM EST   SUNSET   543 PM EST


-  INDICATES NEGATIVE NUMBERS.
R  INDICATES RECORD WAS SET OR TIED.
MM INDICATES DATA IS MISSING.
T  INDICATES TRACE AMOUNT.




$$
