000
CDUS41 KCTP 282222
CLIJST


CLIMATE REPORT
NATIONAL WEATHER SERVICE STATE COLLEGE PA
521 PM EST WED JAN 28 2015


...................................

...THE JOHNSTOWN CLIMATE SUMMARY FOR JANUARY 28 2015...
VALID TODAY AS OF 0500 PM LOCAL TIME.

CLIMATE NORMAL PERIOD 1981 TO 2010
CLIMATE RECORD PERIOD 2000 TO 2015


WEATHER ITEM   OBSERVED TIME   RECORD YEAR NORMAL DEPARTURE LAST
                VALUE   (LST)  VALUE       VALUE  FROM      YEAR
                                                  NORMAL
..................................................................
TEMPERATURE (F)
 TODAY
  MAXIMUM         19    402 PM  66    1914  32    -13        2
  MINIMUM          7    535 AM -10    2014  18    -11      -10
  AVERAGE         13                        25    -12       -4

PRECIPITATION (IN)
  TODAY            T             1.04 1943   0.09  -0.09      T
  MONTH TO DATE    1.75                      2.63  -0.88     0.88
  SINCE DEC 1      4.08                      5.20  -1.12     4.05
  SINCE JAN 1      1.75                      2.63  -0.88     0.88

DEGREE DAYS
 HEATING
  TODAY           52                        40     12       69
  MONTH TO DATE 1174                      1113     61     1274
  SINCE DEC 1   2180                      2240    -60     2337
  SINCE JUL 1   3691                      3697     -6     3968

 COOLING
  TODAY            0                         0      0        0
  MONTH TO DATE    0                         0      0        0
  SINCE DEC 1      0                         0      0        0
  SINCE JAN 1      0                         0      0        0
..................................................................


WIND (MPH)
  HIGHEST WIND SPEED    17   HIGHEST WIND DIRECTION     W (290)
  HIGHEST GUST SPEED    23   HIGHEST GUST DIRECTION     W (290)
  AVERAGE WIND SPEED    11.4


SKY COVER
  POSSIBLE SUNSHINE  MM
  AVERAGE SKY COVER 0.4


WEATHER CONDITIONS
 THE FOLLOWING WEATHER WAS RECORDED TODAY.
  LIGHT SNOW
  FOG
  HAZE


RELATIVE HUMIDITY (PERCENT)
 HIGHEST    84          1200 AM
 LOWEST     62           400 PM
 AVERAGE    73

..........................................................


THE JOHNSTOWN CLIMATE NORMALS FOR TOMORROW
                         NORMAL    RECORD    YEAR
 MAXIMUM TEMPERATURE (F)   32        71      1914
 MINIMUM TEMPERATURE (F)   18       -13      1963


SUNRISE AND SUNSET
JANUARY 28 2015.......SUNRISE   728 AM EST   SUNSET   529 PM EST
JANUARY 29 2015.......SUNRISE   727 AM EST   SUNSET   530 PM EST


-  INDICATES NEGATIVE NUMBERS.
R  INDICATES RECORD WAS SET OR TIED.
MM INDICATES DATA IS MISSING.
T  INDICATES TRACE AMOUNT.




$$
