000
CDUS41 KCTP 200631
CLIJST


CLIMATE REPORT
NATIONAL WEATHER SERVICE STATE COLLEGE PA
131 AM EST SAT DEC 20 2014


...................................

...THE JOHNSTOWN CLIMATE SUMMARY FOR DECEMBER 19 2014...

CLIMATE NORMAL PERIOD 1981 TO 2010
CLIMATE RECORD PERIOD 2000 TO 2014


WEATHER ITEM   OBSERVED TIME   RECORD YEAR NORMAL DEPARTURE LAST
                VALUE   (LST)  VALUE       VALUE  FROM      YEAR
                                                  NORMAL
..................................................................
TEMPERATURE (F)
 YESTERDAY
  MAXIMUM         26    302 PM  66    1939  34     -8       46
  MINIMUM         22   1159 PM  -2    1906  21      1       24
  AVERAGE         24                        28     -4       35

PRECIPITATION (IN)
  YESTERDAY        T             1.97 2008   0.08  -0.08      T
  MONTH TO DATE    2.02                      1.55   0.47     1.52
  SINCE DEC 1      2.02                      1.55   0.47     1.52
  SINCE JAN 1     33.64                     32.60   1.04    35.51

DEGREE DAYS
 HEATING
  YESTERDAY       41                        37      4       30
  MONTH TO DATE  624                       666    -42      687
  SINCE DEC 1    624                       666    -42      687
  SINCE JUL 1   2135                      2123     12     2318

 COOLING
  YESTERDAY        0                         0      0        0
  MONTH TO DATE    0                         0      0        0
  SINCE DEC 1      0                         0      0        0
  SINCE JAN 1    341                       382    -41      393
..................................................................


WIND (MPH)
  HIGHEST WIND SPEED    18   HIGHEST WIND DIRECTION    NW (300)
  HIGHEST GUST SPEED    24   HIGHEST GUST DIRECTION     W (280)
  AVERAGE WIND SPEED    11.8


SKY COVER
  POSSIBLE SUNSHINE  MM
  AVERAGE SKY COVER 1.0


WEATHER CONDITIONS
 THE FOLLOWING WEATHER WAS RECORDED YESTERDAY.
  LIGHT SNOW
  FOG
  HAZE


RELATIVE HUMIDITY (PERCENT)
 HIGHEST    96           100 AM
 LOWEST     74           500 PM
 AVERAGE    85

..........................................................


THE JOHNSTOWN CLIMATE NORMALS FOR TODAY
                         NORMAL    RECORD    YEAR
 MAXIMUM TEMPERATURE (F)   34        64      1957
 MINIMUM TEMPERATURE (F)   21        -3      2004


SUNRISE AND SUNSET
DECEMBER 20 2014......SUNRISE   734 AM EST   SUNSET   452 PM EST
DECEMBER 21 2014......SUNRISE   735 AM EST   SUNSET   452 PM EST


-  INDICATES NEGATIVE NUMBERS.
R  INDICATES RECORD WAS SET OR TIED.
MM INDICATES DATA IS MISSING.
T  INDICATES TRACE AMOUNT.




$$
