166
CDUS41 KCTP 180641
CLIJST


CLIMATE REPORT
NATIONAL WEATHER SERVICE STATE COLLEGE PA
141 AM EST SAT NOV 18 2017


...................................

...THE JOHNSTOWN CLIMATE SUMMARY FOR NOVEMBER 17 2017...

CLIMATE NORMAL PERIOD 1981 TO 2010
CLIMATE RECORD PERIOD 1892 TO 2017


WEATHER ITEM   OBSERVED TIME   RECORD YEAR NORMAL DEPARTURE LAST
                VALUE   (LST)  VALUE       VALUE  FROM      YEAR
                                                  NORMAL
..................................................................
TEMPERATURE (F)
 YESTERDAY
  MAXIMUM         40    223 PM  73    1928  45     -5       53
  MINIMUM         30    810 AM   8    1933  33     -3       39
  AVERAGE         35                        39     -4       46

PRECIPITATION (IN)
  YESTERDAY        T             1.17 1920   0.13  -0.13     0.00
  MONTH TO DATE    1.51                      2.02  -0.51     0.37
  SINCE SEP 1      8.13                      8.50  -0.37     7.01
  SINCE JAN 1     42.38                     36.85   5.53    31.66

DEGREE DAYS
 HEATING
  YESTERDAY       30                        26      4       19
  MONTH TO DATE  443                       386     57      302
  SINCE SEP 1    858                      1043   -185      721
  SINCE JUL 1    899                      1085   -186      732

 COOLING
  YESTERDAY        0                         0      0        0
  MONTH TO DATE    0                         0      0        0
  SINCE SEP 1     95                        28     67      102
  SINCE JAN 1    497                       388    109      705
..................................................................


WIND (MPH)
  HIGHEST WIND SPEED    26   HIGHEST WIND DIRECTION    NW (300)
  HIGHEST GUST SPEED    33   HIGHEST GUST DIRECTION    NW (310)
  AVERAGE WIND SPEED    10.3


SKY COVER
  POSSIBLE SUNSHINE  MM
  AVERAGE SKY COVER 0.5


WEATHER CONDITIONS
 THE FOLLOWING WEATHER WAS RECORDED YESTERDAY.
  LIGHT SNOW
  FOG


RELATIVE HUMIDITY (PERCENT)
 HIGHEST    89          1200 AM
 LOWEST     54           200 PM
 AVERAGE    72

..........................................................


THE JOHNSTOWN CLIMATE NORMALS FOR TODAY
                         NORMAL    RECORD    YEAR
 MAXIMUM TEMPERATURE (F)   44        77      1921
 MINIMUM TEMPERATURE (F)   33         9      2014


SUNRISE AND SUNSET
NOVEMBER 18 2017......SUNRISE   705 AM EST   SUNSET   456 PM EST
NOVEMBER 19 2017......SUNRISE   706 AM EST   SUNSET   455 PM EST


-  INDICATES NEGATIVE NUMBERS.
R  INDICATES RECORD WAS SET OR TIED.
MM INDICATES DATA IS MISSING.
T  INDICATES TRACE AMOUNT.




$$
