000
CDUS41 KCTP 010622
CLIJST


CLIMATE REPORT
NATIONAL WEATHER SERVICE STATE COLLEGE PA
122 AM EST WED MAR 1 2017


...................................

...THE JOHNSTOWN CLIMATE SUMMARY FOR FEBRUARY 28 2017...

CLIMATE NORMAL PERIOD 1981 TO 2010
CLIMATE RECORD PERIOD 1892 TO 2017


WEATHER ITEM   OBSERVED TIME   RECORD YEAR NORMAL DEPARTURE LAST
                VALUE   (LST)  VALUE       VALUE  FROM      YEAR
                                                  NORMAL
..................................................................
TEMPERATURE (F)
 YESTERDAY
  MAXIMUM         55   1227 PM  63    1931  37     18       59
  MINIMUM         41    720 AM -13    1934  23     18       34
  AVERAGE         48                        30     18       47

PRECIPITATION (IN)
  YESTERDAY        T             0.81 1939   0.09  -0.09     0.00
  MONTH TO DATE    2.47                      2.35   0.12     1.89
  SINCE DEC 1      9.84                      7.80   2.04     6.49
  SINCE JAN 1      5.66                      5.23   0.43     2.76

DEGREE DAYS
 HEATING
  YESTERDAY       17                        35    -18       18
  MONTH TO DATE  765                      1062   -297      989
  SINCE DEC 1   2851                      3420   -569     2923
  SINCE JUL 1   3920                      4879   -959     4041

 COOLING
  YESTERDAY        0                         0      0        0
  MONTH TO DATE    0                         0      0        0
  SINCE DEC 1      0                         0      0        0
  SINCE JAN 1      0                         0      0        0
..................................................................


WIND (MPH)
  HIGHEST WIND SPEED    26   HIGHEST WIND DIRECTION     S (190)
  HIGHEST GUST SPEED    37   HIGHEST GUST DIRECTION     S (180)
  AVERAGE WIND SPEED     9.2


SKY COVER
  POSSIBLE SUNSHINE  MM
  AVERAGE SKY COVER 0.7


WEATHER CONDITIONS
 THE FOLLOWING WEATHER WAS RECORDED YESTERDAY.
  LIGHT RAIN


RELATIVE HUMIDITY (PERCENT)
 HIGHEST    93          1100 PM
 LOWEST     50           200 PM
 AVERAGE    72

..........................................................


THE JOHNSTOWN CLIMATE NORMALS FOR TODAY
                         NORMAL    RECORD    YEAR
 MAXIMUM TEMPERATURE (F)   38        72      1976
 MINIMUM TEMPERATURE (F)   23        -2      1990


SUNRISE AND SUNSET
MARCH  1 2017.........SUNRISE   648 AM EST   SUNSET   607 PM EST
MARCH  2 2017.........SUNRISE   647 AM EST   SUNSET   608 PM EST


-  INDICATES NEGATIVE NUMBERS.
R  INDICATES RECORD WAS SET OR TIED.
MM INDICATES DATA IS MISSING.
T  INDICATES TRACE AMOUNT.




$$
