000
CDUS43 KGRR 211445
CLIJXN


CLIMATE REPORT
NATIONAL WEATHER SERVICE GRAND RAPIDS, MI
944 AM EST FRI NOV 21 2014


...................................

...THE JACKSON MI CLIMATE SUMMARY FOR NOVEMBER 21 2014...
VALID AS OF 0900 AM LOCAL TIME.

CLIMATE NORMAL PERIOD 1981 TO 2010
CLIMATE RECORD PERIOD 1944 TO 9999


WEATHER ITEM   OBSERVED TIME   RECORD YEAR NORMAL DEPARTURE LAST
                VALUE   (LST)  VALUE       VALUE  FROM      YEAR
                                                  NORMAL
..................................................................
TEMPERATURE (F)
 TODAY
  MAXIMUM         17    532 AM  MM      MM  45    -28       49
  MINIMUM         12    816 AM  MM      MM  30    -18       39
  AVERAGE         15                        38    -23       44

PRECIPITATION (IN)
  TODAY            T            MM      MM   0.09  -0.09     0.23
  MONTH TO DATE    0.54                      1.87  -1.33     1.47
  SINCE SEP 1      4.07                      7.98  -3.91     6.43
  SINCE JAN 1     27.08                     28.90  -1.82    30.98

DEGREE DAYS
 HEATING
  TODAY           50                        27     23       21
  MONTH TO DATE  670                       490    180      501
  SINCE SEP 1   1308                      1103    205     1075

 COOLING
  TODAY            0                         0      0        0
  MONTH TO DATE    0                         0      0        0
  SINCE SEP 1     50                        63    -13       76
..................................................................


WIND (MPH)
  HIGHEST WIND SPEED     8   HIGHEST WIND DIRECTION     W (280)
  HIGHEST GUST SPEED    10   HIGHEST GUST DIRECTION    NW (300)



WEATHER CONDITIONS
 THE FOLLOWING WEATHER WAS RECORDED TODAY.
  LIGHT SNOW
  FOG


..........................................................




SUNRISE AND SUNSET
NOVEMBER 21 2014......SUNRISE   736 AM EST   SUNSET   511 PM EST
NOVEMBER 22 2014......SUNRISE   737 AM EST   SUNSET   511 PM EST


-  INDICATES NEGATIVE NUMBERS.
R  INDICATES RECORD WAS SET OR TIED.
MM INDICATES DATA IS MISSING.
T  INDICATES TRACE AMOUNT.




$$

CAS
