000
CDUS43 KGRR 282130
CLIJXN


CLIMATE REPORT
NATIONAL WEATHER SERVICE GRAND RAPIDS, MI
528 PM EDT FRI APR 28 2017


...................................

...THE JACKSON MI CLIMATE SUMMARY FOR APRIL 28 2017...
VALID TODAY AS OF 0500 PM LOCAL TIME.

CLIMATE NORMAL PERIOD 1981 TO 2010
CLIMATE RECORD PERIOD 1944 TO 9999


WEATHER ITEM   OBSERVED TIME   NORMAL DEPARTURE LAST
                VALUE   (LST)  VALUE  FROM      YEAR
                                      NORMAL
......................................................
TEMPERATURE (F)
 TODAY
  MAXIMUM         63    116 PM  64     -1       49
  MINIMUM         40    557 AM  41     -1       38
  AVERAGE         52            52      0       44

PRECIPITATION (IN)
  TODAY            0.00          0.09  -0.09     0.24
  MONTH TO DATE    3.91          2.43   1.48     2.38
  SINCE MAR 1      7.80          4.33   3.47     5.03
  SINCE JAN 1     12.74          7.11   5.63     6.90

DEGREE DAYS
 HEATING
  TODAY           13            13      0       21
  MONTH TO DATE  323           496   -173      525
  SINCE MAR 1   1239          1406   -167     1234
  SINCE JUL 1   5247          6320  -1073     5356

 COOLING
  TODAY            0             0      0        0
  MONTH TO DATE    7             0      7        0
  SINCE MAR 1      7             0      7        0
  SINCE JAN 1      7             0      7        0
......................................................


WIND (MPH)
  RESULTANT WIND SPEED   8   RESULTANT WIND DIRECTION  SW (210)
  HIGHEST WIND SPEED    20   HIGHEST WIND DIRECTION     W (250)
  HIGHEST GUST SPEED    29   HIGHEST GUST DIRECTION     W (260)
  AVERAGE WIND SPEED     9.2


SKY COVER
  AVERAGE SKY COVER 0.4


WEATHER CONDITIONS
 THE FOLLOWING WEATHER WAS RECORDED TODAY.
  NO SIGNIFICANT WEATHER WAS OBSERVED.


RELATIVE HUMIDITY (PERCENT)
 HIGHEST    92           600 AM
 LOWEST     49           200 PM
 AVERAGE    71

..........................................................


THE JACKSON MI CLIMATE NORMALS FOR TOMORROW
                         NORMAL
 MAXIMUM TEMPERATURE (F)   64
 MINIMUM TEMPERATURE (F)   41


SUNRISE AND SUNSET
APRIL 28 2017.........SUNRISE   637 AM EDT   SUNSET   834 PM EDT
APRIL 29 2017.........SUNRISE   636 AM EDT   SUNSET   835 PM EDT


-  INDICATES NEGATIVE NUMBERS.
R  INDICATES RECORD WAS SET OR TIED.
MM INDICATES DATA IS MISSING.
T  INDICATES TRACE AMOUNT.




$$

63
