000
CDUS43 KGRR 270536
CLIJXN


CLIMATE REPORT
NATIONAL WEATHER SERVICE GRAND RAPIDS, MI
136 AM EDT FRI MAY 27 2016


...................................

...THE JACKSON MI CLIMATE SUMMARY FOR MAY 26 2016...

CLIMATE NORMAL PERIOD 1981 TO 2010
CLIMATE RECORD PERIOD 1944 TO 9999


WEATHER ITEM   OBSERVED TIME   NORMAL DEPARTURE LAST
                VALUE   (LST)  VALUE  FROM      YEAR
                                      NORMAL
......................................................
TEMPERATURE (F)
 YESTERDAY
  MAXIMUM         84    450 PM  72     12       83
  MINIMUM         63    527 AM  49     14       63
  AVERAGE         74            61     13       73

PRECIPITATION (IN)
  YESTERDAY        0.01          0.11  -0.10     0.07
  MONTH TO DATE    1.67          2.76  -1.09     2.78
  SINCE MAR 1      7.59          7.27   0.32     5.85
  SINCE JAN 1      9.46         10.05  -0.59     7.93

DEGREE DAYS
 HEATING
  YESTERDAY        0             6     -6        0
  MONTH TO DATE  252           233     19      138
  SINCE MAR 1   1518          1665   -147     1642
  SINCE JUL 1   5640          6579   -939     7146

 COOLING
  YESTERDAY        9             2      7        8
  MONTH TO DATE   19            22     -3       45
  SINCE MAR 1     19            28     -9       45
  SINCE JAN 1     19            28     -9       45
......................................................


WIND (MPH)
  RESULTANT WIND SPEED   8   RESULTANT WIND DIRECTION  SW (210)
  HIGHEST WIND SPEED    16   HIGHEST WIND DIRECTION     S (200)
  HIGHEST GUST SPEED    21   HIGHEST GUST DIRECTION     S (190)
  AVERAGE WIND SPEED     8.4


SKY COVER
  AVERAGE SKY COVER 0.2


WEATHER CONDITIONS
 THE FOLLOWING WEATHER WAS RECORDED YESTERDAY.
  LIGHT RAIN


RELATIVE HUMIDITY (PERCENT)
 HIGHEST    93           500 AM
 LOWEST     42           700 PM
 AVERAGE    68

..........................................................


THE JACKSON MI CLIMATE NORMALS FOR TODAY
                         NORMAL
 MAXIMUM TEMPERATURE (F)   73
 MINIMUM TEMPERATURE (F)   50


SUNRISE AND SUNSET
MAY 27 2016...........SUNRISE   606 AM EDT   SUNSET   904 PM EDT
MAY 28 2016...........SUNRISE   606 AM EDT   SUNSET   905 PM EDT


-  INDICATES NEGATIVE NUMBERS.
R  INDICATES RECORD WAS SET OR TIED.
MM INDICATES DATA IS MISSING.
T  INDICATES TRACE AMOUNT.




$$
