000
CDUS43 KGRR 260522
CLIJXN


CLIMATE REPORT
NATIONAL WEATHER SERVICE GRAND RAPIDS, MI
122 AM EDT MON JUN 26 2017


...................................

...THE JACKSON MI CLIMATE SUMMARY FOR JUNE 25 2017...

CLIMATE NORMAL PERIOD 1981 TO 2010
CLIMATE RECORD PERIOD 1944 TO 9999


WEATHER ITEM   OBSERVED TIME   NORMAL DEPARTURE LAST
                VALUE   (LST)  VALUE  FROM      YEAR
                                      NORMAL
......................................................
TEMPERATURE (F)
 YESTERDAY
  MAXIMUM         71    303 PM  81    -10       86
  MINIMUM         52   1127 PM  59     -7       54
  AVERAGE         62            70     -8       70

PRECIPITATION (IN)
  YESTERDAY        0.02          0.11  -0.09     0.00
  MONTH TO DATE    0.92          2.73  -1.81     1.03
  SINCE JUN 1      0.92          2.73  -1.81     1.03
  SINCE JAN 1     18.89         13.33   5.56    10.53

DEGREE DAYS
 HEATING
  YESTERDAY        3             1      2        0
  MONTH TO DATE   22            51    -29       23
  SINCE JUN 1     22            51    -29       23
  SINCE JUL 1   5550          6653  -1103     5663

 COOLING
  YESTERDAY        0             6     -6        5
  MONTH TO DATE  143            96     47      126
  SINCE JUN 1    143            96     47      126
  SINCE JAN 1    179           133     46      179
......................................................


WIND (MPH)
  RESULTANT WIND SPEED   9   RESULTANT WIND DIRECTION   W (270)
  HIGHEST WIND SPEED    22   HIGHEST WIND DIRECTION     W (250)
  HIGHEST GUST SPEED    30   HIGHEST GUST DIRECTION     W (290)
  AVERAGE WIND SPEED     9.4


SKY COVER
  AVERAGE SKY COVER 0.4


WEATHER CONDITIONS
 THE FOLLOWING WEATHER WAS RECORDED YESTERDAY.
  NO SIGNIFICANT WEATHER WAS OBSERVED.


RELATIVE HUMIDITY (PERCENT)
 HIGHEST    86           500 AM
 LOWEST     40           200 PM
 AVERAGE    63

..........................................................


THE JACKSON MI CLIMATE NORMALS FOR TODAY
                         NORMAL
 MAXIMUM TEMPERATURE (F)   81
 MINIMUM TEMPERATURE (F)   59


SUNRISE AND SUNSET
JUNE 26 2017..........SUNRISE   603 AM EDT   SUNSET   918 PM EDT
JUNE 27 2017..........SUNRISE   603 AM EDT   SUNSET   918 PM EDT


-  INDICATES NEGATIVE NUMBERS.
R  INDICATES RECORD WAS SET OR TIED.
MM INDICATES DATA IS MISSING.
T  INDICATES TRACE AMOUNT.




$$
