640
CDUS43 KGRR 062236
CLIJXN


CLIMATE REPORT
NATIONAL WEATHER SERVICE GRAND RAPIDS, MI
533 PM EST TUE DEC 6 2016


...................................

...THE JACKSON MI CLIMATE SUMMARY FOR DECEMBER 6 2016...
VALID TODAY AS OF 0500 PM LOCAL TIME.

CLIMATE NORMAL PERIOD 1981 TO 2010
CLIMATE RECORD PERIOD 1944 TO 9999


WEATHER ITEM   OBSERVED TIME   NORMAL DEPARTURE LAST
                VALUE   (LST)  VALUE  FROM      YEAR
                                      NORMAL
......................................................
TEMPERATURE (F)
 TODAY
  MAXIMUM         39    455 PM  38      1       50
  MINIMUM         26    126 AM  25      1       27
  AVERAGE         33            31      2       39

PRECIPITATION (IN)
  TODAY            T             0.07  -0.07     0.00
  MONTH TO DATE    0.31          0.41  -0.10     0.09
  SINCE DEC 1      0.31          0.41  -0.10     0.09
  SINCE JAN 1     36.40         30.04   6.36    28.41

DEGREE DAYS
 HEATING
  TODAY           32            34     -2       26
  MONTH TO DATE  183           197    -14      163
  SINCE DEC 1    183           197    -14      163
  SINCE JUL 1   1153          1601   -448     1284

 COOLING
  TODAY            0             0      0        0
  MONTH TO DATE    0             0      0        0
  SINCE DEC 1      0             0      0        0
  SINCE JAN 1    829           592    237      540
......................................................


WIND (MPH)
  RESULTANT WIND SPEED   7   RESULTANT WIND DIRECTION   E (100)
  HIGHEST WIND SPEED    18   HIGHEST WIND DIRECTION     E (110)
  HIGHEST GUST SPEED    22   HIGHEST GUST DIRECTION     E (110)
  AVERAGE WIND SPEED     8.0


SKY COVER
  AVERAGE SKY COVER 0.5


WEATHER CONDITIONS
 THE FOLLOWING WEATHER WAS RECORDED TODAY.
  LIGHT RAIN
  LIGHT SNOW
  FOG


RELATIVE HUMIDITY (PERCENT)
 HIGHEST    92          1200 AM
 LOWEST     79          1200 PM
 AVERAGE    86

..........................................................


THE JACKSON MI CLIMATE NORMALS FOR TOMORROW
                         NORMAL
 MAXIMUM TEMPERATURE (F)   37
 MINIMUM TEMPERATURE (F)   24


SUNRISE AND SUNSET
DECEMBER  6 2016......SUNRISE   753 AM EST   SUNSET   506 PM EST
DECEMBER  7 2016......SUNRISE   754 AM EST   SUNSET   505 PM EST


-  INDICATES NEGATIVE NUMBERS.
R  INDICATES RECORD WAS SET OR TIED.
MM INDICATES DATA IS MISSING.
T  INDICATES TRACE AMOUNT.




$$

63
