000
CDUS43 KIND 290533
CLILAF


CLIMATE REPORT
NATIONAL WEATHER SERVICE INDIANAPOLIS IN
1233 AM EST MON DEC 29 2014


...................................

...THE LAFAYETTE IN CLIMATE SUMMARY FOR DECEMBER 28 2014...

CLIMATE NORMAL PERIOD 1981 TO 2010
CLIMATE RECORD PERIOD 9999 TO 9999


WEATHER ITEM   OBSERVED TIME   NORMAL DEPARTURE LAST
                VALUE   (LST)  VALUE  FROM      YEAR
                                      NORMAL
......................................................
TEMPERATURE (F)
 YESTERDAY
  MAXIMUM         31    358 AM  35     -4       51
  MINIMUM         19   1123 PM  20     -1       33
  AVERAGE         25            27     -2       42

PRECIPITATION (IN)
  YESTERDAY        0.00          0.07  -0.07     0.00
  MONTH TO DATE    1.79          2.31  -0.52     2.58
  SINCE DEC 1      1.79          2.31  -0.52     2.58
  SINCE JAN 1     39.78         36.38   3.40    40.06

DEGREE DAYS
 HEATING
  YESTERDAY       40            38      2       23
  MONTH TO DATE  876           960    -84     1033
  SINCE DEC 1    876           960    -84     1033
  SINCE JUL 1   2328          2061    267     2209

 COOLING
  YESTERDAY        0             0      0        0
  MONTH TO DATE    0             0      0        0
  SINCE DEC 1      0             0      0        0
  SINCE JAN 1    743           983   -240      884
......................................................


WIND (MPH)
  HIGHEST WIND SPEED    14   HIGHEST WIND DIRECTION     W (290)
  HIGHEST GUST SPEED    21   HIGHEST GUST DIRECTION    NW (320)
  AVERAGE WIND SPEED     5.2


SKY COVER
  AVERAGE SKY COVER 0.7


WEATHER CONDITIONS
 THE FOLLOWING WEATHER WAS RECORDED YESTERDAY.
  FOG


RELATIVE HUMIDITY (PERCENT)
 HIGHEST   100           900 PM
 LOWEST     75          1100 AM
 AVERAGE    88

..........................................................


THE LAFAYETTE IN CLIMATE NORMALS FOR TODAY
                         NORMAL
 MAXIMUM TEMPERATURE (F)   34
 MINIMUM TEMPERATURE (F)   20


SUNRISE AND SUNSET
DECEMBER 29 2014......SUNRISE   810 AM EST   SUNSET   529 PM EST
DECEMBER 30 2014......SUNRISE   810 AM EST   SUNSET   530 PM EST


-  INDICATES NEGATIVE NUMBERS.
R  INDICATES RECORD WAS SET OR TIED.
MM INDICATES DATA IS MISSING.
T  INDICATES TRACE AMOUNT.




$$
