000
CDUS43 KIND 240544
CLILAF


CLIMATE REPORT
NATIONAL WEATHER SERVICE INDIANAPOLIS IN
144 AM EDT WED AUG 24 2016


...................................

...THE LAFAYETTE IN CLIMATE SUMMARY FOR AUGUST 23 2016...

CLIMATE NORMAL PERIOD 1981 TO 2010
CLIMATE RECORD PERIOD 9999 TO 9999


WEATHER ITEM   OBSERVED TIME   NORMAL DEPARTURE LAST
                VALUE   (LST)  VALUE  FROM      YEAR
                                      NORMAL
......................................................
TEMPERATURE (F)
 YESTERDAY
  MAXIMUM         80    349 PM  84     -4       82
  MINIMUM         56    418 AM  62     -6       59
  AVERAGE         68            73     -5       71

PRECIPITATION (IN)
  YESTERDAY        0.00          0.12  -0.12     0.05
  MONTH TO DATE    2.68          2.59   0.09     0.74
  SINCE JUN 1     12.71         10.66   2.05    15.07
  SINCE JAN 1     24.82         24.68   0.14    24.01

DEGREE DAYS
 HEATING
  YESTERDAY        0             0      0        0
  MONTH TO DATE    0             0      0        0
  SINCE JUN 1     20            23     -3       26
  SINCE JUL 1     10             1      9        6

 COOLING
  YESTERDAY        3             8     -5        6
  MONTH TO DATE  235           202     33      141
  SINCE JUN 1    747           716     31      541
  SINCE JAN 1    815           793     22      630
......................................................


WIND (MPH)
  HIGHEST WIND SPEED    13   HIGHEST WIND DIRECTION     S (190)
  HIGHEST GUST SPEED    19   HIGHEST GUST DIRECTION    SW (220)
  AVERAGE WIND SPEED     4.2


SKY COVER
  AVERAGE SKY COVER 0.2


WEATHER CONDITIONS
 THE FOLLOWING WEATHER WAS RECORDED YESTERDAY.
  NO SIGNIFICANT WEATHER WAS OBSERVED.


RELATIVE HUMIDITY (PERCENT)
 HIGHEST   100           100 AM
 LOWEST     54           100 PM
 AVERAGE    77

..........................................................


THE LAFAYETTE IN CLIMATE NORMALS FOR TODAY
                         NORMAL
 MAXIMUM TEMPERATURE (F)   84
 MINIMUM TEMPERATURE (F)   62


SUNRISE AND SUNSET
AUGUST 24 2016........SUNRISE   708 AM EDT   SUNSET   831 PM EDT
AUGUST 25 2016........SUNRISE   709 AM EDT   SUNSET   830 PM EDT


-  INDICATES NEGATIVE NUMBERS.
R  INDICATES RECORD WAS SET OR TIED.
MM INDICATES DATA IS MISSING.
T  INDICATES TRACE AMOUNT.




$$
