000
CDUS43 KIND 250530
CLILAF


CLIMATE REPORT
NATIONAL WEATHER SERVICE INDIANAPOLIS IN
130 AM EDT THU MAY 25 2017


...................................

...THE LAFAYETTE IN CLIMATE SUMMARY FOR MAY 24 2017...

CLIMATE NORMAL PERIOD 1981 TO 2010
CLIMATE RECORD PERIOD 9999 TO 9999


WEATHER ITEM   OBSERVED TIME   NORMAL DEPARTURE LAST
                VALUE   (LST)  VALUE  FROM      YEAR
                                      NORMAL
......................................................
TEMPERATURE (F)
 YESTERDAY
  MAXIMUM         62    545 PM  76    -14       84
  MINIMUM         53   1159 PM  53      0       50
  AVERAGE         58            65     -7       67

PRECIPITATION (IN)
  YESTERDAY        0.12          0.14  -0.02     0.00
  MONTH TO DATE    6.73          3.21   3.52     1.76
  SINCE MAR 1     15.00          9.42   5.58     9.19
  SINCE JAN 1     19.90         13.04   6.86    11.92

DEGREE DAYS
 HEATING
  YESTERDAY        7             3      4        0
  MONTH TO DATE  195           141     54      208
  SINCE MAR 1   1200          1297    -97     1211
  SINCE JUL 1   4888          5631   -743     5019

 COOLING
  YESTERDAY        0             3     -3        2
  MONTH TO DATE   36            41     -5        6
  SINCE MAR 1     50            54     -4        8
  SINCE JAN 1     50            54     -4        8
......................................................


WIND (MPH)
  HIGHEST WIND SPEED    17   HIGHEST WIND DIRECTION     N (350)
  HIGHEST GUST SPEED    23   HIGHEST GUST DIRECTION     N (340)
  AVERAGE WIND SPEED     7.2


SKY COVER
  AVERAGE SKY COVER 0.9


WEATHER CONDITIONS
 THE FOLLOWING WEATHER WAS RECORDED YESTERDAY.
  LIGHT RAIN
  FOG


RELATIVE HUMIDITY (PERCENT)
 HIGHEST   100           300 AM
 LOWEST     84          1000 AM
 AVERAGE    92

..........................................................


THE LAFAYETTE IN CLIMATE NORMALS FOR TODAY
                         NORMAL
 MAXIMUM TEMPERATURE (F)   76
 MINIMUM TEMPERATURE (F)   54


SUNRISE AND SUNSET
MAY 25 2017...........SUNRISE   623 AM EDT   SUNSET   907 PM EDT
MAY 26 2017...........SUNRISE   623 AM EDT   SUNSET   907 PM EDT


-  INDICATES NEGATIVE NUMBERS.
R  INDICATES RECORD WAS SET OR TIED.
MM INDICATES DATA IS MISSING.
T  INDICATES TRACE AMOUNT.




$$
