000
CDUS43 KIND 250536
CLILAF


CLIMATE REPORT
NATIONAL WEATHER SERVICE INDIANAPOLIS IN
136 AM EDT TUE APR 25 2017


...................................

...THE LAFAYETTE IN CLIMATE SUMMARY FOR APRIL 24 2017...

CLIMATE NORMAL PERIOD 1981 TO 2010
CLIMATE RECORD PERIOD 9999 TO 9999


WEATHER ITEM   OBSERVED TIME   NORMAL DEPARTURE LAST
                VALUE   (LST)  VALUE  FROM      YEAR
                                      NORMAL
......................................................
TEMPERATURE (F)
 YESTERDAY
  MAXIMUM         72    359 PM  66      6       75
  MINIMUM         38    625 AM  44     -6       43
  AVERAGE         55            55      0       59

PRECIPITATION (IN)
  YESTERDAY        0.00          0.12  -0.12     0.00
  MONTH TO DATE    2.30          2.77  -0.47     2.03
  SINCE MAR 1      5.97          5.44   0.53     6.32
  SINCE JAN 1     10.87          9.06   1.81     9.05

DEGREE DAYS
 HEATING
  YESTERDAY       10            11     -1        6
  MONTH TO DATE  238           348   -110      380
  SINCE MAR 1    962          1099   -137      952
  SINCE JUL 1   4650          5433   -783     4760

 COOLING
  YESTERDAY        0             1     -1        0
  MONTH TO DATE    7             6      1        0
  SINCE MAR 1      8             7      1        0
  SINCE JAN 1      8             7      1        0
......................................................


WIND (MPH)
  HIGHEST WIND SPEED    20   HIGHEST WIND DIRECTION     E (110)
  HIGHEST GUST SPEED    25   HIGHEST GUST DIRECTION     E (100)
  AVERAGE WIND SPEED     7.7


SKY COVER
  AVERAGE SKY COVER 0.0


WEATHER CONDITIONS
 THE FOLLOWING WEATHER WAS RECORDED YESTERDAY.
  FOG
  HAZE


RELATIVE HUMIDITY (PERCENT)
 HIGHEST    92           400 AM
 LOWEST     31           600 PM
 AVERAGE    62

..........................................................


THE LAFAYETTE IN CLIMATE NORMALS FOR TODAY
                         NORMAL
 MAXIMUM TEMPERATURE (F)   66
 MINIMUM TEMPERATURE (F)   44


SUNRISE AND SUNSET
APRIL 25 2017.........SUNRISE   655 AM EDT   SUNSET   837 PM EDT
APRIL 26 2017.........SUNRISE   653 AM EDT   SUNSET   838 PM EDT


-  INDICATES NEGATIVE NUMBERS.
R  INDICATES RECORD WAS SET OR TIED.
MM INDICATES DATA IS MISSING.
T  INDICATES TRACE AMOUNT.




$$
