000
CDUS43 KIND 270535
CLILAF


CLIMATE REPORT
NATIONAL WEATHER SERVICE INDIANAPOLIS IN
134 AM EDT MON MAR 27 2017


...................................

...THE LAFAYETTE IN CLIMATE SUMMARY FOR MARCH 26 2017...

CLIMATE NORMAL PERIOD 1981 TO 2010
CLIMATE RECORD PERIOD 9999 TO 9999


WEATHER ITEM   OBSERVED TIME   NORMAL DEPARTURE LAST
                VALUE   (LST)  VALUE  FROM      YEAR
                                      NORMAL
......................................................
TEMPERATURE (F)
 YESTERDAY
  MAXIMUM         63    321 PM  55      8       59
  MINIMUM         51   1159 PM  35     16       30
  AVERAGE         57            45     12       45

PRECIPITATION (IN)
  YESTERDAY        0.61          0.09   0.52     0.00
  MONTH TO DATE    2.42          2.17   0.25     2.34
  SINCE MAR 1      2.42          2.17   0.25     2.34
  SINCE JAN 1      7.32          5.79   1.53     5.07

DEGREE DAYS
 HEATING
  YESTERDAY        8            20    -12       20
  MONTH TO DATE  648           655     -7      491
  SINCE MAR 1    648           655     -7      491
  SINCE JUL 1   4336          4989   -653     4299

 COOLING
  YESTERDAY        0             0      0        0
  MONTH TO DATE    1             0      1        0
  SINCE MAR 1      1             0      1        0
  SINCE JAN 1      1             0      1        0
......................................................


WIND (MPH)
  HIGHEST WIND SPEED    18   HIGHEST WIND DIRECTION    SW (220)
  HIGHEST GUST SPEED    25   HIGHEST GUST DIRECTION    SW (220)
  AVERAGE WIND SPEED    10.0


SKY COVER
  AVERAGE SKY COVER 0.9


WEATHER CONDITIONS
 THE FOLLOWING WEATHER WAS RECORDED YESTERDAY.
  HEAVY RAIN
  RAIN
  LIGHT RAIN
  FOG


RELATIVE HUMIDITY (PERCENT)
 HIGHEST   100           300 AM
 LOWEST     67           400 PM
 AVERAGE    84

..........................................................


THE LAFAYETTE IN CLIMATE NORMALS FOR TODAY
                         NORMAL
 MAXIMUM TEMPERATURE (F)   55
 MINIMUM TEMPERATURE (F)   35


SUNRISE AND SUNSET
MARCH 27 2017.........SUNRISE   739 AM EDT   SUNSET   807 PM EDT
MARCH 28 2017.........SUNRISE   738 AM EDT   SUNSET   808 PM EDT


-  INDICATES NEGATIVE NUMBERS.
R  INDICATES RECORD WAS SET OR TIED.
MM INDICATES DATA IS MISSING.
T  INDICATES TRACE AMOUNT.




$$
