000
CDUS43 KIND 210538
CLILAF


CLIMATE REPORT
NATIONAL WEATHER SERVICE INDIANAPOLIS IN
1237 AM EST SAT JAN 21 2017


...................................

...THE LAFAYETTE IN CLIMATE SUMMARY FOR JANUARY 20 2017...

CLIMATE NORMAL PERIOD 1981 TO 2010
CLIMATE RECORD PERIOD 9999 TO 9999


WEATHER ITEM   OBSERVED TIME   NORMAL DEPARTURE LAST
                VALUE   (LST)  VALUE  FROM      YEAR
                                      NORMAL
......................................................
TEMPERATURE (F)
 YESTERDAY
  MAXIMUM         53   1159 PM  34     19       21
  MINIMUM         42    849 AM  19     23        3
  AVERAGE         48            26     22       12

PRECIPITATION (IN)
  YESTERDAY        0.51          0.06   0.45     0.12
  MONTH TO DATE    3.59          1.25   2.34     1.08
  SINCE DEC 1      5.15          3.76   1.39     7.84
  SINCE JAN 1      3.59          1.25   2.34     1.08

DEGREE DAYS
 HEATING
  YESTERDAY       17            39    -22       53
  MONTH TO DATE  695           776    -81      803
  SINCE DEC 1   1833          1850    -17     1535
  SINCE JUL 1   2679          2951   -272     2484

 COOLING
  YESTERDAY        0             0      0        0
  MONTH TO DATE    0             0      0        0
  SINCE DEC 1      0             0      0        0
  SINCE JAN 1      0             0      0        0
......................................................


WIND (MPH)
  HIGHEST WIND SPEED    16   HIGHEST WIND DIRECTION    SW (230)
  HIGHEST GUST SPEED    23   HIGHEST GUST DIRECTION    SW (220)
  AVERAGE WIND SPEED     5.1


SKY COVER
  AVERAGE SKY COVER 1.0


WEATHER CONDITIONS
 THE FOLLOWING WEATHER WAS RECORDED YESTERDAY.
  HEAVY RAIN
  LIGHT RAIN
  FOG


RELATIVE HUMIDITY (PERCENT)
 HIGHEST   100          1200 AM
 LOWEST     89          1100 PM
 AVERAGE    95

..........................................................


THE LAFAYETTE IN CLIMATE NORMALS FOR TODAY
                         NORMAL
 MAXIMUM TEMPERATURE (F)   34
 MINIMUM TEMPERATURE (F)   19


SUNRISE AND SUNSET
JANUARY 21 2017.......SUNRISE   806 AM EST   SUNSET   553 PM EST
JANUARY 22 2017.......SUNRISE   805 AM EST   SUNSET   554 PM EST


-  INDICATES NEGATIVE NUMBERS.
R  INDICATES RECORD WAS SET OR TIED.
MM INDICATES DATA IS MISSING.
T  INDICATES TRACE AMOUNT.




$$
