000
CDUS43 KIND 290531
CLILAF


CLIMATE REPORT
NATIONAL WEATHER SERVICE INDIANAPOLIS IN
131 AM EDT FRI APR 29 2016


...................................

...THE LAFAYETTE IN CLIMATE SUMMARY FOR APRIL 28 2016...

CLIMATE NORMAL PERIOD 1981 TO 2010
CLIMATE RECORD PERIOD 9999 TO 9999


WEATHER ITEM   OBSERVED TIME   NORMAL DEPARTURE LAST
                VALUE   (LST)  VALUE  FROM      YEAR
                                      NORMAL
......................................................
TEMPERATURE (F)
 YESTERDAY
  MAXIMUM         64    447 PM  67     -3       61
  MINIMUM         46    640 AM  45      1       32
  AVERAGE         55            56     -1       47

PRECIPITATION (IN)
  YESTERDAY        0.12          0.13  -0.01     0.00
  MONTH TO DATE    2.43          3.28  -0.85     2.30
  SINCE MAR 1      6.72          5.95   0.77     3.08
  SINCE JAN 1      9.45          9.57  -0.12     4.81

DEGREE DAYS
 HEATING
  YESTERDAY       10            10      0       18
  MONTH TO DATE  404           388     16      370
  SINCE MAR 1    976          1139   -163     1255
  SINCE JUL 1   4784          5473   -689     6333

 COOLING
  YESTERDAY        0             1     -1        0
  MONTH TO DATE    2            10     -8        2
  SINCE MAR 1      2            11     -9        2
  SINCE JAN 1      2            11     -9        2
......................................................


WIND (MPH)
  HIGHEST WIND SPEED    22   HIGHEST WIND DIRECTION     E (70)
  HIGHEST GUST SPEED    27   HIGHEST GUST DIRECTION     E (70)
  AVERAGE WIND SPEED     8.1


SKY COVER
  AVERAGE SKY COVER 0.9


WEATHER CONDITIONS
 THE FOLLOWING WEATHER WAS RECORDED YESTERDAY.
  THUNDERSTORM
  LIGHT RAIN
  FOG
  HAZE


RELATIVE HUMIDITY (PERCENT)
 HIGHEST   100           700 AM
 LOWEST     72           500 PM
 AVERAGE    86

..........................................................


THE LAFAYETTE IN CLIMATE NORMALS FOR TODAY
                         NORMAL
 MAXIMUM TEMPERATURE (F)   68
 MINIMUM TEMPERATURE (F)   45


SUNRISE AND SUNSET
APRIL 29 2016.........SUNRISE   649 AM EDT   SUNSET   842 PM EDT
APRIL 30 2016.........SUNRISE   648 AM EDT   SUNSET   843 PM EDT


-  INDICATES NEGATIVE NUMBERS.
R  INDICATES RECORD WAS SET OR TIED.
MM INDICATES DATA IS MISSING.
T  INDICATES TRACE AMOUNT.




$$
