000
CDUS43 KIND 190531
CLILAF


CLIMATE REPORT
NATIONAL WEATHER SERVICE INDIANAPOLIS IN
131 AM EDT FRI SEP 19 2014


...................................

...THE LAFAYETTE IN CLIMATE SUMMARY FOR SEPTEMBER 18 2014...

CLIMATE NORMAL PERIOD 1981 TO 2010
CLIMATE RECORD PERIOD 9999 TO 9999


WEATHER ITEM   OBSERVED TIME   NORMAL DEPARTURE LAST
                VALUE   (LST)  VALUE  FROM      YEAR
                                      NORMAL
......................................................
TEMPERATURE (F)
 YESTERDAY
  MAXIMUM         71    446 PM  77     -6       82
  MINIMUM         44    704 AM  54    -10       57
  AVERAGE         58            65     -7       70

PRECIPITATION (IN)
  YESTERDAY        0.00          0.08  -0.08     0.00
  MONTH TO DATE    3.08          1.60   1.48     1.11
  SINCE SEP 1      3.08          1.60   1.48     1.11
  SINCE JAN 1     28.40         27.15   1.25    28.74

DEGREE DAYS
 HEATING
  YESTERDAY        7             3      4        0
  MONTH TO DATE   87            24     63       30
  SINCE SEP 1     87            24     63       30
  SINCE JUL 1    111            30     81       50

 COOLING
  YESTERDAY        0             3     -3        5
  MONTH TO DATE   56            87    -31      115
  SINCE SEP 1     56            87    -31      115
  SINCE JAN 1    732           939   -207      841
......................................................


WIND (MPH)
  HIGHEST WIND SPEED    16   HIGHEST WIND DIRECTION    NE (60)
  HIGHEST GUST SPEED    20   HIGHEST GUST DIRECTION     E (70)
  AVERAGE WIND SPEED     4.8


SKY COVER
  AVERAGE SKY COVER 0.1


WEATHER CONDITIONS
 THE FOLLOWING WEATHER WAS RECORDED YESTERDAY.
  FOG


RELATIVE HUMIDITY (PERCENT)
 HIGHEST   100           200 AM
 LOWEST     44           200 PM
 AVERAGE    72

..........................................................


THE LAFAYETTE IN CLIMATE NORMALS FOR TODAY
                         NORMAL
 MAXIMUM TEMPERATURE (F)   77
 MINIMUM TEMPERATURE (F)   53


SUNRISE AND SUNSET
SEPTEMBER 19 2014.....SUNRISE   732 AM EDT   SUNSET   750 PM EDT
SEPTEMBER 20 2014.....SUNRISE   733 AM EDT   SUNSET   748 PM EDT


-  INDICATES NEGATIVE NUMBERS.
R  INDICATES RECORD WAS SET OR TIED.
MM INDICATES DATA IS MISSING.
T  INDICATES TRACE AMOUNT.




$$
